103.86.108.235 - - [30/Jul/2026:04:31:09 +0000] "POST /wp-login.php HTTP/1.1" 200 2400 "-" "Mozilla/5.0 (Macintosh; Intel Mac OS X 10_15_7) AppleWebKit/605.1.15 Version/17.0 Safari/605.1.15"
85.155.190.233 - - [30/Jul/2026:04:31:09 +0000] "POST /wp-cron.php?doing_wp_cron=1785385869.5109119415283203125000 HTTP/1.1" 200 31 "-" "WordPress/7.0; https://moonbloomwalls.com"
103.86.108.235 - - [30/Jul/2026:04:31:09 +0000] "POST /wp-login.php HTTP/1.1" 200 2399 "-" "Mozilla/5.0 (Macintosh; Intel Mac OS X 10_15_7) AppleWebKit/605.1.15 Version/17.0 Safari/605.1.15"
66.249.64.224 - - [30/Jul/2026:04:31:20 +0000] "GET /2026/07/29/odpovedne-herni-praktiky-na-blazebet-pro-bezpecne-sazeni-2/ HTTP/1.1" 200 27362 "-" "Mozilla/5.0 (Linux; Android 6.0.1; Nexus 5X Build/MMB29P) AppleWebKit/537.36 (KHTML, like Gecko) Chrome/150.0.7871.186 Mobile Safari/537.36 (compatible; GoogleOther)"
66.249.64.226 - - [30/Jul/2026:04:31:23 +0000] "POST /?wc-ajax=get_refreshed_fragments HTTP/1.1" 200 615 "https://moonbloomwalls.com/2026/07/29/odpovedne-herni-praktiky-na-blazebet-pro-bezpecne-sazeni-2/" "Mozilla/5.0 (Linux; Android 6.0.1; Nexus 5X Build/MMB29P) AppleWebKit/537.36 (KHTML, like Gecko) Chrome/150.0.7871.186 Mobile Safari/537.36 (compatible; GoogleOther)"
66.249.64.226 - - [30/Jul/2026:04:31:23 +0000] "GET /2026/07/28/was-sind-die-wettanbieter-ohne-oasis-fur-sportwetten/ HTTP/1.1" 200 28657 "-" "Mozilla/5.0 (Linux; Android 6.0.1; Nexus 5X Build/MMB29P) AppleWebKit/537.36 (KHTML, like Gecko) Chrome/150.0.7871.186 Mobile Safari/537.36 (compatible; GoogleOther)"
66.249.64.224 - - [30/Jul/2026:04:31:29 +0000] "POST /?wc-ajax=get_refreshed_fragments HTTP/1.1" 200 615 "https://moonbloomwalls.com/2026/07/28/was-sind-die-wettanbieter-ohne-oasis-fur-sportwetten/" "Mozilla/5.0 (Linux; Android 6.0.1; Nexus 5X Build/MMB29P) AppleWebKit/537.36 (KHTML, like Gecko) Chrome/150.0.7871.186 Mobile Safari/537.36 (compatible; GoogleOther)"
146.70.40.68 - - [30/Jul/2026:04:34:21 +0000] "GET /wp-content/uploads/ HTTP/1.1" 403 146 "-" "-"
146.70.40.68 - - [30/Jul/2026:04:34:21 +0000] "GET /wp-includes/ HTTP/1.1" 403 146 "-" "-"
146.70.40.68 - - [30/Jul/2026:04:34:21 +0000] "GET /wp-includes/css/ HTTP/1.1" 403 146 "-" "-"
146.70.40.68 - - [30/Jul/2026:04:34:21 +0000] "GET /wp-includes/ID3/ HTTP/1.1" 403 146 "-" "-"
146.70.40.68 - - [30/Jul/2026:04:34:21 +0000] "GET /wp-includes/IXR/ HTTP/1.1" 403 146 "-" "-"
146.70.40.68 - - [30/Jul/2026:04:34:22 +0000] "GET /wp-includes/Requests/ HTTP/1.1" 403 146 "-" "-"
146.70.40.68 - - [30/Jul/2026:04:34:22 +0000] "GET /wp-includes/SimplePie/ HTTP/1.1" 403 146 "-" "-"
146.70.40.68 - - [30/Jul/2026:04:34:22 +0000] "GET /wp-includes/Text/ HTTP/1.1" 403 146 "-" "-"
85.155.190.233 - - [30/Jul/2026:04:34:22 +0000] "POST /wp-cron.php?doing_wp_cron=1785386062.5343449115753173828125 HTTP/1.1" 200 31 "-" "WordPress/7.0; https://moonbloomwalls.com"
146.70.40.68 - - [30/Jul/2026:04:34:22 +0000] "GET /wp-content/mu-plugins-old/ HTTP/1.1" 404 85747 "-" "-"
146.70.40.68 - - [30/Jul/2026:04:34:22 +0000] "GET /wp-content/themes/classic/inc/ HTTP/1.1" 301 5 "-" "-"
146.70.40.68 - - [30/Jul/2026:04:34:23 +0000] "GET /2026/07/29/inchiesta-sui-casino-italiani-non-aams-qual-e-la-verita/ HTTP/1.1" 200 115446 "-" "-"
146.70.40.68 - - [30/Jul/2026:04:34:23 +0000] "GET /wp-content/plugins/ninja-forms/ HTTP/1.1" 404 85747 "-" "-"
146.70.40.68 - - [30/Jul/2026:04:34:23 +0000] "GET /wp-content/mu-plugins/ HTTP/1.1" 403 146 "-" "-"
146.70.40.68 - - [30/Jul/2026:04:34:23 +0000] "GET /wp-includes/Text/Diff/Renderer/ HTTP/1.1" 403 146 "-" "-"
146.70.40.68 - - [30/Jul/2026:04:34:23 +0000] "GET /wp-includes/blocks/ HTTP/1.1" 200 12 "-" "-"
146.70.40.68 - - [30/Jul/2026:04:34:23 +0000] "GET /wp-includes/certificates/ HTTP/1.1" 403 146 "-" "-"
146.70.40.68 - - [30/Jul/2026:04:34:23 +0000] "GET /wp-includes/customize/ HTTP/1.1" 403 146 "-" "-"
146.70.40.68 - - [30/Jul/2026:04:34:23 +0000] "GET /wp-includes/fonts/ HTTP/1.1" 403 146 "-" "-"
146.70.40.68 - - [30/Jul/2026:04:34:23 +0000] "GET /wp-includes/images/ HTTP/1.1" 403 146 "-" "-"
146.70.40.68 - - [30/Jul/2026:04:34:24 +0000] "GET /.well-known/ HTTP/1.1" 404 85740 "-" "-"
146.70.40.68 - - [30/Jul/2026:04:34:24 +0000] "GET /ALFA_DATA/ HTTP/1.1" 502 150 "-" "-"
146.70.40.68 - - [30/Jul/2026:04:34:24 +0000] "GET /.well-knownold/ HTTP/1.1" 404 85740 "-" "-"
146.70.40.68 - - [30/Jul/2026:04:34:24 +0000] "GET /.well-known/acme-challenge/ HTTP/1.1" 404 85747 "-" "-"
146.70.40.68 - - [30/Jul/2026:04:34:25 +0000] "GET /cgi-bin/ HTTP/1.1" 502 150 "-" "-"
146.70.40.68 - - [30/Jul/2026:04:34:25 +0000] "GET /index/ HTTP/1.1" 502 150 "-" "-"
146.70.40.68 - - [30/Jul/2026:04:34:25 +0000] "GET /id/ HTTP/1.1" 502 150 "-" "-"
146.70.40.68 - - [30/Jul/2026:04:34:26 +0000] "GET /www/ HTTP/1.1" 502 150 "-" "-"
146.70.40.68 - - [30/Jul/2026:04:34:26 +0000] "GET /web/ HTTP/1.1" 502 150 "-" "-"
146.70.40.68 - - [30/Jul/2026:04:34:26 +0000] "GET /uploads/ HTTP/1.1" 502 150 "-" "-"
146.70.40.68 - - [30/Jul/2026:04:34:26 +0000] "GET /upload/ HTTP/1.1" 502 150 "-" "-"
146.70.40.68 - - [30/Jul/2026:04:34:27 +0000] "GET /admin/uploads/ HTTP/1.1" 404 85740 "-" "-"
146.70.40.68 - - [30/Jul/2026:04:34:27 +0000] "GET /Admin/uploads/ HTTP/1.1" 404 85740 "-" "-"
146.70.40.68 - - [30/Jul/2026:04:34:27 +0000] "GET /admin/ HTTP/1.1" 302 5 "-" "-"
146.70.40.68 - - [30/Jul/2026:04:34:27 +0000] "GET /wp-admin/ HTTP/1.1" 302 5 "-" "-"
146.70.40.68 - - [30/Jul/2026:04:34:27 +0000] "GET /wp-login.php?redirect_to=https%3A%2F%2Fmoonbloomwalls.com%2Fwp-admin%2F&reauth=1 HTTP/1.1" 200 6442 "-" "-"
146.70.40.68 - - [30/Jul/2026:04:34:28 +0000] "GET /images/ HTTP/1.1" 502 150 "-" "-"
146.70.40.68 - - [30/Jul/2026:04:34:28 +0000] "GET /assets/ HTTP/1.1" 502 150 "-" "-"
146.70.40.68 - - [30/Jul/2026:04:34:28 +0000] "GET /vendor/phpunit/phpunit/src/Util/PHP/ HTTP/1.1" 404 85747 "-" "-"
146.70.40.68 - - [30/Jul/2026:04:34:28 +0000] "GET /upload/image/ HTTP/1.1" 404 85740 "-" "-"
146.70.40.68 - - [30/Jul/2026:04:34:29 +0000] "GET /assets/images/ HTTP/1.1" 404 85740 "-" "-"
146.70.40.68 - - [30/Jul/2026:04:34:29 +0000] "GET /Public/ HTTP/1.1" 502 150 "-" "-"
146.70.40.68 - - [30/Jul/2026:04:34:29 +0000] "GET /vendor/ HTTP/1.1" 502 150 "-" "-"
146.70.40.68 - - [30/Jul/2026:04:34:30 +0000] "GET /local/ HTTP/1.1" 502 150 "-" "-"
146.70.40.68 - - [30/Jul/2026:04:34:30 +0000] "GET /modules/ HTTP/1.1" 502 150 "-" "-"
146.70.40.68 - - [30/Jul/2026:04:34:30 +0000] "GET /Site/ HTTP/1.1" 502 150 "-" "-"
146.70.40.68 - - [30/Jul/2026:04:34:30 +0000] "GET /system/ HTTP/1.1" 502 150 "-" "-"
146.70.40.68 - - [30/Jul/2026:04:34:31 +0000] "GET /template/ HTTP/1.1" 502 150 "-" "-"
146.70.40.68 - - [30/Jul/2026:04:34:31 +0000] "GET /shop/ HTTP/1.1" 200 107048 "-" "-"
146.70.40.68 - - [30/Jul/2026:04:34:31 +0000] "GET /files/ HTTP/1.1" 502 150 "-" "-"
146.70.40.68 - - [30/Jul/2026:04:34:32 +0000] "GET /admin/editor/ HTTP/1.1" 404 85740 "-" "-"
146.70.40.68 - - [30/Jul/2026:04:34:32 +0000] "GET /include/ HTTP/1.1" 502 150 "-" "-"
146.70.40.68 - - [30/Jul/2026:04:34:32 +0000] "GET /Assets/ HTTP/1.1" 502 150 "-" "-"
146.70.40.68 - - [30/Jul/2026:04:34:33 +0000] "GET /images/stories/ HTTP/1.1" 404 85740 "-" "-"
146.70.40.68 - - [30/Jul/2026:04:34:33 +0000] "GET /plugins/ HTTP/1.1" 502 150 "-" "-"
146.70.40.68 - - [30/Jul/2026:04:34:33 +0000] "GET /php/ HTTP/1.1" 502 150 "-" "-"
146.70.40.68 - - [30/Jul/2026:04:34:33 +0000] "GET /wp-admin/css/ HTTP/1.1" 403 146 "-" "-"
146.70.40.68 - - [30/Jul/2026:04:34:34 +0000] "GET /wp-content/themes/twentytwenty/ HTTP/1.1" 404 85747 "-" "-"
146.70.40.68 - - [30/Jul/2026:04:34:34 +0000] "GET /wp-content/cache/ HTTP/1.1" 404 85740 "-" "-"
146.70.40.68 - - [30/Jul/2026:04:34:34 +0000] "GET /wp-admin/maint/ HTTP/1.1" 403 146 "-" "-"
146.70.40.68 - - [30/Jul/2026:04:34:34 +0000] "GET /wp-content/plugins/akismet/ HTTP/1.1" 200 5 "-" "-"
146.70.40.68 - - [30/Jul/2026:04:34:34 +0000] "GET /wp-includes/assets/ HTTP/1.1" 403 146 "-" "-"
146.70.40.68 - - [30/Jul/2026:04:34:34 +0000] "GET /wp-includes/block-patterns/ HTTP/1.1" 403 146 "-" "-"
146.70.40.68 - - [30/Jul/2026:04:34:34 +0000] "GET /wp-includes/block-supports/ HTTP/1.1" 403 146 "-" "-"
146.70.40.68 - - [30/Jul/2026:04:34:34 +0000] "GET /wp-includes/html-api/ HTTP/1.1" 403 146 "-" "-"
146.70.40.68 - - [30/Jul/2026:04:34:34 +0000] "GET /wp-includes/js/ HTTP/1.1" 403 146 "-" "-"
146.70.40.68 - - [30/Jul/2026:04:34:34 +0000] "GET /wp-includes/php-compat/ HTTP/1.1" 403 146 "-" "-"
146.70.40.68 - - [30/Jul/2026:04:34:34 +0000] "GET /wp-includes/PHPMailer/ HTTP/1.1" 403 146 "-" "-"
146.70.40.68 - - [30/Jul/2026:04:34:35 +0000] "GET /wp-includes/pomo/ HTTP/1.1" 403 146 "-" "-"
146.70.40.68 - - [30/Jul/2026:04:34:35 +0000] "GET /wp-includes/random_compat/ HTTP/1.1" 404 85740 "-" "-"
146.70.40.68 - - [30/Jul/2026:04:34:35 +0000] "GET /wp-includes/rest-api/ HTTP/1.1" 403 146 "-" "-"
146.70.40.68 - - [30/Jul/2026:04:34:35 +0000] "GET /wp-includes/sitemaps/ HTTP/1.1" 403 146 "-" "-"
146.70.40.68 - - [30/Jul/2026:04:34:35 +0000] "GET /wp-includes/sodium_compat/ HTTP/1.1" 403 146 "-" "-"
146.70.40.68 - - [30/Jul/2026:04:34:35 +0000] "GET /wp-includes/style-engine/ HTTP/1.1" 403 146 "-" "-"
146.70.40.68 - - [30/Jul/2026:04:34:35 +0000] "GET /wp-includes/theme-compat/ HTTP/1.1" 403 146 "-" "-"
146.70.40.68 - - [30/Jul/2026:04:34:35 +0000] "GET /wp-includes/widgets/ HTTP/1.1" 403 146 "-" "-"
146.70.40.68 - - [30/Jul/2026:04:34:35 +0000] "GET /wp-admin/css/colors/ectoplasm/ HTTP/1.1" 403 146 "-" "-"
146.70.40.68 - - [30/Jul/2026:04:34:35 +0000] "GET /wp-admin/css/colors/ HTTP/1.1" 403 146 "-" "-"
146.70.40.68 - - [30/Jul/2026:04:34:36 +0000] "GET /admin/images/slider/ HTTP/1.1" 404 85740 "-" "-"
146.70.40.68 - - [30/Jul/2026:04:34:36 +0000] "GET /admin/fckeditor/editor/filemanager/ HTTP/1.1" 404 85747 "-" "-"
146.70.40.68 - - [30/Jul/2026:04:34:36 +0000] "GET /sites/default/files/ HTTP/1.1" 404 85740 "-" "-"
146.70.40.68 - - [30/Jul/2026:04:34:36 +0000] "GET /admin/controller/extension/extension/ HTTP/1.1" 404 85747 "-" "-"
146.70.40.68 - - [30/Jul/2026:04:34:37 +0000] "GET /modules/mod_simplefileuploadv1.3/elements/ HTTP/1.1" 404 85747 "-" "-"
146.70.40.68 - - [30/Jul/2026:04:34:37 +0000] "GET /components/ HTTP/1.1" 502 150 "-" "-"
146.70.40.68 - - [30/Jul/2026:04:34:37 +0000] "GET /admin/uploads/images/ HTTP/1.1" 404 85740 "-" "-"
146.70.40.68 - - [30/Jul/2026:04:34:38 +0000] "GET /wp-content/plugins/classic-editor/ HTTP/1.1" 404 85747 "-" "-"
146.70.40.68 - - [30/Jul/2026:04:34:38 +0000] "GET /wp-content/fonts/ HTTP/1.1" 404 85740 "-" "-"
146.70.40.68 - - [30/Jul/2026:04:34:38 +0000] "GET /wp-content/plugins/contact-form-7/admin/js/ HTTP/1.1" 404 85747 "-" "-"
146.70.40.68 - - [30/Jul/2026:04:34:38 +0000] "GET /wp-content/plugins/contact-form-7/ HTTP/1.1" 404 85747 "-" "-"
146.70.40.68 - - [30/Jul/2026:04:34:39 +0000] "GET /wordpress/ HTTP/1.1" 502 150 "-" "-"
146.70.40.68 - - [30/Jul/2026:04:34:39 +0000] "GET /wp-admin/images/ HTTP/1.1" 403 146 "-" "-"
146.70.40.68 - - [30/Jul/2026:04:34:39 +0000] "GET /wp-content/plugins/wordpress-seo/js/dist/ HTTP/1.1" 404 85747 "-" "-"
146.70.40.68 - - [30/Jul/2026:04:34:39 +0000] "GET /wp-content/plugins/wordpress-seo/ HTTP/1.1" 404 85747 "-" "-"
146.70.40.68 - - [30/Jul/2026:04:34:40 +0000] "GET /js/ HTTP/1.1" 502 150 "-" "-"
146.70.40.68 - - [30/Jul/2026:04:34:40 +0000] "GET /wp-content/plugins/woocommerce/assets/js/ HTTP/1.1" 403 146 "-" "-"
146.70.40.68 - - [30/Jul/2026:04:34:40 +0000] "GET /wp-content/plugins/woocommerce/ HTTP/1.1" 403 146 "-" "-"
146.70.40.68 - - [30/Jul/2026:04:34:40 +0000] "GET /wp-admin/meta/ HTTP/1.1" 404 85748 "-" "-"
146.70.40.68 - - [30/Jul/2026:04:34:40 +0000] "GET /wp-admin/network/ HTTP/1.1" 302 5 "-" "-"
146.70.40.68 - - [30/Jul/2026:04:34:40 +0000] "GET /wp-login.php?redirect_to=https%3A%2F%2Fmoonbloomwalls.com%2Fwp-admin%2Fnetwork%2F&reauth=1 HTTP/1.1" 200 6458 "-" "-"
146.70.40.68 - - [30/Jul/2026:04:34:40 +0000] "GET /wp-admin/user/ HTTP/1.1" 302 5 "-" "-"
146.70.40.68 - - [30/Jul/2026:04:34:41 +0000] "GET /wp-login.php?redirect_to=https%3A%2F%2Fmoonbloomwalls.com%2Fwp-admin%2Fuser%2F&reauth=1 HTTP/1.1" 200 6452 "-" "-"
146.70.40.68 - - [30/Jul/2026:04:34:41 +0000] "GET /wp-content/ HTTP/1.1" 200 5 "-" "-"
146.70.40.68 - - [30/Jul/2026:04:34:41 +0000] "GET /wp-content/plugins/ HTTP/1.1" 200 5 "-" "-"
146.70.40.68 - - [30/Jul/2026:04:34:41 +0000] "GET /wp-content/themes/ HTTP/1.1" 200 5 "-" "-"
146.70.40.68 - - [30/Jul/2026:04:34:41 +0000] "GET /wp-admin/includes/ HTTP/1.1" 403 146 "-" "-"
146.70.40.68 - - [30/Jul/2026:04:34:41 +0000] "GET /wp-admin/ HTTP/1.1" 302 5 "-" "-"
146.70.40.68 - - [30/Jul/2026:04:34:41 +0000] "GET /wp-login.php?redirect_to=https%3A%2F%2Fmoonbloomwalls.com%2Fwp-admin%2F&reauth=1 HTTP/1.1" 200 6442 "-" "-"
146.70.40.68 - - [30/Jul/2026:04:34:41 +0000] "GET /wp-content/upgrade/ HTTP/1.1" 403 146 "-" "-"
85.155.190.233 - - [30/Jul/2026:04:36:00 +0000] "POST /wp-cron.php?doing_wp_cron=1785386160.1590650081634521484375 HTTP/1.1" 200 31 "-" "WordPress/7.0; https://moonbloomwalls.com"
43.159.148.221 - - [30/Jul/2026:04:36:00 +0000] "GET /?p=585 HTTP/1.1" 301 5 "-" "Mozilla/5.0 (iPhone; CPU iPhone OS 13_2_3 like Mac OS X) AppleWebKit/605.1.15 (KHTML, like Gecko) Version/13.0.3 Mobile/15E148 Safari/604.1"
85.155.190.233 - - [30/Jul/2026:04:36:03 +0000] "POST /wp-cron.php?doing_wp_cron=1785386163.2661020755767822265625 HTTP/1.1" 200 31 "-" "WordPress/7.0; https://moonbloomwalls.com"
43.159.148.221 - - [30/Jul/2026:04:36:03 +0000] "GET /2026/04/17/what-makes-spinmama-casino-stand-out-in-2023/ HTTP/1.1" 200 27544 "https://moonbloomwalls.com/?p=585" "Mozilla/5.0 (iPhone; CPU iPhone OS 13_2_3 like Mac OS X) AppleWebKit/605.1.15 (KHTML, like Gecko) Version/13.0.3 Mobile/15E148 Safari/604.1"
85.155.190.233 - - [30/Jul/2026:04:41:42 +0000] "POST /wp-cron.php?doing_wp_cron=1785386502.5965509414672851562500 HTTP/1.1" 200 31 "-" "WordPress/7.0; https://moonbloomwalls.com"
156.59.62.149 - - [30/Jul/2026:04:41:42 +0000] "POST /wp-login.php HTTP/1.1" 200 2400 "-" "Mozilla/5.0 (Windows NT 10.0; Win64; x64) AppleWebKit/537.36 (KHTML, like Gecko) Chrome/129.0.0.0 Safari/537.36"
85.155.190.233 - - [30/Jul/2026:04:41:42 +0000] "POST /wp-cron.php?doing_wp_cron=1785386502.5965518951416015625000 HTTP/1.1" 200 31 "-" "WordPress/7.0; https://moonbloomwalls.com"
156.59.62.149 - - [30/Jul/2026:04:41:42 +0000] "POST /wp-login.php HTTP/1.1" 200 2399 "-" "Mozilla/5.0 (Linux; Android 12; SM-G991B) AppleWebKit/537.36 (KHTML, like Gecko) Chrome/129.0.0.0 Mobile Safari/537.36"
85.155.190.233 - - [30/Jul/2026:04:45:04 +0000] "POST /wp-cron.php?doing_wp_cron=1785386704.7156939506530761718750 HTTP/1.1" 200 31 "-" "WordPress/7.0; https://moonbloomwalls.com"
66.249.64.224 - - [30/Jul/2026:04:45:04 +0000] "GET /2026/07/29/atrakcyjne-bonusy-czekaja-rejestracja-w-mostbet-krok-po-kroku/ HTTP/1.1" 200 28585 "-" "Mozilla/5.0 (Linux; Android 6.0.1; Nexus 5X Build/MMB29P) AppleWebKit/537.36 (KHTML, like Gecko) Chrome/150.0.7871.186 Mobile Safari/537.36 (compatible; GoogleOther)"
66.249.64.225 - - [30/Jul/2026:04:45:06 +0000] "POST /?wc-ajax=get_refreshed_fragments HTTP/1.1" 200 615 "https://moonbloomwalls.com/2026/07/29/atrakcyjne-bonusy-czekaja-rejestracja-w-mostbet-krok-po-kroku/" "Mozilla/5.0 (Linux; Android 6.0.1; Nexus 5X Build/MMB29P) AppleWebKit/537.36 (KHTML, like Gecko) Chrome/150.0.7871.186 Mobile Safari/537.36 (compatible; GoogleOther)"
66.249.64.226 - - [30/Jul/2026:04:45:08 +0000] "GET /2026/02/25/managing-your-funds-tips-for-monsterwin-casino-players/ HTTP/1.1" 200 27803 "-" "Mozilla/5.0 (Linux; Android 6.0.1; Nexus 5X Build/MMB29P) AppleWebKit/537.36 (KHTML, like Gecko) Chrome/150.0.7871.186 Mobile Safari/537.36 (compatible; Googlebot/2.1; +http://www.google.com/bot.html)"
43.165.4.2 - - [30/Jul/2026:04:45:14 +0000] "GET /wp-json/oembed/1.0/embed?url=https%3A%2F%2Fmoonbloomwalls.com%2F2026%2F04%2F17%2Fwhat-makes-spinmama-casino-stand-out-in-2023%2F HTTP/1.1" 200 2408 "-" "Mozilla/5.0 (iPhone; CPU iPhone OS 13_2_3 like Mac OS X) AppleWebKit/605.1.15 (KHTML, like Gecko) Version/13.0.3 Mobile/15E148 Safari/604.1"
130.117.139.66 - wordpress_3481f57911c4 [30/Jul/2026:04:47:31 +0000] "GET /wp-json/wp/v2/posts?context=edit&slug=4rabet-overview-of-the-online-casino-platform-for-players-in-india&per_page=5&_fields=id,link,slug,status,content HTTP/1.1" 200 12 "-" "Mozilla/5.0 (Windows NT 10.0; Win64; x64; rv:148.0) Gecko/20100101 Firefox/148.0"
85.155.190.233 - - [30/Jul/2026:04:47:31 +0000] "POST /wp-cron.php?doing_wp_cron=1785386851.6015570163726806640625 HTTP/1.1" 200 31 "-" "WordPress/7.0; https://moonbloomwalls.com"
130.117.139.66 - wordpress_3481f57911c4 [30/Jul/2026:04:47:32 +0000] "GET /wp-json/wp/v2/posts?context=edit&search=https%3A%2F%2Fquality-spectrum.com%2F&per_page=50&_fields=id,link,slug,status,content HTTP/1.1" 200 12 "-" "Mozilla/5.0 (Windows NT 10.0; Win64; x64; rv:148.0) Gecko/20100101 Firefox/148.0"
130.117.139.66 - wordpress_3481f57911c4 [30/Jul/2026:04:47:32 +0000] "POST /wp-json/wp/v2/posts HTTP/1.1" 201 17051 "-" "Mozilla/5.0 (Windows NT 10.0; Win64; x64; rv:148.0) Gecko/20100101 Firefox/148.0"
85.155.190.233 - - [30/Jul/2026:04:47:32 +0000] "POST /wp-cron.php?doing_wp_cron=1785386852.6224460601806640625000 HTTP/1.1" 200 31 "-" "WordPress/7.0; https://moonbloomwalls.com"
130.117.139.66 - wordpress_3481f57911c4 [30/Jul/2026:04:47:33 +0000] "GET /wp-json/wp/v2/posts?context=edit&slug=mostbet-w-polsce-oferty-bonusowe&per_page=5&_fields=id,link,slug,status,content HTTP/1.1" 200 12 "-" "Mozilla/5.0 (Windows NT 10.0; Win64; x64; rv:148.0) Gecko/20100101 Firefox/148.0"
130.117.139.66 - wordpress_3481f57911c4 [30/Jul/2026:04:47:33 +0000] "GET /wp-json/wp/v2/posts?context=edit&search=https%3A%2F%2Fdia-live.com%2F&per_page=50&_fields=id,link,slug,status,content HTTP/1.1" 200 12 "-" "Mozilla/5.0 (Windows NT 10.0; Win64; x64; rv:148.0) Gecko/20100101 Firefox/148.0"
130.117.139.66 - wordpress_3481f57911c4 [30/Jul/2026:04:47:33 +0000] "POST /wp-json/wp/v2/posts HTTP/1.1" 201 19385 "-" "Mozilla/5.0 (Windows NT 10.0; Win64; x64; rv:148.0) Gecko/20100101 Firefox/148.0"
85.155.190.233 - - [30/Jul/2026:04:47:33 +0000] "POST /wp-cron.php?doing_wp_cron=1785386853.8890249729156494140625 HTTP/1.1" 200 31 "-" "WordPress/7.0; https://moonbloomwalls.com"
130.117.139.66 - wordpress_3481f57911c4 [30/Jul/2026:04:47:34 +0000] "GET /wp-json/wp/v2/posts?context=edit&slug=mostbet-w-polsce-rejestracja-konta&per_page=5&_fields=id,link,slug,status,content HTTP/1.1" 200 12 "-" "Mozilla/5.0 (Windows NT 10.0; Win64; x64; rv:148.0) Gecko/20100101 Firefox/148.0"
130.117.139.66 - wordpress_3481f57911c4 [30/Jul/2026:04:47:34 +0000] "GET /wp-json/wp/v2/posts?context=edit&search=https%3A%2F%2Fjackfrosts.net%2F&per_page=50&_fields=id,link,slug,status,content HTTP/1.1" 200 12 "-" "Mozilla/5.0 (Windows NT 10.0; Win64; x64; rv:148.0) Gecko/20100101 Firefox/148.0"
130.117.139.66 - wordpress_3481f57911c4 [30/Jul/2026:04:47:35 +0000] "POST /wp-json/wp/v2/posts HTTP/1.1" 201 23252 "-" "Mozilla/5.0 (Windows NT 10.0; Win64; x64; rv:148.0) Gecko/20100101 Firefox/148.0"
85.155.190.233 - - [30/Jul/2026:04:47:35 +0000] "POST /wp-cron.php?doing_wp_cron=1785386855.1766688823699951171875 HTTP/1.1" 200 31 "-" "WordPress/7.0; https://moonbloomwalls.com"
130.117.139.66 - wordpress_3481f57911c4 [30/Jul/2026:04:47:35 +0000] "GET /wp-json/wp/v2/posts?context=edit&slug=vodka-onlayn-kazino-sposoby-oplaty&per_page=5&_fields=id,link,slug,status,content HTTP/1.1" 200 12 "-" "Mozilla/5.0 (Windows NT 10.0; Win64; x64; rv:148.0) Gecko/20100101 Firefox/148.0"
130.117.139.66 - wordpress_3481f57911c4 [30/Jul/2026:04:47:35 +0000] "GET /wp-json/wp/v2/posts?context=edit&search=https%3A%2F%2Fscottcountyin.com%2F&per_page=50&_fields=id,link,slug,status,content HTTP/1.1" 200 12 "-" "Mozilla/5.0 (Windows NT 10.0; Win64; x64; rv:148.0) Gecko/20100101 Firefox/148.0"
130.117.139.66 - wordpress_3481f57911c4 [30/Jul/2026:04:47:36 +0000] "POST /wp-json/wp/v2/posts HTTP/1.1" 201 54543 "-" "Mozilla/5.0 (Windows NT 10.0; Win64; x64; rv:148.0) Gecko/20100101 Firefox/148.0"
85.155.190.233 - - [30/Jul/2026:04:47:36 +0000] "POST /wp-cron.php?doing_wp_cron=1785386856.4336249828338623046875 HTTP/1.1" 200 31 "-" "WordPress/7.0; https://moonbloomwalls.com"
130.117.139.66 - wordpress_3481f57911c4 [30/Jul/2026:04:47:36 +0000] "GET /wp-json/wp/v2/posts?context=edit&slug=pin-ap-onlayn-kazino-oficialnyy-sayt-v-rossii-i-stranah-sng&per_page=5&_fields=id,link,slug,status,content HTTP/1.1" 200 51539 "-" "Mozilla/5.0 (Windows NT 10.0; Win64; x64; rv:148.0) Gecko/20100101 Firefox/148.0"
130.117.139.66 - wordpress_3481f57911c4 [30/Jul/2026:04:51:26 +0000] "GET /wp-json/wp/v2/posts?context=edit&slug=4rbet-alternative-name-for-the-popular-online-casino-platform&per_page=5&_fields=id,link,slug,status,content HTTP/1.1" 200 12 "-" "Mozilla/5.0 (Windows NT 10.0; Win64; x64; rv:148.0) Gecko/20100101 Firefox/148.0"
85.155.190.233 - - [30/Jul/2026:04:51:26 +0000] "POST /wp-cron.php?doing_wp_cron=1785387086.2034900188446044921875 HTTP/1.1" 200 31 "-" "WordPress/7.0; https://moonbloomwalls.com"
130.117.139.66 - wordpress_3481f57911c4 [30/Jul/2026:04:51:26 +0000] "GET /wp-json/wp/v2/posts?context=edit&search=https%3A%2F%2Fpatchthenet.com%2F&per_page=50&_fields=id,link,slug,status,content HTTP/1.1" 200 12 "-" "Mozilla/5.0 (Windows NT 10.0; Win64; x64; rv:148.0) Gecko/20100101 Firefox/148.0"
130.117.139.66 - wordpress_3481f57911c4 [30/Jul/2026:04:51:27 +0000] "POST /wp-json/wp/v2/posts HTTP/1.1" 201 16972 "-" "Mozilla/5.0 (Windows NT 10.0; Win64; x64; rv:148.0) Gecko/20100101 Firefox/148.0"
85.155.190.233 - - [30/Jul/2026:04:51:27 +0000] "POST /wp-cron.php?doing_wp_cron=1785387087.1339509487152099609375 HTTP/1.1" 200 31 "-" "WordPress/7.0; https://moonbloomwalls.com"
130.117.139.66 - wordpress_3481f57911c4 [30/Jul/2026:04:51:27 +0000] "GET /wp-json/wp/v2/posts?context=edit&slug=grandpashabet-canli-casino-bahis&per_page=5&_fields=id,link,slug,status,content HTTP/1.1" 200 12 "-" "Mozilla/5.0 (Windows NT 10.0; Win64; x64; rv:148.0) Gecko/20100101 Firefox/148.0"
130.117.139.66 - wordpress_3481f57911c4 [30/Jul/2026:04:51:27 +0000] "GET /wp-json/wp/v2/posts?context=edit&search=https%3A%2F%2Fweatheredwoodhome.com%2F&per_page=50&_fields=id,link,slug,status,content HTTP/1.1" 200 12 "-" "Mozilla/5.0 (Windows NT 10.0; Win64; x64; rv:148.0) Gecko/20100101 Firefox/148.0"
130.117.139.66 - wordpress_3481f57911c4 [30/Jul/2026:04:51:28 +0000] "POST /wp-json/wp/v2/posts HTTP/1.1" 201 23984 "-" "Mozilla/5.0 (Windows NT 10.0; Win64; x64; rv:148.0) Gecko/20100101 Firefox/148.0"
85.155.190.233 - - [30/Jul/2026:04:51:28 +0000] "POST /wp-cron.php?doing_wp_cron=1785387088.4649479389190673828125 HTTP/1.1" 200 31 "-" "WordPress/7.0; https://moonbloomwalls.com"
130.117.139.66 - wordpress_3481f57911c4 [30/Jul/2026:04:51:28 +0000] "GET /wp-json/wp/v2/posts?context=edit&slug=pinco-casino-turkiye-de-sorumlu-oyun-ilkeleri&per_page=5&_fields=id,link,slug,status,content HTTP/1.1" 200 12 "-" "Mozilla/5.0 (Windows NT 10.0; Win64; x64; rv:148.0) Gecko/20100101 Firefox/148.0"
130.117.139.66 - wordpress_3481f57911c4 [30/Jul/2026:04:51:29 +0000] "GET /wp-json/wp/v2/posts?context=edit&search=https%3A%2F%2Fridgeappliancerepair.com%2F&per_page=50&_fields=id,link,slug,status,content HTTP/1.1" 200 12 "-" "Mozilla/5.0 (Windows NT 10.0; Win64; x64; rv:148.0) Gecko/20100101 Firefox/148.0"
130.117.139.66 - wordpress_3481f57911c4 [30/Jul/2026:04:51:30 +0000] "POST /wp-json/wp/v2/posts HTTP/1.1" 201 16418 "-" "Mozilla/5.0 (Windows NT 10.0; Win64; x64; rv:148.0) Gecko/20100101 Firefox/148.0"
85.155.190.233 - - [30/Jul/2026:04:51:30 +0000] "POST /wp-cron.php?doing_wp_cron=1785387090.0546269416809082031250 HTTP/1.1" 200 31 "-" "WordPress/7.0; https://moonbloomwalls.com"
130.117.139.66 - wordpress_3481f57911c4 [30/Jul/2026:04:51:30 +0000] "GET /wp-json/wp/v2/posts?context=edit&slug=casibom-casino-resmi-giris&per_page=5&_fields=id,link,slug,status,content HTTP/1.1" 200 12 "-" "Mozilla/5.0 (Windows NT 10.0; Win64; x64; rv:148.0) Gecko/20100101 Firefox/148.0"
130.117.139.66 - wordpress_3481f57911c4 [30/Jul/2026:04:51:30 +0000] "GET /wp-json/wp/v2/posts?context=edit&search=https%3A%2F%2Ftvtamirim.com%2F&per_page=50&_fields=id,link,slug,status,content HTTP/1.1" 200 12 "-" "Mozilla/5.0 (Windows NT 10.0; Win64; x64; rv:148.0) Gecko/20100101 Firefox/148.0"
130.117.139.66 - wordpress_3481f57911c4 [30/Jul/2026:04:51:31 +0000] "POST /wp-json/wp/v2/posts HTTP/1.1" 201 19389 "-" "Mozilla/5.0 (Windows NT 10.0; Win64; x64; rv:148.0) Gecko/20100101 Firefox/148.0"
85.155.190.233 - - [30/Jul/2026:04:51:31 +0000] "POST /wp-cron.php?doing_wp_cron=1785387091.3190488815307617187500 HTTP/1.1" 200 31 "-" "WordPress/7.0; https://moonbloomwalls.com"
130.117.139.66 - wordpress_3481f57911c4 [30/Jul/2026:04:51:31 +0000] "GET /wp-json/wp/v2/posts?context=edit&slug=mostbet-az-bukmeker-ve-kazino-mostbet-giris-r-smi-sayt&per_page=5&_fields=id,link,slug,status,content HTTP/1.1" 200 21408 "-" "Mozilla/5.0 (Windows NT 10.0; Win64; x64; rv:148.0) Gecko/20100101 Firefox/148.0"
85.155.190.233 - - [30/Jul/2026:04:52:34 +0000] "POST /wp-cron.php?doing_wp_cron=1785387154.6142768859863281250000 HTTP/1.1" 200 31 "-" "WordPress/7.0; https://moonbloomwalls.com"
66.249.64.224 - - [30/Jul/2026:04:52:34 +0000] "GET /2026/07/29/test123123/ HTTP/1.1" 200 25762 "-" "Mozilla/5.0 (Linux; Android 6.0.1; Nexus 5X Build/MMB29P) AppleWebKit/537.36 (KHTML, like Gecko) Chrome/150.0.7871.186 Mobile Safari/537.36 (compatible; GoogleOther)"
40.77.167.219 - - [30/Jul/2026:04:52:42 +0000] "GET /robots.txt HTTP/1.1" 301 5 "-" "Mozilla/5.0 AppleWebKit/537.36 (KHTML, like Gecko; compatible; bingbot/2.0; +http://www.bing.com/bingbot.htm) Chrome/116.0.1938.76 Safari/537.36"
40.77.167.219 - - [30/Jul/2026:04:52:42 +0000] "GET /robots.txt HTTP/1.1" 200 336 "-" "Mozilla/5.0 AppleWebKit/537.36 (KHTML, like Gecko; compatible; bingbot/2.0; +http://www.bing.com/bingbot.htm) Chrome/116.0.1938.76 Safari/537.36"
40.77.167.132 - - [30/Jul/2026:04:52:47 +0000] "GET /atom.xml HTTP/1.1" 301 5 "-" "Mozilla/5.0 AppleWebKit/537.36 (KHTML, like Gecko; compatible; bingbot/2.0; +http://www.bing.com/bingbot.htm) Chrome/116.0.1938.76 Safari/537.36"
216.73.216.31 - - [30/Jul/2026:04:52:52 +0000] "GET /robots.txt HTTP/1.1" 200 336 "-" "Mozilla/5.0 AppleWebKit/537.36 (KHTML, like Gecko; compatible; ClaudeBot/1.0; +claudebot@anthropic.com)"
216.73.216.31 - - [30/Jul/2026:04:52:52 +0000] "GET /sitemap_index.xml HTTP/1.1" 200 811 "-" "Mozilla/5.0 AppleWebKit/537.36 (KHTML, like Gecko; compatible; ClaudeBot/1.0; +claudebot@anthropic.com)"
40.77.167.219 - - [30/Jul/2026:04:52:54 +0000] "GET /robots.txt HTTP/1.1" 200 336 "-" "Mozilla/5.0 AppleWebKit/537.36 (KHTML, like Gecko; compatible; bingbot/2.0; +http://www.bing.com/bingbot.htm) Chrome/116.0.1938.76 Safari/537.36"
52.167.144.170 - - [30/Jul/2026:04:52:57 +0000] "GET /atom.xml HTTP/1.1" 502 552 "-" "Mozilla/5.0 AppleWebKit/537.36 (KHTML, like Gecko; compatible; bingbot/2.0; +http://www.bing.com/bingbot.htm) Chrome/116.0.1938.76 Safari/537.36"
66.249.64.225 - - [30/Jul/2026:04:52:59 +0000] "POST /?wc-ajax=get_refreshed_fragments HTTP/1.1" 200 615 "https://moonbloomwalls.com/2026/07/29/test123123/" "Mozilla/5.0 (Linux; Android 6.0.1; Nexus 5X Build/MMB29P) AppleWebKit/537.36 (KHTML, like Gecko) Chrome/150.0.7871.186 Mobile Safari/537.36 (compatible; GoogleOther)"
85.155.190.233 - - [30/Jul/2026:04:53:30 +0000] "POST /wp-cron.php?doing_wp_cron=1785387210.3902409076690673828125 HTTP/1.1" 200 31 "-" "WordPress/7.0; https://moonbloomwalls.com"
103.86.108.235 - - [30/Jul/2026:04:53:30 +0000] "POST /wp-login.php HTTP/1.1" 200 2400 "-" "Mozilla/5.0 (Windows NT 10.0; Win64; rv:143.0) Gecko/20100101 Firefox/143.0"
103.86.108.235 - - [30/Jul/2026:04:53:30 +0000] "POST /wp-login.php HTTP/1.1" 200 2399 "-" "Mozilla/5.0 (Windows NT 10.0; Win64; rv:143.0) Gecko/20100101 Firefox/143.0"
103.86.108.235 - - [30/Jul/2026:04:54:57 +0000] "POST /wp-login.php HTTP/1.1" 200 2399 "-" "Mozilla/5.0 (Windows NT 10.0; Win64; rv:143.0) Gecko/20100101 Firefox/143.0"
85.155.190.233 - - [30/Jul/2026:04:54:57 +0000] "POST /wp-cron.php?doing_wp_cron=1785387297.0120398998260498046875 HTTP/1.1" 200 31 "-" "WordPress/7.0; https://moonbloomwalls.com"
103.86.108.235 - - [30/Jul/2026:04:54:57 +0000] "POST /wp-login.php HTTP/1.1" 200 2400 "-" "Mozilla/5.0 (Windows NT 10.0; Win64; rv:143.0) Gecko/20100101 Firefox/143.0"
85.155.190.233 - - [30/Jul/2026:04:55:14 +0000] "POST /wp-cron.php?doing_wp_cron=1785387314.5294330120086669921875 HTTP/1.1" 200 31 "-" "WordPress/7.0; https://moonbloomwalls.com"
43.157.170.126 - - [30/Jul/2026:04:55:14 +0000] "GET /2026/07/29/pochemu-polzovateli-otmechaiut-udobstvo-skorosti-vkhoda-na-pinap-kz/ HTTP/1.1" 200 29496 "-" "Mozilla/5.0 (iPhone; CPU iPhone OS 13_2_3 like Mac OS X) AppleWebKit/605.1.15 (KHTML, like Gecko) Version/13.0.3 Mobile/15E148 Safari/604.1"
85.155.190.233 - - [30/Jul/2026:05:04:52 +0000] "POST /wp-cron.php?doing_wp_cron=1785387892.3635580539703369140625 HTTP/1.1" 200 31 "-" "WordPress/7.0; https://moonbloomwalls.com"
129.226.146.146 - - [30/Jul/2026:05:04:52 +0000] "GET /2026/04/16/what-features-enhance-your-game-at-lucky-green-casino/ HTTP/1.1" 200 27476 "-" "Mozilla/5.0 (iPhone; CPU iPhone OS 13_2_3 like Mac OS X) AppleWebKit/605.1.15 (KHTML, like Gecko) Version/13.0.3 Mobile/15E148 Safari/604.1"
85.155.190.233 - - [30/Jul/2026:05:09:05 +0000] "POST /wp-cron.php?doing_wp_cron=1785388145.0856270790100097656250 HTTP/1.1" 200 31 "-" "WordPress/7.0; https://moonbloomwalls.com"
43.164.196.47 - - [30/Jul/2026:05:09:05 +0000] "GET / HTTP/1.1" 200 37782 "http://moonbloomwalls.com" "Mozilla/5.0 (iPhone; CPU iPhone OS 13_2_3 like Mac OS X) AppleWebKit/605.1.15 (KHTML, like Gecko) Version/13.0.3 Mobile/15E148 Safari/604.1"
85.155.190.233 - - [30/Jul/2026:05:13:04 +0000] "POST /wp-cron.php?doing_wp_cron=1785388384.4042398929595947265625 HTTP/1.1" 200 31 "-" "WordPress/7.0; https://moonbloomwalls.com"
49.51.166.228 - - [30/Jul/2026:05:13:04 +0000] "GET / HTTP/1.1" 301 5 "http://www.moonbloomwalls.com" "Mozilla/5.0 (iPhone; CPU iPhone OS 13_2_3 like Mac OS X) AppleWebKit/605.1.15 (KHTML, like Gecko) Version/13.0.3 Mobile/15E148 Safari/604.1"
49.51.166.228 - - [30/Jul/2026:05:13:05 +0000] "GET / HTTP/1.1" 200 37782 "https://www.moonbloomwalls.com/" "Mozilla/5.0 (iPhone; CPU iPhone OS 13_2_3 like Mac OS X) AppleWebKit/605.1.15 (KHTML, like Gecko) Version/13.0.3 Mobile/15E148 Safari/604.1"
85.155.190.233 - - [30/Jul/2026:05:16:08 +0000] "POST /wp-cron.php?doing_wp_cron=1785388568.5582559108734130859375 HTTP/1.1" 200 31 "-" "WordPress/7.0; https://moonbloomwalls.com"
66.249.64.225 - - [30/Jul/2026:05:16:08 +0000] "GET /2026/04/05/why-players-adore-glitch-spin-casinos-user-experience/ HTTP/1.1" 200 27915 "-" "Mozilla/5.0 (Linux; Android 6.0.1; Nexus 5X Build/MMB29P) AppleWebKit/537.36 (KHTML, like Gecko) Chrome/150.0.7871.186 Mobile Safari/537.36 (compatible; Googlebot/2.1; +http://www.google.com/bot.html)"
85.155.190.233 - - [30/Jul/2026:05:17:06 +0000] "POST /wp-cron.php?doing_wp_cron=1785388626.7591528892517089843750 HTTP/1.1" 200 31 "-" "WordPress/7.0; https://moonbloomwalls.com"
170.106.180.246 - - [30/Jul/2026:05:17:06 +0000] "GET /2026/07/29/wpps-1785348254343-215871/ HTTP/1.1" 200 25862 "-" "Mozilla/5.0 (iPhone; CPU iPhone OS 13_2_3 like Mac OS X) AppleWebKit/605.1.15 (KHTML, like Gecko) Version/13.0.3 Mobile/15E148 Safari/604.1"
103.86.108.235 - - [30/Jul/2026:05:18:17 +0000] "POST /wp-login.php HTTP/1.1" 200 2399 "-" "Mozilla/5.0 (Macintosh; Intel Mac OS X 10_15_7) AppleWebKit/605.1.15 Version/17.0 Safari/605.1.15"
85.155.190.233 - - [30/Jul/2026:05:18:17 +0000] "POST /wp-cron.php?doing_wp_cron=1785388697.8998041152954101562500 HTTP/1.1" 200 31 "-" "WordPress/7.0; https://moonbloomwalls.com"
103.86.108.235 - - [30/Jul/2026:05:18:17 +0000] "POST /wp-login.php HTTP/1.1" 200 2400 "-" "Mozilla/5.0 (Windows NT 10.0; Win64; rv:143.0) Gecko/20100101 Firefox/143.0"
85.155.190.233 - - [30/Jul/2026:05:19:47 +0000] "POST /wp-cron.php?doing_wp_cron=1785388787.3721439838409423828125 HTTP/1.1" 200 31 "-" "WordPress/7.0; https://moonbloomwalls.com"
103.86.108.235 - - [30/Jul/2026:05:19:47 +0000] "POST /wp-login.php HTTP/1.1" 200 2400 "-" "Mozilla/5.0 (Windows NT 10.0; Win64; rv:143.0) Gecko/20100101 Firefox/143.0"
85.155.190.233 - - [30/Jul/2026:05:19:47 +0000] "POST /wp-cron.php?doing_wp_cron=1785388787.3721439838409423828125 HTTP/1.1" 200 31 "-" "WordPress/7.0; https://moonbloomwalls.com"
103.86.108.235 - - [30/Jul/2026:05:19:47 +0000] "POST /wp-login.php HTTP/1.1" 200 2399 "-" "Mozilla/5.0 (Macintosh; Intel Mac OS X 10_15_7) AppleWebKit/605.1.15 Version/17.0 Safari/605.1.15"
85.155.190.233 - - [30/Jul/2026:05:22:01 +0000] "POST /wp-cron.php?doing_wp_cron=1785388921.3061389923095703125000 HTTP/1.1" 200 31 "-" "WordPress/7.0; https://moonbloomwalls.com"
172.70.242.61 - - [30/Jul/2026:05:22:01 +0000] "GET /wp-admin/install.php?step=1 HTTP/1.1" 200 560 "-" "http://moonbloomwalls.com/wp-admin/install.php?step=1"
85.155.190.233 - - [30/Jul/2026:05:22:34 +0000] "POST /wp-cron.php?doing_wp_cron=1785388954.6684761047363281250000 HTTP/1.1" 200 31 "-" "WordPress/7.0; https://moonbloomwalls.com"
66.249.64.224 - - [30/Jul/2026:05:22:34 +0000] "GET /2026/07/29/jake-vyhody-nabizi-mostbet-aplikace-pro-sazejici-behem-live-sazeni/ HTTP/1.1" 200 28848 "-" "Mozilla/5.0 (Linux; Android 6.0.1; Nexus 5X Build/MMB29P) AppleWebKit/537.36 (KHTML, like Gecko) Chrome/150.0.7871.186 Mobile Safari/537.36 (compatible; GoogleOther)"
66.249.64.226 - - [30/Jul/2026:05:22:37 +0000] "POST /?wc-ajax=get_refreshed_fragments HTTP/1.1" 200 615 "https://moonbloomwalls.com/2026/07/29/jake-vyhody-nabizi-mostbet-aplikace-pro-sazejici-behem-live-sazeni/" "Mozilla/5.0 (Linux; Android 6.0.1; Nexus 5X Build/MMB29P) AppleWebKit/537.36 (KHTML, like Gecko) Chrome/150.0.7871.186 Mobile Safari/537.36 (compatible; GoogleOther)"
66.249.64.226 - - [30/Jul/2026:05:22:38 +0000] "GET /author/wordpress_3481f57911c4/page/5/ HTTP/1.1" 200 25351 "-" "Mozilla/5.0 (Linux; Android 6.0.1; Nexus 5X Build/MMB29P) AppleWebKit/537.36 (KHTML, like Gecko) Chrome/150.0.7871.186 Mobile Safari/537.36 (compatible; GoogleOther)"
66.249.64.225 - - [30/Jul/2026:05:22:40 +0000] "POST /?wc-ajax=get_refreshed_fragments HTTP/1.1" 200 615 "https://moonbloomwalls.com/author/wordpress_3481f57911c4/page/5/" "Mozilla/5.0 (Linux; Android 6.0.1; Nexus 5X Build/MMB29P) AppleWebKit/537.36 (KHTML, like Gecko) Chrome/150.0.7871.186 Mobile Safari/537.36 (compatible; GoogleOther)"
85.155.190.233 - - [30/Jul/2026:05:25:22 +0000] "POST /wp-cron.php?doing_wp_cron=1785389122.2890489101409912109375 HTTP/1.1" 200 31 "-" "WordPress/7.0; https://moonbloomwalls.com"
129.226.146.146 - - [30/Jul/2026:05:25:22 +0000] "GET /?p=467 HTTP/1.1" 301 5 "-" "Mozilla/5.0 (iPhone; CPU iPhone OS 13_2_3 like Mac OS X) AppleWebKit/605.1.15 (KHTML, like Gecko) Version/13.0.3 Mobile/15E148 Safari/604.1"
129.226.146.146 - - [30/Jul/2026:05:25:25 +0000] "GET /2026/07/28/was-sind-die-wettanbieter-ohne-oasis-fur-sportwetten/ HTTP/1.1" 200 28877 "https://moonbloomwalls.com/?p=467" "Mozilla/5.0 (iPhone; CPU iPhone OS 13_2_3 like Mac OS X) AppleWebKit/605.1.15 (KHTML, like Gecko) Version/13.0.3 Mobile/15E148 Safari/604.1"
85.155.190.233 - - [30/Jul/2026:05:26:12 +0000] "POST /wp-cron.php?doing_wp_cron=1785389172.8702270984649658203125 HTTP/1.1" 200 31 "-" "WordPress/7.0; https://moonbloomwalls.com"
104.199.40.115 - - [30/Jul/2026:05:26:12 +0000] "GET / HTTP/1.1" 200 37782 "-" "Mozilla/5.0 (Macintosh; Intel Mac OS X 10.15; rv:133.0) Gecko/20100101 Firefox/133.0"
85.155.190.233 - - [30/Jul/2026:05:35:08 +0000] "POST /wp-cron.php?doing_wp_cron=1785389708.4912168979644775390625 HTTP/1.1" 200 31 "-" "WordPress/7.0; https://moonbloomwalls.com"
43.135.133.194 - - [30/Jul/2026:05:35:08 +0000] "GET /2026/04/17/what-makes-spinmama-casino-stand-out-in-2023/feed/ HTTP/1.1" 200 868 "-" "Mozilla/5.0 (iPhone; CPU iPhone OS 13_2_3 like Mac OS X) AppleWebKit/605.1.15 (KHTML, like Gecko) Version/13.0.3 Mobile/15E148 Safari/604.1"
104.164.156.105 - - [30/Jul/2026:05:35:30 +0000] "GET /wp-content/plugins/kadence-blocks/kadence-blocks.php HTTP/1.1" 200 31 "-" "Mozilla/5.0 (compatible; Baiduspider/2.0; +http://www.baidu.com/search/spider.html)"
104.164.163.249 - - [30/Jul/2026:05:35:31 +0000] "GET /wp-content/plugins/kadence-blocks/kadence-blocks.php HTTP/1.1" 200 31 "-" "Mozilla/5.0 (Windows NT 10.0; WOW64) AppleWebKit/537.36 (KHTML, like Gecko) Chrome/63.0.3239.132 Safari/537.36"
85.155.190.233 - - [30/Jul/2026:05:42:24 +0000] "POST /wp-cron.php?doing_wp_cron=1785390144.2359089851379394531250 HTTP/1.1" 200 31 "-" "WordPress/7.0; https://moonbloomwalls.com"
103.86.108.235 - - [30/Jul/2026:05:42:24 +0000] "POST /wp-login.php HTTP/1.1" 200 2399 "-" "Mozilla/5.0 (Windows NT 10.0; Win64; x64) AppleWebKit/537.36 Chrome/129.0.0.0 Safari/537.36"
85.155.190.233 - - [30/Jul/2026:05:42:24 +0000] "POST /wp-cron.php?doing_wp_cron=1785390144.2359089851379394531250 HTTP/1.1" 200 31 "-" "WordPress/7.0; https://moonbloomwalls.com"
103.86.108.235 - - [30/Jul/2026:05:42:24 +0000] "POST /wp-login.php HTTP/1.1" 200 2400 "-" "Mozilla/5.0 (Macintosh; Intel Mac OS X 10_15_7) AppleWebKit/605.1.15 Version/17.0 Safari/605.1.15"
103.86.108.235 - - [30/Jul/2026:05:43:52 +0000] "POST /wp-login.php HTTP/1.1" 200 2399 "-" "Mozilla/5.0 (Windows NT 10.0; Win64; x64) AppleWebKit/537.36 Chrome/129.0.0.0 Safari/537.36"
85.155.190.233 - - [30/Jul/2026:05:43:52 +0000] "POST /wp-cron.php?doing_wp_cron=1785390232.3435409069061279296875 HTTP/1.1" 200 31 "-" "WordPress/7.0; https://moonbloomwalls.com"
103.86.108.235 - - [30/Jul/2026:05:43:52 +0000] "POST /wp-login.php HTTP/1.1" 200 2400 "-" "Mozilla/5.0 (Windows NT 10.0; Win64; x64) AppleWebKit/537.36 Chrome/129.0.0.0 Safari/537.36"
85.155.190.233 - - [30/Jul/2026:05:45:08 +0000] "POST /wp-cron.php?doing_wp_cron=1785390308.5750160217285156250000 HTTP/1.1" 200 31 "-" "WordPress/7.0; https://moonbloomwalls.com"
66.249.64.226 - - [30/Jul/2026:05:45:08 +0000] "GET /2026/03/21/the-latest-updates-from-god-of-coins-casino/ HTTP/1.1" 200 27560 "-" "Mozilla/5.0 (Linux; Android 6.0.1; Nexus 5X Build/MMB29P) AppleWebKit/537.36 (KHTML, like Gecko) Chrome/150.0.7871.186 Mobile Safari/537.36 (compatible; Googlebot/2.1; +http://www.google.com/bot.html)"
103.124.110.99 - - [30/Jul/2026:05:45:49 +0000] "GET /wp-login.php HTTP/1.1" 200 2240 "https://moonbloomwalls.com" "Mozilla/5.0 (Windows NT 6.1; Win64; x64) AppleWebKit/537.36 (KHTML, like Gecko) Chrome/80.0.3987.149 Safari/537.36"
103.124.110.99 - - [30/Jul/2026:05:45:50 +0000] "POST /wp-login.php HTTP/1.1" 302 5 "https://moonbloomwalls.com" "Mozilla/5.0 (Windows NT 6.1; Win64; x64) AppleWebKit/537.36 (KHTML, like Gecko) Chrome/80.0.3987.149 Safari/537.36"
103.124.110.99 - - [30/Jul/2026:05:45:51 +0000] "GET /wp-admin/ HTTP/1.1" 200 67302 "https://moonbloomwalls.com" "Mozilla/5.0 (Windows NT 6.1; Win64; x64) AppleWebKit/537.36 (KHTML, like Gecko) Chrome/80.0.3987.149 Safari/537.36"
103.124.110.99 - - [30/Jul/2026:05:45:53 +0000] "GET /wp-admin/ HTTP/1.1" 200 67280 "https://moonbloomwalls.com" "Mozilla/5.0 (Windows NT 6.1; Win64; x64) AppleWebKit/537.36 (KHTML, like Gecko) Chrome/80.0.3987.149 Safari/537.36"
103.124.110.99 - - [30/Jul/2026:05:45:54 +0000] "GET /wp-admin/user-new.php HTTP/1.1" 200 59968 "https://moonbloomwalls.com" "Mozilla/5.0 (Windows NT 6.1; Win64; x64) AppleWebKit/537.36 (KHTML, like Gecko) Chrome/80.0.3987.149 Safari/537.36"
103.124.110.99 - - [30/Jul/2026:05:45:56 +0000] "POST /wp-admin/user-new.php HTTP/1.1" 200 60048 "https://moonbloomwalls.com" "Mozilla/5.0 (Windows NT 6.1; Win64; x64) AppleWebKit/537.36 (KHTML, like Gecko) Chrome/80.0.3987.149 Safari/537.36"
103.124.110.99 - - [30/Jul/2026:05:45:57 +0000] "GET /wp-admin/plugin-install.php?tab=upload HTTP/1.1" 200 59976 "https://moonbloomwalls.com" "Mozilla/5.0 (Windows NT 6.1; Win64; x64) AppleWebKit/537.36 (KHTML, like Gecko) Chrome/80.0.3987.149 Safari/537.36"
103.124.110.99 - - [30/Jul/2026:05:45:59 +0000] "POST /wp-admin/update.php?action=upload-plugin HTTP/1.1" 200 57527 "https://moonbloomwalls.com" "Mozilla/5.0 (Windows NT 6.1; Win64; x64) AppleWebKit/537.36 (KHTML, like Gecko) Chrome/80.0.3987.149 Safari/537.36"
103.124.110.99 - - [30/Jul/2026:05:46:00 +0000] "GET /wp-content/plugins/pitrogbezd/up.php HTTP/1.1" 404 181 "https://moonbloomwalls.com" "Mozilla/5.0 (Windows NT 6.1; Win64; x64) AppleWebKit/537.36 (KHTML, like Gecko) Chrome/80.0.3987.149 Safari/537.36"
103.124.110.99 - - [30/Jul/2026:05:46:02 +0000] "POST /wp-admin/update.php?action=upload-plugin HTTP/1.1" 200 57528 "https://moonbloomwalls.com" "Mozilla/5.0 (Windows NT 6.1; Win64; x64) AppleWebKit/537.36 (KHTML, like Gecko) Chrome/80.0.3987.149 Safari/537.36"
103.124.110.99 - - [30/Jul/2026:05:46:03 +0000] "GET /wp-content/plugins/pitrogbezd/up.php HTTP/1.1" 404 181 "https://moonbloomwalls.com" "Mozilla/5.0 (Windows NT 6.1; Win64; x64) AppleWebKit/537.36 (KHTML, like Gecko) Chrome/80.0.3987.149 Safari/537.36"
85.155.190.233 - - [30/Jul/2026:05:46:04 +0000] "POST /wp-cron.php?doing_wp_cron=1785390364.5320520401000976562500 HTTP/1.1" 200 31 "-" "WordPress/7.0; https://moonbloomwalls.com"
103.124.110.99 - - [30/Jul/2026:05:46:04 +0000] "POST /wp-admin/update.php?action=upload-plugin HTTP/1.1" 200 57528 "https://moonbloomwalls.com" "Mozilla/5.0 (Windows NT 6.1; Win64; x64) AppleWebKit/537.36 (KHTML, like Gecko) Chrome/80.0.3987.149 Safari/537.36"
103.124.110.99 - - [30/Jul/2026:05:46:05 +0000] "GET /wp-content/plugins/pitrogbezd/up.php HTTP/1.1" 404 181 "https://moonbloomwalls.com" "Mozilla/5.0 (Windows NT 6.1; Win64; x64) AppleWebKit/537.36 (KHTML, like Gecko) Chrome/80.0.3987.149 Safari/537.36"
85.155.190.233 - - [30/Jul/2026:05:46:06 +0000] "POST /wp-cron.php?doing_wp_cron=1785390366.3132140636444091796875 HTTP/1.1" 200 31 "-" "WordPress/7.0; https://moonbloomwalls.com"
103.124.110.99 - - [30/Jul/2026:05:46:06 +0000] "GET /wp-admin/media-new.php HTTP/1.1" 200 59612 "https://moonbloomwalls.com" "Mozilla/5.0 (Windows NT 6.1; Win64; x64) AppleWebKit/537.36 (KHTML, like Gecko) Chrome/80.0.3987.149 Safari/537.36"
103.124.110.99 - - [30/Jul/2026:05:46:07 +0000] "POST /wp-admin/async-upload.php HTTP/1.1" 200 128 "https://moonbloomwalls.com" "Mozilla/5.0 (Windows NT 6.1; Win64; x64) AppleWebKit/537.36 (KHTML, like Gecko) Chrome/80.0.3987.149 Safari/537.36"
103.124.110.99 - - [30/Jul/2026:05:46:08 +0000] "GET /wp-content/uploads/2026/07/vchxoqjz.php HTTP/1.1" 404 181 "https://moonbloomwalls.com" "Mozilla/5.0 (Windows NT 6.1; Win64; x64) AppleWebKit/537.36 (KHTML, like Gecko) Chrome/80.0.3987.149 Safari/537.36"
103.124.110.99 - - [30/Jul/2026:05:46:09 +0000] "POST /wp-admin/async-upload.php HTTP/1.1" 200 130 "https://moonbloomwalls.com" "Mozilla/5.0 (Windows NT 6.1; Win64; x64) AppleWebKit/537.36 (KHTML, like Gecko) Chrome/80.0.3987.149 Safari/537.36"
103.124.110.99 - - [30/Jul/2026:05:46:10 +0000] "GET /wp-content/uploads/2026/07/vchxoqjz.phtml HTTP/1.1" 404 21385 "https://moonbloomwalls.com" "Mozilla/5.0 (Windows NT 6.1; Win64; x64) AppleWebKit/537.36 (KHTML, like Gecko) Chrome/80.0.3987.149 Safari/537.36"
103.124.110.99 - - [30/Jul/2026:05:46:11 +0000] "POST /wp-admin/async-upload.php HTTP/1.1" 200 129 "https://moonbloomwalls.com" "Mozilla/5.0 (Windows NT 6.1; Win64; x64) AppleWebKit/537.36 (KHTML, like Gecko) Chrome/80.0.3987.149 Safari/537.36"
103.124.110.99 - - [30/Jul/2026:05:46:12 +0000] "GET /wp-content/uploads/2026/07/vchxoqjz.phar HTTP/1.1" 404 21385 "https://moonbloomwalls.com" "Mozilla/5.0 (Windows NT 6.1; Win64; x64) AppleWebKit/537.36 (KHTML, like Gecko) Chrome/80.0.3987.149 Safari/537.36"
103.124.110.99 - - [30/Jul/2026:05:46:14 +0000] "POST /wp-admin/async-upload.php HTTP/1.1" 200 129 "https://moonbloomwalls.com" "Mozilla/5.0 (Windows NT 6.1; Win64; x64) AppleWebKit/537.36 (KHTML, like Gecko) Chrome/80.0.3987.149 Safari/537.36"
103.124.110.99 - - [30/Jul/2026:05:46:14 +0000] "GET /wp-content/uploads/2026/07/vchxoqjz.php5 HTTP/1.1" 404 21385 "https://moonbloomwalls.com" "Mozilla/5.0 (Windows NT 6.1; Win64; x64) AppleWebKit/537.36 (KHTML, like Gecko) Chrome/80.0.3987.149 Safari/537.36"
103.124.110.99 - - [30/Jul/2026:05:46:16 +0000] "POST /wp-admin/async-upload.php HTTP/1.1" 200 129 "https://moonbloomwalls.com" "Mozilla/5.0 (Windows NT 6.1; Win64; x64) AppleWebKit/537.36 (KHTML, like Gecko) Chrome/80.0.3987.149 Safari/537.36"
103.124.110.99 - - [30/Jul/2026:05:46:17 +0000] "GET /wp-content/uploads/2026/07/vchxoqjz.php7 HTTP/1.1" 404 21385 "https://moonbloomwalls.com" "Mozilla/5.0 (Windows NT 6.1; Win64; x64) AppleWebKit/537.36 (KHTML, like Gecko) Chrome/80.0.3987.149 Safari/537.36"
103.124.110.99 - - [30/Jul/2026:05:46:19 +0000] "GET /wp-admin/plugin-install.php?s=file-manager-advanced&tab=search&type=term HTTP/1.1" 200 72332 "https://moonbloomwalls.com" "Mozilla/5.0 (Windows NT 6.1; Win64; x64) AppleWebKit/537.36 (KHTML, like Gecko) Chrome/80.0.3987.149 Safari/537.36"
66.249.64.225 - - [30/Jul/2026:05:46:20 +0000] "GET /2026/02/28/how-do-security-measures-at-betalice-casino-stack-up/feed/ HTTP/1.1" 200 892 "-" "Mozilla/5.0 (Linux; Android 6.0.1; Nexus 5X Build/MMB29P) AppleWebKit/537.36 (KHTML, like Gecko) Chrome/150.0.7871.186 Mobile Safari/537.36 (compatible; GoogleOther)"
43.135.142.7 - - [30/Jul/2026:05:46:21 +0000] "GET /?p=662 HTTP/1.1" 301 5 "-" "Mozilla/5.0 (iPhone; CPU iPhone OS 13_2_3 like Mac OS X) AppleWebKit/605.1.15 (KHTML, like Gecko) Version/13.0.3 Mobile/15E148 Safari/604.1"
103.124.110.99 - - [30/Jul/2026:05:46:21 +0000] "POST /wp-admin/update.php?action=install-plugin&plugin=file-manager-advanced&_wpnonce=834c8043ec HTTP/1.1" 200 57626 "https://moonbloomwalls.com" "Mozilla/5.0 (Windows NT 6.1; Win64; x64) AppleWebKit/537.36 (KHTML, like Gecko) Chrome/80.0.3987.149 Safari/537.36"
66.249.64.226 - - [30/Jul/2026:05:46:22 +0000] "GET /2026/01/29/comment-sinscrire-aisement-sur-bet-on-red-casino/feed/ HTTP/1.1" 200 889 "-" "Mozilla/5.0 (Linux; Android 6.0.1; Nexus 5X Build/MMB29P) AppleWebKit/537.36 (KHTML, like Gecko) Chrome/150.0.7871.186 Mobile Safari/537.36 (compatible; GoogleOther)"
103.124.110.99 - - [30/Jul/2026:05:46:23 +0000] "GET /wp-admin/plugin-editor.php HTTP/1.1" 200 64843 "https://moonbloomwalls.com" "Mozilla/5.0 (Windows NT 6.1; Win64; x64) AppleWebKit/537.36 (KHTML, like Gecko) Chrome/80.0.3987.149 Safari/537.36"
43.135.142.7 - - [30/Jul/2026:05:46:24 +0000] "GET /2026/07/29/pochemu-polzovateli-otmechaiut-udobstvo-skorosti-vkhoda-na-pinap-kz/ HTTP/1.1" 200 29396 "https://moonbloomwalls.com/?p=662" "Mozilla/5.0 (iPhone; CPU iPhone OS 13_2_3 like Mac OS X) AppleWebKit/605.1.15 (KHTML, like Gecko) Version/13.0.3 Mobile/15E148 Safari/604.1"
109.122.18.102 - - [30/Jul/2026:05:46:24 +0000] "GET /wp-login.php HTTP/1.1" 200 2240 "https://moonbloomwalls.com" "Mozilla/5.0 (Windows NT 10.0; Win64; x64) AppleWebKit/537.36 (KHTML, like Gecko) Chrome/74.0.3729.157 Safari/537.36"
103.124.110.99 - - [30/Jul/2026:05:46:24 +0000] "GET /wp-admin/plugin-editor.php?file=webp-converter-for-media/webp-converter-for-media.php&plugin=webp-converter-for-media/webp-converter-for-media.php HTTP/1.1" 200 69235 "https://moonbloomwalls.com" "Mozilla/5.0 (Windows NT 6.1; Win64; x64) AppleWebKit/537.36 (KHTML, like Gecko) Chrome/80.0.3987.149 Safari/537.36"
109.122.18.102 - - [30/Jul/2026:05:46:24 +0000] "POST /wp-login.php HTTP/1.1" 302 5 "https://moonbloomwalls.com" "Mozilla/5.0 (Windows NT 10.0; Win64; x64) AppleWebKit/537.36 (KHTML, like Gecko) Chrome/74.0.3729.157 Safari/537.36"
109.122.18.102 - - [30/Jul/2026:05:46:25 +0000] "GET /wp-admin/ HTTP/1.1" 200 67265 "https://moonbloomwalls.com" "Mozilla/5.0 (Windows NT 10.0; Win64; x64) AppleWebKit/537.36 (KHTML, like Gecko) Chrome/74.0.3729.157 Safari/537.36"
103.124.110.99 - - [30/Jul/2026:05:46:26 +0000] "POST /wp-admin/admin-ajax.php HTTP/1.1" 200 74 "https://moonbloomwalls.com" "Mozilla/5.0 (Windows NT 6.1; Win64; x64) AppleWebKit/537.36 (KHTML, like Gecko) Chrome/80.0.3987.149 Safari/537.36"
103.124.110.99 - - [30/Jul/2026:05:46:27 +0000] "GET /wp-content/plugins/webp-converter-for-media/webp-converter-for-media.php HTTP/1.1" 200 300 "https://moonbloomwalls.com" "Mozilla/5.0 (Windows NT 6.1; Win64; x64) AppleWebKit/537.36 (KHTML, like Gecko) Chrome/80.0.3987.149 Safari/537.36"
109.122.18.102 - - [30/Jul/2026:05:46:27 +0000] "GET /wp-admin/ HTTP/1.1" 200 67247 "https://moonbloomwalls.com" "Mozilla/5.0 (Windows NT 10.0; Win64; x64) AppleWebKit/537.36 (KHTML, like Gecko) Chrome/74.0.3729.157 Safari/537.36"
109.122.18.102 - - [30/Jul/2026:05:46:28 +0000] "GET /wp-admin/user-new.php HTTP/1.1" 200 59954 "https://moonbloomwalls.com" "Mozilla/5.0 (Windows NT 10.0; Win64; x64) AppleWebKit/537.36 (KHTML, like Gecko) Chrome/74.0.3729.157 Safari/537.36"
109.122.18.102 - - [30/Jul/2026:05:46:29 +0000] "POST /wp-admin/user-new.php HTTP/1.1" 200 60032 "https://moonbloomwalls.com" "Mozilla/5.0 (Windows NT 10.0; Win64; x64) AppleWebKit/537.36 (KHTML, like Gecko) Chrome/74.0.3729.157 Safari/537.36"
109.122.18.102 - - [30/Jul/2026:05:46:30 +0000] "GET /wp-admin/plugin-install.php?tab=upload HTTP/1.1" 200 59956 "https://moonbloomwalls.com" "Mozilla/5.0 (Windows NT 10.0; Win64; x64) AppleWebKit/537.36 (KHTML, like Gecko) Chrome/74.0.3729.157 Safari/537.36"
109.122.18.102 - - [30/Jul/2026:05:46:31 +0000] "POST /wp-admin/update.php?action=upload-plugin HTTP/1.1" 200 57513 "https://moonbloomwalls.com" "Mozilla/5.0 (Windows NT 10.0; Win64; x64) AppleWebKit/537.36 (KHTML, like Gecko) Chrome/74.0.3729.157 Safari/537.36"
109.122.18.102 - - [30/Jul/2026:05:46:31 +0000] "GET /wp-content/plugins/ljtbxuxzfr/up.php HTTP/1.1" 404 181 "https://moonbloomwalls.com" "Mozilla/5.0 (Windows NT 10.0; Win64; x64) AppleWebKit/537.36 (KHTML, like Gecko) Chrome/74.0.3729.157 Safari/537.36"
