162.62.213.165 - - [30/Jul/2026:13:08:52 +0000] "GET / HTTP/1.1" 301 423 "http://www.moonbloomwalls.com" "Mozilla/5.0 (iPhone; CPU iPhone OS 13_2_3 like Mac OS X) AppleWebKit/605.1.15 (KHTML, like Gecko) Version/13.0.3 Mobile/15E148 Safari/604.1"
162.62.213.165 - - [30/Jul/2026:13:08:53 +0000] "GET / HTTP/1.1" 200 37104 "https://www.moonbloomwalls.com/" "Mozilla/5.0 (iPhone; CPU iPhone OS 13_2_3 like Mac OS X) AppleWebKit/605.1.15 (KHTML, like Gecko) Version/13.0.3 Mobile/15E148 Safari/604.1"
85.155.190.233 - - [30/Jul/2026:13:10:04 +0000] "POST /wp-cron.php?doing_wp_cron=1785417004.5616090297698974609375 HTTP/1.1" 200 31 "-" "WordPress/7.0; https://moonbloomwalls.com"
66.249.64.226 - - [30/Jul/2026:13:10:04 +0000] "GET /author/wordpress_3d8f64334523/feed/ HTTP/1.1" 200 71089 "-" "Mozilla/5.0 (Linux; Android 6.0.1; Nexus 5X Build/MMB29P) AppleWebKit/537.36 (KHTML, like Gecko) Chrome/150.0.7871.186 Mobile Safari/537.36 (compatible; GoogleOther)"
85.155.190.233 - - [30/Jul/2026:13:15:14 +0000] "POST /wp-cron.php?doing_wp_cron=1785417314.6425869464874267578125 HTTP/1.1" 200 31 "-" "WordPress/7.0; https://moonbloomwalls.com"
43.157.172.39 - - [30/Jul/2026:13:15:14 +0000] "GET /2024/01/20/vavada-kazino-ofitsial-nyi-sait/ HTTP/1.1" 200 29625 "-" "Mozilla/5.0 (iPhone; CPU iPhone OS 13_2_3 like Mac OS X) AppleWebKit/605.1.15 (KHTML, like Gecko) Version/13.0.3 Mobile/15E148 Safari/604.1"
85.155.190.233 - - [30/Jul/2026:13:16:20 +0000] "POST /wp-cron.php?doing_wp_cron=1785417380.4894208908081054687500 HTTP/1.1" 200 31 "-" "WordPress/7.0; https://moonbloomwalls.com"
66.249.64.225 - - [30/Jul/2026:13:16:20 +0000] "GET /2026/07/29/role-blockchainu-v-online-kasinech-cz-a-uk/feed/ HTTP/1.1" 200 1272 "-" "Mozilla/5.0 (Linux; Android 6.0.1; Nexus 5X Build/MMB29P) AppleWebKit/537.36 (KHTML, like Gecko) Chrome/150.0.7871.186 Mobile Safari/537.36 (compatible; GoogleOther)"
85.155.190.233 - - [30/Jul/2026:13:22:23 +0000] "POST /wp-cron.php?doing_wp_cron=1785417742.9834220409393310546875 HTTP/1.1" 200 31 "-" "WordPress/7.0; https://moonbloomwalls.com"
104.199.40.115 - - [30/Jul/2026:13:22:23 +0000] "GET / HTTP/1.1" 200 37104 "-" "Mozilla/5.0 (Macintosh; Intel Mac OS X 10_15_7) AppleWebKit/605.1.15 (KHTML, like Gecko) Version/17.6 Safari/605.1.15"
43.130.116.87 - - [30/Jul/2026:13:26:03 +0000] "GET /wp-json/oembed/1.0/embed?url=https%3A%2F%2Fmoonbloomwalls.com%2F2026%2F04%2F18%2Fdecouvrez-captain-jack-casino-en-toute-confiance%2F HTTP/1.1" 200 2851 "-" "Mozilla/5.0 (iPhone; CPU iPhone OS 13_2_3 like Mac OS X) AppleWebKit/605.1.15 (KHTML, like Gecko) Version/13.0.3 Mobile/15E148 Safari/604.1"
85.155.190.233 - - [30/Jul/2026:13:26:03 +0000] "POST /wp-cron.php?doing_wp_cron=1785417963.0061390399932861328125 HTTP/1.1" 200 31 "-" "WordPress/7.0; https://moonbloomwalls.com"
85.155.190.233 - - [30/Jul/2026:13:30:19 +0000] "POST /wp-cron.php?doing_wp_cron=1785418219.9051001071929931640625 HTTP/1.1" 200 31 "-" "WordPress/7.0; https://moonbloomwalls.com"
193.24.211.48 - - [30/Jul/2026:13:30:19 +0000] "GET /wp-login.php HTTP/1.1" 200 2473 "-" "Mozilla/5.0 (Windows NT 10.0; Win64; x64; rv:133.0) Gecko/20100101 Firefox/133.0"
193.24.211.48 - - [30/Jul/2026:13:30:20 +0000] "POST /xmlrpc.php HTTP/1.1" 403 118 "-" "Mozilla/5.0 (Windows NT 10.0; Win64; x64; rv:133.0) Gecko/20100101 Firefox/133.0"
193.24.211.48 - - [30/Jul/2026:13:30:21 +0000] "GET /wp-login.php HTTP/1.1" 200 2473 "-" "Mozilla/5.0 (Macintosh; Intel Mac OS X 10_15_7) AppleWebKit/605.1.15 (KHTML, like Gecko) Version/18.0 Safari/605.1.15"
193.24.211.48 - - [30/Jul/2026:13:30:21 +0000] "POST /wp-login.php HTTP/1.1" 302 423 "https://moonbloomwalls.com/wp-login.php" "Mozilla/5.0 (Macintosh; Intel Mac OS X 10_15_7) AppleWebKit/605.1.15 (KHTML, like Gecko) Version/18.0 Safari/605.1.15"
193.24.211.48 - - [30/Jul/2026:13:30:22 +0000] "GET /wp-admin/ HTTP/1.1" 200 61890 "https://moonbloomwalls.com/wp-login.php" "Mozilla/5.0 (Macintosh; Intel Mac OS X 10_15_7) AppleWebKit/605.1.15 (KHTML, like Gecko) Version/18.0 Safari/605.1.15"
147.182.222.217 - - [30/Jul/2026:13:30:23 +0000] "HEAD / HTTP/1.1" 301 0 "-" "Mozilla/5.0 (Macintosh; Intel Mac OS X 10_15_7) AppleWebKit/605.1.15 (KHTML, like Gecko) Version/17.4.1 Safari/605.7.25"
193.24.211.48 - - [30/Jul/2026:13:30:37 +0000] "GET /wp-admin/ HTTP/1.1" 200 61857 "-" "Mozilla/5.0 (Macintosh; Intel Mac OS X 10_15_7) AppleWebKit/605.1.15 (KHTML, like Gecko) Version/18.0 Safari/605.1.15"
193.24.211.48 - - [30/Jul/2026:13:30:38 +0000] "GET /wp-admin/admin-ajax.php?action=rest-nonce HTTP/1.1" 400 433 "-" "Mozilla/5.0 (Macintosh; Intel Mac OS X 10_15_7) AppleWebKit/605.1.15 (KHTML, like Gecko) Version/18.0 Safari/605.1.15"
193.24.211.48 - - [30/Jul/2026:13:30:38 +0000] "GET /wp-admin/admin-ajax.php?action=rest-nonce HTTP/1.1" 200 326 "-" "Mozilla/5.0 (Macintosh; Intel Mac OS X 10_15_7) AppleWebKit/605.1.15 (KHTML, like Gecko) Version/18.0 Safari/605.1.15"
193.24.211.48 - - [30/Jul/2026:13:30:38 +0000] "GET /wp-json/wp/v2/users/me HTTP/1.1" 403 513 "-" "Mozilla/5.0 (Macintosh; Intel Mac OS X 10_15_7) AppleWebKit/605.1.15 (KHTML, like Gecko) Version/18.0 Safari/605.1.15"
193.24.211.48 - - [30/Jul/2026:13:30:38 +0000] "GET /wp-json/wp/v2/users/me HTTP/1.1" 403 513 "-" "Mozilla/5.0 (Macintosh; Intel Mac OS X 10_15_7) AppleWebKit/605.1.15 (KHTML, like Gecko) Version/18.0 Safari/605.1.15"
193.24.211.48 - - [30/Jul/2026:13:30:39 +0000] "GET /wp-json/wp/v2/users/me HTTP/1.1" 403 513 "-" "Mozilla/5.0 (Macintosh; Intel Mac OS X 10_15_7) AppleWebKit/605.1.15 (KHTML, like Gecko) Version/18.0 Safari/605.1.15"
193.24.211.48 - - [30/Jul/2026:13:30:39 +0000] "GET /wp-json/wp/v2/users/me HTTP/1.1" 403 513 "-" "Mozilla/5.0 (Macintosh; Intel Mac OS X 10_15_7) AppleWebKit/605.1.15 (KHTML, like Gecko) Version/18.0 Safari/605.1.15"
193.24.211.48 - - [30/Jul/2026:13:30:40 +0000] "GET /wp-json/wp/v2/users/me HTTP/1.1" 403 513 "-" "Mozilla/5.0 (Macintosh; Intel Mac OS X 10_15_7) AppleWebKit/605.1.15 (KHTML, like Gecko) Version/18.0 Safari/605.1.15"
193.24.211.48 - - [30/Jul/2026:13:30:42 +0000] "GET /wp-admin/plugin-install.php HTTP/1.1" 200 61958 "-" "Mozilla/5.0 (Macintosh; Intel Mac OS X 10_15_7) AppleWebKit/605.1.15 (KHTML, like Gecko) Version/18.0 Safari/605.1.15"
193.24.211.48 - - [30/Jul/2026:13:30:42 +0000] "POST /wp-admin/update.php?action=upload-plugin HTTP/1.1" 500 3078 "https://moonbloomwalls.com/wp-admin/update.php?action=upload-plugin" "Mozilla/5.0 (Macintosh; Intel Mac OS X 10_15_7) AppleWebKit/605.1.15 (KHTML, like Gecko) Version/18.0 Safari/605.1.15"
193.24.211.48 - - [30/Jul/2026:13:30:57 +0000] "POST /xmlrpc.php HTTP/1.1" 403 180 "-" "Mozilla/5.0 (Windows NT 10.0; Win64; x64) AppleWebKit/537.36 (KHTML, like Gecko) Chrome/124.0.0.0 Safari/537.36"
193.24.211.48 - - [30/Jul/2026:13:30:57 +0000] "GET /wp-login.php HTTP/1.1" 200 2473 "-" "Mozilla/5.0 (Windows NT 10.0; Win64; x64) AppleWebKit/537.36 (KHTML, like Gecko) Chrome/124.0.0.0 Safari/537.36"
193.24.211.48 - - [30/Jul/2026:13:30:58 +0000] "POST /wp-login.php HTTP/1.1" 302 423 "https://moonbloomwalls.com/wp-login.php" "Mozilla/5.0 (Windows NT 10.0; Win64; x64) AppleWebKit/537.36 (KHTML, like Gecko) Chrome/124.0.0.0 Safari/537.36"
193.24.211.48 - - [30/Jul/2026:13:30:58 +0000] "GET /wp-admin/ HTTP/1.1" 200 61844 "https://moonbloomwalls.com/wp-login.php" "Mozilla/5.0 (Windows NT 10.0; Win64; x64) AppleWebKit/537.36 (KHTML, like Gecko) Chrome/124.0.0.0 Safari/537.36"
85.155.190.233 - - [30/Jul/2026:13:31:16 +0000] "POST /wp-cron.php?doing_wp_cron=1785418276.7476549148559570312500 HTTP/1.1" 200 31 "-" "WordPress/7.0; https://moonbloomwalls.com"
193.24.211.48 - - [30/Jul/2026:13:31:16 +0000] "GET /wp-admin/ HTTP/1.1" 200 61827 "-" "Mozilla/5.0 (Windows NT 10.0; Win64; x64) AppleWebKit/537.36 (KHTML, like Gecko) Chrome/124.0.0.0 Safari/537.36"
193.24.211.48 - - [30/Jul/2026:13:31:17 +0000] "GET /wp-admin/admin-ajax.php?action=rest-nonce HTTP/1.1" 400 433 "-" "Mozilla/5.0 (Windows NT 10.0; Win64; x64) AppleWebKit/537.36 (KHTML, like Gecko) Chrome/124.0.0.0 Safari/537.36"
193.24.211.48 - - [30/Jul/2026:13:31:18 +0000] "GET /wp-admin/admin-ajax.php?action=rest-nonce HTTP/1.1" 200 326 "-" "Mozilla/5.0 (Windows NT 10.0; Win64; x64) AppleWebKit/537.36 (KHTML, like Gecko) Chrome/124.0.0.0 Safari/537.36"
193.24.211.48 - - [30/Jul/2026:13:31:18 +0000] "GET /wp-json/wp/v2/users/me HTTP/1.1" 403 513 "-" "Mozilla/5.0 (Windows NT 10.0; Win64; x64) AppleWebKit/537.36 (KHTML, like Gecko) Chrome/124.0.0.0 Safari/537.36"
193.24.211.48 - - [30/Jul/2026:13:31:18 +0000] "GET /wp-json/wp/v2/users/me HTTP/1.1" 403 513 "-" "Mozilla/5.0 (Windows NT 10.0; Win64; x64) AppleWebKit/537.36 (KHTML, like Gecko) Chrome/124.0.0.0 Safari/537.36"
193.24.211.48 - - [30/Jul/2026:13:31:19 +0000] "GET /wp-json/wp/v2/users/me HTTP/1.1" 403 513 "-" "Mozilla/5.0 (Windows NT 10.0; Win64; x64) AppleWebKit/537.36 (KHTML, like Gecko) Chrome/124.0.0.0 Safari/537.36"
193.24.211.48 - - [30/Jul/2026:13:31:19 +0000] "GET /wp-json/wp/v2/users/me HTTP/1.1" 403 513 "-" "Mozilla/5.0 (Windows NT 10.0; Win64; x64) AppleWebKit/537.36 (KHTML, like Gecko) Chrome/124.0.0.0 Safari/537.36"
193.24.211.48 - - [30/Jul/2026:13:31:20 +0000] "GET /wp-json/wp/v2/users/me HTTP/1.1" 403 513 "-" "Mozilla/5.0 (Windows NT 10.0; Win64; x64) AppleWebKit/537.36 (KHTML, like Gecko) Chrome/124.0.0.0 Safari/537.36"
193.24.211.48 - - [30/Jul/2026:13:31:37 +0000] "GET /wp-admin/plugin-install.php HTTP/1.1" 200 61946 "-" "Mozilla/5.0 (Windows NT 10.0; Win64; x64) AppleWebKit/537.36 (KHTML, like Gecko) Chrome/124.0.0.0 Safari/537.36"
193.24.211.48 - - [30/Jul/2026:13:31:38 +0000] "POST /wp-admin/update.php?action=upload-plugin HTTP/1.1" 500 3078 "https://moonbloomwalls.com/wp-admin/update.php?action=upload-plugin" "Mozilla/5.0 (Windows NT 10.0; Win64; x64) AppleWebKit/537.36 (KHTML, like Gecko) Chrome/124.0.0.0 Safari/537.36"
85.155.190.233 - - [30/Jul/2026:13:33:01 +0000] "POST /wp-cron.php?doing_wp_cron=1785418381.0248019695281982421875 HTTP/1.1" 200 31 "-" "WordPress/7.0; https://moonbloomwalls.com"
77.90.174.105 - - [30/Jul/2026:13:33:01 +0000] "GET / HTTP/1.1" 200 37104 "-" "Mozilla/5.0 (Macintosh; Intel Mac OS X 10_15_7) AppleWebKit/537.36 (KHTML, like Gecko) Chrome/142.0.0.0 Safari/537.36"
77.90.174.105 - - [30/Jul/2026:13:33:01 +0000] "GET /?rest_route=/ HTTP/1.1" 200 1307116 "-" "Mozilla/5.0 (Macintosh; Intel Mac OS X 10_15_7) AppleWebKit/537.36 (KHTML, like Gecko) Chrome/142.0.0.0 Safari/537.36"
77.90.174.105 - - [30/Jul/2026:13:33:01 +0000] "GET /wp-admin/ HTTP/1.1" 302 432 "-" "Mozilla/5.0 (Macintosh; Intel Mac OS X 10_15_7) AppleWebKit/537.36 (KHTML, like Gecko) Chrome/142.0.0.0 Safari/537.36"
185.81.186.169 - - [30/Jul/2026:13:33:03 +0000] "POST /xmlrpc.php HTTP/1.1" 403 118 "-" "Python-xmlrpc/3.13"
178.171.12.112 - - [30/Jul/2026:13:33:04 +0000] "POST /xmlrpc.php HTTP/1.1" 403 118 "-" "Python-xmlrpc/3.13"
85.155.190.233 - - [30/Jul/2026:13:33:05 +0000] "POST /wp-cron.php?doing_wp_cron=1785418385.6971518993377685546875 HTTP/1.1" 200 31 "-" "WordPress/7.0; https://moonbloomwalls.com"
66.227.93.77 - - [30/Jul/2026:13:33:05 +0000] "GET /wp-login.php HTTP/1.1" 200 2473 "-" "Mozilla/5.0 (Macintosh; Intel Mac OS X 10_15_7) AppleWebKit/537.36 (KHTML, like Gecko) Chrome/142.0.0.0 Safari/537.36"
176.113.109.68 - - [30/Jul/2026:13:33:06 +0000] "GET /wp-login.php?wp_lang=en_US HTTP/1.1" 200 2473 "-" "Mozilla/5.0 (Macintosh; Intel Mac OS X 10_15_7) AppleWebKit/537.36 (KHTML, like Gecko) Chrome/142.0.0.0 Safari/537.36"
176.113.109.68 - - [30/Jul/2026:13:33:06 +0000] "POST /wp-login.php?wp_lang=en_US HTTP/1.1" 302 423 "-" "Mozilla/5.0 (Macintosh; Intel Mac OS X 10_15_7) AppleWebKit/537.36 (KHTML, like Gecko) Chrome/142.0.0.0 Safari/537.36"
176.113.109.68 - - [30/Jul/2026:13:33:07 +0000] "GET /wp-admin/ HTTP/1.1" 200 61835 "-" "Mozilla/5.0 (Macintosh; Intel Mac OS X 10_15_7) AppleWebKit/537.36 (KHTML, like Gecko) Chrome/142.0.0.0 Safari/537.36"
176.113.109.68 - - [30/Jul/2026:13:33:07 +0000] "GET /wp-admin/ HTTP/1.1" 200 61835 "-" "Mozilla/5.0 (Macintosh; Intel Mac OS X 10_15_7) AppleWebKit/537.36 (KHTML, like Gecko) Chrome/142.0.0.0 Safari/537.36"
176.113.109.68 - - [30/Jul/2026:13:33:07 +0000] "GET /wp-admin/profile.php HTTP/1.1" 200 87872 "-" "Mozilla/5.0 (Macintosh; Intel Mac OS X 10_15_7) AppleWebKit/537.36 (KHTML, like Gecko) Chrome/142.0.0.0 Safari/537.36"
176.113.109.68 - - [30/Jul/2026:13:33:07 +0000] "POST /wp-json/wp/v2/users/me/application-passwords HTTP/1.1" 201 825 "-" "Mozilla/5.0 (Macintosh; Intel Mac OS X 10_15_7) AppleWebKit/537.36 (KHTML, like Gecko) Chrome/142.0.0.0 Safari/537.36"
176.113.109.68 - - [30/Jul/2026:13:33:08 +0000] "POST /?rest_route=/wp/v2/users/me/application-passwords HTTP/1.1" 201 825 "-" "Mozilla/5.0 (Macintosh; Intel Mac OS X 10_15_7) AppleWebKit/537.36 (KHTML, like Gecko) Chrome/142.0.0.0 Safari/537.36"
104.207.42.180 - - [30/Jul/2026:13:33:32 +0000] "HEAD / HTTP/1.1" 200 0 "-" "Wget/1.21.4"
216.26.230.107 - - [30/Jul/2026:13:33:33 +0000] "POST /xmlrpc.php HTTP/1.1" 403 118 "-" "Wget/1.21.4"
216.26.230.107 - - [30/Jul/2026:13:33:34 +0000] "POST /xmlrpc.php HTTP/1.1" 403 118 "-" "curl/7.88.1"
216.26.230.107 - - [30/Jul/2026:13:33:34 +0000] "POST /xmlrpc.php HTTP/1.1" 403 118 "-" "curl/8.6.0"
216.26.244.175 - - [30/Jul/2026:13:33:35 +0000] "GET /wp-login.php HTTP/1.1" 200 2473 "-" "curl/7.88.1"
216.26.244.175 - - [30/Jul/2026:13:33:35 +0000] "POST /wp-login.php HTTP/1.1" 302 423 "https://moonbloomwalls.com/wp-login.php" "curl/7.88.1"
216.26.244.175 - - [30/Jul/2026:13:33:35 +0000] "GET /wp-admin/ HTTP/1.1" 200 61762 "https://moonbloomwalls.com/wp-login.php" "curl/7.88.1"
216.26.244.175 - - [30/Jul/2026:13:33:36 +0000] "GET /wp-admin/plugins.php HTTP/1.1" 200 60845 "-" "Wget/1.21.4"
43.153.135.208 - - [30/Jul/2026:13:35:35 +0000] "GET /wp-json/oembed/1.0/embed?url=https%3A%2F%2Fmoonbloomwalls.com%2F2026%2F04%2F09%2Fcasino-peaches-et-linnovation-dans-le-jeu-en-ligne%2F HTTP/1.1" 200 2867 "-" "Mozilla/5.0 (iPhone; CPU iPhone OS 13_2_3 like Mac OS X) AppleWebKit/605.1.15 (KHTML, like Gecko) Version/13.0.3 Mobile/15E148 Safari/604.1"
85.155.190.233 - - [30/Jul/2026:13:35:35 +0000] "POST /wp-cron.php?doing_wp_cron=1785418535.3036680221557617187500 HTTP/1.1" 200 31 "-" "WordPress/7.0; https://moonbloomwalls.com"
101.33.80.42 - - [30/Jul/2026:13:45:57 +0000] "GET /wp-json/oembed/1.0/embed?url=https%3A%2F%2Fmoonbloomwalls.com%2F2026%2F02%2F16%2Fthe-evolution-of-kangaroo-88-casino-in-the-igaming-scene%2F&format=xml HTTP/1.1" 200 3022 "-" "Mozilla/5.0 (iPhone; CPU iPhone OS 13_2_3 like Mac OS X) AppleWebKit/605.1.15 (KHTML, like Gecko) Version/13.0.3 Mobile/15E148 Safari/604.1"
85.155.190.233 - - [30/Jul/2026:13:45:57 +0000] "POST /wp-cron.php?doing_wp_cron=1785419157.6313769817352294921875 HTTP/1.1" 200 31 "-" "WordPress/7.0; https://moonbloomwalls.com"
74.7.227.58 - - [30/Jul/2026:13:47:04 +0000] "GET /favicon.ico HTTP/1.1" 404 118 "https://moonbloomwalls.com/2026/03/21/understanding-the-vibrant-ecosystem-of-play-croco-casino/" "Mozilla/5.0 AppleWebKit/537.36 (KHTML, like Gecko; compatible; GPTBot/1.4; +https://openai.com/gptbot)"
85.155.190.233 - - [30/Jul/2026:13:49:57 +0000] "POST /wp-cron.php?doing_wp_cron=1785419397.5595629215240478515625 HTTP/1.1" 200 31 "-" "WordPress/7.0; https://moonbloomwalls.com"
216.73.216.31 - - [30/Jul/2026:13:49:57 +0000] "GET /robots.txt HTTP/1.1" 200 744 "-" "Mozilla/5.0 AppleWebKit/537.36 (KHTML, like Gecko; compatible; ClaudeBot/1.0; +claudebot@anthropic.com)"
216.73.216.31 - - [30/Jul/2026:13:49:57 +0000] "GET /wp-sitemap.xml HTTP/1.1" 200 24774 "-" "Mozilla/5.0 AppleWebKit/537.36 (KHTML, like Gecko; compatible; ClaudeBot/1.0; +claudebot@anthropic.com)"
85.155.190.233 - - [30/Jul/2026:13:56:04 +0000] "POST /wp-cron.php?doing_wp_cron=1785419764.9592649936676025390625 HTTP/1.1" 200 31 "-" "WordPress/7.0; https://moonbloomwalls.com"
43.166.244.66 - - [30/Jul/2026:13:56:04 +0000] "GET /2026/07/29/mostbet-mutmadi-kampaniyalari-hangi-gunlrd-bonuslar-hmiyytlidir/embed/ HTTP/1.1" 200 7349 "-" "Mozilla/5.0 (iPhone; CPU iPhone OS 13_2_3 like Mac OS X) AppleWebKit/605.1.15 (KHTML, like Gecko) Version/13.0.3 Mobile/15E148 Safari/604.1"
85.155.190.233 - - [30/Jul/2026:14:05:12 +0000] "POST /wp-cron.php?doing_wp_cron=1785420311.9704399108886718750000 HTTP/1.1" 200 31 "-" "WordPress/7.0; https://moonbloomwalls.com"
43.161.234.148 - - [30/Jul/2026:14:05:12 +0000] "GET /2026/03/21/the-latest-updates-from-god-of-coins-casino/ HTTP/1.1" 200 26795 "-" "Mozilla/5.0 (iPhone; CPU iPhone OS 13_2_3 like Mac OS X) AppleWebKit/605.1.15 (KHTML, like Gecko) Version/13.0.3 Mobile/15E148 Safari/604.1"
91.35.9.222 - - [30/Jul/2026:14:09:08 +0000] "GET /favicon.ico HTTP/1.1" 404 181 "https://moonbloomwalls.com/product/personalisierte-baer-tapete-mit-name/" "Mozilla/5.0 (Windows NT 10.0; Win64; x64) AppleWebKit/537.36 (KHTML, like Gecko) Chrome/150.0.0.0 Safari/537.36"
85.155.190.233 - - [30/Jul/2026:14:09:08 +0000] "POST /wp-cron.php?doing_wp_cron=1785420548.7402811050415039062500 HTTP/1.1" 200 31 "-" "WordPress/7.0; https://moonbloomwalls.com"
91.35.9.222 - - [30/Jul/2026:14:09:08 +0000] "POST /?wc-ajax=get_refreshed_fragments HTTP/1.1" 200 1026 "https://moonbloomwalls.com/product/personalisierte-baer-tapete-mit-name/" "Mozilla/5.0 (Windows NT 10.0; Win64; x64) AppleWebKit/537.36 (KHTML, like Gecko) Chrome/150.0.0.0 Safari/537.36"
1.14.110.85 - - [30/Jul/2026:14:09:34 +0000] "GET / HTTP/1.1" 301 423 "http://www.moonbloomwalls.com" "Mozilla/5.0 (iPhone; CPU iPhone OS 13_2_3 like Mac OS X) AppleWebKit/605.1.15 (KHTML, like Gecko) Version/13.0.3 Mobile/15E148 Safari/604.1"
1.14.110.85 - - [30/Jul/2026:14:09:36 +0000] "GET / HTTP/1.1" 200 37104 "https://www.moonbloomwalls.com/" "Mozilla/5.0 (iPhone; CPU iPhone OS 13_2_3 like Mac OS X) AppleWebKit/605.1.15 (KHTML, like Gecko) Version/13.0.3 Mobile/15E148 Safari/604.1"
43.153.102.138 - - [30/Jul/2026:14:16:15 +0000] "GET /wp-json/oembed/1.0/embed?url=https%3A%2F%2Fmoonbloomwalls.com%2F2024%2F01%2F20%2Fvavada-kazino-ofitsial-nyi-sait%2F&format=xml HTTP/1.1" 200 3272 "-" "Mozilla/5.0 (iPhone; CPU iPhone OS 13_2_3 like Mac OS X) AppleWebKit/605.1.15 (KHTML, like Gecko) Version/13.0.3 Mobile/15E148 Safari/604.1"
85.155.190.233 - - [30/Jul/2026:14:16:15 +0000] "POST /wp-cron.php?doing_wp_cron=1785420975.3566489219665527343750 HTTP/1.1" 200 31 "-" "WordPress/7.0; https://moonbloomwalls.com"
151.177.81.42 - - [30/Jul/2026:14:17:44 +0000] "POST /xmlrpc.php HTTP/1.1" 403 548 "-" "Mozilla/5.0 (X11; Linux x86_64) AppleWebKit/537.36 (KHTML, like Gecko) Chrome/120.0.0.0 Safari/537.36"
85.155.190.233 - - [30/Jul/2026:14:17:46 +0000] "POST /wp-cron.php?doing_wp_cron=1785421066.3624300956726074218750 HTTP/1.1" 200 31 "-" "WordPress/7.0; https://moonbloomwalls.com"
216.147.125.137 - - [30/Jul/2026:14:17:46 +0000] "GET /wp-login.php HTTP/1.1" 200 2473 "-" "Mozilla/5.0 (Macintosh; Intel Mac OS X 10_15_7) AppleWebKit/537.36 (KHTML, like Gecko) Chrome/131.0.0.0 Safari/537.36"
216.147.125.137 - - [30/Jul/2026:14:17:46 +0000] "POST /wp-login.php HTTP/1.1" 302 423 "https://moonbloomwalls.com/wp-login.php" "Mozilla/5.0 (Macintosh; Intel Mac OS X 10_15_7) AppleWebKit/537.36 (KHTML, like Gecko) Chrome/131.0.0.0 Safari/537.36"
216.147.125.137 - - [30/Jul/2026:14:17:47 +0000] "GET /wp-admin/admin-ajax.php?action=rest-nonce HTTP/1.1" 200 325 "-" "Mozilla/5.0 (Macintosh; Intel Mac OS X 10_15_7) AppleWebKit/537.36 (KHTML, like Gecko) Chrome/131.0.0.0 Safari/537.36"
216.147.125.137 - - [30/Jul/2026:14:17:48 +0000] "GET / HTTP/1.1" 200 39312 "-" "Mozilla/5.0 (Macintosh; Intel Mac OS X 10_15_7) AppleWebKit/537.36 (KHTML, like Gecko) Chrome/131.0.0.0 Safari/537.36"
216.147.125.137 - - [30/Jul/2026:14:17:48 +0000] "GET /wp-admin/ HTTP/1.1" 200 61847 "-" "Mozilla/5.0 (Macintosh; Intel Mac OS X 10_15_7) AppleWebKit/537.36 (KHTML, like Gecko) Chrome/131.0.0.0 Safari/537.36"
216.147.125.137 - - [30/Jul/2026:14:17:49 +0000] "POST /wp-json/wp/v2/posts?_fields=id HTTP/1.1" 201 433 "-" "Mozilla/5.0 (Macintosh; Intel Mac OS X 10_15_7) AppleWebKit/537.36 (KHTML, like Gecko) Chrome/131.0.0.0 Safari/537.36"
85.155.190.233 - - [30/Jul/2026:14:17:49 +0000] "POST /wp-cron.php?doing_wp_cron=1785421069.7180318832397460937500 HTTP/1.1" 200 31 "-" "WordPress/7.0; https://moonbloomwalls.com"
131.191.36.92 - - [30/Jul/2026:14:17:51 +0000] "GET /wp-login.php HTTP/1.1" 200 2473 "-" "Mozilla/5.0 (Macintosh; Intel Mac OS X 10_15_7) AppleWebKit/537.36 (KHTML, like Gecko) Chrome/131.0.0.0 Safari/537.36"
131.191.36.92 - - [30/Jul/2026:14:17:51 +0000] "POST /wp-login.php HTTP/1.1" 302 423 "https://moonbloomwalls.com/wp-login.php" "Mozilla/5.0 (Macintosh; Intel Mac OS X 10_15_7) AppleWebKit/537.36 (KHTML, like Gecko) Chrome/131.0.0.0 Safari/537.36"
131.191.36.92 - - [30/Jul/2026:14:17:52 +0000] "GET /wp-admin/admin-ajax.php?action=rest-nonce HTTP/1.1" 200 325 "-" "Mozilla/5.0 (Macintosh; Intel Mac OS X 10_15_7) AppleWebKit/537.36 (KHTML, like Gecko) Chrome/131.0.0.0 Safari/537.36"
131.191.36.92 - - [30/Jul/2026:14:17:52 +0000] "GET / HTTP/1.1" 200 39313 "-" "Mozilla/5.0 (Macintosh; Intel Mac OS X 10_15_7) AppleWebKit/537.36 (KHTML, like Gecko) Chrome/131.0.0.0 Safari/537.36"
131.191.36.92 - - [30/Jul/2026:14:17:55 +0000] "GET /wp-admin/ HTTP/1.1" 200 61836 "-" "Mozilla/5.0 (Macintosh; Intel Mac OS X 10_15_7) AppleWebKit/537.36 (KHTML, like Gecko) Chrome/131.0.0.0 Safari/537.36"
131.191.36.92 - - [30/Jul/2026:14:17:56 +0000] "POST /wp-json/wp/v2/posts?_fields=id HTTP/1.1" 201 433 "-" "Mozilla/5.0 (Macintosh; Intel Mac OS X 10_15_7) AppleWebKit/537.36 (KHTML, like Gecko) Chrome/131.0.0.0 Safari/537.36"
85.155.190.233 - - [30/Jul/2026:14:17:56 +0000] "POST /wp-cron.php?doing_wp_cron=1785421076.0156729221343994140625 HTTP/1.1" 200 31 "-" "WordPress/7.0; https://moonbloomwalls.com"
108.160.119.183 - - [30/Jul/2026:14:17:57 +0000] "GET /wp-login.php HTTP/1.1" 200 2473 "-" "Mozilla/5.0 (Macintosh; Intel Mac OS X 10_15_7) AppleWebKit/537.36 (KHTML, like Gecko) Chrome/131.0.0.0 Safari/537.36"
108.160.119.183 - - [30/Jul/2026:14:17:58 +0000] "POST /wp-login.php HTTP/1.1" 302 423 "https://moonbloomwalls.com/wp-login.php" "Mozilla/5.0 (Macintosh; Intel Mac OS X 10_15_7) AppleWebKit/537.36 (KHTML, like Gecko) Chrome/131.0.0.0 Safari/537.36"
108.160.119.183 - - [30/Jul/2026:14:17:58 +0000] "GET /wp-admin/admin-ajax.php?action=rest-nonce HTTP/1.1" 200 326 "-" "Mozilla/5.0 (Macintosh; Intel Mac OS X 10_15_7) AppleWebKit/537.36 (KHTML, like Gecko) Chrome/131.0.0.0 Safari/537.36"
108.160.119.183 - - [30/Jul/2026:14:17:59 +0000] "GET / HTTP/1.1" 200 39313 "-" "Mozilla/5.0 (Macintosh; Intel Mac OS X 10_15_7) AppleWebKit/537.36 (KHTML, like Gecko) Chrome/131.0.0.0 Safari/537.36"
108.160.119.183 - - [30/Jul/2026:14:17:59 +0000] "GET /wp-admin/ HTTP/1.1" 200 61820 "-" "Mozilla/5.0 (Macintosh; Intel Mac OS X 10_15_7) AppleWebKit/537.36 (KHTML, like Gecko) Chrome/131.0.0.0 Safari/537.36"
108.160.119.183 - - [30/Jul/2026:14:18:00 +0000] "POST /wp-json/wp/v2/posts?_fields=id HTTP/1.1" 201 433 "-" "Mozilla/5.0 (Macintosh; Intel Mac OS X 10_15_7) AppleWebKit/537.36 (KHTML, like Gecko) Chrome/131.0.0.0 Safari/537.36"
85.155.190.233 - - [30/Jul/2026:14:18:00 +0000] "POST /wp-cron.php?doing_wp_cron=1785421080.6053240299224853515625 HTTP/1.1" 200 31 "-" "WordPress/7.0; https://moonbloomwalls.com"
130.117.139.66 - wordpress_3481f57911c4 [30/Jul/2026:14:21:56 +0000] "GET /wp-json/wp/v2/posts?context=edit&slug=mostbet-az-bukmeker-ve-kazino-mostbet-giris-r-smi-sayt&per_page=5&_fields=id,link,slug,status,content HTTP/1.1" 200 21749 "-" "Mozilla/5.0 (Windows NT 10.0; Win64; x64; rv:148.0) Gecko/20100101 Firefox/148.0"
85.155.190.233 - - [30/Jul/2026:14:21:56 +0000] "POST /wp-cron.php?doing_wp_cron=1785421316.7407169342041015625000 HTTP/1.1" 200 31 "-" "WordPress/7.0; https://moonbloomwalls.com"
130.117.139.66 - wordpress_3481f57911c4 [30/Jul/2026:14:21:57 +0000] "GET /wp-json/wp/v2/posts?context=edit&search=https%3A%2F%2Fsmokingirl.org%2F&per_page=50&_fields=id,link,slug,status,content HTTP/1.1" 200 425 "-" "Mozilla/5.0 (Windows NT 10.0; Win64; x64; rv:148.0) Gecko/20100101 Firefox/148.0"
130.117.139.66 - wordpress_3481f57911c4 [30/Jul/2026:14:21:57 +0000] "POST /wp-json/wp/v2/posts HTTP/1.1" 201 22953 "-" "Mozilla/5.0 (Windows NT 10.0; Win64; x64; rv:148.0) Gecko/20100101 Firefox/148.0"
85.155.190.233 - - [30/Jul/2026:14:21:57 +0000] "POST /wp-cron.php?doing_wp_cron=1785421317.5859420299530029296875 HTTP/1.1" 200 31 "-" "WordPress/7.0; https://moonbloomwalls.com"
130.117.139.66 - - [30/Jul/2026:14:21:57 +0000] "POST /xmlrpc.php HTTP/1.1" 403 118 "-" "Mozilla/5.0 (Windows NT 10.0; Win64; x64; rv:148.0) Gecko/20100101 Firefox/148.0"
130.117.139.66 - wordpress_3481f57911c4 [30/Jul/2026:14:21:58 +0000] "GET /wp-json/wp/v2/pages?context=edit&slug=mostbet-az-bukmeker-ve-kazino-mostbet-giris-r-smi-sayt&per_page=5&_fields=id,link,slug,status,content HTTP/1.1" 200 425 "-" "Mozilla/5.0 (Windows NT 10.0; Win64; x64; rv:148.0) Gecko/20100101 Firefox/148.0"
130.117.139.66 - wordpress_3481f57911c4 [30/Jul/2026:14:21:58 +0000] "GET /wp-json/wp/v2/pages?context=edit&search=https%3A%2F%2Fsmokingirl.org%2F&per_page=50&_fields=id,link,slug,status,content HTTP/1.1" 200 425 "-" "Mozilla/5.0 (Windows NT 10.0; Win64; x64; rv:148.0) Gecko/20100101 Firefox/148.0"
130.117.139.66 - wordpress_3481f57911c4 [30/Jul/2026:14:21:59 +0000] "POST /wp-json/wp/v2/pages HTTP/1.1" 201 22499 "-" "Mozilla/5.0 (Windows NT 10.0; Win64; x64; rv:148.0) Gecko/20100101 Firefox/148.0"
130.117.139.66 - - [30/Jul/2026:14:21:59 +0000] "POST /xmlrpc.php HTTP/1.1" 403 118 "-" "Mozilla/5.0 (Windows NT 10.0; Win64; x64; rv:148.0) Gecko/20100101 Firefox/148.0"
107.158.19.71 - wordpress_3481f57911c4 [30/Jul/2026:14:22:00 +0000] "GET /wp-json/wp/v2/posts?context=edit&slug=mostbet-az-bukmeker-ve-kazino-mostbet-giris-r-smi-sayt&per_page=5&_fields=id,link,slug,status,content HTTP/1.1" 200 21749 "-" "Mozilla/5.0 (Windows NT 10.0; Win64; x64; rv:148.0) Gecko/20100101 Firefox/148.0"
107.158.19.71 - wordpress_3481f57911c4 [30/Jul/2026:14:22:01 +0000] "GET /wp-json/wp/v2/posts?context=edit&search=https%3A%2F%2Fsmokingirl.org%2F&per_page=50&_fields=id,link,slug,status,content HTTP/1.1" 200 425 "-" "Mozilla/5.0 (Windows NT 10.0; Win64; x64; rv:148.0) Gecko/20100101 Firefox/148.0"
107.158.19.71 - wordpress_3481f57911c4 [30/Jul/2026:14:22:02 +0000] "POST /wp-json/wp/v2/posts HTTP/1.1" 201 22953 "-" "Mozilla/5.0 (Windows NT 10.0; Win64; x64; rv:148.0) Gecko/20100101 Firefox/148.0"
85.155.190.233 - - [30/Jul/2026:14:22:02 +0000] "POST /wp-cron.php?doing_wp_cron=1785421322.4525730609893798828125 HTTP/1.1" 200 31 "-" "WordPress/7.0; https://moonbloomwalls.com"
107.158.19.71 - - [30/Jul/2026:14:22:03 +0000] "POST /xmlrpc.php HTTP/1.1" 403 118 "-" "Mozilla/5.0 (Windows NT 10.0; Win64; x64; rv:148.0) Gecko/20100101 Firefox/148.0"
107.158.19.71 - wordpress_3481f57911c4 [30/Jul/2026:14:22:04 +0000] "GET /wp-json/wp/v2/pages?context=edit&slug=mostbet-az-bukmeker-ve-kazino-mostbet-giris-r-smi-sayt&per_page=5&_fields=id,link,slug,status,content HTTP/1.1" 200 19474 "-" "Mozilla/5.0 (Windows NT 10.0; Win64; x64; rv:148.0) Gecko/20100101 Firefox/148.0"
85.155.190.233 - - [30/Jul/2026:14:22:04 +0000] "POST /wp-cron.php?doing_wp_cron=1785421324.0780019760131835937500 HTTP/1.1" 200 31 "-" "WordPress/7.0; https://moonbloomwalls.com"
107.158.19.71 - wordpress_3481f57911c4 [30/Jul/2026:14:22:05 +0000] "GET /wp-json/wp/v2/pages?context=edit&search=https%3A%2F%2Fsmokingirl.org%2F&per_page=50&_fields=id,link,slug,status,content HTTP/1.1" 200 425 "-" "Mozilla/5.0 (Windows NT 10.0; Win64; x64; rv:148.0) Gecko/20100101 Firefox/148.0"
107.158.19.71 - wordpress_3481f57911c4 [30/Jul/2026:14:22:05 +0000] "POST /wp-json/wp/v2/pages HTTP/1.1" 201 22507 "-" "Mozilla/5.0 (Windows NT 10.0; Win64; x64; rv:148.0) Gecko/20100101 Firefox/148.0"
107.158.19.71 - - [30/Jul/2026:14:22:06 +0000] "POST /xmlrpc.php HTTP/1.1" 403 118 "-" "Mozilla/5.0 (Windows NT 10.0; Win64; x64; rv:148.0) Gecko/20100101 Firefox/148.0"
107.158.18.79 - wordpress_3481f57911c4 [30/Jul/2026:14:22:07 +0000] "GET /wp-json/wp/v2/posts?context=edit&slug=mostbet-az-bukmeker-ve-kazino-mostbet-giris-r-smi-sayt&per_page=5&_fields=id,link,slug,status,content HTTP/1.1" 200 21726 "-" "Mozilla/5.0 (Windows NT 10.0; Win64; x64; rv:148.0) Gecko/20100101 Firefox/148.0"
107.158.18.79 - wordpress_3481f57911c4 [30/Jul/2026:14:22:08 +0000] "GET /wp-json/wp/v2/posts?context=edit&search=https%3A%2F%2Fsmokingirl.org%2F&per_page=50&_fields=id,link,slug,status,content HTTP/1.1" 200 425 "-" "Mozilla/5.0 (Windows NT 10.0; Win64; x64; rv:148.0) Gecko/20100101 Firefox/148.0"
107.158.18.79 - wordpress_3481f57911c4 [30/Jul/2026:14:22:09 +0000] "POST /wp-json/wp/v2/posts HTTP/1.1" 201 22953 "-" "Mozilla/5.0 (Windows NT 10.0; Win64; x64; rv:148.0) Gecko/20100101 Firefox/148.0"
85.155.190.233 - - [30/Jul/2026:14:22:09 +0000] "POST /wp-cron.php?doing_wp_cron=1785421329.7196419239044189453125 HTTP/1.1" 200 31 "-" "WordPress/7.0; https://moonbloomwalls.com"
107.158.18.79 - - [30/Jul/2026:14:22:10 +0000] "POST /xmlrpc.php HTTP/1.1" 403 118 "-" "Mozilla/5.0 (Windows NT 10.0; Win64; x64; rv:148.0) Gecko/20100101 Firefox/148.0"
107.158.18.79 - wordpress_3481f57911c4 [30/Jul/2026:14:22:11 +0000] "GET /wp-json/wp/v2/pages?context=edit&slug=mostbet-az-bukmeker-ve-kazino-mostbet-giris-r-smi-sayt&per_page=5&_fields=id,link,slug,status,content HTTP/1.1" 200 19474 "-" "Mozilla/5.0 (Windows NT 10.0; Win64; x64; rv:148.0) Gecko/20100101 Firefox/148.0"
107.158.18.79 - wordpress_3481f57911c4 [30/Jul/2026:14:22:12 +0000] "GET /wp-json/wp/v2/pages?context=edit&search=https%3A%2F%2Fsmokingirl.org%2F&per_page=50&_fields=id,link,slug,status,content HTTP/1.1" 200 425 "-" "Mozilla/5.0 (Windows NT 10.0; Win64; x64; rv:148.0) Gecko/20100101 Firefox/148.0"
107.158.18.79 - wordpress_3481f57911c4 [30/Jul/2026:14:22:13 +0000] "POST /wp-json/wp/v2/pages HTTP/1.1" 201 22484 "-" "Mozilla/5.0 (Windows NT 10.0; Win64; x64; rv:148.0) Gecko/20100101 Firefox/148.0"
107.158.18.79 - - [30/Jul/2026:14:22:13 +0000] "POST /xmlrpc.php HTTP/1.1" 403 118 "-" "Mozilla/5.0 (Windows NT 10.0; Win64; x64; rv:148.0) Gecko/20100101 Firefox/148.0"
77.90.154.203 - wordpress_3481f57911c4 [30/Jul/2026:14:22:14 +0000] "GET /wp-json/wp/v2/posts?context=edit&slug=mostbet-az-bukmeker-ve-kazino-mostbet-giris-r-smi-sayt&per_page=5&_fields=id,link,slug,status,content HTTP/1.1" 200 21749 "-" "Mozilla/5.0 (Windows NT 10.0; Win64; x64; rv:148.0) Gecko/20100101 Firefox/148.0"
77.90.154.203 - wordpress_3481f57911c4 [30/Jul/2026:14:22:14 +0000] "GET /wp-json/wp/v2/posts?context=edit&search=https%3A%2F%2Fsmokingirl.org%2F&per_page=50&_fields=id,link,slug,status,content HTTP/1.1" 200 425 "-" "Mozilla/5.0 (Windows NT 10.0; Win64; x64; rv:148.0) Gecko/20100101 Firefox/148.0"
77.90.154.203 - wordpress_3481f57911c4 [30/Jul/2026:14:22:15 +0000] "POST /wp-json/wp/v2/posts HTTP/1.1" 201 22930 "-" "Mozilla/5.0 (Windows NT 10.0; Win64; x64; rv:148.0) Gecko/20100101 Firefox/148.0"
85.155.190.233 - - [30/Jul/2026:14:22:15 +0000] "POST /wp-cron.php?doing_wp_cron=1785421335.3604900836944580078125 HTTP/1.1" 200 31 "-" "WordPress/7.0; https://moonbloomwalls.com"
77.90.154.203 - - [30/Jul/2026:14:22:15 +0000] "POST /xmlrpc.php HTTP/1.1" 403 118 "-" "Mozilla/5.0 (Windows NT 10.0; Win64; x64; rv:148.0) Gecko/20100101 Firefox/148.0"
77.90.154.203 - wordpress_3481f57911c4 [30/Jul/2026:14:22:15 +0000] "GET /wp-json/wp/v2/pages?context=edit&slug=mostbet-az-bukmeker-ve-kazino-mostbet-giris-r-smi-sayt&per_page=5&_fields=id,link,slug,status,content HTTP/1.1" 200 19474 "-" "Mozilla/5.0 (Windows NT 10.0; Win64; x64; rv:148.0) Gecko/20100101 Firefox/148.0"
77.90.154.203 - wordpress_3481f57911c4 [30/Jul/2026:14:22:16 +0000] "GET /wp-json/wp/v2/pages?context=edit&search=https%3A%2F%2Fsmokingirl.org%2F&per_page=50&_fields=id,link,slug,status,content HTTP/1.1" 200 425 "-" "Mozilla/5.0 (Windows NT 10.0; Win64; x64; rv:148.0) Gecko/20100101 Firefox/148.0"
77.90.154.203 - wordpress_3481f57911c4 [30/Jul/2026:14:22:16 +0000] "POST /wp-json/wp/v2/pages HTTP/1.1" 201 22507 "-" "Mozilla/5.0 (Windows NT 10.0; Win64; x64; rv:148.0) Gecko/20100101 Firefox/148.0"
77.90.154.203 - - [30/Jul/2026:14:22:17 +0000] "POST /xmlrpc.php HTTP/1.1" 403 118 "-" "Mozilla/5.0 (Windows NT 10.0; Win64; x64; rv:148.0) Gecko/20100101 Firefox/148.0"
75.75.255.56 - wordpress_3481f57911c4 [30/Jul/2026:14:22:18 +0000] "GET /wp-json/wp/v2/posts?context=edit&slug=mostbet-az-bukmeker-ve-kazino-mostbet-giris-r-smi-sayt&per_page=5&_fields=id,link,slug,status,content HTTP/1.1" 200 21749 "-" "Mozilla/5.0 (Windows NT 10.0; Win64; x64; rv:148.0) Gecko/20100101 Firefox/148.0"
75.75.255.56 - wordpress_3481f57911c4 [30/Jul/2026:14:22:19 +0000] "GET /wp-json/wp/v2/posts?context=edit&search=https%3A%2F%2Fsmokingirl.org%2F&per_page=50&_fields=id,link,slug,status,content HTTP/1.1" 200 425 "-" "Mozilla/5.0 (Windows NT 10.0; Win64; x64; rv:148.0) Gecko/20100101 Firefox/148.0"
75.75.255.56 - wordpress_3481f57911c4 [30/Jul/2026:14:22:20 +0000] "POST /wp-json/wp/v2/posts HTTP/1.1" 201 22953 "-" "Mozilla/5.0 (Windows NT 10.0; Win64; x64; rv:148.0) Gecko/20100101 Firefox/148.0"
85.155.190.233 - - [30/Jul/2026:14:22:20 +0000] "POST /wp-cron.php?doing_wp_cron=1785421340.1665410995483398437500 HTTP/1.1" 200 31 "-" "WordPress/7.0; https://moonbloomwalls.com"
75.75.255.56 - - [30/Jul/2026:14:22:20 +0000] "POST /xmlrpc.php HTTP/1.1" 403 118 "-" "Mozilla/5.0 (Windows NT 10.0; Win64; x64; rv:148.0) Gecko/20100101 Firefox/148.0"
75.75.255.56 - wordpress_3481f57911c4 [30/Jul/2026:14:22:21 +0000] "GET /wp-json/wp/v2/pages?context=edit&slug=mostbet-az-bukmeker-ve-kazino-mostbet-giris-r-smi-sayt&per_page=5&_fields=id,link,slug,status,content HTTP/1.1" 200 19474 "-" "Mozilla/5.0 (Windows NT 10.0; Win64; x64; rv:148.0) Gecko/20100101 Firefox/148.0"
75.75.255.56 - wordpress_3481f57911c4 [30/Jul/2026:14:22:22 +0000] "GET /wp-json/wp/v2/pages?context=edit&search=https%3A%2F%2Fsmokingirl.org%2F&per_page=50&_fields=id,link,slug,status,content HTTP/1.1" 200 425 "-" "Mozilla/5.0 (Windows NT 10.0; Win64; x64; rv:148.0) Gecko/20100101 Firefox/148.0"
75.75.255.56 - wordpress_3481f57911c4 [30/Jul/2026:14:22:23 +0000] "POST /wp-json/wp/v2/pages HTTP/1.1" 201 22507 "-" "Mozilla/5.0 (Windows NT 10.0; Win64; x64; rv:148.0) Gecko/20100101 Firefox/148.0"
75.75.255.56 - - [30/Jul/2026:14:22:24 +0000] "POST /xmlrpc.php HTTP/1.1" 403 118 "-" "Mozilla/5.0 (Windows NT 10.0; Win64; x64; rv:148.0) Gecko/20100101 Firefox/148.0"
206.206.91.124 - wordpress_3481f57911c4 [30/Jul/2026:14:22:30 +0000] "GET /wp-json/wp/v2/posts?context=edit&slug=mostbet-az-bukmeker-ve-kazino-mostbet-giris-r-smi-sayt&per_page=5&_fields=id,link,slug,status,content HTTP/1.1" 200 21726 "-" "Mozilla/5.0 (Windows NT 10.0; Win64; x64; rv:148.0) Gecko/20100101 Firefox/148.0"
206.206.91.124 - wordpress_3481f57911c4 [30/Jul/2026:14:22:36 +0000] "GET /wp-json/wp/v2/posts?context=edit&search=https%3A%2F%2Fsmokingirl.org%2F&per_page=50&_fields=id,link,slug,status,content HTTP/1.1" 200 425 "-" "Mozilla/5.0 (Windows NT 10.0; Win64; x64; rv:148.0) Gecko/20100101 Firefox/148.0"
206.206.91.124 - wordpress_3481f57911c4 [30/Jul/2026:14:22:41 +0000] "POST /wp-json/wp/v2/posts HTTP/1.1" 201 22953 "-" "Mozilla/5.0 (Windows NT 10.0; Win64; x64; rv:148.0) Gecko/20100101 Firefox/148.0"
85.155.190.233 - - [30/Jul/2026:14:22:41 +0000] "POST /wp-cron.php?doing_wp_cron=1785421361.5336570739746093750000 HTTP/1.1" 200 31 "-" "WordPress/7.0; https://moonbloomwalls.com"
206.206.91.124 - - [30/Jul/2026:14:22:47 +0000] "POST /xmlrpc.php HTTP/1.1" 403 118 "-" "Mozilla/5.0 (Windows NT 10.0; Win64; x64; rv:148.0) Gecko/20100101 Firefox/148.0"
206.206.91.124 - wordpress_3481f57911c4 [30/Jul/2026:14:22:52 +0000] "GET /wp-json/wp/v2/pages?context=edit&slug=mostbet-az-bukmeker-ve-kazino-mostbet-giris-r-smi-sayt&per_page=5&_fields=id,link,slug,status,content HTTP/1.1" 200 19474 "-" "Mozilla/5.0 (Windows NT 10.0; Win64; x64; rv:148.0) Gecko/20100101 Firefox/148.0"
206.206.91.124 - wordpress_3481f57911c4 [30/Jul/2026:14:22:58 +0000] "GET /wp-json/wp/v2/pages?context=edit&search=https%3A%2F%2Fsmokingirl.org%2F&per_page=50&_fields=id,link,slug,status,content HTTP/1.1" 200 425 "-" "Mozilla/5.0 (Windows NT 10.0; Win64; x64; rv:148.0) Gecko/20100101 Firefox/148.0"
206.206.91.124 - wordpress_3481f57911c4 [30/Jul/2026:14:23:03 +0000] "POST /wp-json/wp/v2/pages HTTP/1.1" 201 22507 "-" "Mozilla/5.0 (Windows NT 10.0; Win64; x64; rv:148.0) Gecko/20100101 Firefox/148.0"
85.155.190.233 - - [30/Jul/2026:14:23:03 +0000] "POST /wp-cron.php?doing_wp_cron=1785421383.6521949768066406250000 HTTP/1.1" 200 31 "-" "WordPress/7.0; https://moonbloomwalls.com"
206.206.91.124 - - [30/Jul/2026:14:23:09 +0000] "POST /xmlrpc.php HTTP/1.1" 403 118 "-" "Mozilla/5.0 (Windows NT 10.0; Win64; x64; rv:148.0) Gecko/20100101 Firefox/148.0"
77.90.154.117 - wordpress_3481f57911c4 [30/Jul/2026:14:23:09 +0000] "GET /wp-json/wp/v2/posts?context=edit&slug=mostbet-az-bukmeker-ve-kazino-mostbet-giris-r-smi-sayt&per_page=5&_fields=id,link,slug,status,content HTTP/1.1" 200 21749 "-" "Mozilla/5.0 (Windows NT 10.0; Win64; x64; rv:148.0) Gecko/20100101 Firefox/148.0"
77.90.154.117 - wordpress_3481f57911c4 [30/Jul/2026:14:23:10 +0000] "GET /wp-json/wp/v2/posts?context=edit&search=https%3A%2F%2Fsmokingirl.org%2F&per_page=50&_fields=id,link,slug,status,content HTTP/1.1" 200 425 "-" "Mozilla/5.0 (Windows NT 10.0; Win64; x64; rv:148.0) Gecko/20100101 Firefox/148.0"
77.90.154.117 - wordpress_3481f57911c4 [30/Jul/2026:14:23:10 +0000] "POST /wp-json/wp/v2/posts HTTP/1.1" 201 22953 "-" "Mozilla/5.0 (Windows NT 10.0; Win64; x64; rv:148.0) Gecko/20100101 Firefox/148.0"
85.155.190.233 - - [30/Jul/2026:14:23:10 +0000] "POST /wp-cron.php?doing_wp_cron=1785421390.8074340820312500000000 HTTP/1.1" 200 31 "-" "WordPress/7.0; https://moonbloomwalls.com"
77.90.154.117 - - [30/Jul/2026:14:23:11 +0000] "POST /xmlrpc.php HTTP/1.1" 403 118 "-" "Mozilla/5.0 (Windows NT 10.0; Win64; x64; rv:148.0) Gecko/20100101 Firefox/148.0"
77.90.154.117 - wordpress_3481f57911c4 [30/Jul/2026:14:23:11 +0000] "GET /wp-json/wp/v2/pages?context=edit&slug=mostbet-az-bukmeker-ve-kazino-mostbet-giris-r-smi-sayt&per_page=5&_fields=id,link,slug,status,content HTTP/1.1" 200 19474 "-" "Mozilla/5.0 (Windows NT 10.0; Win64; x64; rv:148.0) Gecko/20100101 Firefox/148.0"
77.90.154.117 - wordpress_3481f57911c4 [30/Jul/2026:14:23:11 +0000] "GET /wp-json/wp/v2/pages?context=edit&search=https%3A%2F%2Fsmokingirl.org%2F&per_page=50&_fields=id,link,slug,status,content HTTP/1.1" 200 425 "-" "Mozilla/5.0 (Windows NT 10.0; Win64; x64; rv:148.0) Gecko/20100101 Firefox/148.0"
77.90.154.117 - wordpress_3481f57911c4 [30/Jul/2026:14:23:12 +0000] "POST /wp-json/wp/v2/pages HTTP/1.1" 201 22507 "-" "Mozilla/5.0 (Windows NT 10.0; Win64; x64; rv:148.0) Gecko/20100101 Firefox/148.0"
77.90.154.117 - - [30/Jul/2026:14:23:12 +0000] "POST /xmlrpc.php HTTP/1.1" 403 118 "-" "Mozilla/5.0 (Windows NT 10.0; Win64; x64; rv:148.0) Gecko/20100101 Firefox/148.0"
207.228.202.37 - wordpress_3481f57911c4 [30/Jul/2026:14:23:14 +0000] "GET /wp-json/wp/v2/posts?context=edit&slug=mostbet-az-bukmeker-ve-kazino-mostbet-giris-r-smi-sayt&per_page=5&_fields=id,link,slug,status,content HTTP/1.1" 200 21749 "-" "Mozilla/5.0 (Windows NT 10.0; Win64; x64; rv:148.0) Gecko/20100101 Firefox/148.0"
207.228.202.37 - wordpress_3481f57911c4 [30/Jul/2026:14:23:15 +0000] "GET /wp-json/wp/v2/posts?context=edit&search=https%3A%2F%2Fsmokingirl.org%2F&per_page=50&_fields=id,link,slug,status,content HTTP/1.1" 200 425 "-" "Mozilla/5.0 (Windows NT 10.0; Win64; x64; rv:148.0) Gecko/20100101 Firefox/148.0"
207.228.202.37 - wordpress_3481f57911c4 [30/Jul/2026:14:23:17 +0000] "POST /wp-json/wp/v2/posts HTTP/1.1" 201 22953 "-" "Mozilla/5.0 (Windows NT 10.0; Win64; x64; rv:148.0) Gecko/20100101 Firefox/148.0"
85.155.190.233 - - [30/Jul/2026:14:23:17 +0000] "POST /wp-cron.php?doing_wp_cron=1785421397.2487709522247314453125 HTTP/1.1" 200 31 "-" "WordPress/7.0; https://moonbloomwalls.com"
207.228.202.37 - - [30/Jul/2026:14:23:18 +0000] "POST /xmlrpc.php HTTP/1.1" 403 118 "-" "Mozilla/5.0 (Windows NT 10.0; Win64; x64; rv:148.0) Gecko/20100101 Firefox/148.0"
207.228.202.37 - wordpress_3481f57911c4 [30/Jul/2026:14:23:19 +0000] "GET /wp-json/wp/v2/pages?context=edit&slug=mostbet-az-bukmeker-ve-kazino-mostbet-giris-r-smi-sayt&per_page=5&_fields=id,link,slug,status,content HTTP/1.1" 200 19474 "-" "Mozilla/5.0 (Windows NT 10.0; Win64; x64; rv:148.0) Gecko/20100101 Firefox/148.0"
207.228.202.37 - wordpress_3481f57911c4 [30/Jul/2026:14:23:21 +0000] "GET /wp-json/wp/v2/pages?context=edit&search=https%3A%2F%2Fsmokingirl.org%2F&per_page=50&_fields=id,link,slug,status,content HTTP/1.1" 200 425 "-" "Mozilla/5.0 (Windows NT 10.0; Win64; x64; rv:148.0) Gecko/20100101 Firefox/148.0"
207.228.202.37 - wordpress_3481f57911c4 [30/Jul/2026:14:23:22 +0000] "POST /wp-json/wp/v2/pages HTTP/1.1" 201 22507 "-" "Mozilla/5.0 (Windows NT 10.0; Win64; x64; rv:148.0) Gecko/20100101 Firefox/148.0"
207.228.202.37 - - [30/Jul/2026:14:23:23 +0000] "POST /xmlrpc.php HTTP/1.1" 403 118 "-" "Mozilla/5.0 (Windows NT 10.0; Win64; x64; rv:148.0) Gecko/20100101 Firefox/148.0"
75.75.255.55 - wordpress_3481f57911c4 [30/Jul/2026:14:23:24 +0000] "GET /wp-json/wp/v2/posts?context=edit&slug=mostbet-az-bukmeker-ve-kazino-mostbet-giris-r-smi-sayt&per_page=5&_fields=id,link,slug,status,content HTTP/1.1" 200 21749 "-" "Mozilla/5.0 (Windows NT 10.0; Win64; x64; rv:148.0) Gecko/20100101 Firefox/148.0"
75.75.255.55 - wordpress_3481f57911c4 [30/Jul/2026:14:23:25 +0000] "GET /wp-json/wp/v2/posts?context=edit&search=https%3A%2F%2Fsmokingirl.org%2F&per_page=50&_fields=id,link,slug,status,content HTTP/1.1" 200 425 "-" "Mozilla/5.0 (Windows NT 10.0; Win64; x64; rv:148.0) Gecko/20100101 Firefox/148.0"
75.75.255.55 - wordpress_3481f57911c4 [30/Jul/2026:14:23:26 +0000] "POST /wp-json/wp/v2/posts HTTP/1.1" 201 22934 "-" "Mozilla/5.0 (Windows NT 10.0; Win64; x64; rv:148.0) Gecko/20100101 Firefox/148.0"
85.155.190.233 - - [30/Jul/2026:14:23:26 +0000] "POST /wp-cron.php?doing_wp_cron=1785421406.6815400123596191406250 HTTP/1.1" 200 31 "-" "WordPress/7.0; https://moonbloomwalls.com"
75.75.255.55 - - [30/Jul/2026:14:23:27 +0000] "POST /xmlrpc.php HTTP/1.1" 403 118 "-" "Mozilla/5.0 (Windows NT 10.0; Win64; x64; rv:148.0) Gecko/20100101 Firefox/148.0"
75.75.255.55 - wordpress_3481f57911c4 [30/Jul/2026:14:23:28 +0000] "GET /wp-json/wp/v2/pages?context=edit&slug=mostbet-az-bukmeker-ve-kazino-mostbet-giris-r-smi-sayt&per_page=5&_fields=id,link,slug,status,content HTTP/1.1" 200 19459 "-" "Mozilla/5.0 (Windows NT 10.0; Win64; x64; rv:148.0) Gecko/20100101 Firefox/148.0"
75.75.255.55 - wordpress_3481f57911c4 [30/Jul/2026:14:23:29 +0000] "GET /wp-json/wp/v2/pages?context=edit&search=https%3A%2F%2Fsmokingirl.org%2F&per_page=50&_fields=id,link,slug,status,content HTTP/1.1" 200 425 "-" "Mozilla/5.0 (Windows NT 10.0; Win64; x64; rv:148.0) Gecko/20100101 Firefox/148.0"
75.75.255.55 - wordpress_3481f57911c4 [30/Jul/2026:14:23:30 +0000] "POST /wp-json/wp/v2/pages HTTP/1.1" 201 22484 "-" "Mozilla/5.0 (Windows NT 10.0; Win64; x64; rv:148.0) Gecko/20100101 Firefox/148.0"
75.75.255.55 - - [30/Jul/2026:14:23:30 +0000] "POST /xmlrpc.php HTTP/1.1" 403 118 "-" "Mozilla/5.0 (Windows NT 10.0; Win64; x64; rv:148.0) Gecko/20100101 Firefox/148.0"
38.75.196.200 - wordpress_3481f57911c4 [30/Jul/2026:14:23:32 +0000] "GET /wp-json/wp/v2/posts?context=edit&slug=mostbet-az-bukmeker-ve-kazino-mostbet-giris-r-smi-sayt&per_page=5&_fields=id,link,slug,status,content HTTP/1.1" 200 21749 "-" "Mozilla/5.0 (Windows NT 10.0; Win64; x64; rv:148.0) Gecko/20100101 Firefox/148.0"
38.75.196.200 - wordpress_3481f57911c4 [30/Jul/2026:14:23:33 +0000] "GET /wp-json/wp/v2/posts?context=edit&search=https%3A%2F%2Fsmokingirl.org%2F&per_page=50&_fields=id,link,slug,status,content HTTP/1.1" 200 425 "-" "Mozilla/5.0 (Windows NT 10.0; Win64; x64; rv:148.0) Gecko/20100101 Firefox/148.0"
38.75.196.200 - wordpress_3481f57911c4 [30/Jul/2026:14:23:34 +0000] "POST /wp-json/wp/v2/posts HTTP/1.1" 201 22957 "-" "Mozilla/5.0 (Windows NT 10.0; Win64; x64; rv:148.0) Gecko/20100101 Firefox/148.0"
85.155.190.233 - - [30/Jul/2026:14:23:34 +0000] "POST /wp-cron.php?doing_wp_cron=1785421414.7286999225616455078125 HTTP/1.1" 200 31 "-" "WordPress/7.0; https://moonbloomwalls.com"
38.75.196.200 - - [30/Jul/2026:14:23:35 +0000] "POST /xmlrpc.php HTTP/1.1" 403 118 "-" "Mozilla/5.0 (Windows NT 10.0; Win64; x64; rv:148.0) Gecko/20100101 Firefox/148.0"
38.75.196.200 - wordpress_3481f57911c4 [30/Jul/2026:14:23:36 +0000] "GET /wp-json/wp/v2/pages?context=edit&slug=mostbet-az-bukmeker-ve-kazino-mostbet-giris-r-smi-sayt&per_page=5&_fields=id,link,slug,status,content HTTP/1.1" 200 19459 "-" "Mozilla/5.0 (Windows NT 10.0; Win64; x64; rv:148.0) Gecko/20100101 Firefox/148.0"
38.75.196.200 - wordpress_3481f57911c4 [30/Jul/2026:14:23:37 +0000] "GET /wp-json/wp/v2/pages?context=edit&search=https%3A%2F%2Fsmokingirl.org%2F&per_page=50&_fields=id,link,slug,status,content HTTP/1.1" 200 425 "-" "Mozilla/5.0 (Windows NT 10.0; Win64; x64; rv:148.0) Gecko/20100101 Firefox/148.0"
38.75.196.200 - wordpress_3481f57911c4 [30/Jul/2026:14:23:38 +0000] "POST /wp-json/wp/v2/pages HTTP/1.1" 201 22488 "-" "Mozilla/5.0 (Windows NT 10.0; Win64; x64; rv:148.0) Gecko/20100101 Firefox/148.0"
38.75.196.200 - - [30/Jul/2026:14:23:39 +0000] "POST /xmlrpc.php HTTP/1.1" 403 118 "-" "Mozilla/5.0 (Windows NT 10.0; Win64; x64; rv:148.0) Gecko/20100101 Firefox/148.0"
130.117.139.27 - wordpress_3481f57911c4 [30/Jul/2026:14:23:40 +0000] "GET /wp-json/wp/v2/posts?context=edit&slug=mostbet-az-bukmeker-ve-kazino-mostbet-giris-r-smi-sayt&per_page=5&_fields=id,link,slug,status,content HTTP/1.1" 200 21749 "-" "Mozilla/5.0 (Windows NT 10.0; Win64; x64; rv:148.0) Gecko/20100101 Firefox/148.0"
130.117.139.27 - wordpress_3481f57911c4 [30/Jul/2026:14:23:40 +0000] "GET /wp-json/wp/v2/posts?context=edit&search=https%3A%2F%2Fsmokingirl.org%2F&per_page=50&_fields=id,link,slug,status,content HTTP/1.1" 200 425 "-" "Mozilla/5.0 (Windows NT 10.0; Win64; x64; rv:148.0) Gecko/20100101 Firefox/148.0"
130.117.139.27 - wordpress_3481f57911c4 [30/Jul/2026:14:23:41 +0000] "POST /wp-json/wp/v2/posts HTTP/1.1" 201 22934 "-" "Mozilla/5.0 (Windows NT 10.0; Win64; x64; rv:148.0) Gecko/20100101 Firefox/148.0"
85.155.190.233 - - [30/Jul/2026:14:23:41 +0000] "POST /wp-cron.php?doing_wp_cron=1785421421.2486479282379150390625 HTTP/1.1" 200 31 "-" "WordPress/7.0; https://moonbloomwalls.com"
130.117.139.27 - - [30/Jul/2026:14:23:41 +0000] "POST /xmlrpc.php HTTP/1.1" 403 118 "-" "Mozilla/5.0 (Windows NT 10.0; Win64; x64; rv:148.0) Gecko/20100101 Firefox/148.0"
130.117.139.27 - wordpress_3481f57911c4 [30/Jul/2026:14:23:41 +0000] "GET /wp-json/wp/v2/pages?context=edit&slug=mostbet-az-bukmeker-ve-kazino-mostbet-giris-r-smi-sayt&per_page=5&_fields=id,link,slug,status,content HTTP/1.1" 200 19474 "-" "Mozilla/5.0 (Windows NT 10.0; Win64; x64; rv:148.0) Gecko/20100101 Firefox/148.0"
130.117.139.27 - wordpress_3481f57911c4 [30/Jul/2026:14:23:42 +0000] "GET /wp-json/wp/v2/pages?context=edit&search=https%3A%2F%2Fsmokingirl.org%2F&per_page=50&_fields=id,link,slug,status,content HTTP/1.1" 200 425 "-" "Mozilla/5.0 (Windows NT 10.0; Win64; x64; rv:148.0) Gecko/20100101 Firefox/148.0"
130.117.139.27 - wordpress_3481f57911c4 [30/Jul/2026:14:23:42 +0000] "POST /wp-json/wp/v2/pages HTTP/1.1" 201 22511 "-" "Mozilla/5.0 (Windows NT 10.0; Win64; x64; rv:148.0) Gecko/20100101 Firefox/148.0"
130.117.139.27 - - [30/Jul/2026:14:23:42 +0000] "POST /xmlrpc.php HTTP/1.1" 403 118 "-" "Mozilla/5.0 (Windows NT 10.0; Win64; x64; rv:148.0) Gecko/20100101 Firefox/148.0"
185.230.14.187 - wordpress_3481f57911c4 [30/Jul/2026:14:23:43 +0000] "GET /wp-json/wp/v2/posts?context=edit&slug=mostbet-az-bukmeker-ve-kazino-mostbet-giris-r-smi-sayt&per_page=5&_fields=id,link,slug,status,content HTTP/1.1" 200 21749 "-" "Mozilla/5.0 (Windows NT 10.0; Win64; x64; rv:148.0) Gecko/20100101 Firefox/148.0"
185.230.14.187 - wordpress_3481f57911c4 [30/Jul/2026:14:23:43 +0000] "GET /wp-json/wp/v2/posts?context=edit&search=https%3A%2F%2Fsmokingirl.org%2F&per_page=50&_fields=id,link,slug,status,content HTTP/1.1" 200 425 "-" "Mozilla/5.0 (Windows NT 10.0; Win64; x64; rv:148.0) Gecko/20100101 Firefox/148.0"
185.230.14.187 - wordpress_3481f57911c4 [30/Jul/2026:14:23:44 +0000] "POST /wp-json/wp/v2/posts HTTP/1.1" 201 22957 "-" "Mozilla/5.0 (Windows NT 10.0; Win64; x64; rv:148.0) Gecko/20100101 Firefox/148.0"
85.155.190.233 - - [30/Jul/2026:14:23:44 +0000] "POST /wp-cron.php?doing_wp_cron=1785421424.3672640323638916015625 HTTP/1.1" 200 31 "-" "WordPress/7.0; https://moonbloomwalls.com"
185.230.14.187 - - [30/Jul/2026:14:23:44 +0000] "POST /xmlrpc.php HTTP/1.1" 403 118 "-" "Mozilla/5.0 (Windows NT 10.0; Win64; x64; rv:148.0) Gecko/20100101 Firefox/148.0"
185.230.14.187 - wordpress_3481f57911c4 [30/Jul/2026:14:23:45 +0000] "GET /wp-json/wp/v2/pages?context=edit&slug=mostbet-az-bukmeker-ve-kazino-mostbet-giris-r-smi-sayt&per_page=5&_fields=id,link,slug,status,content HTTP/1.1" 200 19474 "-" "Mozilla/5.0 (Windows NT 10.0; Win64; x64; rv:148.0) Gecko/20100101 Firefox/148.0"
185.230.14.187 - wordpress_3481f57911c4 [30/Jul/2026:14:23:45 +0000] "GET /wp-json/wp/v2/pages?context=edit&search=https%3A%2F%2Fsmokingirl.org%2F&per_page=50&_fields=id,link,slug,status,content HTTP/1.1" 200 425 "-" "Mozilla/5.0 (Windows NT 10.0; Win64; x64; rv:148.0) Gecko/20100101 Firefox/148.0"
185.230.14.187 - wordpress_3481f57911c4 [30/Jul/2026:14:23:45 +0000] "POST /wp-json/wp/v2/pages HTTP/1.1" 201 22488 "-" "Mozilla/5.0 (Windows NT 10.0; Win64; x64; rv:148.0) Gecko/20100101 Firefox/148.0"
185.230.14.187 - - [30/Jul/2026:14:23:46 +0000] "POST /xmlrpc.php HTTP/1.1" 403 118 "-" "Mozilla/5.0 (Windows NT 10.0; Win64; x64; rv:148.0) Gecko/20100101 Firefox/148.0"
