52.167.144.170 - - [30/Jul/2026:20:15:00 +0000] "GET /sitemap.txt HTTP/1.1" 301 423 "-" "Mozilla/5.0 AppleWebKit/537.36 (KHTML, like Gecko; compatible; bingbot/2.0; +http://www.bing.com/bingbot.htm) Chrome/116.0.1938.76 Safari/537.36"
85.155.190.233 - - [30/Jul/2026:20:15:10 +0000] "POST /wp-cron.php?doing_wp_cron=1785442510.2107551097869873046875 HTTP/1.1" 200 31 "-" "WordPress/7.0; https://moonbloomwalls.com"
40.77.167.79 - - [30/Jul/2026:20:15:10 +0000] "GET /sitemap.txt HTTP/1.1" 404 21281 "-" "Mozilla/5.0 AppleWebKit/537.36 (KHTML, like Gecko; compatible; bingbot/2.0; +http://www.bing.com/bingbot.htm) Chrome/116.0.1938.76 Safari/537.36"
85.155.190.233 - - [30/Jul/2026:20:18:28 +0000] "POST /wp-cron.php?doing_wp_cron=1785442708.1721189022064208984375 HTTP/1.1" 200 31 "-" "WordPress/7.0; https://moonbloomwalls.com"
216.73.216.31 - - [30/Jul/2026:20:18:28 +0000] "GET /?p=866 HTTP/1.1" 301 423 "-" "Mozilla/5.0 AppleWebKit/537.36 (KHTML, like Gecko; compatible; ClaudeBot/1.0; +claudebot@anthropic.com)"
216.73.216.31 - - [30/Jul/2026:20:18:28 +0000] "GET /2026/07/30/onlyspins-deutschland-schritt-fur-schritt-anleitung-zu-registrierung-bonus-auszahlung-19/ HTTP/1.1" 200 28851 "https://moonbloomwalls.com/?p=866" "Mozilla/5.0 AppleWebKit/537.36 (KHTML, like Gecko; compatible; ClaudeBot/1.0; +claudebot@anthropic.com)"
85.155.190.233 - - [30/Jul/2026:20:21:24 +0000] "POST /wp-cron.php?doing_wp_cron=1785442884.5935330390930175781250 HTTP/1.1" 200 31 "-" "WordPress/7.0; https://moonbloomwalls.com"
43.130.110.130 - - [30/Jul/2026:20:21:24 +0000] "GET /2026/07/30/grandpashabet-canli-casino-bahis/ HTTP/1.1" 200 27574 "-" "Mozilla/5.0 (iPhone; CPU iPhone OS 13_2_3 like Mac OS X) AppleWebKit/605.1.15 (KHTML, like Gecko) Version/13.0.3 Mobile/15E148 Safari/604.1"
43.130.57.76 - - [30/Jul/2026:20:21:24 +0000] "GET / HTTP/1.1" 301 423 "http://www.moonbloomwalls.com" "Mozilla/5.0 (iPhone; CPU iPhone OS 13_2_3 like Mac OS X) AppleWebKit/605.1.15 (KHTML, like Gecko) Version/13.0.3 Mobile/15E148 Safari/604.1"
43.130.57.76 - - [30/Jul/2026:20:21:26 +0000] "GET / HTTP/1.1" 200 37104 "https://www.moonbloomwalls.com/" "Mozilla/5.0 (iPhone; CPU iPhone OS 13_2_3 like Mac OS X) AppleWebKit/605.1.15 (KHTML, like Gecko) Version/13.0.3 Mobile/15E148 Safari/604.1"
216.73.216.31 - - [30/Jul/2026:20:21:45 +0000] "GET /2026/07/30/onlyspins-deutschland-schritt-fur-schritt-anleitung-zu-registrierung-bonus-auszahlung-19/feed/ HTTP/1.1" 200 1424 "-" "Mozilla/5.0 AppleWebKit/537.36 (KHTML, like Gecko; compatible; ClaudeBot/1.0; +claudebot@anthropic.com)"
43.130.3.122 - - [30/Jul/2026:20:26:45 +0000] "GET /wp-json/wp/v2/posts/539 HTTP/1.1" 200 9867 "-" "Mozilla/5.0 (iPhone; CPU iPhone OS 13_2_3 like Mac OS X) AppleWebKit/605.1.15 (KHTML, like Gecko) Version/13.0.3 Mobile/15E148 Safari/604.1"
85.155.190.233 - - [30/Jul/2026:20:26:45 +0000] "POST /wp-cron.php?doing_wp_cron=1785443205.8301448822021484375000 HTTP/1.1" 200 31 "-" "WordPress/7.0; https://moonbloomwalls.com"
85.155.190.233 - - [30/Jul/2026:20:29:46 +0000] "POST /wp-cron.php?doing_wp_cron=1785443386.2411510944366455078125 HTTP/1.1" 200 31 "-" "WordPress/7.0; https://moonbloomwalls.com"
91.147.117.80 - - [30/Jul/2026:20:29:46 +0000] "POST /wp-login.php HTTP/1.1" 200 2632 "-" "Googlebot/2.1 (+http://www.google.com/bot.html)"
91.147.117.80 - - [30/Jul/2026:20:29:46 +0000] "POST /xmlrpc.php HTTP/1.1" 403 118 "-" "Googlebot/2.1 (+http://www.google.com/bot.html)"
85.155.190.233 - - [30/Jul/2026:20:37:25 +0000] "POST /wp-cron.php?doing_wp_cron=1785443845.6213901042938232421875 HTTP/1.1" 200 31 "-" "WordPress/7.0; https://moonbloomwalls.com"
66.249.64.225 - - [30/Jul/2026:20:37:25 +0000] "GET /2026/07/29/atrakcyjne-bonusy-czekaja-rejestracja-w-mostbet-krok-po-kroku/ HTTP/1.1" 200 27515 "-" "Mozilla/5.0 (Linux; Android 6.0.1; Nexus 5X Build/MMB29P) AppleWebKit/537.36 (KHTML, like Gecko) Chrome/150.0.7871.186 Mobile Safari/537.36 (compatible; Googlebot/2.1; +http://www.google.com/bot.html)"
85.155.190.233 - - [30/Jul/2026:20:39:11 +0000] "POST /wp-cron.php?doing_wp_cron=1785443951.5054979324340820312500 HTTP/1.1" 200 31 "-" "WordPress/7.0; https://moonbloomwalls.com"
43.130.116.87 - - [30/Jul/2026:20:39:11 +0000] "GET /2024/06/09/vavada-besplatne-vrtnje-2026-vodic-za-igrace/ HTTP/1.1" 200 28467 "-" "Mozilla/5.0 (iPhone; CPU iPhone OS 13_2_3 like Mac OS X) AppleWebKit/605.1.15 (KHTML, like Gecko) Version/13.0.3 Mobile/15E148 Safari/604.1"
216.73.216.31 - - [30/Jul/2026:20:39:27 +0000] "GET /robots.txt HTTP/1.1" 200 744 "-" "Mozilla/5.0 AppleWebKit/537.36 (KHTML, like Gecko; compatible; ClaudeBot/1.0; +claudebot@anthropic.com)"
216.73.216.31 - - [30/Jul/2026:20:39:27 +0000] "GET /2026/07/30/megapari-casino-emociones-quick-hit-y-ganancias-rapidas-para-el-jugador-moderno/feed/ HTTP/1.1" 200 1387 "-" "Mozilla/5.0 AppleWebKit/537.36 (KHTML, like Gecko; compatible; ClaudeBot/1.0; +claudebot@anthropic.com)"
216.73.216.31 - - [30/Jul/2026:20:39:28 +0000] "GET /?p=842 HTTP/1.1" 301 423 "-" "Mozilla/5.0 AppleWebKit/537.36 (KHTML, like Gecko; compatible; ClaudeBot/1.0; +claudebot@anthropic.com)"
216.73.216.31 - - [30/Jul/2026:20:39:28 +0000] "GET /2026/07/30/onlyspins-deutschland-schritt-fur-schritt-anleitung-zu-registrierung-bonus-auszahlung-7/ HTTP/1.1" 200 28793 "https://moonbloomwalls.com/?p=842" "Mozilla/5.0 AppleWebKit/537.36 (KHTML, like Gecko; compatible; ClaudeBot/1.0; +claudebot@anthropic.com)"
85.155.190.233 - - [30/Jul/2026:20:41:18 +0000] "POST /wp-cron.php?doing_wp_cron=1785444078.0066299438476562500000 HTTP/1.1" 200 31 "-" "WordPress/7.0; https://moonbloomwalls.com"
216.73.216.31 - - [30/Jul/2026:20:41:18 +0000] "GET /2026/07/30/onlyspins-deutschland-schritt-fur-schritt-anleitung-zu-registrierung-bonus-auszahlung-13/feed/ HTTP/1.1" 200 1424 "-" "Mozilla/5.0 AppleWebKit/537.36 (KHTML, like Gecko; compatible; ClaudeBot/1.0; +claudebot@anthropic.com)"
85.155.190.233 - - [30/Jul/2026:20:42:35 +0000] "POST /wp-cron.php?doing_wp_cron=1785444155.5356700420379638671875 HTTP/1.1" 200 31 "-" "WordPress/7.0; https://moonbloomwalls.com"
216.73.216.31 - - [30/Jul/2026:20:42:35 +0000] "GET /2026/07/30/onlyspins-deutschland-schritt-fur-schritt-anleitung-zu-registrierung-bonus-auszahlung-7/feed/ HTTP/1.1" 200 1422 "-" "Mozilla/5.0 AppleWebKit/537.36 (KHTML, like Gecko; compatible; ClaudeBot/1.0; +claudebot@anthropic.com)"
85.155.190.233 - - [30/Jul/2026:20:44:39 +0000] "POST /wp-cron.php?doing_wp_cron=1785444279.7055239677429199218750 HTTP/1.1" 200 31 "-" "WordPress/7.0; https://moonbloomwalls.com"
216.73.216.31 - - [30/Jul/2026:20:44:39 +0000] "GET /?p=854 HTTP/1.1" 301 423 "-" "Mozilla/5.0 AppleWebKit/537.36 (KHTML, like Gecko; compatible; ClaudeBot/1.0; +claudebot@anthropic.com)"
216.73.216.31 - - [30/Jul/2026:20:44:40 +0000] "GET /2026/07/30/onlyspins-deutschland-schritt-fur-schritt-anleitung-zu-registrierung-bonus-auszahlung-13/ HTTP/1.1" 200 28605 "https://moonbloomwalls.com/?p=854" "Mozilla/5.0 AppleWebKit/537.36 (KHTML, like Gecko; compatible; ClaudeBot/1.0; +claudebot@anthropic.com)"
85.155.190.233 - - [30/Jul/2026:20:45:36 +0000] "POST /wp-cron.php?doing_wp_cron=1785444336.5006868839263916015625 HTTP/1.1" 200 31 "-" "WordPress/7.0; https://moonbloomwalls.com"
162.216.148.10 - - [30/Jul/2026:20:45:36 +0000] "GET / HTTP/1.1" 200 37104 "-" "Mozilla/5.0 (Macintosh; Intel Mac OS X 10_15_7) AppleWebKit/537.36 (KHTML, like Gecko) Chrome/131.0.0.0 Safari/537.36"
162.216.148.10 - - [30/Jul/2026:20:45:43 +0000] "GET /robots.txt HTTP/1.1" 200 744 "-" "python-requests/2.32.5"
162.216.148.10 - - [30/Jul/2026:20:45:47 +0000] "GET / HTTP/1.1" 200 187666 "-" "Mozilla/5.0 (X11; Linux x86_64; rv:131.0) Gecko/20100101 Firefox/131.0"
162.216.148.0 - - [30/Jul/2026:20:46:12 +0000] "GET /wp-includes/js/jquery/jquery.min.js?ver=3.7.1 HTTP/1.1" 200 87553 "-" "Mozilla/5.0 (X11; Linux x86_64; rv:131.0) Gecko/20100101 Firefox/131.0"
162.216.148.0 - - [30/Jul/2026:20:46:12 +0000] "GET /wp-content/plugins/woocommerce/assets/js/frontend/add-to-cart.min.js?ver=10.8.1 HTTP/1.1" 200 4350 "-" "Mozilla/5.0 (X11; Linux x86_64; rv:131.0) Gecko/20100101 Firefox/131.0"
162.216.148.0 - - [30/Jul/2026:20:46:12 +0000] "GET /wp-includes/js/jquery/jquery-migrate.min.js?ver=3.4.1 HTTP/1.1" 200 13577 "-" "Mozilla/5.0 (X11; Linux x86_64; rv:131.0) Gecko/20100101 Firefox/131.0"
162.216.148.0 - - [30/Jul/2026:20:46:12 +0000] "GET /wp-content/plugins/woocommerce/assets/js/jquery-blockui/jquery.blockUI.min.js?ver=2.7.0-wc.10.8.1 HTTP/1.1" 200 9636 "-" "Mozilla/5.0 (X11; Linux x86_64; rv:131.0) Gecko/20100101 Firefox/131.0"
162.216.148.0 - - [30/Jul/2026:20:46:13 +0000] "GET /wp-content/plugins/woocommerce/assets/js/js-cookie/js.cookie.min.js?ver=2.1.4-wc.10.8.1 HTTP/1.1" 200 1720 "-" "Mozilla/5.0 (X11; Linux x86_64; rv:131.0) Gecko/20100101 Firefox/131.0"
162.216.148.0 - - [30/Jul/2026:20:46:15 +0000] "GET /wp-includes/js/jquery/jquery.min.js?ver=3.7.1 HTTP/1.1" 200 87553 "-" "Mozilla/5.0 (X11; Linux x86_64; rv:131.0) Gecko/20100101 Firefox/131.0"
162.216.148.0 - - [30/Jul/2026:20:46:15 +0000] "GET /wp-content/plugins/woocommerce/assets/js/frontend/woocommerce.min.js?ver=10.8.1 HTTP/1.1" 200 4270 "-" "Mozilla/5.0 (X11; Linux x86_64; rv:131.0) Gecko/20100101 Firefox/131.0"
162.216.148.0 - - [30/Jul/2026:20:46:15 +0000] "GET /wp-content/themes/kadence/assets/js/navigation.min.js?ver=1.5.0 HTTP/1.1" 200 22428 "-" "Mozilla/5.0 (X11; Linux x86_64; rv:131.0) Gecko/20100101 Firefox/131.0"
162.216.148.0 - - [30/Jul/2026:20:46:15 +0000] "GET /wp-content/themes/kadence/assets/js/shop-spinner.min.js?ver=1.5.0 HTTP/1.1" 200 1265 "-" "Mozilla/5.0 (X11; Linux x86_64; rv:131.0) Gecko/20100101 Firefox/131.0"
162.216.148.0 - - [30/Jul/2026:20:46:15 +0000] "GET /wp-content/plugins/woocommerce/assets/js/sourcebuster/sourcebuster.min.js?ver=10.8.1 HTTP/1.1" 200 15315 "-" "Mozilla/5.0 (X11; Linux x86_64; rv:131.0) Gecko/20100101 Firefox/131.0"
162.216.148.0 - - [30/Jul/2026:20:46:15 +0000] "GET /wp-content/plugins/woocommerce/assets/js/frontend/order-attribution.min.js?ver=10.8.1 HTTP/1.1" 200 2439 "-" "Mozilla/5.0 (X11; Linux x86_64; rv:131.0) Gecko/20100101 Firefox/131.0"
85.155.190.233 - - [30/Jul/2026:20:46:37 +0000] "POST /wp-cron.php?doing_wp_cron=1785444397.7004630565643310546875 HTTP/1.1" 200 31 "-" "WordPress/7.0; https://moonbloomwalls.com"
43.157.22.109 - - [30/Jul/2026:20:46:37 +0000] "GET /2026/07/30/nine-wins-casino-security-guide-for-uk-players-4/ HTTP/1.1" 200 28867 "-" "Mozilla/5.0 (iPhone; CPU iPhone OS 13_2_3 like Mac OS X) AppleWebKit/605.1.15 (KHTML, like Gecko) Version/13.0.3 Mobile/15E148 Safari/604.1"
216.73.216.31 - - [30/Jul/2026:20:46:49 +0000] "GET /?p=773 HTTP/1.1" 301 423 "-" "Mozilla/5.0 AppleWebKit/537.36 (KHTML, like Gecko; compatible; ClaudeBot/1.0; +claudebot@anthropic.com)"
216.73.216.31 - - [30/Jul/2026:20:46:50 +0000] "GET /2026/07/30/megapari-casino-emociones-quick-hit-y-ganancias-rapidas-para-el-jugador-moderno/ HTTP/1.1" 200 29619 "https://moonbloomwalls.com/?p=773" "Mozilla/5.0 AppleWebKit/537.36 (KHTML, like Gecko; compatible; ClaudeBot/1.0; +claudebot@anthropic.com)"
162.216.148.0 - - [30/Jul/2026:20:47:16 +0000] "GET /wp-content/plugins/woocommerce/assets/js/frontend/cart-fragments.min.js?ver=10.8.1 HTTP/1.1" 200 2939 "-" "Mozilla/5.0 (X11; Linux x86_64; rv:131.0) Gecko/20100101 Firefox/131.0"
162.216.148.0 - - [30/Jul/2026:20:47:16 +0000] "GET /wp-content/plugins/woocommerce/assets/js/jquery-blockui/jquery.blockUI.min.js?ver=2.7.0-wc.10.8.1 HTTP/1.1" 200 9636 "-" "Mozilla/5.0 (X11; Linux x86_64; rv:131.0) Gecko/20100101 Firefox/131.0"
162.216.148.0 - - [30/Jul/2026:20:47:16 +0000] "GET /wp-includes/js/wp-emoji-release.min.js?ver=7.0 HTTP/1.1" 200 22762 "-" "Mozilla/5.0 (X11; Linux x86_64; rv:131.0) Gecko/20100101 Firefox/131.0"
162.216.148.0 - - [30/Jul/2026:20:47:21 +0000] "GET /wp-includes/js/wp-emoji-loader.min.js HTTP/1.1" 200 2890 "-" "Mozilla/5.0 (X11; Linux x86_64; rv:131.0) Gecko/20100101 Firefox/131.0"
162.216.148.0 - - [30/Jul/2026:20:47:21 +0000] "GET /wp-includes/js/jquery/jquery-migrate.min.js?ver=3.4.1 HTTP/1.1" 200 13577 "-" "Mozilla/5.0 (X11; Linux x86_64; rv:131.0) Gecko/20100101 Firefox/131.0"
162.216.148.0 - - [30/Jul/2026:20:47:28 +0000] "GET /wp-content/plugins/woocommerce/assets/js/frontend/add-to-cart.min.js?ver=10.8.1 HTTP/1.1" 200 4350 "-" "Mozilla/5.0 (X11; Linux x86_64; rv:131.0) Gecko/20100101 Firefox/131.0"
162.216.148.0 - - [30/Jul/2026:20:48:10 +0000] "GET /wp-content/plugins/woocommerce/assets/js/js-cookie/js.cookie.min.js?ver=2.1.4-wc.10.8.1 HTTP/1.1" 200 1720 "-" "Mozilla/5.0 (X11; Linux x86_64; rv:131.0) Gecko/20100101 Firefox/131.0"
162.216.148.10 - - [30/Jul/2026:20:48:20 +0000] "GET /wp-content/plugins/woocommerce/assets/js/frontend/woocommerce.min.js?ver=10.8.1 HTTP/1.1" 200 4270 "-" "Mozilla/5.0 (X11; Linux x86_64; rv:131.0) Gecko/20100101 Firefox/131.0"
162.216.148.0 - - [30/Jul/2026:20:48:40 +0000] "GET /wp-content/themes/kadence/assets/js/navigation.min.js?ver=1.5.0 HTTP/1.1" 200 22428 "-" "Mozilla/5.0 (X11; Linux x86_64; rv:131.0) Gecko/20100101 Firefox/131.0"
162.216.148.0 - - [30/Jul/2026:20:48:54 +0000] "GET /wp-content/themes/kadence/assets/js/shop-spinner.min.js?ver=1.5.0 HTTP/1.1" 200 1265 "-" "Mozilla/5.0 (X11; Linux x86_64; rv:131.0) Gecko/20100101 Firefox/131.0"
162.216.148.10 - - [30/Jul/2026:20:49:37 +0000] "GET /wp-content/plugins/woocommerce/assets/js/sourcebuster/sourcebuster.min.js?ver=10.8.1 HTTP/1.1" 200 15315 "-" "Mozilla/5.0 (X11; Linux x86_64; rv:131.0) Gecko/20100101 Firefox/131.0"
162.216.148.0 - - [30/Jul/2026:20:49:38 +0000] "GET /wp-content/plugins/woocommerce/assets/js/frontend/order-attribution.min.js?ver=10.8.1 HTTP/1.1" 200 2439 "-" "Mozilla/5.0 (X11; Linux x86_64; rv:131.0) Gecko/20100101 Firefox/131.0"
162.216.148.0 - - [30/Jul/2026:20:49:39 +0000] "GET /wp-content/plugins/woocommerce/assets/js/frontend/cart-fragments.min.js?ver=10.8.1 HTTP/1.1" 200 2939 "-" "Mozilla/5.0 (X11; Linux x86_64; rv:131.0) Gecko/20100101 Firefox/131.0"
162.216.148.0 - - [30/Jul/2026:20:49:40 +0000] "GET /wp-includes/js/wp-emoji-release.min.js?ver=7.0 HTTP/1.1" 200 22762 "-" "Mozilla/5.0 (X11; Linux x86_64; rv:131.0) Gecko/20100101 Firefox/131.0"
162.216.148.0 - - [30/Jul/2026:20:49:42 +0000] "GET /wp-includes/js/wp-emoji-loader.min.js HTTP/1.1" 200 2890 "-" "Mozilla/5.0 (X11; Linux x86_64; rv:131.0) Gecko/20100101 Firefox/131.0"
85.155.190.233 - - [30/Jul/2026:20:49:43 +0000] "POST /wp-cron.php?doing_wp_cron=1785444583.8573300838470458984375 HTTP/1.1" 200 31 "-" "WordPress/7.0; https://moonbloomwalls.com"
162.216.148.0 - - [30/Jul/2026:20:49:43 +0000] "GET /robots.txt HTTP/1.1" 200 744 "-" "Mozilla/5.0 (X11; Linux x86_64; rv:131.0) Gecko/20100101 Firefox/131.0"
85.155.190.233 - - [30/Jul/2026:20:56:16 +0000] "POST /wp-cron.php?doing_wp_cron=1785444976.1415629386901855468750 HTTP/1.1" 200 31 "-" "WordPress/7.0; https://moonbloomwalls.com"
216.73.216.31 - - [30/Jul/2026:20:56:16 +0000] "GET /2026/07/30/onlyspins-deutschland-schritt-fur-schritt-anleitung-zu-registrierung-bonus-auszahlung-6/feed/ HTTP/1.1" 200 1422 "-" "Mozilla/5.0 AppleWebKit/537.36 (KHTML, like Gecko; compatible; ClaudeBot/1.0; +claudebot@anthropic.com)"
216.73.216.31 - - [30/Jul/2026:20:56:16 +0000] "GET /?p=852 HTTP/1.1" 301 423 "-" "Mozilla/5.0 AppleWebKit/537.36 (KHTML, like Gecko; compatible; ClaudeBot/1.0; +claudebot@anthropic.com)"
216.73.216.31 - - [30/Jul/2026:20:56:16 +0000] "GET /2026/07/30/onlyspins-deutschland-schritt-fur-schritt-anleitung-zu-registrierung-bonus-auszahlung-12/ HTTP/1.1" 200 28817 "https://moonbloomwalls.com/?p=852" "Mozilla/5.0 AppleWebKit/537.36 (KHTML, like Gecko; compatible; ClaudeBot/1.0; +claudebot@anthropic.com)"
216.73.216.31 - - [30/Jul/2026:20:56:34 +0000] "GET /2026/07/30/onlyspins-deutschland-schritt-fur-schritt-anleitung-zu-registrierung-bonus-auszahlung-10/feed/ HTTP/1.1" 200 1424 "-" "Mozilla/5.0 AppleWebKit/537.36 (KHTML, like Gecko; compatible; ClaudeBot/1.0; +claudebot@anthropic.com)"
216.73.216.31 - - [30/Jul/2026:20:56:34 +0000] "GET /?p=840 HTTP/1.1" 301 423 "-" "Mozilla/5.0 AppleWebKit/537.36 (KHTML, like Gecko; compatible; ClaudeBot/1.0; +claudebot@anthropic.com)"
216.73.216.31 - - [30/Jul/2026:20:56:35 +0000] "GET /2026/07/30/onlyspins-deutschland-schritt-fur-schritt-anleitung-zu-registrierung-bonus-auszahlung-6/ HTTP/1.1" 200 29063 "https://moonbloomwalls.com/?p=840" "Mozilla/5.0 AppleWebKit/537.36 (KHTML, like Gecko; compatible; ClaudeBot/1.0; +claudebot@anthropic.com)"
156.59.62.135 - - [30/Jul/2026:20:56:37 +0000] "GET /wp-login.php HTTP/1.1" 200 2473 "-" "Mozilla/5.0 (Windows NT 10.0; Win64; rv:143.0) Gecko/20100101 Firefox/143.0"
156.59.62.135 - - [30/Jul/2026:20:56:38 +0000] "GET /?author=1 HTTP/1.1" 404 21281 "-" "Mozilla/5.0 (Macintosh; Intel Mac OS X 10_15_7) AppleWebKit/605.1.15 Version/17.0 Safari/605.1.15"
156.59.62.135 - - [30/Jul/2026:20:56:38 +0000] "GET /?rest_route=/wp/v2/users HTTP/1.1" 200 2120 "-" "Mozilla/5.0 (Windows NT 10.0; Win64; rv:143.0) Gecko/20100101 Firefox/143.0"
85.155.190.233 - - [30/Jul/2026:20:57:33 +0000] "POST /wp-cron.php?doing_wp_cron=1785445053.5026168823242187500000 HTTP/1.1" 200 31 "-" "WordPress/7.0; https://moonbloomwalls.com"
43.166.242.189 - - [30/Jul/2026:20:57:33 +0000] "GET /2026/07/30/nine-wins-casino-security-guide-for-uk-players-12/ HTTP/1.1" 200 28570 "-" "Mozilla/5.0 (iPhone; CPU iPhone OS 13_2_3 like Mac OS X) AppleWebKit/605.1.15 (KHTML, like Gecko) Version/13.0.3 Mobile/15E148 Safari/604.1"
216.73.216.31 - - [30/Jul/2026:20:57:38 +0000] "GET /2026/07/30/onlyspins-deutschland-schritt-fur-schritt-anleitung-zu-registrierung-bonus-auszahlung-12/feed/ HTTP/1.1" 200 1424 "-" "Mozilla/5.0 AppleWebKit/537.36 (KHTML, like Gecko; compatible; ClaudeBot/1.0; +claudebot@anthropic.com)"
216.73.216.31 - - [30/Jul/2026:20:57:38 +0000] "GET /2026/07/30/nine-wins-casino-security-guide-for-uk-players-21/ HTTP/1.1" 200 28810 "-" "Mozilla/5.0 AppleWebKit/537.36 (KHTML, like Gecko; compatible; ClaudeBot/1.0; +claudebot@anthropic.com)"
216.73.216.31 - - [30/Jul/2026:20:57:46 +0000] "GET /2026/07/30/onlyspins-deutschland-schritt-fur-schritt-anleitung-zu-registrierung-bonus-auszahlung-2/feed/ HTTP/1.1" 200 1422 "-" "Mozilla/5.0 AppleWebKit/537.36 (KHTML, like Gecko; compatible; ClaudeBot/1.0; +claudebot@anthropic.com)"
216.73.216.31 - - [30/Jul/2026:20:57:46 +0000] "GET /?p=848 HTTP/1.1" 301 423 "-" "Mozilla/5.0 AppleWebKit/537.36 (KHTML, like Gecko; compatible; ClaudeBot/1.0; +claudebot@anthropic.com)"
216.73.216.31 - - [30/Jul/2026:20:57:47 +0000] "GET /2026/07/30/onlyspins-deutschland-schritt-fur-schritt-anleitung-zu-registrierung-bonus-auszahlung-10/ HTTP/1.1" 200 28962 "https://moonbloomwalls.com/?p=848" "Mozilla/5.0 AppleWebKit/537.36 (KHTML, like Gecko; compatible; ClaudeBot/1.0; +claudebot@anthropic.com)"
85.155.190.233 - - [30/Jul/2026:20:58:26 +0000] "POST /wp-cron.php?doing_wp_cron=1785445106.4259760379791259765625 HTTP/1.1" 200 31 "-" "WordPress/7.0; https://moonbloomwalls.com"
216.73.216.31 - - [30/Jul/2026:20:58:26 +0000] "GET /?p=850 HTTP/1.1" 301 423 "-" "Mozilla/5.0 AppleWebKit/537.36 (KHTML, like Gecko; compatible; ClaudeBot/1.0; +claudebot@anthropic.com)"
216.73.216.31 - - [30/Jul/2026:20:58:26 +0000] "GET /2026/07/30/onlyspins-deutschland-schritt-fur-schritt-anleitung-zu-registrierung-bonus-auszahlung-11/ HTTP/1.1" 200 28842 "https://moonbloomwalls.com/?p=850" "Mozilla/5.0 AppleWebKit/537.36 (KHTML, like Gecko; compatible; ClaudeBot/1.0; +claudebot@anthropic.com)"
216.73.216.31 - - [30/Jul/2026:20:58:54 +0000] "GET /2026/07/30/nine-wins-casino-security-guide-for-uk-players-22/ HTTP/1.1" 200 29000 "-" "Mozilla/5.0 AppleWebKit/537.36 (KHTML, like Gecko; compatible; ClaudeBot/1.0; +claudebot@anthropic.com)"
85.155.190.233 - - [30/Jul/2026:20:59:31 +0000] "POST /wp-cron.php?doing_wp_cron=1785445171.0376520156860351562500 HTTP/1.1" 200 31 "-" "WordPress/7.0; https://moonbloomwalls.com"
216.73.216.31 - - [30/Jul/2026:20:59:31 +0000] "GET /2026/07/30/nine-wins-casino-security-guide-for-uk-players-11/ HTTP/1.1" 200 28812 "-" "Mozilla/5.0 AppleWebKit/537.36 (KHTML, like Gecko; compatible; ClaudeBot/1.0; +claudebot@anthropic.com)"
216.73.216.31 - - [30/Jul/2026:20:59:49 +0000] "GET /2026/07/30/onlyspins-deutschland-schritt-fur-schritt-anleitung-zu-registrierung-bonus-auszahlung-11/feed/ HTTP/1.1" 200 1424 "-" "Mozilla/5.0 AppleWebKit/537.36 (KHTML, like Gecko; compatible; ClaudeBot/1.0; +claudebot@anthropic.com)"
216.73.216.31 - - [30/Jul/2026:20:59:50 +0000] "GET /2026/07/30/nine-wins-casino-security-guide-for-uk-players-12/ HTTP/1.1" 200 28743 "-" "Mozilla/5.0 AppleWebKit/537.36 (KHTML, like Gecko; compatible; ClaudeBot/1.0; +claudebot@anthropic.com)"
216.73.216.31 - - [30/Jul/2026:20:59:50 +0000] "GET /2026/07/30/nine-wins-casino-security-guide-for-uk-players-5/ HTTP/1.1" 200 28884 "-" "Mozilla/5.0 AppleWebKit/537.36 (KHTML, like Gecko; compatible; ClaudeBot/1.0; +claudebot@anthropic.com)"
216.73.216.31 - - [30/Jul/2026:20:59:50 +0000] "GET /2026/07/30/nine-wins-casino-security-guide-for-uk-players-7/ HTTP/1.1" 200 29044 "-" "Mozilla/5.0 AppleWebKit/537.36 (KHTML, like Gecko; compatible; ClaudeBot/1.0; +claudebot@anthropic.com)"
216.73.216.31 - - [30/Jul/2026:20:59:51 +0000] "GET /2026/07/30/nine-wins-casino-security-guide-for-uk-players-3/ HTTP/1.1" 200 28834 "-" "Mozilla/5.0 AppleWebKit/537.36 (KHTML, like Gecko; compatible; ClaudeBot/1.0; +claudebot@anthropic.com)"
216.73.216.31 - - [30/Jul/2026:20:59:51 +0000] "GET /wp-sitemap.xml HTTP/1.1" 200 23432 "-" "Mozilla/5.0 AppleWebKit/537.36 (KHTML, like Gecko; compatible; ClaudeBot/1.0; +claudebot@anthropic.com)"
85.155.190.233 - - [30/Jul/2026:21:00:24 +0000] "POST /wp-cron.php?doing_wp_cron=1785445224.4431300163269042968750 HTTP/1.1" 200 31 "-" "WordPress/7.0; https://moonbloomwalls.com"
216.73.216.31 - - [30/Jul/2026:21:00:24 +0000] "GET /2026/07/30/onlyspins-deutschland-schritt-fur-schritt-anleitung-zu-registrierung-bonus-auszahlung-8/feed/ HTTP/1.1" 200 1422 "-" "Mozilla/5.0 AppleWebKit/537.36 (KHTML, like Gecko; compatible; ClaudeBot/1.0; +claudebot@anthropic.com)"
216.73.216.31 - - [30/Jul/2026:21:00:24 +0000] "GET /2026/07/30/nine-wins-casino-security-guide-for-uk-players-20/ HTTP/1.1" 200 28781 "-" "Mozilla/5.0 AppleWebKit/537.36 (KHTML, like Gecko; compatible; ClaudeBot/1.0; +claudebot@anthropic.com)"
216.73.216.31 - - [30/Jul/2026:21:00:24 +0000] "GET /?p=832 HTTP/1.1" 301 423 "-" "Mozilla/5.0 AppleWebKit/537.36 (KHTML, like Gecko; compatible; ClaudeBot/1.0; +claudebot@anthropic.com)"
216.73.216.31 - - [30/Jul/2026:21:00:25 +0000] "GET /2026/07/30/onlyspins-deutschland-schritt-fur-schritt-anleitung-zu-registrierung-bonus-auszahlung-2/ HTTP/1.1" 200 28870 "https://moonbloomwalls.com/?p=832" "Mozilla/5.0 AppleWebKit/537.36 (KHTML, like Gecko; compatible; ClaudeBot/1.0; +claudebot@anthropic.com)"
85.155.190.233 - - [30/Jul/2026:21:03:01 +0000] "POST /wp-cron.php?doing_wp_cron=1785445381.5780370235443115234375 HTTP/1.1" 200 31 "-" "WordPress/7.0; https://moonbloomwalls.com"
216.73.216.31 - - [30/Jul/2026:21:03:01 +0000] "GET /2026/07/30/nine-wins-casino-security-guide-for-uk-players-17/ HTTP/1.1" 200 28981 "-" "Mozilla/5.0 AppleWebKit/537.36 (KHTML, like Gecko; compatible; ClaudeBot/1.0; +claudebot@anthropic.com)"
216.73.216.31 - - [30/Jul/2026:21:03:01 +0000] "GET /?p=844 HTTP/1.1" 301 423 "-" "Mozilla/5.0 AppleWebKit/537.36 (KHTML, like Gecko; compatible; ClaudeBot/1.0; +claudebot@anthropic.com)"
216.73.216.31 - - [30/Jul/2026:21:03:02 +0000] "GET /2026/07/30/onlyspins-deutschland-schritt-fur-schritt-anleitung-zu-registrierung-bonus-auszahlung-8/ HTTP/1.1" 200 28749 "https://moonbloomwalls.com/?p=844" "Mozilla/5.0 AppleWebKit/537.36 (KHTML, like Gecko; compatible; ClaudeBot/1.0; +claudebot@anthropic.com)"
85.155.190.233 - - [30/Jul/2026:21:03:16 +0000] "POST /wp-cron.php?doing_wp_cron=1785445396.4273779392242431640625 HTTP/1.1" 200 31 "-" "WordPress/7.0; https://moonbloomwalls.com"
216.73.216.31 - - [30/Jul/2026:21:03:16 +0000] "GET /2026/07/30/nine-wins-casino-security-guide-for-uk-players-18/ HTTP/1.1" 200 29001 "-" "Mozilla/5.0 AppleWebKit/537.36 (KHTML, like Gecko; compatible; ClaudeBot/1.0; +claudebot@anthropic.com)"
216.73.216.31 - - [30/Jul/2026:21:03:30 +0000] "GET /2026/07/30/nine-wins-casino-security-guide-for-uk-players/ HTTP/1.1" 200 29124 "-" "Mozilla/5.0 AppleWebKit/537.36 (KHTML, like Gecko; compatible; ClaudeBot/1.0; +claudebot@anthropic.com)"
85.155.190.233 - - [30/Jul/2026:21:05:04 +0000] "POST /wp-cron.php?doing_wp_cron=1785445504.8905138969421386718750 HTTP/1.1" 200 31 "-" "WordPress/7.0; https://moonbloomwalls.com"
162.216.148.0 - - [30/Jul/2026:21:05:04 +0000] "GET / HTTP/1.1" 200 37104 "-" "Mozilla/5.0 (Macintosh; Intel Mac OS X 10_15_7) AppleWebKit/537.36 (KHTML, like Gecko) Chrome/131.0.0.0 Safari/537.36"
162.216.148.0 - - [30/Jul/2026:21:05:08 +0000] "GET /robots.txt HTTP/1.1" 200 744 "-" "python-requests/2.32.5"
162.216.148.0 - - [30/Jul/2026:21:05:09 +0000] "GET / HTTP/1.1" 200 187666 "-" "Mozilla/5.0 (X11; Linux x86_64; rv:131.0) Gecko/20100101 Firefox/131.0"
162.216.148.0 - - [30/Jul/2026:21:05:10 +0000] "GET /wp-includes/js/jquery/jquery.min.js?ver=3.7.1 HTTP/1.1" 200 87553 "-" "Mozilla/5.0 (X11; Linux x86_64; rv:131.0) Gecko/20100101 Firefox/131.0"
162.216.148.0 - - [30/Jul/2026:21:05:10 +0000] "GET /wp-includes/js/jquery/jquery-migrate.min.js?ver=3.4.1 HTTP/1.1" 200 13577 "-" "Mozilla/5.0 (X11; Linux x86_64; rv:131.0) Gecko/20100101 Firefox/131.0"
162.216.148.0 - - [30/Jul/2026:21:05:10 +0000] "GET /wp-content/plugins/woocommerce/assets/js/jquery-blockui/jquery.blockUI.min.js?ver=2.7.0-wc.10.8.1 HTTP/1.1" 200 9636 "-" "Mozilla/5.0 (X11; Linux x86_64; rv:131.0) Gecko/20100101 Firefox/131.0"
162.216.148.0 - - [30/Jul/2026:21:05:10 +0000] "GET /wp-content/plugins/woocommerce/assets/js/frontend/add-to-cart.min.js?ver=10.8.1 HTTP/1.1" 200 4350 "-" "Mozilla/5.0 (X11; Linux x86_64; rv:131.0) Gecko/20100101 Firefox/131.0"
162.216.148.0 - - [30/Jul/2026:21:05:10 +0000] "GET /wp-content/plugins/woocommerce/assets/js/js-cookie/js.cookie.min.js?ver=2.1.4-wc.10.8.1 HTTP/1.1" 200 1720 "-" "Mozilla/5.0 (X11; Linux x86_64; rv:131.0) Gecko/20100101 Firefox/131.0"
162.216.148.0 - - [30/Jul/2026:21:05:11 +0000] "GET /wp-content/plugins/woocommerce/assets/js/frontend/woocommerce.min.js?ver=10.8.1 HTTP/1.1" 200 4270 "-" "Mozilla/5.0 (X11; Linux x86_64; rv:131.0) Gecko/20100101 Firefox/131.0"
162.216.148.0 - - [30/Jul/2026:21:05:11 +0000] "GET /wp-content/themes/kadence/assets/js/shop-spinner.min.js?ver=1.5.0 HTTP/1.1" 200 1265 "-" "Mozilla/5.0 (X11; Linux x86_64; rv:131.0) Gecko/20100101 Firefox/131.0"
162.216.148.0 - - [30/Jul/2026:21:05:11 +0000] "GET /wp-content/themes/kadence/assets/js/navigation.min.js?ver=1.5.0 HTTP/1.1" 200 22428 "-" "Mozilla/5.0 (X11; Linux x86_64; rv:131.0) Gecko/20100101 Firefox/131.0"
162.216.148.0 - - [30/Jul/2026:21:05:11 +0000] "GET /wp-includes/js/jquery/jquery-migrate.min.js?ver=3.4.1 HTTP/1.1" 200 13577 "-" "Mozilla/5.0 (X11; Linux x86_64; rv:131.0) Gecko/20100101 Firefox/131.0"
162.216.148.0 - - [30/Jul/2026:21:05:11 +0000] "GET /wp-content/plugins/woocommerce/assets/js/sourcebuster/sourcebuster.min.js?ver=10.8.1 HTTP/1.1" 200 15315 "-" "Mozilla/5.0 (X11; Linux x86_64; rv:131.0) Gecko/20100101 Firefox/131.0"
162.216.148.0 - - [30/Jul/2026:21:05:11 +0000] "GET /wp-content/plugins/woocommerce/assets/js/frontend/order-attribution.min.js?ver=10.8.1 HTTP/1.1" 200 2439 "-" "Mozilla/5.0 (X11; Linux x86_64; rv:131.0) Gecko/20100101 Firefox/131.0"
162.216.148.0 - - [30/Jul/2026:21:05:11 +0000] "GET /wp-content/plugins/woocommerce/assets/js/frontend/cart-fragments.min.js?ver=10.8.1 HTTP/1.1" 200 2939 "-" "Mozilla/5.0 (X11; Linux x86_64; rv:131.0) Gecko/20100101 Firefox/131.0"
162.216.148.0 - - [30/Jul/2026:21:05:11 +0000] "GET /wp-includes/js/wp-emoji-release.min.js?ver=7.0 HTTP/1.1" 200 22762 "-" "Mozilla/5.0 (X11; Linux x86_64; rv:131.0) Gecko/20100101 Firefox/131.0"
162.216.148.0 - - [30/Jul/2026:21:05:11 +0000] "GET /wp-content/plugins/woocommerce/assets/js/frontend/add-to-cart.min.js?ver=10.8.1 HTTP/1.1" 200 4350 "-" "Mozilla/5.0 (X11; Linux x86_64; rv:131.0) Gecko/20100101 Firefox/131.0"
162.216.148.0 - - [30/Jul/2026:21:05:11 +0000] "GET /wp-includes/js/wp-emoji-loader.min.js HTTP/1.1" 200 2890 "-" "Mozilla/5.0 (X11; Linux x86_64; rv:131.0) Gecko/20100101 Firefox/131.0"
162.216.148.0 - - [30/Jul/2026:21:05:12 +0000] "GET /wp-content/plugins/woocommerce/assets/js/jquery-blockui/jquery.blockUI.min.js?ver=2.7.0-wc.10.8.1 HTTP/1.1" 200 9636 "-" "Mozilla/5.0 (X11; Linux x86_64; rv:131.0) Gecko/20100101 Firefox/131.0"
162.216.148.0 - - [30/Jul/2026:21:05:12 +0000] "GET /wp-includes/js/jquery/jquery.min.js?ver=3.7.1 HTTP/1.1" 200 87553 "-" "Mozilla/5.0 (X11; Linux x86_64; rv:131.0) Gecko/20100101 Firefox/131.0"
162.216.148.0 - - [30/Jul/2026:21:05:13 +0000] "GET /wp-content/plugins/woocommerce/assets/js/js-cookie/js.cookie.min.js?ver=2.1.4-wc.10.8.1 HTTP/1.1" 200 1720 "-" "Mozilla/5.0 (X11; Linux x86_64; rv:131.0) Gecko/20100101 Firefox/131.0"
162.216.148.0 - - [30/Jul/2026:21:05:13 +0000] "GET /wp-content/themes/kadence/assets/js/shop-spinner.min.js?ver=1.5.0 HTTP/1.1" 200 1265 "-" "Mozilla/5.0 (X11; Linux x86_64; rv:131.0) Gecko/20100101 Firefox/131.0"
162.216.148.0 - - [30/Jul/2026:21:05:14 +0000] "GET /wp-content/plugins/woocommerce/assets/js/frontend/woocommerce.min.js?ver=10.8.1 HTTP/1.1" 200 4270 "-" "Mozilla/5.0 (X11; Linux x86_64; rv:131.0) Gecko/20100101 Firefox/131.0"
162.216.148.0 - - [30/Jul/2026:21:05:14 +0000] "GET /wp-content/themes/kadence/assets/js/navigation.min.js?ver=1.5.0 HTTP/1.1" 200 22428 "-" "Mozilla/5.0 (X11; Linux x86_64; rv:131.0) Gecko/20100101 Firefox/131.0"
216.73.216.31 - - [30/Jul/2026:21:05:29 +0000] "GET /2026/07/30/nine-wins-casino-security-guide-for-uk-players-24/ HTTP/1.1" 200 28808 "-" "Mozilla/5.0 AppleWebKit/537.36 (KHTML, like Gecko; compatible; ClaudeBot/1.0; +claudebot@anthropic.com)"
162.216.148.0 - - [30/Jul/2026:21:05:30 +0000] "GET /wp-content/plugins/woocommerce/assets/js/frontend/order-attribution.min.js?ver=10.8.1 HTTP/1.1" 200 2439 "-" "Mozilla/5.0 (X11; Linux x86_64; rv:131.0) Gecko/20100101 Firefox/131.0"
162.216.148.0 - - [30/Jul/2026:21:05:30 +0000] "GET /wp-content/plugins/woocommerce/assets/js/sourcebuster/sourcebuster.min.js?ver=10.8.1 HTTP/1.1" 200 15315 "-" "Mozilla/5.0 (X11; Linux x86_64; rv:131.0) Gecko/20100101 Firefox/131.0"
162.216.148.0 - - [30/Jul/2026:21:05:30 +0000] "GET /wp-content/plugins/woocommerce/assets/js/frontend/cart-fragments.min.js?ver=10.8.1 HTTP/1.1" 200 2939 "-" "Mozilla/5.0 (X11; Linux x86_64; rv:131.0) Gecko/20100101 Firefox/131.0"
162.216.148.0 - - [30/Jul/2026:21:05:31 +0000] "GET /wp-includes/js/wp-emoji-loader.min.js HTTP/1.1" 200 2890 "-" "Mozilla/5.0 (X11; Linux x86_64; rv:131.0) Gecko/20100101 Firefox/131.0"
162.216.148.0 - - [30/Jul/2026:21:05:32 +0000] "GET /wp-includes/js/wp-emoji-release.min.js?ver=7.0 HTTP/1.1" 200 22762 "-" "Mozilla/5.0 (X11; Linux x86_64; rv:131.0) Gecko/20100101 Firefox/131.0"
162.216.148.0 - - [30/Jul/2026:21:05:38 +0000] "GET /robots.txt HTTP/1.1" 200 744 "-" "Mozilla/5.0 (X11; Linux x86_64; rv:131.0) Gecko/20100101 Firefox/131.0"
85.155.190.233 - - [30/Jul/2026:21:11:42 +0000] "POST /wp-cron.php?doing_wp_cron=1785445902.7827079296112060546875 HTTP/1.1" 200 31 "-" "WordPress/7.0; https://moonbloomwalls.com"
156.59.62.135 - - [30/Jul/2026:21:11:42 +0000] "POST /wp-login.php HTTP/1.1" 200 2637 "-" "Mozilla/5.0 (Windows NT 10.0; Win64; x64) AppleWebKit/537.36 Chrome/129.0.0.0 Safari/537.36"
85.155.190.233 - - [30/Jul/2026:21:11:42 +0000] "POST /wp-cron.php?doing_wp_cron=1785445902.7827079296112060546875 HTTP/1.1" 200 31 "-" "WordPress/7.0; https://moonbloomwalls.com"
156.59.62.135 - - [30/Jul/2026:21:11:42 +0000] "POST /wp-login.php HTTP/1.1" 200 2638 "-" "Mozilla/5.0 (Windows NT 10.0; Win64; rv:143.0) Gecko/20100101 Firefox/143.0"
85.155.190.233 - - [30/Jul/2026:21:16:28 +0000] "POST /wp-cron.php?doing_wp_cron=1785446188.2897360324859619140625 HTTP/1.1" 200 31 "-" "WordPress/7.0; https://moonbloomwalls.com"
216.73.216.31 - - [30/Jul/2026:21:16:28 +0000] "GET /2026/07/30/nine-wins-casino-security-guide-for-uk-players-19/ HTTP/1.1" 200 28691 "-" "Mozilla/5.0 AppleWebKit/537.36 (KHTML, like Gecko; compatible; ClaudeBot/1.0; +claudebot@anthropic.com)"
23.234.100.244 - - [30/Jul/2026:21:18:39 +0000] "GET /wp-json/wp/v2/posts?per_page=30&orderby=date&order=desc&_fields=link,title,date HTTP/1.1" 200 7242 "-" "Mozilla/5.0 (Macintosh; Intel Mac OS X 10_15_7) AppleWebKit/537.36 (KHTML, like Gecko) Chrome/126.0.0.0 Safari/537.36"
85.155.190.233 - - [30/Jul/2026:21:18:39 +0000] "POST /wp-cron.php?doing_wp_cron=1785446319.5174989700317382812500 HTTP/1.1" 200 31 "-" "WordPress/7.0; https://moonbloomwalls.com"
23.234.100.244 - - [30/Jul/2026:21:18:39 +0000] "GET /?rest_route=/wp/v2/posts&per_page=30&orderby=date&order=desc&_fields=link,title,date HTTP/1.1" 200 7242 "-" "Mozilla/5.0 (Macintosh; Intel Mac OS X 10_15_7) AppleWebKit/537.36 (KHTML, like Gecko) Chrome/126.0.0.0 Safari/537.36"
23.234.100.244 - - [30/Jul/2026:21:18:41 +0000] "GET /wp-json/wp/v2/posts?per_page=30&orderby=date&order=desc&_fields=link,title,date HTTP/1.1" 200 7248 "-" "Mozilla/5.0 (Macintosh; Intel Mac OS X 10_15_7) AppleWebKit/537.36 (KHTML, like Gecko) Chrome/126.0.0.0 Safari/537.36"
23.234.100.244 - - [30/Jul/2026:21:18:41 +0000] "GET /post-sitemap.xml HTTP/1.1" 200 23432 "-" "Mozilla/5.0 (Macintosh; Intel Mac OS X 10_15_7) AppleWebKit/537.36 (KHTML, like Gecko) Chrome/126.0.0.0 Safari/537.36"
23.234.100.244 - - [30/Jul/2026:21:18:42 +0000] "GET / HTTP/1.1" 200 37104 "-" "Mozilla/5.0 (Macintosh; Intel Mac OS X 10_15_7) AppleWebKit/537.36 (KHTML, like Gecko) Chrome/126.0.0.0 Safari/537.36"
23.234.100.244 - - [30/Jul/2026:21:18:42 +0000] "GET /robots.txt HTTP/1.1" 200 744 "-" "Mozilla/5.0 (Macintosh; Intel Mac OS X 10_15_7) AppleWebKit/537.36 (KHTML, like Gecko) Chrome/126.0.0.0 Safari/537.36"
23.234.100.244 - - [30/Jul/2026:21:18:43 +0000] "GET /post-sitemap.xml HTTP/1.1" 200 23432 "-" "Mozilla/5.0 (Macintosh; Intel Mac OS X 10_15_7) AppleWebKit/537.36 (KHTML, like Gecko) Chrome/126.0.0.0 Safari/537.36"
23.234.100.244 - - [30/Jul/2026:21:18:43 +0000] "GET /wp-sitemap-posts-post-1.xml HTTP/1.1" 200 30905 "-" "Mozilla/5.0 (Macintosh; Intel Mac OS X 10_15_7) AppleWebKit/537.36 (KHTML, like Gecko) Chrome/126.0.0.0 Safari/537.36"
23.234.100.244 - - [30/Jul/2026:21:18:44 +0000] "GET / HTTP/1.1" 200 37104 "-" "Mozilla/5.0 (compatible; Googlebot/2.1; +http://www.google.com/bot.html)"
23.234.100.244 - - [30/Jul/2026:21:18:44 +0000] "GET /wp-json/wp/v2/posts?per_page=30&_fields=title HTTP/1.1" 200 2998 "-" "Mozilla/5.0 (compatible; Googlebot/2.1; +http://www.google.com/bot.html)"
23.234.100.244 - - [30/Jul/2026:21:18:45 +0000] "GET /wp-json/wp/v2/pages?per_page=100&_fields=name,title,link,date HTTP/1.1" 200 20864 "-" "Mozilla/5.0 (Macintosh; Intel Mac OS X 10_15_7) AppleWebKit/537.36 (KHTML, like Gecko) Chrome/126.0.0.0 Safari/537.36"
23.234.100.244 - - [30/Jul/2026:21:18:45 +0000] "GET /?rest_route=/wp/v2/pages&per_page=100&_fields=name,title,link,date HTTP/1.1" 200 20864 "-" "Mozilla/5.0 (Macintosh; Intel Mac OS X 10_15_7) AppleWebKit/537.36 (KHTML, like Gecko) Chrome/126.0.0.0 Safari/537.36"
23.234.100.244 - - [30/Jul/2026:21:18:46 +0000] "GET /wp-json/wp/v2/pages?per_page=100&_fields=name,title,link,date HTTP/1.1" 200 20864 "-" "Mozilla/5.0 (Macintosh; Intel Mac OS X 10_15_7) AppleWebKit/537.36 (KHTML, like Gecko) Chrome/126.0.0.0 Safari/537.36"
23.234.100.244 - - [30/Jul/2026:21:18:47 +0000] "GET /wp-json/wp/v2/tags?per_page=100&_fields=name,title,link,date HTTP/1.1" 200 425 "-" "Mozilla/5.0 (Macintosh; Intel Mac OS X 10_15_7) AppleWebKit/537.36 (KHTML, like Gecko) Chrome/126.0.0.0 Safari/537.36"
23.234.100.244 - - [30/Jul/2026:21:18:48 +0000] "GET /?rest_route=/wp/v2/tags&per_page=100&_fields=name,title,link,date HTTP/1.1" 200 425 "-" "Mozilla/5.0 (Macintosh; Intel Mac OS X 10_15_7) AppleWebKit/537.36 (KHTML, like Gecko) Chrome/126.0.0.0 Safari/537.36"
23.234.100.244 - - [30/Jul/2026:21:18:48 +0000] "GET /wp-json/wp/v2/tags?per_page=100&_fields=name,title,link,date HTTP/1.1" 200 425 "-" "Mozilla/5.0 (Macintosh; Intel Mac OS X 10_15_7) AppleWebKit/537.36 (KHTML, like Gecko) Chrome/126.0.0.0 Safari/537.36"
23.234.100.244 - - [30/Jul/2026:21:18:48 +0000] "GET /wp-json/wp/v2/categories?per_page=100&_fields=name,title,link,date HTTP/1.1" 200 738 "-" "Mozilla/5.0 (Macintosh; Intel Mac OS X 10_15_7) AppleWebKit/537.36 (KHTML, like Gecko) Chrome/126.0.0.0 Safari/537.36"
23.234.100.244 - - [30/Jul/2026:21:18:49 +0000] "GET /?rest_route=/wp/v2/categories&per_page=100&_fields=name,title,link,date HTTP/1.1" 200 738 "-" "Mozilla/5.0 (Macintosh; Intel Mac OS X 10_15_7) AppleWebKit/537.36 (KHTML, like Gecko) Chrome/126.0.0.0 Safari/537.36"
23.234.100.244 - - [30/Jul/2026:21:18:49 +0000] "GET /wp-json/wp/v2/categories?per_page=100&_fields=name,title,link,date HTTP/1.1" 200 738 "-" "Mozilla/5.0 (Macintosh; Intel Mac OS X 10_15_7) AppleWebKit/537.36 (KHTML, like Gecko) Chrome/126.0.0.0 Safari/537.36"
85.155.190.233 - - [30/Jul/2026:21:21:08 +0000] "POST /wp-cron.php?doing_wp_cron=1785446468.3197569847106933593750 HTTP/1.1" 200 31 "-" "WordPress/7.0; https://moonbloomwalls.com"
216.73.216.31 - - [30/Jul/2026:21:21:08 +0000] "GET /2026/07/30/nine-wins-casino-security-guide-for-uk-players-10/ HTTP/1.1" 200 28712 "-" "Mozilla/5.0 AppleWebKit/537.36 (KHTML, like Gecko; compatible; ClaudeBot/1.0; +claudebot@anthropic.com)"
85.155.190.233 - - [30/Jul/2026:21:22:20 +0000] "POST /wp-cron.php?doing_wp_cron=1785446540.0054929256439208984375 HTTP/1.1" 200 31 "-" "WordPress/7.0; https://moonbloomwalls.com"
51.89.129.108 - - [30/Jul/2026:21:22:20 +0000] "GET /wp-sitemap.xml HTTP/1.1" 200 23432 "-" "Mozilla/5.0 (compatible; AhrefsBot/7.0; +http://ahrefs.com/robot/)"
85.155.190.233 - - [30/Jul/2026:21:24:46 +0000] "POST /wp-cron.php?doing_wp_cron=1785446686.4567461013793945312500 HTTP/1.1" 200 31 "-" "WordPress/7.0; https://moonbloomwalls.com"
34.76.117.34 - - [30/Jul/2026:21:24:46 +0000] "GET / HTTP/1.1" 200 37104 "-" "Mozilla/5.0 (Windows NT 10.0; Win64; x64) AppleWebKit/537.36 (KHTML, like Gecko) Chrome/126.0.6478.127 Safari/537.36"
85.155.190.233 - - [30/Jul/2026:21:25:45 +0000] "POST /wp-cron.php?doing_wp_cron=1785446745.6560339927673339843750 HTTP/1.1" 200 31 "-" "WordPress/7.0; https://moonbloomwalls.com"
85.203.44.179 - - [30/Jul/2026:21:25:45 +0000] "POST /wp-login.php HTTP/1.1" 200 2637 "-" "python-requests/2.28.2"
85.203.44.189 - - [30/Jul/2026:21:25:45 +0000] "POST /wp-login.php HTTP/1.1" 302 423 "-" "python-requests/2.28.2"
85.203.44.189 - - [30/Jul/2026:21:25:46 +0000] "GET /wp-admin/profile.php HTTP/1.1" 200 87990 "-" "python-requests/2.28.2"
85.203.44.189 - - [30/Jul/2026:21:25:46 +0000] "POST /wp-json/wp/v2/users/39/application-passwords?_locale=user HTTP/1.1" 201 817 "-" "python-requests/2.28.2"
85.155.190.233 - - [30/Jul/2026:21:29:31 +0000] "POST /wp-cron.php?doing_wp_cron=1785446971.9036350250244140625000 HTTP/1.1" 200 31 "-" "WordPress/7.0; https://moonbloomwalls.com"
103.189.63.149 - - [30/Jul/2026:21:29:36 +0000] "GET /index.php?rest_route=/ HTTP/1.1" 200 1306770 "-" "Mozilla/5.0 (Macintosh; Intel Mac OS X 10_15_7) AppleWebKit/605.1.15 (KHTML, like Gecko) Version/18.0 Safari/605.1.15"
140.245.238.56 - - [30/Jul/2026:21:29:45 +0000] "GET /xmlrpc.php HTTP/1.1" 403 118 "-" "Mozilla/5.0 (Macintosh; Intel Mac OS X 10_15_7) AppleWebKit/605.1.15 (KHTML, like Gecko) Version/18.0 Safari/605.1.15"
113.160.132.26 - - [30/Jul/2026:21:29:56 +0000] "GET /xmlrpc.php HTTP/1.1" 403 118 "-" "Mozilla/5.0 (Macintosh; Intel Mac OS X 10_15_7) AppleWebKit/605.1.15 (KHTML, like Gecko) Version/18.0 Safari/605.1.15"
85.155.190.233 - - [30/Jul/2026:21:30:16 +0000] "POST /wp-cron.php?doing_wp_cron=1785447016.1930429935455322265625 HTTP/1.1" 200 31 "-" "WordPress/7.0; https://moonbloomwalls.com"
156.59.62.135 - - [30/Jul/2026:21:30:16 +0000] "POST /wp-login.php HTTP/1.1" 200 2637 "-" "Mozilla/5.0 (Windows NT 10.0; Win64; x64) AppleWebKit/537.36 Chrome/129.0.0.0 Safari/537.36"
85.155.190.233 - - [30/Jul/2026:21:30:16 +0000] "POST /wp-cron.php?doing_wp_cron=1785447016.1926720142364501953125 HTTP/1.1" 200 31 "-" "WordPress/7.0; https://moonbloomwalls.com"
156.59.62.135 - - [30/Jul/2026:21:30:16 +0000] "POST /wp-login.php HTTP/1.1" 200 2638 "-" "Mozilla/5.0 (Macintosh; Intel Mac OS X 10_15_7) AppleWebKit/605.1.15 Version/17.0 Safari/605.1.15"
103.172.42.125 - - [30/Jul/2026:21:30:59 +0000] "GET /xmlrpc.php HTTP/1.1" 403 180 "-" "Mozilla/5.0 (Windows NT 10.0; Win64; x64) AppleWebKit/537.36 (KHTML, like Gecko) Chrome/124.0.0.0 Safari/537.36"
181.204.81.178 - - [30/Jul/2026:21:31:01 +0000] "GET /xmlrpc.php HTTP/1.1" 403 180 "-" "Mozilla/5.0 (Windows NT 10.0; Win64; x64) AppleWebKit/537.36 (KHTML, like Gecko) Chrome/124.0.0.0 Safari/537.36"
68.1.210.163 - - [30/Jul/2026:21:31:20 +0000] "GET /xmlrpc.php HTTP/1.1" 403 548 "-" "Mozilla/5.0 (Windows NT 10.0; Win64; x64) AppleWebKit/537.36 (KHTML, like Gecko) Chrome/124.0.0.0 Safari/537.36"
98.170.57.249 - - [30/Jul/2026:21:31:22 +0000] "GET /xmlrpc.php HTTP/1.1" 403 146 "-" "Mozilla/5.0 (Macintosh; Intel Mac OS X 10_15_7) AppleWebKit/605.1.15 (KHTML, like Gecko) Version/18.0 Safari/605.1.15"
174.64.199.79 - - [30/Jul/2026:21:31:23 +0000] "GET /xmlrpc.php HTTP/1.1" 403 146 "-" "Mozilla/5.0 (Macintosh; Intel Mac OS X 10_15_7) AppleWebKit/605.1.15 (KHTML, like Gecko) Version/18.0 Safari/605.1.15"
123.138.24.113 - - [30/Jul/2026:21:31:45 +0000] "GET /xmlrpc.php HTTP/1.1" 403 118 "-" "Mozilla/5.0 (Macintosh; Intel Mac OS X 10_15_7) AppleWebKit/605.1.15 (KHTML, like Gecko) Version/18.0 Safari/605.1.15"
165.154.7.156 - - [30/Jul/2026:21:32:03 +0000] "GET /xmlrpc.php HTTP/1.1" 403 118 "-" "Mozilla/5.0 (Macintosh; Intel Mac OS X 10_15_7) AppleWebKit/605.1.15 (KHTML, like Gecko) Version/18.0 Safari/605.1.15"
27.185.218.213 - - [30/Jul/2026:21:32:06 +0000] "GET /xmlrpc.php HTTP/1.1" 403 118 "-" "Mozilla/5.0 (Windows NT 10.0; Win64; x64; rv:133.0) Gecko/20100101 Firefox/133.0"
174.64.199.79 - - [30/Jul/2026:21:32:27 +0000] "GET /xmlrpc.php HTTP/1.1" 403 146 "-" "Mozilla/5.0 (Macintosh; Intel Mac OS X 10_15_7) AppleWebKit/605.1.15 (KHTML, like Gecko) Version/18.0 Safari/605.1.15"
68.1.210.163 - - [30/Jul/2026:21:32:38 +0000] "GET /xmlrpc.php HTTP/1.1" 403 146 "-" "Mozilla/5.0 (Macintosh; Intel Mac OS X 10_15_7) AppleWebKit/605.1.15 (KHTML, like Gecko) Version/18.0 Safari/605.1.15"
72.195.34.58 - - [30/Jul/2026:21:32:40 +0000] "GET /xmlrpc.php HTTP/1.1" 403 548 "-" "Mozilla/5.0 (Windows NT 10.0; Win64; x64) AppleWebKit/537.36 (KHTML, like Gecko) Chrome/124.0.0.0 Safari/537.36"
129.226.72.101 - - [30/Jul/2026:21:32:41 +0000] "GET /xmlrpc.php HTTP/1.1" 403 118 "-" "Mozilla/5.0 (Macintosh; Intel Mac OS X 10_15_7) AppleWebKit/605.1.15 (KHTML, like Gecko) Version/18.0 Safari/605.1.15"
199.66.183.251 - - [30/Jul/2026:21:32:57 +0000] "GET /xmlrpc.php HTTP/1.1" 403 548 "-" "Mozilla/5.0 (Windows NT 10.0; Win64; x64) AppleWebKit/537.36 (KHTML, like Gecko) Chrome/124.0.0.0 Safari/537.36"
162.253.68.97 - - [30/Jul/2026:21:32:59 +0000] "GET /xmlrpc.php HTTP/1.1" 403 146 "-" "Mozilla/5.0 (Windows NT 10.0; Win64; x64; rv:133.0) Gecko/20100101 Firefox/133.0"
44.253.54.238 - - [30/Jul/2026:21:33:01 +0000] "GET /xmlrpc.php HTTP/1.1" 403 118 "-" "Mozilla/5.0 (Windows NT 10.0; Win64; x64; rv:133.0) Gecko/20100101 Firefox/133.0"
184.178.172.14 - - [30/Jul/2026:21:33:13 +0000] "GET /xmlrpc.php HTTP/1.1" 403 146 "-" "Mozilla/5.0 (Windows NT 10.0; Win64; x64; rv:133.0) Gecko/20100101 Firefox/133.0"
44.253.54.238 - - [30/Jul/2026:21:33:15 +0000] "GET /xmlrpc.php HTTP/1.1" 403 180 "-" "Mozilla/5.0 (Windows NT 10.0; Win64; x64) AppleWebKit/537.36 (KHTML, like Gecko) Chrome/124.0.0.0 Safari/537.36"
104.37.135.145 - - [30/Jul/2026:21:33:16 +0000] "GET /xmlrpc.php HTTP/1.1" 403 146 "-" "Mozilla/5.0 (Windows NT 10.0; Win64; x64; rv:133.0) Gecko/20100101 Firefox/133.0"
111.79.111.126 - - [30/Jul/2026:21:33:23 +0000] "GET /xmlrpc.php HTTP/1.1" 403 118 "-" "Mozilla/5.0 (Windows NT 10.0; Win64; x64; rv:133.0) Gecko/20100101 Firefox/133.0"
192.111.134.10 - - [30/Jul/2026:21:33:25 +0000] "GET /xmlrpc.php HTTP/1.1" 403 548 "-" "Mozilla/5.0 (Windows NT 10.0; Win64; x64) AppleWebKit/537.36 (KHTML, like Gecko) Chrome/124.0.0.0 Safari/537.36"
176.111.37.5 - - [30/Jul/2026:21:33:25 +0000] "GET /xmlrpc.php HTTP/1.1" 403 118 "-" "Mozilla/5.0 (Windows NT 10.0; Win64; x64; rv:133.0) Gecko/20100101 Firefox/133.0"
77.247.178.20 - - [30/Jul/2026:21:33:35 +0000] "GET /xmlrpc.php HTTP/1.1" 403 180 "-" "Mozilla/5.0 (Windows NT 10.0; Win64; x64) AppleWebKit/537.36 (KHTML, like Gecko) Chrome/124.0.0.0 Safari/537.36"
38.19.111.74 - - [30/Jul/2026:21:33:39 +0000] "GET /xmlrpc.php HTTP/1.1" 403 118 "-" "Mozilla/5.0 (Macintosh; Intel Mac OS X 10_15_7) AppleWebKit/605.1.15 (KHTML, like Gecko) Version/18.0 Safari/605.1.15"
72.195.114.169 - - [30/Jul/2026:21:33:41 +0000] "GET /xmlrpc.php HTTP/1.1" 403 548 "-" "Mozilla/5.0 (Windows NT 10.0; Win64; x64) AppleWebKit/537.36 (KHTML, like Gecko) Chrome/124.0.0.0 Safari/537.36"
192.252.211.197 - - [30/Jul/2026:21:33:52 +0000] "GET /xmlrpc.php HTTP/1.1" 403 548 "-" "Mozilla/5.0 (Windows NT 10.0; Win64; x64) AppleWebKit/537.36 (KHTML, like Gecko) Chrome/124.0.0.0 Safari/537.36"
135.87.39.23 - - [30/Jul/2026:21:34:04 +0000] "GET /xmlrpc.php HTTP/1.1" 403 180 "-" "Mozilla/5.0 (Windows NT 10.0; Win64; x64) AppleWebKit/537.36 (KHTML, like Gecko) Chrome/124.0.0.0 Safari/537.36"
184.170.248.5 - - [30/Jul/2026:21:34:38 +0000] "GET /xmlrpc.php HTTP/1.1" 403 146 "-" "Mozilla/5.0 (Macintosh; Intel Mac OS X 10_15_7) AppleWebKit/605.1.15 (KHTML, like Gecko) Version/18.0 Safari/605.1.15"
85.155.190.233 - - [30/Jul/2026:21:35:08 +0000] "POST /wp-cron.php?doing_wp_cron=1785447308.7563920021057128906250 HTTP/1.1" 200 31 "-" "WordPress/7.0; https://moonbloomwalls.com"
60.28.217.71 - - [30/Jul/2026:21:35:08 +0000] "GET /wp-login.php HTTP/1.1" 200 2473 "-" "Mozilla/5.0 (Windows NT 10.0; Win64; x64) AppleWebKit/537.36 (KHTML, like Gecko) Chrome/124.0.0.0 Safari/537.36"
45.137.212.13 - - [30/Jul/2026:21:35:09 +0000] "GET /wp-login.php?wp_lang=en_US HTTP/1.1" 200 2473 "-" "Mozilla/5.0 (Windows NT 10.0; Win64; x64; rv:133.0) Gecko/20100101 Firefox/133.0"
45.137.212.13 - - [30/Jul/2026:21:35:09 +0000] "POST /wp-login.php HTTP/1.1" 302 423 "https://moonbloomwalls.com/wp-login.php" "Mozilla/5.0 (Windows NT 10.0; Win64; x64; rv:133.0) Gecko/20100101 Firefox/133.0"
45.137.212.13 - - [30/Jul/2026:21:35:09 +0000] "GET /wp-admin/ HTTP/1.1" 200 61566 "https://moonbloomwalls.com/wp-login.php" "Mozilla/5.0 (Windows NT 10.0; Win64; x64; rv:133.0) Gecko/20100101 Firefox/133.0"
45.137.212.13 - - [30/Jul/2026:21:35:09 +0000] "GET /wp-admin/ HTTP/1.1" 200 61550 "-" "Mozilla/5.0 (Windows NT 10.0; Win64; x64; rv:133.0) Gecko/20100101 Firefox/133.0"
45.137.212.13 - - [30/Jul/2026:21:35:09 +0000] "GET /wp-admin/admin-ajax.php?action=rest-nonce HTTP/1.1" 400 433 "-" "Mozilla/5.0 (Windows NT 10.0; Win64; x64; rv:133.0) Gecko/20100101 Firefox/133.0"
45.137.212.13 - - [30/Jul/2026:21:35:09 +0000] "GET /wp-admin/admin-ajax.php?action=rest-nonce HTTP/1.1" 200 326 "-" "Mozilla/5.0 (Windows NT 10.0; Win64; x64; rv:133.0) Gecko/20100101 Firefox/133.0"
45.137.212.13 - - [30/Jul/2026:21:35:10 +0000] "GET /wp-admin/admin-ajax.php?action=rest-nonce HTTP/1.1" 400 433 "-" "Mozilla/5.0 (Windows NT 10.0; Win64; x64; rv:133.0) Gecko/20100101 Firefox/133.0"
45.137.212.13 - - [30/Jul/2026:21:35:10 +0000] "GET /wp-login.php?wp_lang=en_US HTTP/1.1" 200 2473 "-" "Mozilla/5.0 (Windows NT 10.0; Win64; x64; rv:133.0) Gecko/20100101 Firefox/133.0"
45.137.212.13 - - [30/Jul/2026:21:35:10 +0000] "POST /wp-login.php HTTP/1.1" 302 423 "https://moonbloomwalls.com/wp-login.php" "Mozilla/5.0 (Windows NT 10.0; Win64; x64; rv:133.0) Gecko/20100101 Firefox/133.0"
45.137.212.13 - - [30/Jul/2026:21:35:10 +0000] "GET /wp-admin/ HTTP/1.1" 200 61588 "https://moonbloomwalls.com/wp-login.php" "Mozilla/5.0 (Windows NT 10.0; Win64; x64; rv:133.0) Gecko/20100101 Firefox/133.0"
45.137.212.13 - - [30/Jul/2026:21:35:10 +0000] "GET /wp-admin/ HTTP/1.1" 200 61574 "-" "Mozilla/5.0 (Windows NT 10.0; Win64; x64; rv:133.0) Gecko/20100101 Firefox/133.0"
45.137.212.13 - - [30/Jul/2026:21:35:11 +0000] "GET /wp-admin/admin-ajax.php?action=rest-nonce HTTP/1.1" 400 433 "-" "Mozilla/5.0 (Windows NT 10.0; Win64; x64; rv:133.0) Gecko/20100101 Firefox/133.0"
45.137.212.13 - - [30/Jul/2026:21:35:11 +0000] "GET /wp-admin/ HTTP/1.1" 200 61573 "-" "Mozilla/5.0 (Windows NT 10.0; Win64; x64; rv:133.0) Gecko/20100101 Firefox/133.0"
45.137.212.13 - - [30/Jul/2026:21:35:11 +0000] "GET /wp-admin/admin-ajax.php?action=rest-nonce HTTP/1.1" 400 433 "-" "Mozilla/5.0 (Windows NT 10.0; Win64; x64; rv:133.0) Gecko/20100101 Firefox/133.0"
45.137.212.13 - - [30/Jul/2026:21:35:11 +0000] "GET /wp-admin/admin-ajax.php?action=rest-nonce HTTP/1.1" 200 326 "-" "Mozilla/5.0 (Windows NT 10.0; Win64; x64; rv:133.0) Gecko/20100101 Firefox/133.0"
45.137.212.13 - - [30/Jul/2026:21:35:11 +0000] "GET /wp-admin/admin-ajax.php?action=rest-nonce HTTP/1.1" 400 433 "-" "Mozilla/5.0 (Windows NT 10.0; Win64; x64; rv:133.0) Gecko/20100101 Firefox/133.0"
184.170.249.65 - - [30/Jul/2026:21:35:13 +0000] "GET /index.php?rest_route=/ HTTP/1.1" 200 1306793 "-" "Mozilla/5.0 (Windows NT 10.0; Win64; x64) AppleWebKit/537.36 (KHTML, like Gecko) Chrome/124.0.0.0 Safari/537.36"
106.0.158.114 - - [30/Jul/2026:21:35:28 +0000] "GET /xmlrpc.php HTTP/1.1" 403 118 "-" "Mozilla/5.0 (Macintosh; Intel Mac OS X 10_15_7) AppleWebKit/605.1.15 (KHTML, like Gecko) Version/18.0 Safari/605.1.15"
67.201.33.10 - - [30/Jul/2026:21:35:53 +0000] "GET /xmlrpc.php HTTP/1.1" 403 146 "-" "Mozilla/5.0 (Macintosh; Intel Mac OS X 10_15_7) AppleWebKit/605.1.15 (KHTML, like Gecko) Version/18.0 Safari/605.1.15"
