216.73.216.31 - - [30/Jul/2026:09:29:16 +0000] "GET /?p=751 HTTP/1.1" 301 423 "-" "Mozilla/5.0 AppleWebKit/537.36 (KHTML, like Gecko; compatible; ClaudeBot/1.0; +claudebot@anthropic.com)"
34.22.245.55 - - [30/Jul/2026:09:29:16 +0000] "GET / HTTP/1.1" 200 37104 "-" "Mozilla/5.0 (Windows NT 10.0; Win64; x64) AppleWebKit/537.36 (KHTML, like Gecko) Chrome/126.0.6478.183 Safari/537.36 Edg/126.0.2592.113"
216.73.216.31 - - [30/Jul/2026:09:29:16 +0000] "GET /2026/07/30/4rbet-alternative-name-for-the-popular-online-casino-platform/ HTTP/1.1" 200 27733 "https://moonbloomwalls.com/?p=751" "Mozilla/5.0 AppleWebKit/537.36 (KHTML, like Gecko; compatible; ClaudeBot/1.0; +claudebot@anthropic.com)"
216.73.216.31 - - [30/Jul/2026:09:29:21 +0000] "GET /2026/03/12/exploring-live-dealer-options-at-rocketspin-casino/ HTTP/1.1" 200 26860 "-" "Mozilla/5.0 AppleWebKit/537.36 (KHTML, like Gecko; compatible; ClaudeBot/1.0; +claudebot@anthropic.com)"
85.155.190.233 - - [30/Jul/2026:09:31:17 +0000] "POST /wp-cron.php?doing_wp_cron=1785403877.1713519096374511718750 HTTP/1.1" 200 31 "-" "WordPress/7.0; https://moonbloomwalls.com"
216.73.216.31 - - [30/Jul/2026:09:31:17 +0000] "GET /2023/11/17/logowanie-do-kasyna-vavada-funkcje-i-opcje/ HTTP/1.1" 200 28185 "-" "Mozilla/5.0 AppleWebKit/537.36 (KHTML, like Gecko; compatible; ClaudeBot/1.0; +claudebot@anthropic.com)"
66.249.64.225 - - [30/Jul/2026:09:31:20 +0000] "GET /2026/07/29/przyszle-aktualizacje-i-funkcje-aplikacji-mostbet-ktore-musisz-znac/feed/ HTTP/1.1" 200 1351 "-" "Mozilla/5.0 (Linux; Android 6.0.1; Nexus 5X Build/MMB29P) AppleWebKit/537.36 (KHTML, like Gecko) Chrome/150.0.7871.186 Mobile Safari/537.36 (compatible; GoogleOther)"
216.73.216.31 - - [30/Jul/2026:09:31:58 +0000] "GET /2026/07/30/mostbet-w-polsce-rejestracja-konta/feed/ HTTP/1.1" 200 1256 "-" "Mozilla/5.0 AppleWebKit/537.36 (KHTML, like Gecko; compatible; ClaudeBot/1.0; +claudebot@anthropic.com)"
216.73.216.31 - - [30/Jul/2026:09:32:00 +0000] "GET /2024/06/09/vavada-besplatne-vrtnje-2026-vodic-za-igrace/ HTTP/1.1" 200 28589 "-" "Mozilla/5.0 AppleWebKit/537.36 (KHTML, like Gecko; compatible; ClaudeBot/1.0; +claudebot@anthropic.com)"
85.155.190.233 - - [30/Jul/2026:09:32:42 +0000] "POST /wp-cron.php?doing_wp_cron=1785403962.6428370475769042968750 HTTP/1.1" 200 31 "-" "WordPress/7.0; https://moonbloomwalls.com"
216.73.216.31 - - [30/Jul/2026:09:32:42 +0000] "GET /2026/04/06/deloro-casino-evaluation-de-ses-offres-promotionnelles-actuelles/ HTTP/1.1" 200 26745 "-" "Mozilla/5.0 AppleWebKit/537.36 (KHTML, like Gecko; compatible; ClaudeBot/1.0; +claudebot@anthropic.com)"
216.73.216.31 - - [30/Jul/2026:09:32:43 +0000] "GET /2026/02/25/comprehensive-insights-into-slot-mafia-casinos-profile/ HTTP/1.1" 200 26829 "-" "Mozilla/5.0 AppleWebKit/537.36 (KHTML, like Gecko; compatible; ClaudeBot/1.0; +claudebot@anthropic.com)"
216.73.216.31 - - [30/Jul/2026:09:32:43 +0000] "GET /2026/07/30/vodka-onlayn-kazino-sposoby-oplaty/feed/ HTTP/1.1" 200 1281 "-" "Mozilla/5.0 AppleWebKit/537.36 (KHTML, like Gecko; compatible; ClaudeBot/1.0; +claudebot@anthropic.com)"
85.155.190.233 - - [30/Jul/2026:09:33:20 +0000] "POST /wp-cron.php?doing_wp_cron=1785404000.5559370517730712890625 HTTP/1.1" 200 31 "-" "WordPress/7.0; https://moonbloomwalls.com"
216.73.216.31 - - [30/Jul/2026:09:33:20 +0000] "GET /2026/07/28/was-sind-die-wettanbieter-ohne-oasis-fur-sportwetten/ HTTP/1.1" 200 28054 "-" "Mozilla/5.0 AppleWebKit/537.36 (KHTML, like Gecko; compatible; ClaudeBot/1.0; +claudebot@anthropic.com)"
216.73.216.31 - - [30/Jul/2026:09:33:21 +0000] "GET /2026/04/23/how-safe-is-your-data-at-orozino-casino/ HTTP/1.1" 200 26987 "-" "Mozilla/5.0 AppleWebKit/537.36 (KHTML, like Gecko; compatible; ClaudeBot/1.0; +claudebot@anthropic.com)"
103.100.235.42 - - [30/Jul/2026:09:33:51 +0000] "GET /reviews/ HTTP/1.1" 200 23499 "-" "Mozilla/5.0 (Macintosh; Intel Mac OS X 10_15_7) AppleWebKit/537.36 (KHTML, like Gecko) Chrome/124.0.0.0 Safari/537.36"
85.155.190.233 - - [30/Jul/2026:09:34:24 +0000] "POST /wp-cron.php?doing_wp_cron=1785404064.5813260078430175781250 HTTP/1.1" 200 31 "-" "WordPress/7.0; https://moonbloomwalls.com"
216.73.216.31 - - [30/Jul/2026:09:34:24 +0000] "GET /2026/04/22/the-world-of-slotozen-a-players-paradise-awaits/ HTTP/1.1" 200 26878 "-" "Mozilla/5.0 AppleWebKit/537.36 (KHTML, like Gecko; compatible; ClaudeBot/1.0; +claudebot@anthropic.com)"
216.73.216.31 - - [30/Jul/2026:09:34:25 +0000] "GET /2026/02/25/amon-casino-un-casino-fiable-avec-des-jeux-varies/ HTTP/1.1" 200 26591 "-" "Mozilla/5.0 AppleWebKit/537.36 (KHTML, like Gecko; compatible; ClaudeBot/1.0; +claudebot@anthropic.com)"
85.155.190.233 - - [30/Jul/2026:09:35:37 +0000] "POST /wp-cron.php?doing_wp_cron=1785404137.5497400760650634765625 HTTP/1.1" 200 31 "-" "WordPress/7.0; https://moonbloomwalls.com"
43.156.228.27 - - [30/Jul/2026:09:35:37 +0000] "GET /2026/03/09/what-can-you-find-in-fafabet9-casinos-lobby/ HTTP/1.1" 200 26709 "-" "Mozilla/5.0 (iPhone; CPU iPhone OS 13_2_3 like Mac OS X) AppleWebKit/605.1.15 (KHTML, like Gecko) Version/13.0.3 Mobile/15E148 Safari/604.1"
85.155.190.233 - - [30/Jul/2026:09:43:11 +0000] "POST /wp-cron.php?doing_wp_cron=1785404591.8824479579925537109375 HTTP/1.1" 200 31 "-" "WordPress/7.0; https://moonbloomwalls.com"
201.178.235.143 - - [30/Jul/2026:09:43:11 +0000] "GET / HTTP/1.1" 200 37104 "-" "Mozilla/5.0 (Windows NT 10.0; Win64; x64) AppleWebKit/537.36 (KHTML, like Gecko) Chrome/120.0.0.0 Safari/537.36"
85.155.190.233 - - [30/Jul/2026:09:45:03 +0000] "POST /wp-cron.php?doing_wp_cron=1785404703.1423840522766113281250 HTTP/1.1" 200 31 "-" "WordPress/7.0; https://moonbloomwalls.com"
43.156.37.91 - - [30/Jul/2026:09:45:03 +0000] "GET /2026/04/19/what-are-the-best-slots-at-goldwin-casino/feed/ HTTP/1.1" 200 1270 "-" "Mozilla/5.0 (iPhone; CPU iPhone OS 13_2_3 like Mac OS X) AppleWebKit/605.1.15 (KHTML, like Gecko) Version/13.0.3 Mobile/15E148 Safari/604.1"
85.155.190.233 - - [30/Jul/2026:09:47:15 +0000] "POST /wp-cron.php?doing_wp_cron=1785404835.0741190910339355468750 HTTP/1.1" 200 31 "-" "WordPress/7.0; https://moonbloomwalls.com"
102.213.251.39 - - [30/Jul/2026:09:47:15 +0000] "GET /faq/ HTTP/1.1" 200 23894 "-" "Mozilla/5.0 (Windows NT 10.0; Win64; x64) AppleWebKit/537.36 (KHTML, like Gecko) Chrome/110.0.0.0 Safari/537.36"
193.24.211.48 - - [30/Jul/2026:09:47:22 +0000] "GET /wp-login.php HTTP/1.1" 200 2473 "-" "Mozilla/5.0 (Windows NT 10.0; Win64; x64; rv:133.0) Gecko/20100101 Firefox/133.0"
193.24.211.48 - - [30/Jul/2026:09:47:22 +0000] "GET /wp-login.php?wp_lang=en_US HTTP/1.1" 200 2473 "-" "Mozilla/5.0 (Windows NT 10.0; Win64; x64) AppleWebKit/537.36 (KHTML, like Gecko) Chrome/124.0.0.0 Safari/537.36"
193.24.211.48 - - [30/Jul/2026:09:47:23 +0000] "POST /wp-login.php HTTP/1.1" 302 423 "https://moonbloomwalls.com/wp-login.php" "Mozilla/5.0 (Windows NT 10.0; Win64; x64) AppleWebKit/537.36 (KHTML, like Gecko) Chrome/124.0.0.0 Safari/537.36"
193.24.211.48 - - [30/Jul/2026:09:47:23 +0000] "GET /wp-admin/ HTTP/1.1" 200 61860 "https://moonbloomwalls.com/wp-login.php" "Mozilla/5.0 (Windows NT 10.0; Win64; x64) AppleWebKit/537.36 (KHTML, like Gecko) Chrome/124.0.0.0 Safari/537.36"
193.24.211.48 - - [30/Jul/2026:09:47:25 +0000] "GET /wp-admin/ HTTP/1.1" 200 61825 "-" "Mozilla/5.0 (Windows NT 10.0; Win64; x64) AppleWebKit/537.36 (KHTML, like Gecko) Chrome/124.0.0.0 Safari/537.36"
193.24.211.48 - - [30/Jul/2026:09:47:28 +0000] "GET /wp-admin/admin-ajax.php?action=rest-nonce HTTP/1.1" 400 433 "-" "Mozilla/5.0 (Windows NT 10.0; Win64; x64) AppleWebKit/537.36 (KHTML, like Gecko) Chrome/124.0.0.0 Safari/537.36"
193.24.211.48 - - [30/Jul/2026:09:47:32 +0000] "GET /wp-admin/plugin-install.php HTTP/1.1" 200 61933 "-" "Mozilla/5.0 (Windows NT 10.0; Win64; x64) AppleWebKit/537.36 (KHTML, like Gecko) Chrome/124.0.0.0 Safari/537.36"
193.24.211.48 - - [30/Jul/2026:09:47:33 +0000] "POST /wp-admin/update.php?action=upload-plugin HTTP/1.1" 200 52834 "https://moonbloomwalls.com/wp-admin/update.php?action=upload-plugin" "Mozilla/5.0 (Windows NT 10.0; Win64; x64) AppleWebKit/537.36 (KHTML, like Gecko) Chrome/124.0.0.0 Safari/537.36"
193.24.211.48 - - [30/Jul/2026:09:47:46 +0000] "GET /wp-login.php HTTP/1.1" 200 2473 "-" "Mozilla/5.0 (Macintosh; Intel Mac OS X 10_15_7) AppleWebKit/605.1.15 (KHTML, like Gecko) Version/18.0 Safari/605.1.15"
193.24.211.48 - - [30/Jul/2026:09:47:48 +0000] "GET /wp-login.php?wp_lang=en_US HTTP/1.1" 200 2473 "-" "Mozilla/5.0 (Macintosh; Intel Mac OS X 10_15_7) AppleWebKit/605.1.15 (KHTML, like Gecko) Version/18.0 Safari/605.1.15"
193.24.211.48 - - [30/Jul/2026:09:47:49 +0000] "POST /wp-login.php HTTP/1.1" 302 423 "https://moonbloomwalls.com/wp-login.php" "Mozilla/5.0 (Macintosh; Intel Mac OS X 10_15_7) AppleWebKit/605.1.15 (KHTML, like Gecko) Version/18.0 Safari/605.1.15"
193.24.211.48 - - [30/Jul/2026:09:47:50 +0000] "GET /wp-admin/ HTTP/1.1" 200 61871 "https://moonbloomwalls.com/wp-login.php" "Mozilla/5.0 (Macintosh; Intel Mac OS X 10_15_7) AppleWebKit/605.1.15 (KHTML, like Gecko) Version/18.0 Safari/605.1.15"
193.24.211.48 - - [30/Jul/2026:09:47:51 +0000] "GET /wp-admin/ HTTP/1.1" 200 61853 "-" "Mozilla/5.0 (Macintosh; Intel Mac OS X 10_15_7) AppleWebKit/605.1.15 (KHTML, like Gecko) Version/18.0 Safari/605.1.15"
193.24.211.48 - - [30/Jul/2026:09:47:53 +0000] "GET /wp-admin/admin-ajax.php?action=rest-nonce HTTP/1.1" 400 433 "-" "Mozilla/5.0 (Macintosh; Intel Mac OS X 10_15_7) AppleWebKit/605.1.15 (KHTML, like Gecko) Version/18.0 Safari/605.1.15"
193.24.211.48 - - [30/Jul/2026:09:47:54 +0000] "GET /wp-admin/plugin-install.php HTTP/1.1" 200 61969 "-" "Mozilla/5.0 (Macintosh; Intel Mac OS X 10_15_7) AppleWebKit/605.1.15 (KHTML, like Gecko) Version/18.0 Safari/605.1.15"
193.24.211.48 - - [30/Jul/2026:09:47:55 +0000] "POST /wp-admin/update.php?action=upload-plugin HTTP/1.1" 200 52864 "https://moonbloomwalls.com/wp-admin/update.php?action=upload-plugin" "Mozilla/5.0 (Macintosh; Intel Mac OS X 10_15_7) AppleWebKit/605.1.15 (KHTML, like Gecko) Version/18.0 Safari/605.1.15"
85.155.190.233 - - [30/Jul/2026:09:49:34 +0000] "POST /wp-cron.php?doing_wp_cron=1785404974.4058449268341064453125 HTTP/1.1" 200 31 "-" "WordPress/7.0; https://moonbloomwalls.com"
180.210.165.154 - - [30/Jul/2026:09:49:34 +0000] "GET /wp-login.php HTTP/1.1" 200 2473 "-" "Mozilla/5.0 (Windows NT 10.0; Win64; x64) AppleWebKit/537.36 (KHTML, like Gecko) Chrome/120.0.0.0 Safari/537.36"
180.210.165.154 - - [30/Jul/2026:09:49:35 +0000] "POST /wp-login.php HTTP/1.1" 302 423 "https://moonbloomwalls.com/wp-login.php" "Mozilla/5.0 (Windows NT 10.0; Win64; x64) AppleWebKit/537.36 (KHTML, like Gecko) Chrome/120.0.0.0 Safari/537.36"
180.210.165.154 - - [30/Jul/2026:09:49:39 +0000] "GET /wp-admin/ HTTP/1.1" 200 61858 "https://moonbloomwalls.com/wp-login.php" "Mozilla/5.0 (Windows NT 10.0; Win64; x64) AppleWebKit/537.36 (KHTML, like Gecko) Chrome/120.0.0.0 Safari/537.36"
103.111.122.168 - - [30/Jul/2026:09:49:42 +0000] "GET /wp-admin/ HTTP/1.1" 200 61842 "-" "Mozilla/5.0 (Windows NT 10.0; Win64; x64) AppleWebKit/537.36 (KHTML, like Gecko) Chrome/120.0.0.0 Safari/537.36"
103.111.122.168 - - [30/Jul/2026:09:49:44 +0000] "GET /wp-admin/post-new.php HTTP/1.1" 200 197629 "-" "Mozilla/5.0 (Windows NT 10.0; Win64; x64) AppleWebKit/537.36 (KHTML, like Gecko) Chrome/120.0.0.0 Safari/537.36"
103.111.122.168 - - [30/Jul/2026:09:49:45 +0000] "POST /xmlrpc.php HTTP/1.1" 403 118 "-" "WordPress/5.0; https://moonbloomwalls.com"
103.111.122.168 - - [30/Jul/2026:09:49:46 +0000] "GET /wp-admin/admin-ajax.php?action=rest-nonce HTTP/1.1" 200 325 "-" "Mozilla/5.0 (Windows NT 10.0; Win64; x64) AppleWebKit/537.36 (KHTML, like Gecko) Chrome/120.0.0.0 Safari/537.36"
103.111.122.168 - - [30/Jul/2026:09:49:47 +0000] "GET /wp-admin/ HTTP/1.1" 200 61842 "-" "Mozilla/5.0 (Windows NT 10.0; Win64; x64) AppleWebKit/537.36 (KHTML, like Gecko) Chrome/120.0.0.0 Safari/537.36"
103.111.122.168 - - [30/Jul/2026:09:49:48 +0000] "GET /wp-json/wp/v2/plugins HTTP/1.1" 200 4818 "-" "Mozilla/5.0 (Windows NT 10.0; Win64; x64) AppleWebKit/537.36 (KHTML, like Gecko) Chrome/120.0.0.0 Safari/537.36"
103.111.122.168 - - [30/Jul/2026:09:49:49 +0000] "GET / HTTP/1.1" 200 39313 "-" "Mozilla/5.0 (Windows NT 10.0; Win64; x64) AppleWebKit/537.36 (KHTML, like Gecko) Chrome/120.0.0.0 Safari/537.36"
103.111.122.168 - - [30/Jul/2026:09:49:50 +0000] "GET /wp-json/wp/v2/settings HTTP/1.1" 200 1250 "-" "Mozilla/5.0 (Windows NT 10.0; Win64; x64) AppleWebKit/537.36 (KHTML, like Gecko) Chrome/120.0.0.0 Safari/537.36"
103.111.122.168 - - [30/Jul/2026:09:49:51 +0000] "GET /wp-json/wp/v2/pages?per_page=100&page=1&orderby=menu_order&order=asc&_fields=id,link,content HTTP/1.1" 200 203089 "-" "Mozilla/5.0 (Windows NT 10.0; Win64; x64) AppleWebKit/537.36 (KHTML, like Gecko) Chrome/120.0.0.0 Safari/537.36"
103.77.2.135 - - [30/Jul/2026:09:49:55 +0000] "GET /wp-login.php HTTP/1.1" 200 2473 "-" "Mozilla/5.0 (Windows NT 10.0; Win64; x64) AppleWebKit/537.36 (KHTML, like Gecko) Chrome/120.0.0.0 Safari/537.36"
103.77.2.135 - - [30/Jul/2026:09:49:56 +0000] "POST /wp-login.php HTTP/1.1" 302 423 "https://moonbloomwalls.com/wp-login.php" "Mozilla/5.0 (Windows NT 10.0; Win64; x64) AppleWebKit/537.36 (KHTML, like Gecko) Chrome/120.0.0.0 Safari/537.36"
103.77.2.135 - - [30/Jul/2026:09:49:57 +0000] "GET /wp-admin/ HTTP/1.1" 200 61861 "https://moonbloomwalls.com/wp-login.php" "Mozilla/5.0 (Windows NT 10.0; Win64; x64) AppleWebKit/537.36 (KHTML, like Gecko) Chrome/120.0.0.0 Safari/537.36"
126.209.75.76 - - [30/Jul/2026:09:50:02 +0000] "GET /wp-admin/ HTTP/1.1" 200 61844 "-" "Mozilla/5.0 (Windows NT 10.0; Win64; x64) AppleWebKit/537.36 (KHTML, like Gecko) Chrome/120.0.0.0 Safari/537.36"
85.155.190.233 - - [30/Jul/2026:09:50:04 +0000] "POST /wp-cron.php?doing_wp_cron=1785405004.6819980144500732421875 HTTP/1.1" 200 31 "-" "WordPress/7.0; https://moonbloomwalls.com"
66.249.64.224 - - [30/Jul/2026:09:50:04 +0000] "GET /category/blazebet/ HTTP/1.1" 200 22696 "-" "Mozilla/5.0 (Linux; Android 6.0.1; Nexus 5X Build/MMB29P) AppleWebKit/537.36 (KHTML, like Gecko) Chrome/150.0.7871.186 Mobile Safari/537.36 (compatible; GoogleOther)"
85.155.190.233 - - [30/Jul/2026:09:50:05 +0000] "POST /wp-cron.php?doing_wp_cron=1785405005.0553719997406005859375 HTTP/1.1" 200 31 "-" "WordPress/7.0; https://moonbloomwalls.com"
126.209.75.76 - - [30/Jul/2026:09:50:05 +0000] "GET /wp-admin/post-new.php HTTP/1.1" 200 197624 "-" "Mozilla/5.0 (Windows NT 10.0; Win64; x64) AppleWebKit/537.36 (KHTML, like Gecko) Chrome/120.0.0.0 Safari/537.36"
66.249.64.224 - - [30/Jul/2026:09:50:07 +0000] "POST /?wc-ajax=get_refreshed_fragments HTTP/1.1" 200 1026 "https://moonbloomwalls.com/category/blazebet/" "Mozilla/5.0 (Linux; Android 6.0.1; Nexus 5X Build/MMB29P) AppleWebKit/537.36 (KHTML, like Gecko) Chrome/150.0.7871.186 Mobile Safari/537.36 (compatible; GoogleOther)"
126.209.75.76 - - [30/Jul/2026:09:50:08 +0000] "POST /xmlrpc.php HTTP/1.1" 403 118 "-" "WordPress/5.0; https://moonbloomwalls.com"
126.209.75.76 - - [30/Jul/2026:09:50:09 +0000] "GET /wp-admin/admin-ajax.php?action=rest-nonce HTTP/1.1" 200 325 "-" "Mozilla/5.0 (Windows NT 10.0; Win64; x64) AppleWebKit/537.36 (KHTML, like Gecko) Chrome/120.0.0.0 Safari/537.36"
126.209.75.76 - - [30/Jul/2026:09:50:09 +0000] "GET /wp-admin/ HTTP/1.1" 200 61843 "-" "Mozilla/5.0 (Windows NT 10.0; Win64; x64) AppleWebKit/537.36 (KHTML, like Gecko) Chrome/120.0.0.0 Safari/537.36"
126.209.75.76 - - [30/Jul/2026:09:50:11 +0000] "GET /wp-json/wp/v2/plugins HTTP/1.1" 200 4818 "-" "Mozilla/5.0 (Windows NT 10.0; Win64; x64) AppleWebKit/537.36 (KHTML, like Gecko) Chrome/120.0.0.0 Safari/537.36"
126.209.75.76 - - [30/Jul/2026:09:50:12 +0000] "GET / HTTP/1.1" 200 39313 "-" "Mozilla/5.0 (Windows NT 10.0; Win64; x64) AppleWebKit/537.36 (KHTML, like Gecko) Chrome/120.0.0.0 Safari/537.36"
126.209.75.76 - - [30/Jul/2026:09:50:13 +0000] "GET /wp-json/wp/v2/settings HTTP/1.1" 200 1250 "-" "Mozilla/5.0 (Windows NT 10.0; Win64; x64) AppleWebKit/537.36 (KHTML, like Gecko) Chrome/120.0.0.0 Safari/537.36"
126.209.75.76 - - [30/Jul/2026:09:50:14 +0000] "GET /wp-json/wp/v2/pages?per_page=100&page=1&orderby=menu_order&order=asc&_fields=id,link,content HTTP/1.1" 200 203089 "-" "Mozilla/5.0 (Windows NT 10.0; Win64; x64) AppleWebKit/537.36 (KHTML, like Gecko) Chrome/120.0.0.0 Safari/537.36"
195.179.199.49 - - [30/Jul/2026:09:50:18 +0000] "GET /wp-login.php HTTP/1.1" 200 2473 "-" "Mozilla/5.0 (Windows NT 10.0; Win64; x64) AppleWebKit/537.36 (KHTML, like Gecko) Chrome/120.0.0.0 Safari/537.36"
195.179.199.49 - - [30/Jul/2026:09:50:19 +0000] "POST /wp-login.php HTTP/1.1" 302 423 "https://moonbloomwalls.com/wp-login.php" "Mozilla/5.0 (Windows NT 10.0; Win64; x64) AppleWebKit/537.36 (KHTML, like Gecko) Chrome/120.0.0.0 Safari/537.36"
195.179.199.49 - - [30/Jul/2026:09:50:20 +0000] "GET /wp-admin/ HTTP/1.1" 200 61863 "https://moonbloomwalls.com/wp-login.php" "Mozilla/5.0 (Windows NT 10.0; Win64; x64) AppleWebKit/537.36 (KHTML, like Gecko) Chrome/120.0.0.0 Safari/537.36"
103.164.199.89 - - [30/Jul/2026:09:50:25 +0000] "GET /wp-admin/ HTTP/1.1" 200 61843 "-" "Mozilla/5.0 (Windows NT 10.0; Win64; x64) AppleWebKit/537.36 (KHTML, like Gecko) Chrome/120.0.0.0 Safari/537.36"
103.164.199.89 - - [30/Jul/2026:09:50:27 +0000] "GET /wp-admin/post-new.php HTTP/1.1" 200 197603 "-" "Mozilla/5.0 (Windows NT 10.0; Win64; x64) AppleWebKit/537.36 (KHTML, like Gecko) Chrome/120.0.0.0 Safari/537.36"
103.164.199.89 - - [30/Jul/2026:09:50:28 +0000] "POST /xmlrpc.php HTTP/1.1" 403 118 "-" "WordPress/5.0; https://moonbloomwalls.com"
103.164.199.89 - - [30/Jul/2026:09:50:29 +0000] "GET /wp-admin/admin-ajax.php?action=rest-nonce HTTP/1.1" 200 325 "-" "Mozilla/5.0 (Windows NT 10.0; Win64; x64) AppleWebKit/537.36 (KHTML, like Gecko) Chrome/120.0.0.0 Safari/537.36"
103.164.199.89 - - [30/Jul/2026:09:50:30 +0000] "GET /wp-admin/ HTTP/1.1" 200 61843 "-" "Mozilla/5.0 (Windows NT 10.0; Win64; x64) AppleWebKit/537.36 (KHTML, like Gecko) Chrome/120.0.0.0 Safari/537.36"
103.164.199.89 - - [30/Jul/2026:09:50:31 +0000] "GET /wp-json/wp/v2/plugins HTTP/1.1" 200 4818 "-" "Mozilla/5.0 (Windows NT 10.0; Win64; x64) AppleWebKit/537.36 (KHTML, like Gecko) Chrome/120.0.0.0 Safari/537.36"
103.164.199.89 - - [30/Jul/2026:09:50:32 +0000] "GET / HTTP/1.1" 200 39313 "-" "Mozilla/5.0 (Windows NT 10.0; Win64; x64) AppleWebKit/537.36 (KHTML, like Gecko) Chrome/120.0.0.0 Safari/537.36"
103.164.199.89 - - [30/Jul/2026:09:50:33 +0000] "GET /wp-json/wp/v2/settings HTTP/1.1" 200 1250 "-" "Mozilla/5.0 (Windows NT 10.0; Win64; x64) AppleWebKit/537.36 (KHTML, like Gecko) Chrome/120.0.0.0 Safari/537.36"
103.164.199.89 - - [30/Jul/2026:09:50:34 +0000] "GET /wp-json/wp/v2/pages?per_page=100&page=1&orderby=menu_order&order=asc&_fields=id,link,content HTTP/1.1" 200 203074 "-" "Mozilla/5.0 (Windows NT 10.0; Win64; x64) AppleWebKit/537.36 (KHTML, like Gecko) Chrome/120.0.0.0 Safari/537.36"
142.154.116.104 - - [30/Jul/2026:09:50:37 +0000] "GET /wp-login.php HTTP/1.1" 200 2473 "-" "Mozilla/5.0 (Windows NT 10.0; Win64; x64) AppleWebKit/537.36 (KHTML, like Gecko) Chrome/120.0.0.0 Safari/537.36"
142.154.116.104 - - [30/Jul/2026:09:50:38 +0000] "POST /wp-login.php HTTP/1.1" 302 423 "https://moonbloomwalls.com/wp-login.php" "Mozilla/5.0 (Windows NT 10.0; Win64; x64) AppleWebKit/537.36 (KHTML, like Gecko) Chrome/120.0.0.0 Safari/537.36"
142.154.116.104 - - [30/Jul/2026:09:50:39 +0000] "GET /wp-admin/ HTTP/1.1" 200 61871 "https://moonbloomwalls.com/wp-login.php" "Mozilla/5.0 (Windows NT 10.0; Win64; x64) AppleWebKit/537.36 (KHTML, like Gecko) Chrome/120.0.0.0 Safari/537.36"
71.162.141.145 - - [30/Jul/2026:09:50:42 +0000] "GET /wp-admin/ HTTP/1.1" 200 61851 "-" "Mozilla/5.0 (Windows NT 10.0; Win64; x64) AppleWebKit/537.36 (KHTML, like Gecko) Chrome/120.0.0.0 Safari/537.36"
71.162.141.145 - - [30/Jul/2026:09:50:43 +0000] "GET /wp-admin/post-new.php HTTP/1.1" 200 197600 "-" "Mozilla/5.0 (Windows NT 10.0; Win64; x64) AppleWebKit/537.36 (KHTML, like Gecko) Chrome/120.0.0.0 Safari/537.36"
71.162.141.145 - - [30/Jul/2026:09:50:45 +0000] "POST /xmlrpc.php HTTP/1.1" 403 118 "-" "WordPress/5.0; https://moonbloomwalls.com"
71.162.141.145 - - [30/Jul/2026:09:50:46 +0000] "GET /wp-admin/admin-ajax.php?action=rest-nonce HTTP/1.1" 200 325 "-" "Mozilla/5.0 (Windows NT 10.0; Win64; x64) AppleWebKit/537.36 (KHTML, like Gecko) Chrome/120.0.0.0 Safari/537.36"
71.162.141.145 - - [30/Jul/2026:09:50:47 +0000] "GET /wp-admin/ HTTP/1.1" 200 61851 "-" "Mozilla/5.0 (Windows NT 10.0; Win64; x64) AppleWebKit/537.36 (KHTML, like Gecko) Chrome/120.0.0.0 Safari/537.36"
71.162.141.145 - - [30/Jul/2026:09:50:48 +0000] "GET /wp-json/wp/v2/plugins HTTP/1.1" 200 4824 "-" "Mozilla/5.0 (Windows NT 10.0; Win64; x64) AppleWebKit/537.36 (KHTML, like Gecko) Chrome/120.0.0.0 Safari/537.36"
71.162.141.145 - - [30/Jul/2026:09:50:49 +0000] "GET / HTTP/1.1" 200 39312 "-" "Mozilla/5.0 (Windows NT 10.0; Win64; x64) AppleWebKit/537.36 (KHTML, like Gecko) Chrome/120.0.0.0 Safari/537.36"
71.162.141.145 - - [30/Jul/2026:09:50:50 +0000] "GET /wp-json/wp/v2/settings HTTP/1.1" 200 1250 "-" "Mozilla/5.0 (Windows NT 10.0; Win64; x64) AppleWebKit/537.36 (KHTML, like Gecko) Chrome/120.0.0.0 Safari/537.36"
71.162.141.145 - - [30/Jul/2026:09:50:51 +0000] "GET /wp-json/wp/v2/pages?per_page=100&page=1&orderby=menu_order&order=asc&_fields=id,link,content HTTP/1.1" 200 203089 "-" "Mozilla/5.0 (Windows NT 10.0; Win64; x64) AppleWebKit/537.36 (KHTML, like Gecko) Chrome/120.0.0.0 Safari/537.36"
179.125.165.64 - - [30/Jul/2026:09:50:55 +0000] "GET /wp-login.php HTTP/1.1" 200 2473 "-" "Mozilla/5.0 (Windows NT 10.0; Win64; x64) AppleWebKit/537.36 (KHTML, like Gecko) Chrome/120.0.0.0 Safari/537.36"
179.125.165.64 - - [30/Jul/2026:09:50:56 +0000] "POST /wp-login.php HTTP/1.1" 302 423 "https://moonbloomwalls.com/wp-login.php" "Mozilla/5.0 (Windows NT 10.0; Win64; x64) AppleWebKit/537.36 (KHTML, like Gecko) Chrome/120.0.0.0 Safari/537.36"
179.125.165.64 - - [30/Jul/2026:09:50:57 +0000] "GET /wp-admin/ HTTP/1.1" 200 61852 "https://moonbloomwalls.com/wp-login.php" "Mozilla/5.0 (Windows NT 10.0; Win64; x64) AppleWebKit/537.36 (KHTML, like Gecko) Chrome/120.0.0.0 Safari/537.36"
197.128.196.94 - - [30/Jul/2026:09:51:01 +0000] "GET /wp-admin/ HTTP/1.1" 200 61831 "-" "Mozilla/5.0 (Windows NT 10.0; Win64; x64) AppleWebKit/537.36 (KHTML, like Gecko) Chrome/120.0.0.0 Safari/537.36"
197.128.196.94 - - [30/Jul/2026:09:51:03 +0000] "GET /wp-admin/post-new.php HTTP/1.1" 200 197632 "-" "Mozilla/5.0 (Windows NT 10.0; Win64; x64) AppleWebKit/537.36 (KHTML, like Gecko) Chrome/120.0.0.0 Safari/537.36"
197.128.196.94 - - [30/Jul/2026:09:51:06 +0000] "POST /xmlrpc.php HTTP/1.1" 403 118 "-" "WordPress/5.0; https://moonbloomwalls.com"
85.155.190.233 - - [30/Jul/2026:09:51:07 +0000] "POST /wp-cron.php?doing_wp_cron=1785405067.3620440959930419921875 HTTP/1.1" 200 31 "-" "WordPress/7.0; https://moonbloomwalls.com"
197.128.196.94 - - [30/Jul/2026:09:51:07 +0000] "GET /wp-admin/admin-ajax.php?action=rest-nonce HTTP/1.1" 200 326 "-" "Mozilla/5.0 (Windows NT 10.0; Win64; x64) AppleWebKit/537.36 (KHTML, like Gecko) Chrome/120.0.0.0 Safari/537.36"
197.128.196.94 - - [30/Jul/2026:09:51:08 +0000] "GET /wp-admin/ HTTP/1.1" 200 61832 "-" "Mozilla/5.0 (Windows NT 10.0; Win64; x64) AppleWebKit/537.36 (KHTML, like Gecko) Chrome/120.0.0.0 Safari/537.36"
197.128.196.94 - - [30/Jul/2026:09:51:10 +0000] "GET /wp-json/wp/v2/plugins HTTP/1.1" 200 4818 "-" "Mozilla/5.0 (Windows NT 10.0; Win64; x64) AppleWebKit/537.36 (KHTML, like Gecko) Chrome/120.0.0.0 Safari/537.36"
197.128.196.94 - - [30/Jul/2026:09:51:11 +0000] "GET / HTTP/1.1" 200 39312 "-" "Mozilla/5.0 (Windows NT 10.0; Win64; x64) AppleWebKit/537.36 (KHTML, like Gecko) Chrome/120.0.0.0 Safari/537.36"
197.128.196.94 - - [30/Jul/2026:09:51:13 +0000] "GET /wp-json/wp/v2/settings HTTP/1.1" 200 1250 "-" "Mozilla/5.0 (Windows NT 10.0; Win64; x64) AppleWebKit/537.36 (KHTML, like Gecko) Chrome/120.0.0.0 Safari/537.36"
197.128.196.94 - - [30/Jul/2026:09:51:14 +0000] "GET /wp-json/wp/v2/pages?per_page=100&page=1&orderby=menu_order&order=asc&_fields=id,link,content HTTP/1.1" 200 203074 "-" "Mozilla/5.0 (Windows NT 10.0; Win64; x64) AppleWebKit/537.36 (KHTML, like Gecko) Chrome/120.0.0.0 Safari/537.36"
14.228.16.91 - - [30/Jul/2026:09:51:40 +0000] "GET /product-category/weltall/ HTTP/1.1" 200 24058 "-" "Mozilla/5.0 (Windows NT 10.0; Win64; x64) AppleWebKit/537.36 (KHTML, like Gecko) Chrome/99.0.4844.51 Safari/537.36"
85.155.190.233 - - [30/Jul/2026:09:54:05 +0000] "POST /wp-cron.php?doing_wp_cron=1785405245.3631179332733154296875 HTTP/1.1" 200 31 "-" "WordPress/7.0; https://moonbloomwalls.com"
105.112.39.94 - - [30/Jul/2026:09:54:05 +0000] "GET /services/ HTTP/1.1" 200 25063 "-" "Mozilla/5.0 (Macintosh; Intel Mac OS X 10_15_7) AppleWebKit/537.36 (KHTML, like Gecko) Chrome/131.0.0.0 Safari/537.36"
176.236.199.212 - - [30/Jul/2026:09:54:35 +0000] "GET /wp-login.php HTTP/1.1" 200 2473 "-" "Mozilla/5.0 (Windows NT 10.0; Win64; x64) AppleWebKit/537.36 (KHTML, like Gecko) Chrome/120.0.0.0 Safari/537.36"
176.236.199.212 - - [30/Jul/2026:09:54:36 +0000] "POST /wp-login.php HTTP/1.1" 302 423 "https://moonbloomwalls.com/wp-login.php" "Mozilla/5.0 (Windows NT 10.0; Win64; x64) AppleWebKit/537.36 (KHTML, like Gecko) Chrome/120.0.0.0 Safari/537.36"
176.236.199.212 - - [30/Jul/2026:09:54:37 +0000] "GET /wp-admin/ HTTP/1.1" 200 61864 "https://moonbloomwalls.com/wp-login.php" "Mozilla/5.0 (Windows NT 10.0; Win64; x64) AppleWebKit/537.36 (KHTML, like Gecko) Chrome/120.0.0.0 Safari/537.36"
103.160.82.167 - - [30/Jul/2026:09:54:42 +0000] "GET /wp-admin/ HTTP/1.1" 200 61840 "-" "Mozilla/5.0 (Windows NT 10.0; Win64; x64) AppleWebKit/537.36 (KHTML, like Gecko) Chrome/120.0.0.0 Safari/537.36"
103.160.82.167 - - [30/Jul/2026:09:54:44 +0000] "GET /wp-admin/post-new.php HTTP/1.1" 200 197602 "-" "Mozilla/5.0 (Windows NT 10.0; Win64; x64) AppleWebKit/537.36 (KHTML, like Gecko) Chrome/120.0.0.0 Safari/537.36"
103.160.82.167 - - [30/Jul/2026:09:54:48 +0000] "POST /xmlrpc.php HTTP/1.1" 403 118 "-" "WordPress/5.0; https://moonbloomwalls.com"
103.160.82.167 - - [30/Jul/2026:09:54:49 +0000] "GET /wp-admin/admin-ajax.php?action=rest-nonce HTTP/1.1" 200 325 "-" "Mozilla/5.0 (Windows NT 10.0; Win64; x64) AppleWebKit/537.36 (KHTML, like Gecko) Chrome/120.0.0.0 Safari/537.36"
103.160.82.167 - - [30/Jul/2026:09:54:51 +0000] "GET /wp-admin/ HTTP/1.1" 200 61839 "-" "Mozilla/5.0 (Windows NT 10.0; Win64; x64) AppleWebKit/537.36 (KHTML, like Gecko) Chrome/120.0.0.0 Safari/537.36"
103.160.82.167 - - [30/Jul/2026:09:54:53 +0000] "GET /wp-json/wp/v2/plugins HTTP/1.1" 200 4818 "-" "Mozilla/5.0 (Windows NT 10.0; Win64; x64) AppleWebKit/537.36 (KHTML, like Gecko) Chrome/120.0.0.0 Safari/537.36"
103.160.82.167 - - [30/Jul/2026:09:54:55 +0000] "GET / HTTP/1.1" 200 39315 "-" "Mozilla/5.0 (Windows NT 10.0; Win64; x64) AppleWebKit/537.36 (KHTML, like Gecko) Chrome/120.0.0.0 Safari/537.36"
103.160.82.167 - - [30/Jul/2026:09:54:57 +0000] "GET /wp-json/wp/v2/settings HTTP/1.1" 200 1250 "-" "Mozilla/5.0 (Windows NT 10.0; Win64; x64) AppleWebKit/537.36 (KHTML, like Gecko) Chrome/120.0.0.0 Safari/537.36"
47.254.92.190 - - [30/Jul/2026:09:54:59 +0000] "GET /2026/04/19/what-are-the-best-slots-at-goldwin-casino/ HTTP/1.1" 200 26683 "-" "Mozilla/5.0 (iPhone; CPU iPhone OS 13_2_3 like Mac OS X) AppleWebKit/605.1.15 (KHTML, like Gecko) Version/13.0.3 Mobile/15E148 Safari/604.1"
103.160.82.167 - - [30/Jul/2026:09:54:59 +0000] "GET /wp-json/wp/v2/pages?per_page=100&page=1&orderby=menu_order&order=asc&_fields=id,link,content HTTP/1.1" 200 203089 "-" "Mozilla/5.0 (Windows NT 10.0; Win64; x64) AppleWebKit/537.36 (KHTML, like Gecko) Chrome/120.0.0.0 Safari/537.36"
85.155.190.233 - - [30/Jul/2026:09:55:04 +0000] "POST /wp-cron.php?doing_wp_cron=1785405304.8770780563354492187500 HTTP/1.1" 200 31 "-" "WordPress/7.0; https://moonbloomwalls.com"
70.51.54.196 - - [30/Jul/2026:09:55:04 +0000] "GET /wp-login.php HTTP/1.1" 200 2473 "-" "Mozilla/5.0 (Windows NT 10.0; Win64; x64) AppleWebKit/537.36 (KHTML, like Gecko) Chrome/120.0.0.0 Safari/537.36"
70.51.54.196 - - [30/Jul/2026:09:55:06 +0000] "POST /wp-login.php HTTP/1.1" 302 423 "https://moonbloomwalls.com/wp-login.php" "Mozilla/5.0 (Windows NT 10.0; Win64; x64) AppleWebKit/537.36 (KHTML, like Gecko) Chrome/120.0.0.0 Safari/537.36"
70.51.54.196 - - [30/Jul/2026:09:55:08 +0000] "GET /wp-admin/ HTTP/1.1" 200 61843 "https://moonbloomwalls.com/wp-login.php" "Mozilla/5.0 (Windows NT 10.0; Win64; x64) AppleWebKit/537.36 (KHTML, like Gecko) Chrome/120.0.0.0 Safari/537.36"
131.222.251.80 - - [30/Jul/2026:09:55:13 +0000] "GET /wp-admin/ HTTP/1.1" 200 61825 "-" "Mozilla/5.0 (Windows NT 10.0; Win64; x64) AppleWebKit/537.36 (KHTML, like Gecko) Chrome/120.0.0.0 Safari/537.36"
131.222.251.80 - - [30/Jul/2026:09:55:18 +0000] "GET /wp-admin/post-new.php HTTP/1.1" 200 197639 "-" "Mozilla/5.0 (Windows NT 10.0; Win64; x64) AppleWebKit/537.36 (KHTML, like Gecko) Chrome/120.0.0.0 Safari/537.36"
131.222.251.80 - - [30/Jul/2026:09:55:24 +0000] "POST /xmlrpc.php HTTP/1.1" 403 118 "-" "WordPress/5.0; https://moonbloomwalls.com"
131.222.251.80 - - [30/Jul/2026:09:55:26 +0000] "GET /wp-admin/admin-ajax.php?action=rest-nonce HTTP/1.1" 200 325 "-" "Mozilla/5.0 (Windows NT 10.0; Win64; x64) AppleWebKit/537.36 (KHTML, like Gecko) Chrome/120.0.0.0 Safari/537.36"
131.222.251.80 - - [30/Jul/2026:09:55:28 +0000] "GET /wp-admin/ HTTP/1.1" 200 61822 "-" "Mozilla/5.0 (Windows NT 10.0; Win64; x64) AppleWebKit/537.36 (KHTML, like Gecko) Chrome/120.0.0.0 Safari/537.36"
131.222.251.80 - - [30/Jul/2026:09:55:33 +0000] "GET /wp-json/wp/v2/plugins HTTP/1.1" 200 4818 "-" "Mozilla/5.0 (Windows NT 10.0; Win64; x64) AppleWebKit/537.36 (KHTML, like Gecko) Chrome/120.0.0.0 Safari/537.36"
131.222.251.80 - - [30/Jul/2026:09:55:35 +0000] "GET / HTTP/1.1" 200 39315 "-" "Mozilla/5.0 (Windows NT 10.0; Win64; x64) AppleWebKit/537.36 (KHTML, like Gecko) Chrome/120.0.0.0 Safari/537.36"
131.222.251.80 - - [30/Jul/2026:09:55:38 +0000] "GET /wp-json/wp/v2/settings HTTP/1.1" 200 1250 "-" "Mozilla/5.0 (Windows NT 10.0; Win64; x64) AppleWebKit/537.36 (KHTML, like Gecko) Chrome/120.0.0.0 Safari/537.36"
103.83.148.10 - - [30/Jul/2026:09:55:59 +0000] "GET /wp-login.php HTTP/1.1" 200 2473 "-" "Mozilla/5.0 (Windows NT 10.0; Win64; x64) AppleWebKit/537.36 (KHTML, like Gecko) Chrome/120.0.0.0 Safari/537.36"
103.83.148.10 - - [30/Jul/2026:09:56:01 +0000] "POST /wp-login.php HTTP/1.1" 302 423 "https://moonbloomwalls.com/wp-login.php" "Mozilla/5.0 (Windows NT 10.0; Win64; x64) AppleWebKit/537.36 (KHTML, like Gecko) Chrome/120.0.0.0 Safari/537.36"
103.83.148.10 - - [30/Jul/2026:09:56:02 +0000] "GET /wp-admin/ HTTP/1.1" 200 61864 "https://moonbloomwalls.com/wp-login.php" "Mozilla/5.0 (Windows NT 10.0; Win64; x64) AppleWebKit/537.36 (KHTML, like Gecko) Chrome/120.0.0.0 Safari/537.36"
85.155.190.233 - - [30/Jul/2026:09:56:07 +0000] "POST /wp-cron.php?doing_wp_cron=1785405367.0769119262695312500000 HTTP/1.1" 200 31 "-" "WordPress/7.0; https://moonbloomwalls.com"
73.241.145.60 - - [30/Jul/2026:09:56:07 +0000] "GET /wp-admin/ HTTP/1.1" 200 61848 "-" "Mozilla/5.0 (Windows NT 10.0; Win64; x64) AppleWebKit/537.36 (KHTML, like Gecko) Chrome/120.0.0.0 Safari/537.36"
73.241.145.60 - - [30/Jul/2026:09:56:09 +0000] "GET /wp-admin/post-new.php HTTP/1.1" 200 197598 "-" "Mozilla/5.0 (Windows NT 10.0; Win64; x64) AppleWebKit/537.36 (KHTML, like Gecko) Chrome/120.0.0.0 Safari/537.36"
73.241.145.60 - - [30/Jul/2026:09:56:12 +0000] "POST /xmlrpc.php HTTP/1.1" 403 118 "-" "WordPress/5.0; https://moonbloomwalls.com"
73.241.145.60 - - [30/Jul/2026:09:56:13 +0000] "GET /wp-admin/admin-ajax.php?action=rest-nonce HTTP/1.1" 200 325 "-" "Mozilla/5.0 (Windows NT 10.0; Win64; x64) AppleWebKit/537.36 (KHTML, like Gecko) Chrome/120.0.0.0 Safari/537.36"
73.241.145.60 - - [30/Jul/2026:09:56:14 +0000] "GET /wp-admin/ HTTP/1.1" 200 61848 "-" "Mozilla/5.0 (Windows NT 10.0; Win64; x64) AppleWebKit/537.36 (KHTML, like Gecko) Chrome/120.0.0.0 Safari/537.36"
73.241.145.60 - - [30/Jul/2026:09:56:15 +0000] "GET /wp-json/wp/v2/plugins HTTP/1.1" 200 4818 "-" "Mozilla/5.0 (Windows NT 10.0; Win64; x64) AppleWebKit/537.36 (KHTML, like Gecko) Chrome/120.0.0.0 Safari/537.36"
73.241.145.60 - - [30/Jul/2026:09:56:17 +0000] "GET / HTTP/1.1" 200 39315 "-" "Mozilla/5.0 (Windows NT 10.0; Win64; x64) AppleWebKit/537.36 (KHTML, like Gecko) Chrome/120.0.0.0 Safari/537.36"
73.241.145.60 - - [30/Jul/2026:09:56:19 +0000] "GET /wp-json/wp/v2/settings HTTP/1.1" 200 1250 "-" "Mozilla/5.0 (Windows NT 10.0; Win64; x64) AppleWebKit/537.36 (KHTML, like Gecko) Chrome/120.0.0.0 Safari/537.36"
73.241.145.60 - - [30/Jul/2026:09:56:20 +0000] "GET /wp-json/wp/v2/pages?per_page=100&page=1&orderby=menu_order&order=asc&_fields=id,link,content HTTP/1.1" 200 203089 "-" "Mozilla/5.0 (Windows NT 10.0; Win64; x64) AppleWebKit/537.36 (KHTML, like Gecko) Chrome/120.0.0.0 Safari/537.36"
66.249.64.226 - - [30/Jul/2026:09:56:21 +0000] "GET /category/blazebet/feed/ HTTP/1.1" 200 15302 "-" "Mozilla/5.0 (Linux; Android 6.0.1; Nexus 5X Build/MMB29P) AppleWebKit/537.36 (KHTML, like Gecko) Chrome/150.0.7871.186 Mobile Safari/537.36 (compatible; GoogleOther)"
181.189.121.177 - - [30/Jul/2026:09:56:25 +0000] "GET /wp-login.php HTTP/1.1" 200 2473 "-" "Mozilla/5.0 (Windows NT 10.0; Win64; x64) AppleWebKit/537.36 (KHTML, like Gecko) Chrome/120.0.0.0 Safari/537.36"
181.189.121.177 - - [30/Jul/2026:09:56:27 +0000] "POST /wp-login.php HTTP/1.1" 302 423 "https://moonbloomwalls.com/wp-login.php" "Mozilla/5.0 (Windows NT 10.0; Win64; x64) AppleWebKit/537.36 (KHTML, like Gecko) Chrome/120.0.0.0 Safari/537.36"
181.189.121.177 - - [30/Jul/2026:09:56:29 +0000] "GET /wp-admin/ HTTP/1.1" 200 61848 "https://moonbloomwalls.com/wp-login.php" "Mozilla/5.0 (Windows NT 10.0; Win64; x64) AppleWebKit/537.36 (KHTML, like Gecko) Chrome/120.0.0.0 Safari/537.36"
85.102.96.155 - - [30/Jul/2026:09:56:33 +0000] "GET /wp-admin/ HTTP/1.1" 200 61831 "-" "Mozilla/5.0 (Windows NT 10.0; Win64; x64) AppleWebKit/537.36 (KHTML, like Gecko) Chrome/120.0.0.0 Safari/537.36"
85.102.96.155 - - [30/Jul/2026:09:56:36 +0000] "GET /wp-admin/post-new.php HTTP/1.1" 200 197591 "-" "Mozilla/5.0 (Windows NT 10.0; Win64; x64) AppleWebKit/537.36 (KHTML, like Gecko) Chrome/120.0.0.0 Safari/537.36"
85.102.96.155 - - [30/Jul/2026:09:56:39 +0000] "POST /xmlrpc.php HTTP/1.1" 403 118 "-" "WordPress/5.0; https://moonbloomwalls.com"
85.102.96.155 - - [30/Jul/2026:09:56:40 +0000] "GET /wp-admin/admin-ajax.php?action=rest-nonce HTTP/1.1" 200 325 "-" "Mozilla/5.0 (Windows NT 10.0; Win64; x64) AppleWebKit/537.36 (KHTML, like Gecko) Chrome/120.0.0.0 Safari/537.36"
85.102.96.155 - - [30/Jul/2026:09:56:42 +0000] "GET /wp-admin/ HTTP/1.1" 200 61827 "-" "Mozilla/5.0 (Windows NT 10.0; Win64; x64) AppleWebKit/537.36 (KHTML, like Gecko) Chrome/120.0.0.0 Safari/537.36"
85.102.96.155 - - [30/Jul/2026:09:56:43 +0000] "GET /wp-json/wp/v2/plugins HTTP/1.1" 200 4818 "-" "Mozilla/5.0 (Windows NT 10.0; Win64; x64) AppleWebKit/537.36 (KHTML, like Gecko) Chrome/120.0.0.0 Safari/537.36"
85.102.96.155 - - [30/Jul/2026:09:56:45 +0000] "GET / HTTP/1.1" 200 39314 "-" "Mozilla/5.0 (Windows NT 10.0; Win64; x64) AppleWebKit/537.36 (KHTML, like Gecko) Chrome/120.0.0.0 Safari/537.36"
85.102.96.155 - - [30/Jul/2026:09:56:47 +0000] "GET /wp-json/wp/v2/settings HTTP/1.1" 200 1250 "-" "Mozilla/5.0 (Windows NT 10.0; Win64; x64) AppleWebKit/537.36 (KHTML, like Gecko) Chrome/120.0.0.0 Safari/537.36"
85.102.96.155 - - [30/Jul/2026:09:56:48 +0000] "GET /wp-json/wp/v2/pages?per_page=100&page=1&orderby=menu_order&order=asc&_fields=id,link,content HTTP/1.1" 200 203074 "-" "Mozilla/5.0 (Windows NT 10.0; Win64; x64) AppleWebKit/537.36 (KHTML, like Gecko) Chrome/120.0.0.0 Safari/537.36"
196.189.16.82 - - [30/Jul/2026:09:56:53 +0000] "GET /wp-login.php HTTP/1.1" 200 2473 "-" "Mozilla/5.0 (Windows NT 10.0; Win64; x64) AppleWebKit/537.36 (KHTML, like Gecko) Chrome/120.0.0.0 Safari/537.36"
196.189.16.82 - - [30/Jul/2026:09:56:56 +0000] "POST /wp-login.php HTTP/1.1" 302 423 "https://moonbloomwalls.com/wp-login.php" "Mozilla/5.0 (Windows NT 10.0; Win64; x64) AppleWebKit/537.36 (KHTML, like Gecko) Chrome/120.0.0.0 Safari/537.36"
196.189.16.82 - - [30/Jul/2026:09:56:59 +0000] "GET /wp-admin/ HTTP/1.1" 200 61841 "https://moonbloomwalls.com/wp-login.php" "Mozilla/5.0 (Windows NT 10.0; Win64; x64) AppleWebKit/537.36 (KHTML, like Gecko) Chrome/120.0.0.0 Safari/537.36"
85.155.190.233 - - [30/Jul/2026:09:57:03 +0000] "POST /wp-cron.php?doing_wp_cron=1785405423.5646450519561767578125 HTTP/1.1" 200 31 "-" "WordPress/7.0; https://moonbloomwalls.com"
103.222.23.251 - - [30/Jul/2026:09:57:03 +0000] "GET /wp-admin/ HTTP/1.1" 200 61824 "-" "Mozilla/5.0 (Windows NT 10.0; Win64; x64) AppleWebKit/537.36 (KHTML, like Gecko) Chrome/120.0.0.0 Safari/537.36"
186.122.225.117 - - [30/Jul/2026:09:57:05 +0000] "GET /cart/ HTTP/1.1" 404 21281 "-" "Mozilla/5.0 (Macintosh; Intel Mac OS X 10_15_7) AppleWebKit/537.36 (KHTML, like Gecko) Chrome/119.0.0.0 Safari/537.36"
103.222.23.251 - - [30/Jul/2026:09:57:06 +0000] "GET /wp-admin/post-new.php HTTP/1.1" 200 197585 "-" "Mozilla/5.0 (Windows NT 10.0; Win64; x64) AppleWebKit/537.36 (KHTML, like Gecko) Chrome/120.0.0.0 Safari/537.36"
152.249.161.84 - - [30/Jul/2026:09:57:08 +0000] "GET /cart/ HTTP/1.1" 404 21281 "-" "Mozilla/5.0 (Windows NT 10.0; Win64; x64) AppleWebKit/537.36 (KHTML, like Gecko) Chrome/116.0.0.0 Safari/537.36"
103.222.23.251 - - [30/Jul/2026:09:57:09 +0000] "POST /xmlrpc.php HTTP/1.1" 403 118 "-" "WordPress/5.0; https://moonbloomwalls.com"
103.222.23.251 - - [30/Jul/2026:09:57:10 +0000] "GET /wp-admin/admin-ajax.php?action=rest-nonce HTTP/1.1" 200 326 "-" "Mozilla/5.0 (Windows NT 10.0; Win64; x64) AppleWebKit/537.36 (KHTML, like Gecko) Chrome/120.0.0.0 Safari/537.36"
186.123.212.91 - - [30/Jul/2026:09:57:11 +0000] "GET /cart/ HTTP/1.1" 404 21281 "-" "Mozilla/5.0 (Windows NT 10.0; Win64; x64) AppleWebKit/537.36 (KHTML, like Gecko) Chrome/99.0.4844.51 Safari/537.36"
103.222.23.251 - - [30/Jul/2026:09:57:12 +0000] "GET /wp-admin/ HTTP/1.1" 200 61821 "-" "Mozilla/5.0 (Windows NT 10.0; Win64; x64) AppleWebKit/537.36 (KHTML, like Gecko) Chrome/120.0.0.0 Safari/537.36"
103.222.23.251 - - [30/Jul/2026:09:57:14 +0000] "GET /wp-json/wp/v2/plugins HTTP/1.1" 200 4818 "-" "Mozilla/5.0 (Windows NT 10.0; Win64; x64) AppleWebKit/537.36 (KHTML, like Gecko) Chrome/120.0.0.0 Safari/537.36"
103.222.23.251 - - [30/Jul/2026:09:57:16 +0000] "GET / HTTP/1.1" 200 39315 "-" "Mozilla/5.0 (Windows NT 10.0; Win64; x64) AppleWebKit/537.36 (KHTML, like Gecko) Chrome/120.0.0.0 Safari/537.36"
103.222.23.251 - - [30/Jul/2026:09:57:17 +0000] "GET /wp-json/wp/v2/settings HTTP/1.1" 200 1250 "-" "Mozilla/5.0 (Windows NT 10.0; Win64; x64) AppleWebKit/537.36 (KHTML, like Gecko) Chrome/120.0.0.0 Safari/537.36"
103.222.23.251 - - [30/Jul/2026:09:57:19 +0000] "GET /wp-json/wp/v2/pages?per_page=100&page=1&orderby=menu_order&order=asc&_fields=id,link,content HTTP/1.1" 200 203074 "-" "Mozilla/5.0 (Windows NT 10.0; Win64; x64) AppleWebKit/537.36 (KHTML, like Gecko) Chrome/120.0.0.0 Safari/537.36"
66.249.64.225 - - [30/Jul/2026:09:57:34 +0000] "GET /2026/07/29/inchiesta-sui-casino-italiani-non-aams-qual-e-la-verita/ HTTP/1.1" 200 28101 "-" "Mozilla/5.0 (Linux; Android 6.0.1; Nexus 5X Build/MMB29P) AppleWebKit/537.36 (KHTML, like Gecko) Chrome/150.0.7871.186 Mobile Safari/537.36 (compatible; GoogleOther)"
66.249.64.224 - - [30/Jul/2026:09:57:36 +0000] "POST /?wc-ajax=get_refreshed_fragments HTTP/1.1" 200 1026 "https://moonbloomwalls.com/2026/07/29/inchiesta-sui-casino-italiani-non-aams-qual-e-la-verita/" "Mozilla/5.0 (Linux; Android 6.0.1; Nexus 5X Build/MMB29P) AppleWebKit/537.36 (KHTML, like Gecko) Chrome/150.0.7871.186 Mobile Safari/537.36 (compatible; GoogleOther)"
85.155.190.233 - - [30/Jul/2026:10:04:39 +0000] "POST /wp-cron.php?doing_wp_cron=1785405879.1020350456237792968750 HTTP/1.1" 200 31 "-" "WordPress/7.0; https://moonbloomwalls.com"
45.161.178.44 - - [30/Jul/2026:10:04:39 +0000] "GET /contact/ HTTP/1.1" 200 23047 "-" "Mozilla/5.0 (Macintosh; Intel Mac OS X 10_15_7) AppleWebKit/537.36 (KHTML, like Gecko) Chrome/120.0.0.0 Safari/537.36"
85.155.190.233 - - [30/Jul/2026:10:05:58 +0000] "POST /wp-cron.php?doing_wp_cron=1785405958.7196679115295410156250 HTTP/1.1" 200 31 "-" "WordPress/7.0; https://moonbloomwalls.com"
43.159.143.187 - - [30/Jul/2026:10:05:58 +0000] "GET / HTTP/1.1" 200 37104 "http://moonbloomwalls.com" "Mozilla/5.0 (iPhone; CPU iPhone OS 13_2_3 like Mac OS X) AppleWebKit/605.1.15 (KHTML, like Gecko) Version/13.0.3 Mobile/15E148 Safari/604.1"
85.155.190.233 - - [30/Jul/2026:10:06:43 +0000] "POST /wp-cron.php?doing_wp_cron=1785406003.1270310878753662109375 HTTP/1.1" 200 31 "-" "WordPress/7.0; https://moonbloomwalls.com"
216.73.216.31 - - [30/Jul/2026:10:06:43 +0000] "GET /wp-sitemap.xml/page/3/ HTTP/1.1" 404 21281 "-" "Mozilla/5.0 AppleWebKit/537.36 (KHTML, like Gecko; compatible; ClaudeBot/1.0; +claudebot@anthropic.com)"
85.155.190.233 - - [30/Jul/2026:10:08:14 +0000] "POST /wp-cron.php?doing_wp_cron=1785406094.3915410041809082031250 HTTP/1.1" 200 31 "-" "WordPress/7.0; https://moonbloomwalls.com"
170.106.148.137 - - [30/Jul/2026:10:08:14 +0000] "GET /2026/04/16/exploring-the-world-of-fortuneplay-casino-what-awaits-you/feed/ HTTP/1.1" 200 1319 "-" "Mozilla/5.0 (iPhone; CPU iPhone OS 13_2_3 like Mac OS X) AppleWebKit/605.1.15 (KHTML, like Gecko) Version/13.0.3 Mobile/15E148 Safari/604.1"
85.155.190.233 - - [30/Jul/2026:10:09:18 +0000] "POST /wp-cron.php?doing_wp_cron=1785406158.8012518882751464843750 HTTP/1.1" 200 31 "-" "WordPress/7.0; https://moonbloomwalls.com"
170.106.163.48 - - [30/Jul/2026:10:09:18 +0000] "GET / HTTP/1.1" 301 423 "http://www.moonbloomwalls.com" "Mozilla/5.0 (iPhone; CPU iPhone OS 13_2_3 like Mac OS X) AppleWebKit/605.1.15 (KHTML, like Gecko) Version/13.0.3 Mobile/15E148 Safari/604.1"
170.106.163.48 - - [30/Jul/2026:10:09:20 +0000] "GET / HTTP/1.1" 200 37104 "https://www.moonbloomwalls.com/" "Mozilla/5.0 (iPhone; CPU iPhone OS 13_2_3 like Mac OS X) AppleWebKit/605.1.15 (KHTML, like Gecko) Version/13.0.3 Mobile/15E148 Safari/604.1"
85.155.190.233 - - [30/Jul/2026:10:10:07 +0000] "POST /wp-cron.php?doing_wp_cron=1785406207.9105188846588134765625 HTTP/1.1" 200 31 "-" "WordPress/7.0; https://moonbloomwalls.com"
216.73.216.31 - - [30/Jul/2026:10:10:07 +0000] "GET /wp-sitemap.xml/page/11/ HTTP/1.1" 404 21281 "-" "Mozilla/5.0 AppleWebKit/537.36 (KHTML, like Gecko; compatible; ClaudeBot/1.0; +claudebot@anthropic.com)"
85.155.190.233 - - [30/Jul/2026:10:11:16 +0000] "POST /wp-cron.php?doing_wp_cron=1785406276.1327519416809082031250 HTTP/1.1" 200 31 "-" "WordPress/7.0; https://moonbloomwalls.com"
216.73.216.31 - - [30/Jul/2026:10:11:16 +0000] "GET /wp-sitemap.xml/page/2/ HTTP/1.1" 404 21281 "-" "Mozilla/5.0 AppleWebKit/537.36 (KHTML, like Gecko; compatible; ClaudeBot/1.0; +claudebot@anthropic.com)"
216.73.216.31 - - [30/Jul/2026:10:11:31 +0000] "GET /?p=407 HTTP/1.1" 301 423 "-" "Mozilla/5.0 AppleWebKit/537.36 (KHTML, like Gecko; compatible; ClaudeBot/1.0; +claudebot@anthropic.com)"
216.73.216.31 - - [30/Jul/2026:10:11:31 +0000] "GET /?p=600 HTTP/1.1" 301 423 "-" "Mozilla/5.0 AppleWebKit/537.36 (KHTML, like Gecko; compatible; ClaudeBot/1.0; +claudebot@anthropic.com)"
216.73.216.31 - - [30/Jul/2026:10:11:31 +0000] "GET /2026/04/05/why-players-adore-glitch-spin-casinos-user-experience/ HTTP/1.1" 200 27411 "https://moonbloomwalls.com/?p=600" "Mozilla/5.0 AppleWebKit/537.36 (KHTML, like Gecko; compatible; ClaudeBot/1.0; +claudebot@anthropic.com)"
216.73.216.31 - - [30/Jul/2026:10:11:31 +0000] "GET /2023/12/26/vavada-kasiino-2026-mangud-ja-boonuste-ulevaade/ HTTP/1.1" 200 28629 "https://moonbloomwalls.com/?p=407" "Mozilla/5.0 AppleWebKit/537.36 (KHTML, like Gecko; compatible; ClaudeBot/1.0; +claudebot@anthropic.com)"
216.73.216.31 - - [30/Jul/2026:10:11:38 +0000] "GET /?p=622 HTTP/1.1" 301 423 "-" "Mozilla/5.0 AppleWebKit/537.36 (KHTML, like Gecko; compatible; ClaudeBot/1.0; +claudebot@anthropic.com)"
216.73.216.31 - - [30/Jul/2026:10:11:39 +0000] "GET /?p=695 HTTP/1.1" 301 423 "-" "Mozilla/5.0 AppleWebKit/537.36 (KHTML, like Gecko; compatible; ClaudeBot/1.0; +claudebot@anthropic.com)"
216.73.216.31 - - [30/Jul/2026:10:11:39 +0000] "GET /2026/02/28/how-do-security-measures-at-betalice-casino-stack-up/ HTTP/1.1" 200 27014 "https://moonbloomwalls.com/?p=622" "Mozilla/5.0 AppleWebKit/537.36 (KHTML, like Gecko; compatible; ClaudeBot/1.0; +claudebot@anthropic.com)"
216.73.216.31 - - [30/Jul/2026:10:11:39 +0000] "GET /2026/07/29/role-blockchainu-v-online-kasinech-cz-a-uk/ HTTP/1.1" 200 27026 "https://moonbloomwalls.com/?p=695" "Mozilla/5.0 AppleWebKit/537.36 (KHTML, like Gecko; compatible; ClaudeBot/1.0; +claudebot@anthropic.com)"
85.155.190.233 - - [30/Jul/2026:10:12:05 +0000] "POST /wp-cron.php?doing_wp_cron=1785406325.3304541110992431640625 HTTP/1.1" 200 31 "-" "WordPress/7.0; https://moonbloomwalls.com"
216.73.216.31 - - [30/Jul/2026:10:12:05 +0000] "GET /category/casino/feed/ HTTP/1.1" 200 21244 "-" "Mozilla/5.0 AppleWebKit/537.36 (KHTML, like Gecko; compatible; ClaudeBot/1.0; +claudebot@anthropic.com)"
216.73.216.31 - - [30/Jul/2026:10:12:05 +0000] "GET /category/blazebet/ HTTP/1.1" 200 22696 "-" "Mozilla/5.0 AppleWebKit/537.36 (KHTML, like Gecko; compatible; ClaudeBot/1.0; +claudebot@anthropic.com)"
216.73.216.31 - - [30/Jul/2026:10:12:23 +0000] "GET /author/wordpress_3481f57911c4/page/7/ HTTP/1.1" 200 24917 "-" "Mozilla/5.0 AppleWebKit/537.36 (KHTML, like Gecko; compatible; ClaudeBot/1.0; +claudebot@anthropic.com)"
216.73.216.31 - - [30/Jul/2026:10:12:23 +0000] "GET /author/wordpress_3481f57911c4/page/4/ HTTP/1.1" 200 24924 "-" "Mozilla/5.0 AppleWebKit/537.36 (KHTML, like Gecko; compatible; ClaudeBot/1.0; +claudebot@anthropic.com)"
216.73.216.31 - - [30/Jul/2026:10:12:51 +0000] "GET /author/wordpress_3481f57911c4/page/5/ HTTP/1.1" 200 24998 "-" "Mozilla/5.0 AppleWebKit/537.36 (KHTML, like Gecko; compatible; ClaudeBot/1.0; +claudebot@anthropic.com)"
216.73.216.31 - - [30/Jul/2026:10:12:51 +0000] "GET /author/wordpress_3481f57911c4/page/8/ HTTP/1.1" 200 25346 "-" "Mozilla/5.0 AppleWebKit/537.36 (KHTML, like Gecko; compatible; ClaudeBot/1.0; +claudebot@anthropic.com)"
216.73.216.31 - - [30/Jul/2026:10:12:55 +0000] "GET /2026/02/11/are-loyalty-programs-worth-joining-at-jeetcity-casino/ HTTP/1.1" 200 27015 "-" "Mozilla/5.0 AppleWebKit/537.36 (KHTML, like Gecko; compatible; ClaudeBot/1.0; +claudebot@anthropic.com)"
216.73.216.31 - - [30/Jul/2026:10:12:55 +0000] "GET /2026/02/28/how-do-security-measures-at-betalice-casino-stack-up/feed/ HTTP/1.1" 200 1303 "-" "Mozilla/5.0 AppleWebKit/537.36 (KHTML, like Gecko; compatible; ClaudeBot/1.0; +claudebot@anthropic.com)"
85.155.190.233 - - [30/Jul/2026:10:13:30 +0000] "POST /wp-cron.php?doing_wp_cron=1785406410.3105409145355224609375 HTTP/1.1" 200 31 "-" "WordPress/7.0; https://moonbloomwalls.com"
216.73.216.31 - - [30/Jul/2026:10:13:30 +0000] "GET /2026/04/05/why-players-adore-glitch-spin-casinos-user-experience/feed/ HTTP/1.1" 200 1313 "-" "Mozilla/5.0 AppleWebKit/537.36 (KHTML, like Gecko; compatible; ClaudeBot/1.0; +claudebot@anthropic.com)"
216.73.216.31 - - [30/Jul/2026:10:13:30 +0000] "GET /2026/02/13/how-do-slots-at-casiny-casino-compare-with-others/ HTTP/1.1" 200 27186 "-" "Mozilla/5.0 AppleWebKit/537.36 (KHTML, like Gecko; compatible; ClaudeBot/1.0; +claudebot@anthropic.com)"
216.73.216.31 - - [30/Jul/2026:10:13:51 +0000] "GET /2023/09/21/online-casino-trends-and-insights-for-2026/ HTTP/1.1" 200 28261 "-" "Mozilla/5.0 AppleWebKit/537.36 (KHTML, like Gecko; compatible; ClaudeBot/1.0; +claudebot@anthropic.com)"
216.73.216.31 - - [30/Jul/2026:10:13:52 +0000] "GET /2026/04/21/can-you-count-on-fair-gameplay-at-redspin-casino/ HTTP/1.1" 200 26817 "-" "Mozilla/5.0 AppleWebKit/537.36 (KHTML, like Gecko; compatible; ClaudeBot/1.0; +claudebot@anthropic.com)"
85.155.190.233 - - [30/Jul/2026:10:14:24 +0000] "POST /wp-cron.php?doing_wp_cron=1785406464.7413699626922607421875 HTTP/1.1" 200 31 "-" "WordPress/7.0; https://moonbloomwalls.com"
216.73.216.31 - - [30/Jul/2026:10:14:24 +0000] "GET /robots.txt HTTP/1.1" 200 744 "-" "Mozilla/5.0 AppleWebKit/537.36 (KHTML, like Gecko; compatible; ClaudeBot/1.0; +claudebot@anthropic.com)"
216.73.216.31 - - [30/Jul/2026:10:14:25 +0000] "GET /2023/08/18/vavada-bonusi-za-vsichki-igrachi-prez-godinata/ HTTP/1.1" 200 29277 "-" "Mozilla/5.0 AppleWebKit/537.36 (KHTML, like Gecko; compatible; ClaudeBot/1.0; +claudebot@anthropic.com)"
216.73.216.31 - - [30/Jul/2026:10:14:25 +0000] "GET /2023/08/09/vavada-vkhod-v-sistemu-i-dostup-k-igram-onlain/ HTTP/1.1" 200 28650 "-" "Mozilla/5.0 AppleWebKit/537.36 (KHTML, like Gecko; compatible; ClaudeBot/1.0; +claudebot@anthropic.com)"
216.73.216.31 - - [30/Jul/2026:10:14:59 +0000] "GET /2024/01/20/vavada-kazino-ofitsial-nyi-sait/ HTTP/1.1" 200 29709 "-" "Mozilla/5.0 AppleWebKit/537.36 (KHTML, like Gecko; compatible; ClaudeBot/1.0; +claudebot@anthropic.com)"
216.73.216.31 - - [30/Jul/2026:10:15:00 +0000] "GET /2023/12/26/vavada-kasiino-2026-mangud-ja-boonuste-ulevaade/feed/ HTTP/1.1" 200 1289 "-" "Mozilla/5.0 AppleWebKit/537.36 (KHTML, like Gecko; compatible; ClaudeBot/1.0; +claudebot@anthropic.com)"
216.73.216.31 - - [30/Jul/2026:10:15:02 +0000] "GET /2026/07/29/role-blockchainu-v-online-kasinech-cz-a-uk/feed/ HTTP/1.1" 200 1272 "-" "Mozilla/5.0 AppleWebKit/537.36 (KHTML, like Gecko; compatible; ClaudeBot/1.0; +claudebot@anthropic.com)"
216.73.216.31 - - [30/Jul/2026:10:15:02 +0000] "GET /2026/04/17/what-makes-spinmama-casino-stand-out-in-2023/ HTTP/1.1" 200 26977 "-" "Mozilla/5.0 AppleWebKit/537.36 (KHTML, like Gecko; compatible; ClaudeBot/1.0; +claudebot@anthropic.com)"
43.130.34.74 - - [30/Jul/2026:10:15:08 +0000] "GET /wp-json/oembed/1.0/embed?url=https%3A%2F%2Fmoonbloomwalls.com%2F2026%2F02%2F02%2Fpop-molly-casino-bonuses-whats-on-offer-this-season%2F HTTP/1.1" 200 2875 "-" "Mozilla/5.0 (iPhone; CPU iPhone OS 13_2_3 like Mac OS X) AppleWebKit/605.1.15 (KHTML, like Gecko) Version/13.0.3 Mobile/15E148 Safari/604.1"
