66.249.64.226 - - [30/Jul/2026:01:15:04 +0000] "GET /2026/04/16/what-features-enhance-your-game-at-lucky-green-casino/feed/ HTTP/1.1" 200 895 "-" "Mozilla/5.0 (Linux; Android 6.0.1; Nexus 5X Build/MMB29P) AppleWebKit/537.36 (KHTML, like Gecko) Chrome/150.0.7871.186 Mobile Safari/537.36 (compatible; GoogleOther)"
85.155.190.233 - - [30/Jul/2026:01:16:15 +0000] "POST /wp-cron.php?doing_wp_cron=1785374175.9064331054687500000000 HTTP/1.1" 200 31 "-" "WordPress/7.0; https://moonbloomwalls.com"
43.166.251.233 - - [30/Jul/2026:01:16:15 +0000] "GET / HTTP/1.1" 301 5 "http://www.moonbloomwalls.com" "Mozilla/5.0 (iPhone; CPU iPhone OS 13_2_3 like Mac OS X) AppleWebKit/605.1.15 (KHTML, like Gecko) Version/13.0.3 Mobile/15E148 Safari/604.1"
43.166.251.233 - - [30/Jul/2026:01:16:17 +0000] "GET / HTTP/1.1" 200 37196 "https://www.moonbloomwalls.com/" "Mozilla/5.0 (iPhone; CPU iPhone OS 13_2_3 like Mac OS X) AppleWebKit/605.1.15 (KHTML, like Gecko) Version/13.0.3 Mobile/15E148 Safari/604.1"
85.155.190.233 - - [30/Jul/2026:01:17:57 +0000] "POST /wp-cron.php?doing_wp_cron=1785374277.4979050159454345703125 HTTP/1.1" 200 31 "-" "WordPress/7.0; https://moonbloomwalls.com"
170.106.147.63 - - [30/Jul/2026:01:17:57 +0000] "GET /2026/04/26/how-does-candyland-casino-stack-up-against-competitors/ HTTP/1.1" 200 27296 "-" "Mozilla/5.0 (iPhone; CPU iPhone OS 13_2_3 like Mac OS X) AppleWebKit/605.1.15 (KHTML, like Gecko) Version/13.0.3 Mobile/15E148 Safari/604.1"
85.155.190.233 - - [30/Jul/2026:01:18:46 +0000] "POST /wp-cron.php?doing_wp_cron=1785374326.4420609474182128906250 HTTP/1.1" 200 31 "-" "WordPress/7.0; https://moonbloomwalls.com"
66.249.64.226 - - [30/Jul/2026:01:18:46 +0000] "POST /?wc-ajax=get_refreshed_fragments HTTP/1.1" 200 615 "https://moonbloomwalls.com/2026/02/10/midarion-casino-face-aux-concurrents-que-vaut-il-vraiment/" "Mozilla/5.0 (Linux; Android 6.0.1; Nexus 5X Build/MMB29P) AppleWebKit/537.36 (KHTML, like Gecko) Chrome/150.0.7871.186 Mobile Safari/537.36 (compatible; Googlebot/2.1; +http://www.google.com/bot.html)"
85.155.190.233 - - [30/Jul/2026:01:21:44 +0000] "POST /wp-cron.php?doing_wp_cron=1785374504.3629388809204101562500 HTTP/1.1" 200 31 "-" "WordPress/7.0; https://moonbloomwalls.com"
66.249.64.226 - - [30/Jul/2026:01:21:44 +0000] "POST /?wc-ajax=get_refreshed_fragments HTTP/1.1" 200 615 "https://moonbloomwalls.com/2026/04/23/how-safe-is-your-data-at-orozino-casino/" "Mozilla/5.0 (Linux; Android 6.0.1; Nexus 5X Build/MMB29P) AppleWebKit/537.36 (KHTML, like Gecko) Chrome/150.0.7871.186 Mobile Safari/537.36 (compatible; GoogleOther)"
85.155.190.233 - - [30/Jul/2026:01:25:19 +0000] "POST /wp-cron.php?doing_wp_cron=1785374718.9502429962158203125000 HTTP/1.1" 200 31 "-" "WordPress/7.0; https://moonbloomwalls.com"
66.249.64.226 - - [30/Jul/2026:01:25:19 +0000] "GET /2026/04/16/exploring-the-world-of-fortuneplay-casino-what-awaits-you/feed/ HTTP/1.1" 200 908 "-" "Mozilla/5.0 (Linux; Android 6.0.1; Nexus 5X Build/MMB29P) AppleWebKit/537.36 (KHTML, like Gecko) Chrome/150.0.7871.186 Mobile Safari/537.36 (compatible; GoogleOther)"
34.76.117.34 - - [30/Jul/2026:01:25:47 +0000] "GET / HTTP/1.1" 200 37196 "-" "Mozilla/5.0 (Windows NT 10.0; Win64; x64) AppleWebKit/537.36 (KHTML, like Gecko) Chrome/124.0.6367.91 Safari/537.36"
85.155.190.233 - - [30/Jul/2026:01:26:34 +0000] "POST /wp-cron.php?doing_wp_cron=1785374794.5786800384521484375000 HTTP/1.1" 200 31 "-" "WordPress/7.0; https://moonbloomwalls.com"
43.130.40.120 - - [30/Jul/2026:01:26:34 +0000] "GET /2026/04/28/slotsvil-casino-un-guide-des-bonus-sans-depot/feed/ HTTP/1.1" 200 874 "-" "Mozilla/5.0 (iPhone; CPU iPhone OS 13_2_3 like Mac OS X) AppleWebKit/605.1.15 (KHTML, like Gecko) Version/13.0.3 Mobile/15E148 Safari/604.1"
85.155.190.233 - - [30/Jul/2026:01:27:15 +0000] "POST /wp-cron.php?doing_wp_cron=1785374835.6341090202331542968750 HTTP/1.1" 200 31 "-" "WordPress/7.0; https://moonbloomwalls.com"
206.232.74.237 - - [30/Jul/2026:01:27:15 +0000] "GET /wp-login.php HTTP/1.1" 200 2240 "-" "Mozilla/5.0 (Windows NT 10.0; Win64; x64) AppleWebKit/537.36 (KHTML, like Gecko) Chrome/145.0.0.0 Safari/537.36"
206.232.74.237 - - [30/Jul/2026:01:27:19 +0000] "POST /wp-login.php HTTP/1.1" 302 5 "https://moonbloomwalls.com/wp-login.php" "Mozilla/5.0 (Windows NT 10.0; Win64; x64) AppleWebKit/537.36 (KHTML, like Gecko) Chrome/145.0.0.0 Safari/537.36"
206.232.74.237 - - [30/Jul/2026:01:27:20 +0000] "GET /wp-admin/ HTTP/1.1" 200 67349 "https://moonbloomwalls.com/wp-login.php" "Mozilla/5.0 (Windows NT 10.0; Win64; x64) AppleWebKit/537.36 (KHTML, like Gecko) Chrome/145.0.0.0 Safari/537.36"
206.232.74.237 - - [30/Jul/2026:01:27:25 +0000] "GET /wp-admin/user-new.php HTTP/1.1" 200 59959 "https://moonbloomwalls.com/wp-login.php" "Mozilla/5.0 (Windows NT 10.0; Win64; x64) AppleWebKit/537.36 (KHTML, like Gecko) Chrome/145.0.0.0 Safari/537.36"
206.232.74.237 - - [30/Jul/2026:01:27:29 +0000] "POST /wp-admin/user-new.php HTTP/1.1" 302 5 "https://moonbloomwalls.com/wp-login.php" "Mozilla/5.0 (Windows NT 10.0; Win64; x64) AppleWebKit/537.36 (KHTML, like Gecko) Chrome/145.0.0.0 Safari/537.36"
206.232.74.237 - - [30/Jul/2026:01:27:31 +0000] "GET /wp-admin/users.php?update=add&id=52 HTTP/1.1" 200 66012 "https://moonbloomwalls.com/wp-login.php" "Mozilla/5.0 (Windows NT 10.0; Win64; x64) AppleWebKit/537.36 (KHTML, like Gecko) Chrome/145.0.0.0 Safari/537.36"
206.232.74.237 - - [30/Jul/2026:01:27:36 +0000] "GET /wp-admin/plugins.php?plugin_status=all&paged=1&s HTTP/1.1" 200 67234 "https://moonbloomwalls.com/wp-login.php" "Mozilla/5.0 (Windows NT 10.0; Win64; x64) AppleWebKit/537.36 (KHTML, like Gecko) Chrome/145.0.0.0 Safari/537.36"
206.232.74.237 - - [30/Jul/2026:01:27:42 +0000] "GET /wp-admin/plugins.php HTTP/1.1" 200 67161 "https://moonbloomwalls.com/wp-login.php" "Mozilla/5.0 (Windows NT 10.0; Win64; x64) AppleWebKit/537.36 (KHTML, like Gecko) Chrome/145.0.0.0 Safari/537.36"
206.232.74.237 - - [30/Jul/2026:01:27:46 +0000] "GET /wp-admin/plugin-install.php HTTP/1.1" 200 67072 "https://moonbloomwalls.com/wp-login.php" "Mozilla/5.0 (Windows NT 10.0; Win64; x64) AppleWebKit/537.36 (KHTML, like Gecko) Chrome/145.0.0.0 Safari/537.36"
206.232.74.237 - - [30/Jul/2026:01:27:50 +0000] "POST /wp-admin/admin-ajax.php HTTP/1.1" 200 227 "https://moonbloomwalls.com/wp-login.php" "Mozilla/5.0 (Windows NT 10.0; Win64; x64) AppleWebKit/537.36 (KHTML, like Gecko) Chrome/145.0.0.0 Safari/537.36"
206.232.74.237 - - [30/Jul/2026:01:27:57 +0000] "POST /wp-admin/admin-ajax.php HTTP/1.1" 200 197 "https://moonbloomwalls.com/wp-login.php" "Mozilla/5.0 (Windows NT 10.0; Win64; x64) AppleWebKit/537.36 (KHTML, like Gecko) Chrome/145.0.0.0 Safari/537.36"
206.232.74.237 - - [30/Jul/2026:01:28:00 +0000] "GET /wp-admin/plugins.php?plugin_status=all&paged=1&s HTTP/1.1" 200 67234 "https://moonbloomwalls.com/wp-login.php" "Mozilla/5.0 (Windows NT 10.0; Win64; x64) AppleWebKit/537.36 (KHTML, like Gecko) Chrome/145.0.0.0 Safari/537.36"
85.155.190.233 - - [30/Jul/2026:01:32:03 +0000] "POST /wp-cron.php?doing_wp_cron=1785375123.1030371189117431640625 HTTP/1.1" 200 31 "-" "WordPress/7.0; https://moonbloomwalls.com"
66.249.64.225 - - [30/Jul/2026:01:32:03 +0000] "GET /author/wordpress_3d8f64334523/ HTTP/1.1" 200 25236 "-" "Mozilla/5.0 (Linux; Android 6.0.1; Nexus 5X Build/MMB29P) AppleWebKit/537.36 (KHTML, like Gecko) Chrome/150.0.7871.186 Mobile Safari/537.36 (compatible; Googlebot/2.1; +http://www.google.com/bot.html)"
85.155.190.233 - - [30/Jul/2026:01:34:47 +0000] "POST /wp-cron.php?doing_wp_cron=1785375287.8674979209899902343750 HTTP/1.1" 200 31 "-" "WordPress/7.0; https://moonbloomwalls.com"
195.40.70.150 - - [30/Jul/2026:01:34:47 +0000] "GET /wp-login.php HTTP/1.1" 200 2240 "-" "Mozilla/5.0 (Windows NT 10.0; Win64; x64) AppleWebKit/537.36 (KHTML, like Gecko) Chrome/145.0.0.0 Safari/537.36"
195.40.70.150 - - [30/Jul/2026:01:34:51 +0000] "POST /wp-login.php HTTP/1.1" 302 5 "https://moonbloomwalls.com/wp-login.php" "Mozilla/5.0 (Windows NT 10.0; Win64; x64) AppleWebKit/537.36 (KHTML, like Gecko) Chrome/145.0.0.0 Safari/537.36"
195.40.70.150 - - [30/Jul/2026:01:34:54 +0000] "GET /wp-admin/ HTTP/1.1" 200 67305 "https://moonbloomwalls.com/wp-login.php" "Mozilla/5.0 (Windows NT 10.0; Win64; x64) AppleWebKit/537.36 (KHTML, like Gecko) Chrome/145.0.0.0 Safari/537.36"
195.40.70.150 - - [30/Jul/2026:01:34:58 +0000] "GET /wp-admin/user-new.php HTTP/1.1" 200 59939 "https://moonbloomwalls.com/wp-login.php" "Mozilla/5.0 (Windows NT 10.0; Win64; x64) AppleWebKit/537.36 (KHTML, like Gecko) Chrome/145.0.0.0 Safari/537.36"
195.40.70.150 - - [30/Jul/2026:01:35:00 +0000] "POST /wp-admin/user-new.php HTTP/1.1" 200 60015 "https://moonbloomwalls.com/wp-login.php" "Mozilla/5.0 (Windows NT 10.0; Win64; x64) AppleWebKit/537.36 (KHTML, like Gecko) Chrome/145.0.0.0 Safari/537.36"
85.155.190.233 - - [30/Jul/2026:01:35:04 +0000] "POST /wp-cron.php?doing_wp_cron=1785375304.2707130908966064453125 HTTP/1.1" 200 31 "-" "WordPress/7.0; https://moonbloomwalls.com"
195.40.70.150 - - [30/Jul/2026:01:35:04 +0000] "GET /wp-admin/plugins.php?plugin_status=all&paged=1&s HTTP/1.1" 200 67231 "https://moonbloomwalls.com/wp-login.php" "Mozilla/5.0 (Windows NT 10.0; Win64; x64) AppleWebKit/537.36 (KHTML, like Gecko) Chrome/145.0.0.0 Safari/537.36"
195.40.70.150 - - [30/Jul/2026:01:35:08 +0000] "GET /wp-admin/plugins.php HTTP/1.1" 200 67154 "https://moonbloomwalls.com/wp-login.php" "Mozilla/5.0 (Windows NT 10.0; Win64; x64) AppleWebKit/537.36 (KHTML, like Gecko) Chrome/145.0.0.0 Safari/537.36"
195.40.70.150 - - [30/Jul/2026:01:35:10 +0000] "GET /wp-admin/plugin-install.php HTTP/1.1" 200 67066 "https://moonbloomwalls.com/wp-login.php" "Mozilla/5.0 (Windows NT 10.0; Win64; x64) AppleWebKit/537.36 (KHTML, like Gecko) Chrome/145.0.0.0 Safari/537.36"
195.40.70.150 - - [30/Jul/2026:01:35:13 +0000] "POST /wp-admin/admin-ajax.php HTTP/1.1" 200 227 "https://moonbloomwalls.com/wp-login.php" "Mozilla/5.0 (Windows NT 10.0; Win64; x64) AppleWebKit/537.36 (KHTML, like Gecko) Chrome/145.0.0.0 Safari/537.36"
195.40.70.150 - - [30/Jul/2026:01:35:18 +0000] "POST /wp-admin/admin-ajax.php HTTP/1.1" 200 197 "https://moonbloomwalls.com/wp-login.php" "Mozilla/5.0 (Windows NT 10.0; Win64; x64) AppleWebKit/537.36 (KHTML, like Gecko) Chrome/145.0.0.0 Safari/537.36"
66.249.64.225 - - [30/Jul/2026:01:35:18 +0000] "GET /2024/03/10/epik-star-kazino-istoriia-i-budushchee-azarta/ HTTP/1.1" 200 31725 "-" "Mozilla/5.0 (Linux; Android 6.0.1; Nexus 5X Build/MMB29P) AppleWebKit/537.36 (KHTML, like Gecko) Chrome/150.0.7871.186 Mobile Safari/537.36 (compatible; Googlebot/2.1; +http://www.google.com/bot.html)"
195.40.70.150 - - [30/Jul/2026:01:35:22 +0000] "GET /wp-admin/plugins.php?plugin_status=all&paged=1&s HTTP/1.1" 200 67231 "https://moonbloomwalls.com/wp-login.php" "Mozilla/5.0 (Windows NT 10.0; Win64; x64) AppleWebKit/537.36 (KHTML, like Gecko) Chrome/145.0.0.0 Safari/537.36"
124.156.179.141 - - [30/Jul/2026:01:35:47 +0000] "GET /?p=602 HTTP/1.1" 301 5 "-" "Mozilla/5.0 (iPhone; CPU iPhone OS 13_2_3 like Mac OS X) AppleWebKit/605.1.15 (KHTML, like Gecko) Version/13.0.3 Mobile/15E148 Safari/604.1"
124.156.179.141 - - [30/Jul/2026:01:35:48 +0000] "GET /2026/04/10/mr-pacho-casino-bonuses-maximizing-your-rewards/ HTTP/1.1" 200 27502 "https://moonbloomwalls.com/?p=602" "Mozilla/5.0 (iPhone; CPU iPhone OS 13_2_3 like Mac OS X) AppleWebKit/605.1.15 (KHTML, like Gecko) Version/13.0.3 Mobile/15E148 Safari/604.1"
85.155.190.233 - - [30/Jul/2026:01:39:20 +0000] "POST /wp-cron.php?doing_wp_cron=1785375560.4910769462585449218750 HTTP/1.1" 200 31 "-" "WordPress/7.0; https://moonbloomwalls.com"
66.249.64.225 - - [30/Jul/2026:01:39:20 +0000] "GET /2026/04/12/sweet-spin-casino-understanding-the-game-mechanics/ HTTP/1.1" 200 27471 "-" "Mozilla/5.0 (Linux; Android 6.0.1; Nexus 5X Build/MMB29P) AppleWebKit/537.36 (KHTML, like Gecko) Chrome/150.0.7871.186 Mobile Safari/537.36 (compatible; GoogleOther)"
85.155.190.233 - - [30/Jul/2026:01:43:18 +0000] "POST /wp-cron.php?doing_wp_cron=1785375798.6330959796905517578125 HTTP/1.1" 200 31 "-" "WordPress/7.0; https://moonbloomwalls.com"
172.70.248.48 - - [30/Jul/2026:01:43:18 +0000] "GET /wp-admin/install.php?step=1 HTTP/1.1" 200 560 "-" "http://moonbloomwalls.com/wp-admin/install.php?step=1"
85.155.190.233 - - [30/Jul/2026:01:46:16 +0000] "POST /wp-cron.php?doing_wp_cron=1785375976.7232470512390136718750 HTTP/1.1" 200 31 "-" "WordPress/7.0; https://moonbloomwalls.com"
43.155.188.157 - - [30/Jul/2026:01:46:16 +0000] "GET /2026/04/10/mr-pacho-casino-bonuses-maximizing-your-rewards/ HTTP/1.1" 200 27700 "-" "Mozilla/5.0 (iPhone; CPU iPhone OS 13_2_3 like Mac OS X) AppleWebKit/605.1.15 (KHTML, like Gecko) Version/13.0.3 Mobile/15E148 Safari/604.1"
85.155.190.233 - - [30/Jul/2026:01:49:59 +0000] "POST /wp-cron.php?doing_wp_cron=1785376199.1116249561309814453125 HTTP/1.1" 200 31 "-" "WordPress/7.0; https://moonbloomwalls.com"
66.249.64.224 - - [30/Jul/2026:01:49:59 +0000] "GET /2026/07/29/mostbet-az-bukmeker-ve-kazino-mostbet-giris-r-smi-sayt/ HTTP/1.1" 200 28738 "-" "Mozilla/5.0 (Linux; Android 6.0.1; Nexus 5X Build/MMB29P) AppleWebKit/537.36 (KHTML, like Gecko) Chrome/150.0.7871.186 Mobile Safari/537.36 (compatible; Googlebot/2.1; +http://www.google.com/bot.html)"
85.155.190.233 - - [30/Jul/2026:01:50:27 +0000] "POST /wp-cron.php?doing_wp_cron=1785376227.3849849700927734375000 HTTP/1.1" 200 31 "-" "WordPress/7.0; https://moonbloomwalls.com"
66.249.64.225 - - [30/Jul/2026:01:50:27 +0000] "POST /?wc-ajax=get_refreshed_fragments HTTP/1.1" 200 615 "https://moonbloomwalls.com/2026/04/12/sweet-spin-casino-understanding-the-game-mechanics/" "Mozilla/5.0 (Linux; Android 6.0.1; Nexus 5X Build/MMB29P) AppleWebKit/537.36 (KHTML, like Gecko) Chrome/150.0.7871.186 Mobile Safari/537.36 (compatible; GoogleOther)"
85.155.190.233 - - [30/Jul/2026:01:53:51 +0000] "POST /wp-cron.php?doing_wp_cron=1785376431.7666509151458740234375 HTTP/1.1" 200 31 "-" "WordPress/7.0; https://moonbloomwalls.com"
66.249.64.225 - - [30/Jul/2026:01:53:51 +0000] "POST /?wc-ajax=get_refreshed_fragments HTTP/1.1" 200 615 "https://moonbloomwalls.com/2026/03/13/julius-casino-fiabilite-dans-lunivers-igaming/" "Mozilla/5.0 (Linux; Android 6.0.1; Nexus 5X Build/MMB29P) AppleWebKit/537.36 (KHTML, like Gecko) Chrome/150.0.7871.186 Mobile Safari/537.36 (compatible; GoogleOther)"
85.155.190.233 - - [30/Jul/2026:01:54:18 +0000] "POST /wp-cron.php?doing_wp_cron=1785376458.5550830364227294921875 HTTP/1.1" 200 31 "-" "WordPress/7.0; https://moonbloomwalls.com"
66.249.64.225 - - [30/Jul/2026:01:54:18 +0000] "GET /2026/07/29/betify-casino-en-ligne-jouez-sur-betify-avec-1000-eu/feed/ HTTP/1.1" 200 899 "-" "Mozilla/5.0 (Linux; Android 6.0.1; Nexus 5X Build/MMB29P) AppleWebKit/537.36 (KHTML, like Gecko) Chrome/150.0.7871.186 Mobile Safari/537.36 (compatible; GoogleOther)"
85.155.190.233 - - [30/Jul/2026:01:56:09 +0000] "POST /wp-cron.php?doing_wp_cron=1785376569.5398409366607666015625 HTTP/1.1" 200 31 "-" "WordPress/7.0; https://moonbloomwalls.com"
43.166.136.24 - - [30/Jul/2026:01:56:09 +0000] "GET /2026/02/27/is-asino-casinos-customer-service-up-to-par/embed/ HTTP/1.1" 200 7077 "-" "Mozilla/5.0 (iPhone; CPU iPhone OS 13_2_3 like Mac OS X) AppleWebKit/605.1.15 (KHTML, like Gecko) Version/13.0.3 Mobile/15E148 Safari/604.1"
65.111.20.34 - - [30/Jul/2026:01:56:59 +0000] "GET /wp-login.php:7083abe1dcd8:Te2eVZ8XUOeQQ3SckIJZ HTTP/1.1" 404 21385 "-" "Mozilla/5.0 (Windows NT 10.0; Win64; x64) AppleWebKit/537.36 (KHTML, like Gecko) Chrome/149.0.0.0 Safari/537.36"
65.111.20.34 - - [30/Jul/2026:01:56:59 +0000] "GET /wp-content/themes/kadence/assets/css/global.min.css?ver=1.5.0 HTTP/1.1" 200 28012 "https://moonbloomwalls.com/wp-login.php:7083abe1dcd8:Te2eVZ8XUOeQQ3SckIJZ" "Mozilla/5.0 (Windows NT 10.0; Win64; x64) AppleWebKit/537.36 (KHTML, like Gecko) Chrome/149.0.0.0 Safari/537.36"
65.111.20.34 - - [30/Jul/2026:01:56:59 +0000] "GET /wp-content/plugins/woocommerce/assets/client/blocks/wc-blocks.css?ver=wc-10.8.1 HTTP/1.1" 200 14006 "https://moonbloomwalls.com/wp-login.php:7083abe1dcd8:Te2eVZ8XUOeQQ3SckIJZ" "Mozilla/5.0 (Windows NT 10.0; Win64; x64) AppleWebKit/537.36 (KHTML, like Gecko) Chrome/149.0.0.0 Safari/537.36"
173.208.148.34 - - [30/Jul/2026:01:56:59 +0000] "GET / HTTP/1.1" 200 187543 "-" "Mozilla/5.0 (Windows NT 10.0; Win64; x64) AppleWebKit/537.36 (KHTML, like Gecko) Chrome/131.0.0.0 Safari/537.36"
65.111.20.34 - - [30/Jul/2026:01:57:00 +0000] "GET /wp-content/themes/kadence/assets/css/header.min.css?ver=1.5.0 HTTP/1.1" 200 25289 "https://moonbloomwalls.com/wp-login.php:7083abe1dcd8:Te2eVZ8XUOeQQ3SckIJZ" "Mozilla/5.0 (Windows NT 10.0; Win64; x64) AppleWebKit/537.36 (KHTML, like Gecko) Chrome/149.0.0.0 Safari/537.36"
65.111.20.34 - - [30/Jul/2026:01:57:00 +0000] "GET /wp-content/themes/kadence/assets/css/content.min.css?ver=1.5.0 HTTP/1.1" 200 34362 "https://moonbloomwalls.com/wp-login.php:7083abe1dcd8:Te2eVZ8XUOeQQ3SckIJZ" "Mozilla/5.0 (Windows NT 10.0; Win64; x64) AppleWebKit/537.36 (KHTML, like Gecko) Chrome/149.0.0.0 Safari/537.36"
65.111.20.34 - - [30/Jul/2026:01:57:00 +0000] "GET /wp-content/themes/kadence/assets/css/woocommerce.min.css?ver=1.5.0 HTTP/1.1" 200 144116 "https://moonbloomwalls.com/wp-login.php:7083abe1dcd8:Te2eVZ8XUOeQQ3SckIJZ" "Mozilla/5.0 (Windows NT 10.0; Win64; x64) AppleWebKit/537.36 (KHTML, like Gecko) Chrome/149.0.0.0 Safari/537.36"
65.111.20.34 - - [30/Jul/2026:01:57:00 +0000] "GET /wp-content/themes/kadence/assets/css/footer.min.css?ver=1.5.0 HTTP/1.1" 200 19929 "https://moonbloomwalls.com/wp-login.php:7083abe1dcd8:Te2eVZ8XUOeQQ3SckIJZ" "Mozilla/5.0 (Windows NT 10.0; Win64; x64) AppleWebKit/537.36 (KHTML, like Gecko) Chrome/149.0.0.0 Safari/537.36"
65.111.20.34 - - [30/Jul/2026:01:57:00 +0000] "GET /wp-content/themes/kadence/assets/css/rankmath.min.css?ver=1.5.0 HTTP/1.1" 200 39 "https://moonbloomwalls.com/wp-login.php:7083abe1dcd8:Te2eVZ8XUOeQQ3SckIJZ" "Mozilla/5.0 (Windows NT 10.0; Win64; x64) AppleWebKit/537.36 (KHTML, like Gecko) Chrome/149.0.0.0 Safari/537.36"
65.111.20.34 - - [30/Jul/2026:01:57:00 +0000] "GET /wp-includes/js/jquery/jquery.min.js?ver=3.7.1 HTTP/1.1" 200 87553 "https://moonbloomwalls.com/wp-login.php:7083abe1dcd8:Te2eVZ8XUOeQQ3SckIJZ" "Mozilla/5.0 (Windows NT 10.0; Win64; x64) AppleWebKit/537.36 (KHTML, like Gecko) Chrome/149.0.0.0 Safari/537.36"
65.111.20.34 - - [30/Jul/2026:01:57:00 +0000] "GET /wp-content/plugins/woocommerce/assets/js/sourcebuster/sourcebuster.min.js?ver=10.8.1 HTTP/1.1" 200 15315 "https://moonbloomwalls.com/wp-login.php:7083abe1dcd8:Te2eVZ8XUOeQQ3SckIJZ" "Mozilla/5.0 (Windows NT 10.0; Win64; x64) AppleWebKit/537.36 (KHTML, like Gecko) Chrome/149.0.0.0 Safari/537.36"
65.111.20.34 - - [30/Jul/2026:01:57:00 +0000] "GET /wp-includes/js/jquery/jquery-migrate.min.js?ver=3.4.1 HTTP/1.1" 200 13577 "https://moonbloomwalls.com/wp-login.php:7083abe1dcd8:Te2eVZ8XUOeQQ3SckIJZ" "Mozilla/5.0 (Windows NT 10.0; Win64; x64) AppleWebKit/537.36 (KHTML, like Gecko) Chrome/149.0.0.0 Safari/537.36"
65.111.20.34 - - [30/Jul/2026:01:57:00 +0000] "GET /wp-content/plugins/woocommerce/assets/js/frontend/order-attribution.min.js?ver=10.8.1 HTTP/1.1" 200 2439 "https://moonbloomwalls.com/wp-login.php:7083abe1dcd8:Te2eVZ8XUOeQQ3SckIJZ" "Mozilla/5.0 (Windows NT 10.0; Win64; x64) AppleWebKit/537.36 (KHTML, like Gecko) Chrome/149.0.0.0 Safari/537.36"
173.208.148.34 - - [30/Jul/2026:01:57:00 +0000] "GET / HTTP/1.1" 200 187543 "-" "Mozilla/5.0 (compatible; Googlebot/2.1; +http://www.google.com/bot.html)"
65.111.20.34 - - [30/Jul/2026:01:57:00 +0000] "GET /wp-content/plugins/woocommerce/assets/js/jquery-blockui/jquery.blockUI.min.js?ver=2.7.0-wc.10.8.1 HTTP/1.1" 200 9636 "https://moonbloomwalls.com/wp-login.php:7083abe1dcd8:Te2eVZ8XUOeQQ3SckIJZ" "Mozilla/5.0 (Windows NT 10.0; Win64; x64) AppleWebKit/537.36 (KHTML, like Gecko) Chrome/149.0.0.0 Safari/537.36"
65.111.20.34 - - [30/Jul/2026:01:57:01 +0000] "GET /wp-content/plugins/woocommerce/assets/js/frontend/add-to-cart.min.js?ver=10.8.1 HTTP/1.1" 200 4350 "https://moonbloomwalls.com/wp-login.php:7083abe1dcd8:Te2eVZ8XUOeQQ3SckIJZ" "Mozilla/5.0 (Windows NT 10.0; Win64; x64) AppleWebKit/537.36 (KHTML, like Gecko) Chrome/149.0.0.0 Safari/537.36"
65.111.20.34 - - [30/Jul/2026:01:57:01 +0000] "GET /wp-content/plugins/woocommerce/assets/js/js-cookie/js.cookie.min.js?ver=2.1.4-wc.10.8.1 HTTP/1.1" 200 1720 "https://moonbloomwalls.com/wp-login.php:7083abe1dcd8:Te2eVZ8XUOeQQ3SckIJZ" "Mozilla/5.0 (Windows NT 10.0; Win64; x64) AppleWebKit/537.36 (KHTML, like Gecko) Chrome/149.0.0.0 Safari/537.36"
65.111.20.34 - - [30/Jul/2026:01:57:01 +0000] "GET /wp-content/themes/kadence/assets/js/shop-spinner.min.js?ver=1.5.0 HTTP/1.1" 200 1265 "https://moonbloomwalls.com/wp-login.php:7083abe1dcd8:Te2eVZ8XUOeQQ3SckIJZ" "Mozilla/5.0 (Windows NT 10.0; Win64; x64) AppleWebKit/537.36 (KHTML, like Gecko) Chrome/149.0.0.0 Safari/537.36"
65.111.20.34 - - [30/Jul/2026:01:57:01 +0000] "GET /wp-content/plugins/woocommerce/assets/js/frontend/woocommerce.min.js?ver=10.8.1 HTTP/1.1" 200 4270 "https://moonbloomwalls.com/wp-login.php:7083abe1dcd8:Te2eVZ8XUOeQQ3SckIJZ" "Mozilla/5.0 (Windows NT 10.0; Win64; x64) AppleWebKit/537.36 (KHTML, like Gecko) Chrome/149.0.0.0 Safari/537.36"
65.111.20.34 - - [30/Jul/2026:01:57:01 +0000] "GET /wp-content/themes/kadence/assets/js/navigation.min.js?ver=1.5.0 HTTP/1.1" 200 22428 "https://moonbloomwalls.com/wp-login.php:7083abe1dcd8:Te2eVZ8XUOeQQ3SckIJZ" "Mozilla/5.0 (Windows NT 10.0; Win64; x64) AppleWebKit/537.36 (KHTML, like Gecko) Chrome/149.0.0.0 Safari/537.36"
65.111.20.34 - - [30/Jul/2026:01:57:01 +0000] "GET /wp-content/plugins/woocommerce/assets/js/frontend/cart-fragments.min.js?ver=10.8.1 HTTP/1.1" 200 2939 "https://moonbloomwalls.com/wp-login.php:7083abe1dcd8:Te2eVZ8XUOeQQ3SckIJZ" "Mozilla/5.0 (Windows NT 10.0; Win64; x64) AppleWebKit/537.36 (KHTML, like Gecko) Chrome/149.0.0.0 Safari/537.36"
65.111.20.34 - - [30/Jul/2026:01:57:01 +0000] "POST /?wc-ajax=get_refreshed_fragments HTTP/1.1" 200 615 "https://moonbloomwalls.com/wp-login.php:7083abe1dcd8:Te2eVZ8XUOeQQ3SckIJZ" "Mozilla/5.0 (Windows NT 10.0; Win64; x64) AppleWebKit/537.36 (KHTML, like Gecko) Chrome/149.0.0.0 Safari/537.36"
65.111.20.34 - - [30/Jul/2026:01:57:01 +0000] "GET /favicon.ico HTTP/1.1" 404 181 "https://moonbloomwalls.com/wp-login.php:7083abe1dcd8:Te2eVZ8XUOeQQ3SckIJZ" "Mozilla/5.0 (Windows NT 10.0; Win64; x64) AppleWebKit/537.36 (KHTML, like Gecko) Chrome/149.0.0.0 Safari/537.36"
65.111.20.34 - - [30/Jul/2026:01:57:01 +0000] "GET /wp-includes/js/wp-emoji-release.min.js?ver=7.0 HTTP/1.1" 200 22762 "https://moonbloomwalls.com/wp-login.php:7083abe1dcd8:Te2eVZ8XUOeQQ3SckIJZ" "Mozilla/5.0 (Windows NT 10.0; Win64; x64) AppleWebKit/537.36 (KHTML, like Gecko) Chrome/149.0.0.0 Safari/537.36"
173.208.148.34 - - [30/Jul/2026:01:57:01 +0000] "GET /index.php?params=1 HTTP/1.1" 502 552 "-" "Mozilla/5.0 (Windows NT 10.0; Win64; x64) AppleWebKit/537.36 (KHTML, like Gecko) Chrome/131.0.0.0 Safari/537.36"
85.155.190.233 - - [30/Jul/2026:01:57:07 +0000] "POST /wp-cron.php?doing_wp_cron=1785376627.4864521026611328125000 HTTP/1.1" 200 31 "-" "WordPress/7.0; https://moonbloomwalls.com"
65.111.20.34 - - [30/Jul/2026:01:57:07 +0000] "GET /wp-login.php:7083abe1dcd8:Te2eVZ8XUOeQQ3SckIJZ HTTP/1.1" 404 21385 "-" "Mozilla/5.0 (Windows NT 10.0; Win64; x64) AppleWebKit/537.36 (KHTML, like Gecko) Chrome/149.0.0.0 Safari/537.36"
66.249.64.225 - - [30/Jul/2026:01:57:13 +0000] "GET /2026/07/29/jakie-sa-opcje-kontaktu-z-mostbet/ HTTP/1.1" 200 28746 "-" "Mozilla/5.0 (Linux; Android 6.0.1; Nexus 5X Build/MMB29P) AppleWebKit/537.36 (KHTML, like Gecko) Chrome/150.0.7871.186 Mobile Safari/537.36 (compatible; GoogleOther)"
66.249.64.225 - - [30/Jul/2026:01:57:16 +0000] "POST /?wc-ajax=get_refreshed_fragments HTTP/1.1" 200 615 "https://moonbloomwalls.com/2026/07/29/jakie-sa-opcje-kontaktu-z-mostbet/" "Mozilla/5.0 (Linux; Android 6.0.1; Nexus 5X Build/MMB29P) AppleWebKit/537.36 (KHTML, like Gecko) Chrome/150.0.7871.186 Mobile Safari/537.36 (compatible; GoogleOther)"
85.155.190.233 - - [30/Jul/2026:01:58:28 +0000] "POST /wp-cron.php?doing_wp_cron=1785376708.0264229774475097656250 HTTP/1.1" 200 31 "-" "WordPress/7.0; https://moonbloomwalls.com"
212.104.119.33 - - [30/Jul/2026:01:58:28 +0000] "GET / HTTP/1.1" 200 37196 "-" "Mozilla/5.0 (Windows NT 10.0; Win64; x64) AppleWebKit/537.36 (KHTML, like Gecko) Chrome/120.0.0.0 Safari/537.36"
131.161.62.183 - - [30/Jul/2026:01:58:33 +0000] "GET /wp-login.php HTTP/1.1" 200 2240 "-" "Mozilla/5.0 (Windows NT 10.0; Win64; x64) AppleWebKit/537.36 (KHTML, like Gecko) Chrome/120.0.0.0 Safari/537.36"
131.161.62.183 - - [30/Jul/2026:01:58:34 +0000] "POST /wp-login.php HTTP/1.1" 302 5 "https://moonbloomwalls.com/wp-login.php" "Mozilla/5.0 (Windows NT 10.0; Win64; x64) AppleWebKit/537.36 (KHTML, like Gecko) Chrome/120.0.0.0 Safari/537.36"
131.161.62.183 - - [30/Jul/2026:01:58:37 +0000] "GET /wp-admin/ HTTP/1.1" 200 67329 "https://moonbloomwalls.com/wp-login.php" "Mozilla/5.0 (Windows NT 10.0; Win64; x64) AppleWebKit/537.36 (KHTML, like Gecko) Chrome/120.0.0.0 Safari/537.36"
103.161.2.135 - - [30/Jul/2026:01:58:44 +0000] "GET /wp-admin/ HTTP/1.1" 200 67324 "-" "Mozilla/5.0 (Windows NT 10.0; Win64; x64) AppleWebKit/537.36 (KHTML, like Gecko) Chrome/120.0.0.0 Safari/537.36"
103.161.2.135 - - [30/Jul/2026:01:58:47 +0000] "GET /wp-admin/post-new.php HTTP/1.1" 200 224006 "-" "Mozilla/5.0 (Windows NT 10.0; Win64; x64) AppleWebKit/537.36 (KHTML, like Gecko) Chrome/120.0.0.0 Safari/537.36"
103.161.2.135 - - [30/Jul/2026:01:58:53 +0000] "POST /xmlrpc.php HTTP/1.1" 403 118 "-" "WordPress/5.0; https://moonbloomwalls.com"
103.161.2.135 - - [30/Jul/2026:01:58:55 +0000] "GET /wp-admin/admin-ajax.php?action=rest-nonce HTTP/1.1" 200 41 "-" "Mozilla/5.0 (Windows NT 10.0; Win64; x64) AppleWebKit/537.36 (KHTML, like Gecko) Chrome/120.0.0.0 Safari/537.36"
103.161.2.135 - - [30/Jul/2026:01:58:57 +0000] "GET /wp-json/wp/v2/plugins HTTP/1.1" 200 5931 "-" "Mozilla/5.0 (Windows NT 10.0; Win64; x64) AppleWebKit/537.36 (KHTML, like Gecko) Chrome/120.0.0.0 Safari/537.36"
103.161.2.135 - - [30/Jul/2026:01:58:59 +0000] "GET / HTTP/1.1" 200 40867 "-" "Mozilla/5.0 (Windows NT 10.0; Win64; x64) AppleWebKit/537.36 (KHTML, like Gecko) Chrome/120.0.0.0 Safari/537.36"
103.161.2.135 - - [30/Jul/2026:01:59:02 +0000] "GET /wp-json/wp/v2/settings HTTP/1.1" 200 839 "-" "Mozilla/5.0 (Windows NT 10.0; Win64; x64) AppleWebKit/537.36 (KHTML, like Gecko) Chrome/120.0.0.0 Safari/537.36"
103.161.2.135 - - [30/Jul/2026:01:59:06 +0000] "GET /wp-json/wp/v2/pages/50 HTTP/1.1" 200 101929 "-" "Mozilla/5.0 (Windows NT 10.0; Win64; x64) AppleWebKit/537.36 (KHTML, like Gecko) Chrome/120.0.0.0 Safari/537.36"
85.155.190.233 - - [30/Jul/2026:01:59:06 +0000] "POST /wp-cron.php?doing_wp_cron=1785376746.0196840763092041015625 HTTP/1.1" 200 31 "-" "WordPress/7.0; https://moonbloomwalls.com"
103.161.2.135 - - [30/Jul/2026:01:59:15 +0000] "POST /wp-json/wp/v2/pages/50 HTTP/1.1" 200 202684 "-" "Mozilla/5.0 (Windows NT 10.0; Win64; x64) AppleWebKit/537.36 (KHTML, like Gecko) Chrome/120.0.0.0 Safari/537.36"
46.252.52.162 - - [30/Jul/2026:01:59:22 +0000] "GET /?page_id=50 HTTP/1.1" 301 5 "-" "Mozilla/5.0 (Windows NT 10.0; Win64; x64) AppleWebKit/537.36 (KHTML, like Gecko) Chrome/120.0.0.0 Safari/537.36"
46.252.52.162 - - [30/Jul/2026:01:59:29 +0000] "GET / HTTP/1.1" 200 40891 "-" "Mozilla/5.0 (Windows NT 10.0; Win64; x64) AppleWebKit/537.36 (KHTML, like Gecko) Chrome/120.0.0.0 Safari/537.36"
85.155.190.233 - - [30/Jul/2026:02:05:04 +0000] "POST /wp-cron.php?doing_wp_cron=1785377104.7622439861297607421875 HTTP/1.1" 200 31 "-" "WordPress/7.0; https://moonbloomwalls.com"
66.249.64.224 - - [30/Jul/2026:02:05:04 +0000] "GET /author/wordpress_3481f57911c4/page/2/ HTTP/1.1" 200 25236 "-" "Mozilla/5.0 (Linux; Android 6.0.1; Nexus 5X Build/MMB29P) AppleWebKit/537.36 (KHTML, like Gecko) Chrome/150.0.7871.186 Mobile Safari/537.36 (compatible; GoogleOther)"
66.249.64.225 - - [30/Jul/2026:02:05:08 +0000] "POST /?wc-ajax=get_refreshed_fragments HTTP/1.1" 200 615 "https://moonbloomwalls.com/author/wordpress_3481f57911c4/page/2/" "Mozilla/5.0 (Linux; Android 6.0.1; Nexus 5X Build/MMB29P) AppleWebKit/537.36 (KHTML, like Gecko) Chrome/150.0.7871.186 Mobile Safari/537.36 (compatible; GoogleOther)"
85.155.190.233 - - [30/Jul/2026:02:06:11 +0000] "POST /wp-cron.php?doing_wp_cron=1785377171.6990439891815185546875 HTTP/1.1" 200 31 "-" "WordPress/7.0; https://moonbloomwalls.com"
43.164.194.198 - - [30/Jul/2026:02:06:11 +0000] "GET /2026/02/28/how-do-security-measures-at-betalice-casino-stack-up/ HTTP/1.1" 200 27803 "-" "Mozilla/5.0 (iPhone; CPU iPhone OS 13_2_3 like Mac OS X) AppleWebKit/605.1.15 (KHTML, like Gecko) Version/13.0.3 Mobile/15E148 Safari/604.1"
85.155.190.233 - - [30/Jul/2026:02:07:55 +0000] "POST /wp-cron.php?doing_wp_cron=1785377275.1750349998474121093750 HTTP/1.1" 200 31 "-" "WordPress/7.0; https://moonbloomwalls.com"
66.249.64.224 - - [30/Jul/2026:02:07:55 +0000] "GET /2026/07/29/betify-casino-en-ligne-jouez-sur-betify-avec-1000-eu/ HTTP/1.1" 200 30654 "-" "Mozilla/5.0 (Linux; Android 6.0.1; Nexus 5X Build/MMB29P) AppleWebKit/537.36 (KHTML, like Gecko) Chrome/150.0.7871.186 Mobile Safari/537.36 (compatible; Googlebot/2.1; +http://www.google.com/bot.html)"
85.155.190.233 - - [30/Jul/2026:02:14:37 +0000] "POST /wp-cron.php?doing_wp_cron=1785377677.3390069007873535156250 HTTP/1.1" 200 31 "-" "WordPress/7.0; https://moonbloomwalls.com"
138.36.78.235 - - [30/Jul/2026:02:14:37 +0000] "GET / HTTP/1.1" 200 37220 "-" "Mozilla/5.0 (Windows NT 10.0; Win64; x64) AppleWebKit/537.36 (KHTML, like Gecko) Chrome/120.0.0.0 Safari/537.36"
189.192.91.101 - - [30/Jul/2026:02:14:41 +0000] "GET /wp-login.php HTTP/1.1" 200 2240 "-" "Mozilla/5.0 (Windows NT 10.0; Win64; x64) AppleWebKit/537.36 (KHTML, like Gecko) Chrome/120.0.0.0 Safari/537.36"
189.192.91.101 - - [30/Jul/2026:02:14:42 +0000] "POST /wp-login.php HTTP/1.1" 302 5 "https://moonbloomwalls.com/wp-login.php" "Mozilla/5.0 (Windows NT 10.0; Win64; x64) AppleWebKit/537.36 (KHTML, like Gecko) Chrome/120.0.0.0 Safari/537.36"
189.192.91.101 - - [30/Jul/2026:02:14:44 +0000] "GET /wp-admin/ HTTP/1.1" 200 67329 "https://moonbloomwalls.com/wp-login.php" "Mozilla/5.0 (Windows NT 10.0; Win64; x64) AppleWebKit/537.36 (KHTML, like Gecko) Chrome/120.0.0.0 Safari/537.36"
160.191.139.115 - - [30/Jul/2026:02:14:46 +0000] "GET /wp-login.php HTTP/1.1" 200 2240 "-" "Mozilla/5.0 (Windows NT 10.0; Win64; x64) AppleWebKit/537.36 (KHTML, like Gecko) Chrome/120.0.0.0 Safari/537.36"
160.191.139.115 - - [30/Jul/2026:02:14:46 +0000] "POST /wp-login.php HTTP/1.1" 200 2402 "https://moonbloomwalls.com/wp-login.php" "Mozilla/5.0 (Windows NT 10.0; Win64; x64) AppleWebKit/537.36 (KHTML, like Gecko) Chrome/120.0.0.0 Safari/537.36"
190.154.183.41 - - [30/Jul/2026:02:14:48 +0000] "GET /wp-admin/ HTTP/1.1" 200 67326 "-" "Mozilla/5.0 (Windows NT 10.0; Win64; x64) AppleWebKit/537.36 (KHTML, like Gecko) Chrome/120.0.0.0 Safari/537.36"
190.154.183.41 - - [30/Jul/2026:02:14:50 +0000] "GET /wp-admin/post-new.php HTTP/1.1" 200 223996 "-" "Mozilla/5.0 (Windows NT 10.0; Win64; x64) AppleWebKit/537.36 (KHTML, like Gecko) Chrome/120.0.0.0 Safari/537.36"
190.154.183.41 - - [30/Jul/2026:02:14:53 +0000] "POST /xmlrpc.php HTTP/1.1" 403 118 "-" "WordPress/5.0; https://moonbloomwalls.com"
190.154.183.41 - - [30/Jul/2026:02:14:55 +0000] "GET /wp-admin/admin-ajax.php?action=rest-nonce HTTP/1.1" 200 41 "-" "Mozilla/5.0 (Windows NT 10.0; Win64; x64) AppleWebKit/537.36 (KHTML, like Gecko) Chrome/120.0.0.0 Safari/537.36"
190.154.183.41 - - [30/Jul/2026:02:14:56 +0000] "GET /wp-json/wp/v2/plugins HTTP/1.1" 200 5925 "-" "Mozilla/5.0 (Windows NT 10.0; Win64; x64) AppleWebKit/537.36 (KHTML, like Gecko) Chrome/120.0.0.0 Safari/537.36"
190.154.183.41 - - [30/Jul/2026:02:14:58 +0000] "GET / HTTP/1.1" 200 40891 "-" "Mozilla/5.0 (Windows NT 10.0; Win64; x64) AppleWebKit/537.36 (KHTML, like Gecko) Chrome/120.0.0.0 Safari/537.36"
190.154.183.41 - - [30/Jul/2026:02:15:00 +0000] "GET /wp-json/wp/v2/settings HTTP/1.1" 200 839 "-" "Mozilla/5.0 (Windows NT 10.0; Win64; x64) AppleWebKit/537.36 (KHTML, like Gecko) Chrome/120.0.0.0 Safari/537.36"
190.154.183.41 - - [30/Jul/2026:02:15:01 +0000] "GET /wp-json/wp/v2/pages/50 HTTP/1.1" 200 102139 "-" "Mozilla/5.0 (Windows NT 10.0; Win64; x64) AppleWebKit/537.36 (KHTML, like Gecko) Chrome/120.0.0.0 Safari/537.36"
190.154.183.41 - - [30/Jul/2026:02:15:05 +0000] "POST /wp-json/wp/v2/pages/50 HTTP/1.1" 200 203011 "-" "Mozilla/5.0 (Windows NT 10.0; Win64; x64) AppleWebKit/537.36 (KHTML, like Gecko) Chrome/120.0.0.0 Safari/537.36"
85.155.190.233 - - [30/Jul/2026:02:15:05 +0000] "POST /wp-cron.php?doing_wp_cron=1785377705.4171500205993652343750 HTTP/1.1" 200 31 "-" "WordPress/7.0; https://moonbloomwalls.com"
154.40.142.174 - - [30/Jul/2026:02:15:13 +0000] "GET /?page_id=50 HTTP/1.1" 301 5 "-" "Mozilla/5.0 (Windows NT 10.0; Win64; x64) AppleWebKit/537.36 (KHTML, like Gecko) Chrome/120.0.0.0 Safari/537.36"
154.40.142.174 - - [30/Jul/2026:02:15:15 +0000] "GET / HTTP/1.1" 200 40917 "-" "Mozilla/5.0 (Windows NT 10.0; Win64; x64) AppleWebKit/537.36 (KHTML, like Gecko) Chrome/120.0.0.0 Safari/537.36"
43.153.27.244 - - [30/Jul/2026:02:15:32 +0000] "GET / HTTP/1.1" 301 5 "http://www.moonbloomwalls.com" "Mozilla/5.0 (iPhone; CPU iPhone OS 13_2_3 like Mac OS X) AppleWebKit/605.1.15 (KHTML, like Gecko) Version/13.0.3 Mobile/15E148 Safari/604.1"
43.153.27.244 - - [30/Jul/2026:02:15:34 +0000] "GET / HTTP/1.1" 200 37246 "https://www.moonbloomwalls.com/" "Mozilla/5.0 (iPhone; CPU iPhone OS 13_2_3 like Mac OS X) AppleWebKit/605.1.15 (KHTML, like Gecko) Version/13.0.3 Mobile/15E148 Safari/604.1"
85.155.190.233 - - [30/Jul/2026:02:16:33 +0000] "POST /wp-cron.php?doing_wp_cron=1785377793.6998360157012939453125 HTTP/1.1" 200 31 "-" "WordPress/7.0; https://moonbloomwalls.com"
43.153.122.30 - - [30/Jul/2026:02:16:33 +0000] "GET /2026/04/23/planet-7-casino-la-fusion-entre-technologie-et-jeu/ HTTP/1.1" 200 27808 "-" "Mozilla/5.0 (iPhone; CPU iPhone OS 13_2_3 like Mac OS X) AppleWebKit/605.1.15 (KHTML, like Gecko) Version/13.0.3 Mobile/15E148 Safari/604.1"
85.155.190.233 - - [30/Jul/2026:02:18:39 +0000] "POST /wp-cron.php?doing_wp_cron=1785377919.0958220958709716796875 HTTP/1.1" 200 31 "-" "WordPress/7.0; https://moonbloomwalls.com"
66.249.64.226 - - [30/Jul/2026:02:18:39 +0000] "GET /author/wordpress_3481f57911c4/page/8/ HTTP/1.1" 200 24741 "-" "Mozilla/5.0 (Linux; Android 6.0.1; Nexus 5X Build/MMB29P) AppleWebKit/537.36 (KHTML, like Gecko) Chrome/150.0.7871.186 Mobile Safari/537.36 (compatible; GoogleOther)"
66.249.64.225 - - [30/Jul/2026:02:18:41 +0000] "POST /?wc-ajax=get_refreshed_fragments HTTP/1.1" 200 615 "https://moonbloomwalls.com/author/wordpress_3481f57911c4/page/8/" "Mozilla/5.0 (Linux; Android 6.0.1; Nexus 5X Build/MMB29P) AppleWebKit/537.36 (KHTML, like Gecko) Chrome/150.0.7871.186 Mobile Safari/537.36 (compatible; GoogleOther)"
66.249.64.225 - - [30/Jul/2026:02:18:43 +0000] "GET /2026/04/23/player-feedback-trust-and-credibility-of-powerup-casino/ HTTP/1.1" 200 27426 "-" "Mozilla/5.0 (Linux; Android 6.0.1; Nexus 5X Build/MMB29P) AppleWebKit/537.36 (KHTML, like Gecko) Chrome/150.0.7871.186 Mobile Safari/537.36 (compatible; GoogleOther)"
66.249.64.225 - - [30/Jul/2026:02:18:45 +0000] "GET /wp-content/themes/kadence/assets/css/content.min.css?ver=1.5.0 HTTP/1.1" 200 34362 "https://moonbloomwalls.com/2026/04/23/player-feedback-trust-and-credibility-of-powerup-casino/" "Mozilla/5.0 (Linux; Android 6.0.1; Nexus 5X Build/MMB29P) AppleWebKit/537.36 (KHTML, like Gecko) Chrome/150.0.7871.186 Mobile Safari/537.36 (compatible; GoogleOther)"
66.249.64.224 - - [30/Jul/2026:02:18:47 +0000] "GET /wp-content/plugins/woocommerce/assets/js/sourcebuster/sourcebuster.min.js?ver=10.8.1 HTTP/1.1" 200 15315 "https://moonbloomwalls.com/2026/04/23/player-feedback-trust-and-credibility-of-powerup-casino/" "Mozilla/5.0 (Linux; Android 6.0.1; Nexus 5X Build/MMB29P) AppleWebKit/537.36 (KHTML, like Gecko) Chrome/150.0.7871.186 Mobile Safari/537.36 (compatible; GoogleOther)"
66.249.64.224 - - [30/Jul/2026:02:18:50 +0000] "GET /wp-content/plugins/woocommerce/assets/js/js-cookie/js.cookie.min.js?ver=2.1.4-wc.10.8.1 HTTP/1.1" 200 1720 "https://moonbloomwalls.com/2026/04/23/player-feedback-trust-and-credibility-of-powerup-casino/" "Mozilla/5.0 (Linux; Android 6.0.1; Nexus 5X Build/MMB29P) AppleWebKit/537.36 (KHTML, like Gecko) Chrome/150.0.7871.186 Mobile Safari/537.36 (compatible; GoogleOther)"
66.249.64.224 - - [30/Jul/2026:02:18:52 +0000] "GET /wp-content/themes/kadence/assets/js/shop-spinner.min.js?ver=1.5.0 HTTP/1.1" 200 1265 "https://moonbloomwalls.com/2026/04/23/player-feedback-trust-and-credibility-of-powerup-casino/" "Mozilla/5.0 (Linux; Android 6.0.1; Nexus 5X Build/MMB29P) AppleWebKit/537.36 (KHTML, like Gecko) Chrome/150.0.7871.186 Mobile Safari/537.36 (compatible; GoogleOther)"
66.249.64.224 - - [30/Jul/2026:02:18:55 +0000] "POST /?wc-ajax=get_refreshed_fragments HTTP/1.1" 200 615 "https://moonbloomwalls.com/2026/04/23/player-feedback-trust-and-credibility-of-powerup-casino/" "Mozilla/5.0 (Linux; Android 6.0.1; Nexus 5X Build/MMB29P) AppleWebKit/537.36 (KHTML, like Gecko) Chrome/150.0.7871.186 Mobile Safari/537.36 (compatible; GoogleOther)"
85.155.190.233 - - [30/Jul/2026:02:25:51 +0000] "POST /wp-cron.php?doing_wp_cron=1785378351.8667819499969482421875 HTTP/1.1" 200 31 "-" "WordPress/7.0; https://moonbloomwalls.com"
66.249.64.225 - - [30/Jul/2026:02:25:51 +0000] "GET /2023/09/21/online-casino-trends-and-insights-for-2026/ HTTP/1.1" 200 28814 "-" "Mozilla/5.0 (Linux; Android 6.0.1; Nexus 5X Build/MMB29P) AppleWebKit/537.36 (KHTML, like Gecko) Chrome/150.0.7871.186 Mobile Safari/537.36 (compatible; Googlebot/2.1; +http://www.google.com/bot.html)"
85.155.190.233 - - [30/Jul/2026:02:26:17 +0000] "POST /wp-cron.php?doing_wp_cron=1785378377.2230849266052246093750 HTTP/1.1" 200 31 "-" "WordPress/7.0; https://moonbloomwalls.com"
43.128.149.102 - - [30/Jul/2026:02:26:17 +0000] "GET /2026/02/14/try-luckywins-casino-why-its-worth-your-time/ HTTP/1.1" 200 27844 "-" "Mozilla/5.0 (iPhone; CPU iPhone OS 13_2_3 like Mac OS X) AppleWebKit/605.1.15 (KHTML, like Gecko) Version/13.0.3 Mobile/15E148 Safari/604.1"
50.114.3.123 - - [30/Jul/2026:02:26:48 +0000] "GET /wp-login.php HTTP/1.1" 200 2240 "-" "Mozilla/5.0 (Windows NT 10.0; Win64; x64) AppleWebKit/537.36 (KHTML, like Gecko) Chrome/145.0.0.0 Safari/537.36"
50.114.3.123 - - [30/Jul/2026:02:26:53 +0000] "POST /wp-login.php HTTP/1.1" 302 5 "https://moonbloomwalls.com/wp-login.php" "Mozilla/5.0 (Windows NT 10.0; Win64; x64) AppleWebKit/537.36 (KHTML, like Gecko) Chrome/145.0.0.0 Safari/537.36"
50.114.3.123 - - [30/Jul/2026:02:26:55 +0000] "GET /wp-admin/ HTTP/1.1" 200 67318 "https://moonbloomwalls.com/wp-login.php" "Mozilla/5.0 (Windows NT 10.0; Win64; x64) AppleWebKit/537.36 (KHTML, like Gecko) Chrome/145.0.0.0 Safari/537.36"
50.114.3.123 - - [30/Jul/2026:02:26:59 +0000] "GET /wp-admin/user-new.php HTTP/1.1" 200 59949 "https://moonbloomwalls.com/wp-login.php" "Mozilla/5.0 (Windows NT 10.0; Win64; x64) AppleWebKit/537.36 (KHTML, like Gecko) Chrome/145.0.0.0 Safari/537.36"
85.155.190.233 - - [30/Jul/2026:02:27:04 +0000] "POST /wp-cron.php?doing_wp_cron=1785378424.9524769783020019531250 HTTP/1.1" 200 31 "-" "WordPress/7.0; https://moonbloomwalls.com"
50.114.3.123 - - [30/Jul/2026:02:27:04 +0000] "POST /wp-admin/user-new.php HTTP/1.1" 200 60009 "https://moonbloomwalls.com/wp-login.php" "Mozilla/5.0 (Windows NT 10.0; Win64; x64) AppleWebKit/537.36 (KHTML, like Gecko) Chrome/145.0.0.0 Safari/537.36"
50.114.3.123 - - [30/Jul/2026:02:27:08 +0000] "GET /wp-admin/plugins.php?plugin_status=all&paged=1&s HTTP/1.1" 200 67228 "https://moonbloomwalls.com/wp-login.php" "Mozilla/5.0 (Windows NT 10.0; Win64; x64) AppleWebKit/537.36 (KHTML, like Gecko) Chrome/145.0.0.0 Safari/537.36"
50.114.3.123 - - [30/Jul/2026:02:27:14 +0000] "GET /wp-admin/plugins.php HTTP/1.1" 200 67152 "https://moonbloomwalls.com/wp-login.php" "Mozilla/5.0 (Windows NT 10.0; Win64; x64) AppleWebKit/537.36 (KHTML, like Gecko) Chrome/145.0.0.0 Safari/537.36"
50.114.3.123 - - [30/Jul/2026:02:27:19 +0000] "GET /wp-admin/plugin-install.php HTTP/1.1" 200 67071 "https://moonbloomwalls.com/wp-login.php" "Mozilla/5.0 (Windows NT 10.0; Win64; x64) AppleWebKit/537.36 (KHTML, like Gecko) Chrome/145.0.0.0 Safari/537.36"
50.114.3.123 - - [30/Jul/2026:02:27:24 +0000] "POST /wp-admin/admin-ajax.php HTTP/1.1" 200 227 "https://moonbloomwalls.com/wp-login.php" "Mozilla/5.0 (Windows NT 10.0; Win64; x64) AppleWebKit/537.36 (KHTML, like Gecko) Chrome/145.0.0.0 Safari/537.36"
50.114.3.123 - - [30/Jul/2026:02:27:28 +0000] "POST /wp-admin/admin-ajax.php HTTP/1.1" 200 197 "https://moonbloomwalls.com/wp-login.php" "Mozilla/5.0 (Windows NT 10.0; Win64; x64) AppleWebKit/537.36 (KHTML, like Gecko) Chrome/145.0.0.0 Safari/537.36"
50.114.3.123 - - [30/Jul/2026:02:27:33 +0000] "GET /wp-admin/plugins.php?plugin_status=all&paged=1&s HTTP/1.1" 200 67253 "https://moonbloomwalls.com/wp-login.php" "Mozilla/5.0 (Windows NT 10.0; Win64; x64) AppleWebKit/537.36 (KHTML, like Gecko) Chrome/145.0.0.0 Safari/537.36"
85.155.190.233 - - [30/Jul/2026:02:35:20 +0000] "POST /wp-cron.php?doing_wp_cron=1785378920.8384399414062500000000 HTTP/1.1" 200 31 "-" "WordPress/7.0; https://moonbloomwalls.com"
43.157.188.74 - - [30/Jul/2026:02:35:20 +0000] "GET /2026/04/10/une-analyse-complete-de-loffre-de-coolzino-casino/ HTTP/1.1" 200 27659 "-" "Mozilla/5.0 (iPhone; CPU iPhone OS 13_2_3 like Mac OS X) AppleWebKit/605.1.15 (KHTML, like Gecko) Version/13.0.3 Mobile/15E148 Safari/604.1"
85.155.190.233 - - [30/Jul/2026:02:36:23 +0000] "POST /wp-cron.php?doing_wp_cron=1785378983.3769009113311767578125 HTTP/1.1" 200 31 "-" "WordPress/7.0; https://moonbloomwalls.com"
216.73.216.31 - - [30/Jul/2026:02:36:23 +0000] "GET /robots.txt HTTP/1.1" 200 336 "-" "Mozilla/5.0 AppleWebKit/537.36 (KHTML, like Gecko; compatible; ClaudeBot/1.0; +claudebot@anthropic.com)"
216.73.216.31 - - [30/Jul/2026:02:36:25 +0000] "GET /sitemap_index.xml HTTP/1.1" 200 811 "-" "Mozilla/5.0 AppleWebKit/537.36 (KHTML, like Gecko; compatible; ClaudeBot/1.0; +claudebot@anthropic.com)"
85.155.190.233 - - [30/Jul/2026:02:40:04 +0000] "POST /wp-cron.php?doing_wp_cron=1785379204.8216850757598876953125 HTTP/1.1" 200 31 "-" "WordPress/7.0; https://moonbloomwalls.com"
66.249.64.225 - - [30/Jul/2026:02:40:04 +0000] "GET /author/wordpress_3481f57911c4/page/4/ HTTP/1.1" 200 25393 "-" "Mozilla/5.0 (Linux; Android 6.0.1; Nexus 5X Build/MMB29P) AppleWebKit/537.36 (KHTML, like Gecko) Chrome/150.0.7871.186 Mobile Safari/537.36 (compatible; GoogleOther)"
66.249.64.225 - - [30/Jul/2026:02:40:06 +0000] "POST /?wc-ajax=get_refreshed_fragments HTTP/1.1" 200 615 "https://moonbloomwalls.com/author/wordpress_3481f57911c4/page/4/" "Mozilla/5.0 (Linux; Android 6.0.1; Nexus 5X Build/MMB29P) AppleWebKit/537.36 (KHTML, like Gecko) Chrome/150.0.7871.186 Mobile Safari/537.36 (compatible; GoogleOther)"
85.155.190.233 - - [30/Jul/2026:02:42:29 +0000] "POST /wp-cron.php?doing_wp_cron=1785379349.7425200939178466796875 HTTP/1.1" 200 31 "-" "WordPress/7.0; https://moonbloomwalls.com"
66.249.64.226 - - [30/Jul/2026:02:42:29 +0000] "POST /?wc-ajax=get_refreshed_fragments HTTP/1.1" 200 615 "https://moonbloomwalls.com/2026/07/29/mostbet-az-bukmeker-ve-kazino-mostbet-giris-r-smi-sayt/" "Mozilla/5.0 (Linux; Android 6.0.1; Nexus 5X Build/MMB29P) AppleWebKit/537.36 (KHTML, like Gecko) Chrome/150.0.7871.186 Mobile Safari/537.36 (compatible; Googlebot/2.1; +http://www.google.com/bot.html)"
85.155.190.233 - - [30/Jul/2026:02:43:48 +0000] "POST /wp-cron.php?doing_wp_cron=1785379428.6859850883483886718750 HTTP/1.1" 200 31 "-" "WordPress/7.0; https://moonbloomwalls.com"
66.249.64.224 - - [30/Jul/2026:02:43:48 +0000] "GET /2024/03/10/epik-star-kazino-istoriia-i-budushchee-azarta/ HTTP/1.1" 200 31652 "-" "Mozilla/5.0 (Linux; Android 6.0.1; Nexus 5X Build/MMB29P) AppleWebKit/537.36 (KHTML, like Gecko) Chrome/150.0.7871.186 Mobile Safari/537.36 (compatible; Googlebot/2.1; +http://www.google.com/bot.html)"
85.155.190.233 - - [30/Jul/2026:02:46:34 +0000] "POST /wp-cron.php?doing_wp_cron=1785379594.1080849170684814453125 HTTP/1.1" 200 31 "-" "WordPress/7.0; https://moonbloomwalls.com"
43.134.68.29 - - [30/Jul/2026:02:46:34 +0000] "GET /2026/07/29/die-besten-zahlungsmethoden-fur-sportwetten-ohne-oasis/ HTTP/1.1" 200 28254 "-" "Mozilla/5.0 (iPhone; CPU iPhone OS 13_2_3 like Mac OS X) AppleWebKit/605.1.15 (KHTML, like Gecko) Version/13.0.3 Mobile/15E148 Safari/604.1"
85.155.190.233 - - [30/Jul/2026:02:48:19 +0000] "POST /wp-cron.php?doing_wp_cron=1785379699.9072289466857910156250 HTTP/1.1" 200 31 "-" "WordPress/7.0; https://moonbloomwalls.com"
166.88.149.13 - - [30/Jul/2026:02:48:19 +0000] "GET /wp-login.php HTTP/1.1" 200 2240 "-" "Mozilla/5.0 (Windows NT 10.0; Win64; x64) AppleWebKit/537.36 (KHTML, like Gecko) Chrome/145.0.0.0 Safari/537.36"
166.88.149.13 - - [30/Jul/2026:02:48:21 +0000] "POST /wp-login.php HTTP/1.1" 302 5 "https://moonbloomwalls.com/wp-login.php" "Mozilla/5.0 (Windows NT 10.0; Win64; x64) AppleWebKit/537.36 (KHTML, like Gecko) Chrome/145.0.0.0 Safari/537.36"
166.88.149.13 - - [30/Jul/2026:02:48:24 +0000] "GET /wp-admin/ HTTP/1.1" 200 67333 "https://moonbloomwalls.com/wp-login.php" "Mozilla/5.0 (Windows NT 10.0; Win64; x64) AppleWebKit/537.36 (KHTML, like Gecko) Chrome/145.0.0.0 Safari/537.36"
166.88.149.13 - - [30/Jul/2026:02:48:26 +0000] "GET /wp-admin/user-new.php HTTP/1.1" 200 59965 "https://moonbloomwalls.com/wp-login.php" "Mozilla/5.0 (Windows NT 10.0; Win64; x64) AppleWebKit/537.36 (KHTML, like Gecko) Chrome/145.0.0.0 Safari/537.36"
166.88.149.13 - - [30/Jul/2026:02:48:29 +0000] "POST /wp-admin/user-new.php HTTP/1.1" 200 60028 "https://moonbloomwalls.com/wp-login.php" "Mozilla/5.0 (Windows NT 10.0; Win64; x64) AppleWebKit/537.36 (KHTML, like Gecko) Chrome/145.0.0.0 Safari/537.36"
166.88.149.13 - - [30/Jul/2026:02:48:32 +0000] "GET /wp-admin/plugins.php?plugin_status=all&paged=1&s HTTP/1.1" 200 67239 "https://moonbloomwalls.com/wp-login.php" "Mozilla/5.0 (Windows NT 10.0; Win64; x64) AppleWebKit/537.36 (KHTML, like Gecko) Chrome/145.0.0.0 Safari/537.36"
166.88.149.13 - - [30/Jul/2026:02:48:37 +0000] "GET /wp-admin/plugins.php HTTP/1.1" 200 67166 "https://moonbloomwalls.com/wp-login.php" "Mozilla/5.0 (Windows NT 10.0; Win64; x64) AppleWebKit/537.36 (KHTML, like Gecko) Chrome/145.0.0.0 Safari/537.36"
166.88.149.13 - - [30/Jul/2026:02:48:40 +0000] "GET /wp-admin/plugin-install.php HTTP/1.1" 200 67091 "https://moonbloomwalls.com/wp-login.php" "Mozilla/5.0 (Windows NT 10.0; Win64; x64) AppleWebKit/537.36 (KHTML, like Gecko) Chrome/145.0.0.0 Safari/537.36"
166.88.149.13 - - [30/Jul/2026:02:48:46 +0000] "POST /wp-admin/admin-ajax.php HTTP/1.1" 200 227 "https://moonbloomwalls.com/wp-login.php" "Mozilla/5.0 (Windows NT 10.0; Win64; x64) AppleWebKit/537.36 (KHTML, like Gecko) Chrome/145.0.0.0 Safari/537.36"
166.88.149.13 - - [30/Jul/2026:02:48:49 +0000] "POST /wp-admin/admin-ajax.php HTTP/1.1" 200 197 "https://moonbloomwalls.com/wp-login.php" "Mozilla/5.0 (Windows NT 10.0; Win64; x64) AppleWebKit/537.36 (KHTML, like Gecko) Chrome/145.0.0.0 Safari/537.36"
166.88.149.13 - - [30/Jul/2026:02:48:53 +0000] "GET /wp-admin/plugins.php?plugin_status=all&paged=1&s HTTP/1.1" 200 67238 "https://moonbloomwalls.com/wp-login.php" "Mozilla/5.0 (Windows NT 10.0; Win64; x64) AppleWebKit/537.36 (KHTML, like Gecko) Chrome/145.0.0.0 Safari/537.36"
85.155.190.233 - - [30/Jul/2026:02:49:08 +0000] "POST /wp-cron.php?doing_wp_cron=1785379748.4461390972137451171875 HTTP/1.1" 200 31 "-" "WordPress/7.0; https://moonbloomwalls.com"
172.56.118.85 - - [30/Jul/2026:02:49:08 +0000] "GET / HTTP/1.1" 200 37246 "-" "Mozilla/5.0 (Windows NT 10.0; Win64; x64) AppleWebKit/537.36 (KHTML, like Gecko) Chrome/120.0.0.0 Safari/537.36"
45.230.216.243 - - [30/Jul/2026:02:49:15 +0000] "GET /wp-login.php HTTP/1.1" 200 2240 "-" "Mozilla/5.0 (Windows NT 10.0; Win64; x64) AppleWebKit/537.36 (KHTML, like Gecko) Chrome/120.0.0.0 Safari/537.36"
45.230.216.243 - - [30/Jul/2026:02:49:16 +0000] "POST /wp-login.php HTTP/1.1" 302 5 "https://moonbloomwalls.com/wp-login.php" "Mozilla/5.0 (Windows NT 10.0; Win64; x64) AppleWebKit/537.36 (KHTML, like Gecko) Chrome/120.0.0.0 Safari/537.36"
45.230.216.243 - - [30/Jul/2026:02:49:17 +0000] "GET /wp-admin/ HTTP/1.1" 200 67320 "https://moonbloomwalls.com/wp-login.php" "Mozilla/5.0 (Windows NT 10.0; Win64; x64) AppleWebKit/537.36 (KHTML, like Gecko) Chrome/120.0.0.0 Safari/537.36"
190.150.37.122 - - [30/Jul/2026:02:49:21 +0000] "GET /wp-admin/ HTTP/1.1" 200 67312 "-" "Mozilla/5.0 (Windows NT 10.0; Win64; x64) AppleWebKit/537.36 (KHTML, like Gecko) Chrome/120.0.0.0 Safari/537.36"
190.150.37.122 - - [30/Jul/2026:02:49:24 +0000] "GET /wp-admin/post-new.php HTTP/1.1" 200 224002 "-" "Mozilla/5.0 (Windows NT 10.0; Win64; x64) AppleWebKit/537.36 (KHTML, like Gecko) Chrome/120.0.0.0 Safari/537.36"
190.150.37.122 - - [30/Jul/2026:02:49:32 +0000] "POST /xmlrpc.php HTTP/1.1" 403 118 "-" "WordPress/5.0; https://moonbloomwalls.com"
190.150.37.122 - - [30/Jul/2026:02:49:33 +0000] "GET /wp-admin/admin-ajax.php?action=rest-nonce HTTP/1.1" 200 41 "-" "Mozilla/5.0 (Windows NT 10.0; Win64; x64) AppleWebKit/537.36 (KHTML, like Gecko) Chrome/120.0.0.0 Safari/537.36"
190.150.37.122 - - [30/Jul/2026:02:49:34 +0000] "GET /wp-json/wp/v2/plugins HTTP/1.1" 200 5925 "-" "Mozilla/5.0 (Windows NT 10.0; Win64; x64) AppleWebKit/537.36 (KHTML, like Gecko) Chrome/120.0.0.0 Safari/537.36"
190.150.37.122 - - [30/Jul/2026:02:49:36 +0000] "GET / HTTP/1.1" 200 40916 "-" "Mozilla/5.0 (Windows NT 10.0; Win64; x64) AppleWebKit/537.36 (KHTML, like Gecko) Chrome/120.0.0.0 Safari/537.36"
190.150.37.122 - - [30/Jul/2026:02:49:39 +0000] "GET /wp-json/wp/v2/settings HTTP/1.1" 200 839 "-" "Mozilla/5.0 (Windows NT 10.0; Win64; x64) AppleWebKit/537.36 (KHTML, like Gecko) Chrome/120.0.0.0 Safari/537.36"
