Uname:Linux antigravity-cli 6.8.0-31-generic #31-Ubuntu SMP PREEMPT_DYNAMIC Sat Apr 20 00:40:06 UTC 2024 x86_64

Base Dir : /var/www/moonbloom

User : wp-moonbloom


403WebShell
403Webshell
Server IP : 85.155.190.233  /  Your IP : 216.73.216.103
Web Server : nginx/1.24.0
System : Linux antigravity-cli 6.8.0-31-generic #31-Ubuntu SMP PREEMPT_DYNAMIC Sat Apr 20 00:40:06 UTC 2024 x86_64
User : wp-moonbloom ( 1001)
PHP Version : 8.3.6
Disable Function : NONE
MySQL : OFF  |  cURL : ON  |  WGET : ON  |  Perl : ON  |  Python : OFF  |  Sudo : ON  |  Pkexec : OFF
Directory :  /var/log/nginx/

Upload File :
current_dir [ Writeable ] document_root [ Writeable ]

 

Command :


[ Back ]     

Current File : /var/log/nginx/moonbloom.access.log.1
85.155.190.233 - - [30/Jul/2026:00:00:11 +0000] "POST /wp-cron.php?doing_wp_cron=1785369611.3387980461120605468750 HTTP/1.1" 200 31 "-" "WordPress/7.0; https://moonbloomwalls.com"
103.168.66.101 - - [30/Jul/2026:00:00:11 +0000] "GET / HTTP/1.1" 200 187543 "-" "Mozilla/5.0 (Windows NT 10.0; Win64; x64) AppleWebKit/537.36 (KHTML, like Gecko) Chrome/124.0.0.0 Safari/537.36"
103.168.66.101 - - [30/Jul/2026:00:00:17 +0000] "GET / HTTP/1.1" 200 187566 "http://moonbloomwalls.com" "Mozilla/5.0 (Windows NT 10.0; Win64; x64) AppleWebKit/537.36 (KHTML, like Gecko) Chrome/124.0.0.0 Safari/537.36"
66.249.64.224 - - [30/Jul/2026:00:00:50 +0000] "POST /?wc-ajax=get_refreshed_fragments HTTP/1.1" 200 615 "https://moonbloomwalls.com/2026/07/29/wpps-1785348254343-215871/" "Mozilla/5.0 (Linux; Android 6.0.1; Nexus 5X Build/MMB29P) AppleWebKit/537.36 (KHTML, like Gecko) Chrome/150.0.7871.186 Mobile Safari/537.36 (compatible; GoogleOther)"
85.155.190.233 - - [30/Jul/2026:00:03:23 +0000] "POST /wp-cron.php?doing_wp_cron=1785369803.1490418910980224609375 HTTP/1.1" 200 31 "-" "WordPress/7.0; https://moonbloomwalls.com"
66.249.64.226 - - [30/Jul/2026:00:03:23 +0000] "POST /?wc-ajax=get_refreshed_fragments HTTP/1.1" 200 615 "https://moonbloomwalls.com/author/wordpress_3481f57911c4/page/3/" "Mozilla/5.0 (Linux; Android 6.0.1; Nexus 5X Build/MMB29P) AppleWebKit/537.36 (KHTML, like Gecko) Chrome/150.0.7871.186 Mobile Safari/537.36 (compatible; GoogleOther)"
85.155.190.233 - - [30/Jul/2026:00:06:44 +0000] "POST /wp-cron.php?doing_wp_cron=1785370004.8475909233093261718750 HTTP/1.1" 200 31 "-" "WordPress/7.0; https://moonbloomwalls.com"
14.191.137.7 - - [30/Jul/2026:00:06:44 +0000] "GET / HTTP/1.1" 200 37196 "-" "Mozilla/5.0 (Windows NT 10.0; Win64; x64) AppleWebKit/537.36 (KHTML, like Gecko) Chrome/120.0.0.0 Safari/537.36"
66.249.64.225 - - [30/Jul/2026:00:07:00 +0000] "POST /?wc-ajax=get_refreshed_fragments HTTP/1.1" 200 615 "https://moonbloomwalls.com/2026/04/19/liraspin-casino-visiteurs-reguliers-et-leur-retour-dexperience/" "Mozilla/5.0 (Linux; Android 6.0.1; Nexus 5X Build/MMB29P) AppleWebKit/537.36 (KHTML, like Gecko) Chrome/150.0.7871.186 Mobile Safari/537.36 (compatible; GoogleOther)"
85.155.190.233 - - [30/Jul/2026:00:07:06 +0000] "POST /wp-cron.php?doing_wp_cron=1785370025.9791591167449951171875 HTTP/1.1" 200 31 "-" "WordPress/7.0; https://moonbloomwalls.com"
199.255.118.34 - - [30/Jul/2026:00:07:06 +0000] "GET / HTTP/1.1" 200 37196 "-" "Mozilla/5.0 (Windows NT 10.0; Win64; x64) AppleWebKit/537.36 (KHTML, like Gecko) Chrome/120.0.0.0 Safari/537.36"
179.217.102.237 - - [30/Jul/2026:00:07:17 +0000] "GET /wp-login.php HTTP/1.1" 200 2240 "-" "Mozilla/5.0 (Windows NT 10.0; Win64; x64) AppleWebKit/537.36 (KHTML, like Gecko) Chrome/120.0.0.0 Safari/537.36"
179.217.102.237 - - [30/Jul/2026:00:07:23 +0000] "POST /wp-login.php HTTP/1.1" 302 5 "https://moonbloomwalls.com/wp-login.php" "Mozilla/5.0 (Windows NT 10.0; Win64; x64) AppleWebKit/537.36 (KHTML, like Gecko) Chrome/120.0.0.0 Safari/537.36"
179.217.102.237 - - [30/Jul/2026:00:07:27 +0000] "GET /wp-admin/ HTTP/1.1" 200 67383 "https://moonbloomwalls.com/wp-login.php" "Mozilla/5.0 (Windows NT 10.0; Win64; x64) AppleWebKit/537.36 (KHTML, like Gecko) Chrome/120.0.0.0 Safari/537.36"
179.125.212.58 - - [30/Jul/2026:00:07:41 +0000] "GET /wp-admin/ HTTP/1.1" 200 67373 "-" "Mozilla/5.0 (Windows NT 10.0; Win64; x64) AppleWebKit/537.36 (KHTML, like Gecko) Chrome/120.0.0.0 Safari/537.36"
179.125.212.58 - - [30/Jul/2026:00:07:49 +0000] "GET /wp-admin/post-new.php HTTP/1.1" 200 224007 "-" "Mozilla/5.0 (Windows NT 10.0; Win64; x64) AppleWebKit/537.36 (KHTML, like Gecko) Chrome/120.0.0.0 Safari/537.36"
179.125.212.58 - - [30/Jul/2026:00:08:04 +0000] "POST /xmlrpc.php HTTP/1.1" 403 118 "-" "WordPress/5.0; https://moonbloomwalls.com"
85.155.190.233 - - [30/Jul/2026:00:08:08 +0000] "POST /wp-cron.php?doing_wp_cron=1785370088.6587479114532470703125 HTTP/1.1" 200 31 "-" "WordPress/7.0; https://moonbloomwalls.com"
179.125.212.58 - - [30/Jul/2026:00:08:08 +0000] "GET /wp-admin/admin-ajax.php?action=rest-nonce HTTP/1.1" 200 41 "-" "Mozilla/5.0 (Windows NT 10.0; Win64; x64) AppleWebKit/537.36 (KHTML, like Gecko) Chrome/120.0.0.0 Safari/537.36"
179.125.212.58 - - [30/Jul/2026:00:08:14 +0000] "POST /wp-json/wp/v2/posts HTTP/1.1" 201 17556 "-" "Mozilla/5.0 (Windows NT 10.0; Win64; x64) AppleWebKit/537.36 (KHTML, like Gecko) Chrome/120.0.0.0 Safari/537.36"
85.155.190.233 - - [30/Jul/2026:00:08:14 +0000] "POST /wp-cron.php?doing_wp_cron=1785370094.6427431106567382812500 HTTP/1.1" 200 31 "-" "WordPress/7.0; https://moonbloomwalls.com"
43.134.163.229 - - [30/Jul/2026:00:08:18 +0000] "GET /2026/02/15/join-fortunica-casino-today-an-invitation-to-players/ HTTP/1.1" 200 27475 "-" "Mozilla/5.0 (iPhone; CPU iPhone OS 13_2_3 like Mac OS X) AppleWebKit/605.1.15 (KHTML, like Gecko) Version/13.0.3 Mobile/15E148 Safari/604.1"
179.125.212.58 - - [30/Jul/2026:00:08:20 +0000] "GET /2026/07/29/przyszle-aktualizacje-i-funkcje-aplikacji-mostbet-ktore-musisz-znac/ HTTP/1.1" 200 32590 "-" "Mozilla/5.0 (Windows NT 10.0; Win64; x64) AppleWebKit/537.36 (KHTML, like Gecko) Chrome/120.0.0.0 Safari/537.36"
186.214.107.9 - - [30/Jul/2026:00:08:41 +0000] "GET / HTTP/1.1" 200 37196 "-" "Mozilla/5.0 (Windows NT 10.0; Win64; x64) AppleWebKit/537.36 (KHTML, like Gecko) Chrome/120.0.0.0 Safari/537.36"
87.243.94.40 - - [30/Jul/2026:00:08:55 +0000] "GET /wp-login.php HTTP/1.1" 200 2240 "-" "Mozilla/5.0 (Windows NT 10.0; Win64; x64) AppleWebKit/537.36 (KHTML, like Gecko) Chrome/120.0.0.0 Safari/537.36"
87.243.94.40 - - [30/Jul/2026:00:09:02 +0000] "POST /wp-login.php HTTP/1.1" 302 5 "https://moonbloomwalls.com/wp-login.php" "Mozilla/5.0 (Windows NT 10.0; Win64; x64) AppleWebKit/537.36 (KHTML, like Gecko) Chrome/120.0.0.0 Safari/537.36"
85.155.190.233 - - [30/Jul/2026:00:09:08 +0000] "POST /wp-cron.php?doing_wp_cron=1785370148.3713788986206054687500 HTTP/1.1" 200 31 "-" "WordPress/7.0; https://moonbloomwalls.com"
87.243.94.40 - - [30/Jul/2026:00:09:08 +0000] "GET /wp-admin/ HTTP/1.1" 200 67373 "https://moonbloomwalls.com/wp-login.php" "Mozilla/5.0 (Windows NT 10.0; Win64; x64) AppleWebKit/537.36 (KHTML, like Gecko) Chrome/120.0.0.0 Safari/537.36"
170.80.77.127 - - [30/Jul/2026:00:09:33 +0000] "GET /wp-admin/post-new.php HTTP/1.1" 200 224002 "-" "Mozilla/5.0 (Windows NT 10.0; Win64; x64) AppleWebKit/537.36 (KHTML, like Gecko) Chrome/120.0.0.0 Safari/537.36"
188.51.205.96 - - [30/Jul/2026:00:09:53 +0000] "POST /xmlrpc.php HTTP/1.1" 403 118 "-" "WordPress/5.0; https://moonbloomwalls.com"
85.155.190.233 - - [30/Jul/2026:00:10:04 +0000] "POST /wp-cron.php?doing_wp_cron=1785370204.8834090232849121093750 HTTP/1.1" 200 31 "-" "WordPress/7.0; https://moonbloomwalls.com"
190.196.250.47 - - [30/Jul/2026:00:10:04 +0000] "GET / HTTP/1.1" 200 37196 "-" "Mozilla/5.0 (Windows NT 10.0; Win64; x64) AppleWebKit/537.36 (KHTML, like Gecko) Chrome/120.0.0.0 Safari/537.36"
45.168.176.146 - - [30/Jul/2026:00:10:18 +0000] "GET /wp-login.php HTTP/1.1" 200 2240 "-" "Mozilla/5.0 (Windows NT 10.0; Win64; x64) AppleWebKit/537.36 (KHTML, like Gecko) Chrome/120.0.0.0 Safari/537.36"
45.168.176.146 - - [30/Jul/2026:00:10:24 +0000] "POST /wp-login.php HTTP/1.1" 302 5 "https://moonbloomwalls.com/wp-login.php" "Mozilla/5.0 (Windows NT 10.0; Win64; x64) AppleWebKit/537.36 (KHTML, like Gecko) Chrome/120.0.0.0 Safari/537.36"
45.168.176.146 - - [30/Jul/2026:00:10:29 +0000] "GET /wp-admin/ HTTP/1.1" 200 67388 "https://moonbloomwalls.com/wp-login.php" "Mozilla/5.0 (Windows NT 10.0; Win64; x64) AppleWebKit/537.36 (KHTML, like Gecko) Chrome/120.0.0.0 Safari/537.36"
103.253.127.122 - - [30/Jul/2026:00:10:43 +0000] "GET /wp-admin/ HTTP/1.1" 200 67387 "-" "Mozilla/5.0 (Windows NT 10.0; Win64; x64) AppleWebKit/537.36 (KHTML, like Gecko) Chrome/120.0.0.0 Safari/537.36"
103.253.127.122 - - [30/Jul/2026:00:10:52 +0000] "GET /wp-admin/post-new.php HTTP/1.1" 200 223999 "-" "Mozilla/5.0 (Windows NT 10.0; Win64; x64) AppleWebKit/537.36 (KHTML, like Gecko) Chrome/120.0.0.0 Safari/537.36"
103.253.127.122 - - [30/Jul/2026:00:11:07 +0000] "POST /xmlrpc.php HTTP/1.1" 403 118 "-" "WordPress/5.0; https://moonbloomwalls.com"
85.155.190.233 - - [30/Jul/2026:00:11:12 +0000] "POST /wp-cron.php?doing_wp_cron=1785370272.0493168830871582031250 HTTP/1.1" 200 31 "-" "WordPress/7.0; https://moonbloomwalls.com"
103.253.127.122 - - [30/Jul/2026:00:11:12 +0000] "GET /wp-admin/admin-ajax.php?action=rest-nonce HTTP/1.1" 200 41 "-" "Mozilla/5.0 (Windows NT 10.0; Win64; x64) AppleWebKit/537.36 (KHTML, like Gecko) Chrome/120.0.0.0 Safari/537.36"
103.253.127.122 - - [30/Jul/2026:00:11:16 +0000] "GET /wp-json/wp/v2/categories?search=blazebet HTTP/1.1" 200 12 "-" "Mozilla/5.0 (Windows NT 10.0; Win64; x64) AppleWebKit/537.36 (KHTML, like Gecko) Chrome/120.0.0.0 Safari/537.36"
103.253.127.122 - - [30/Jul/2026:00:11:21 +0000] "POST /wp-json/wp/v2/categories HTTP/1.1" 201 688 "-" "Mozilla/5.0 (Windows NT 10.0; Win64; x64) AppleWebKit/537.36 (KHTML, like Gecko) Chrome/120.0.0.0 Safari/537.36"
103.253.127.122 - - [30/Jul/2026:00:11:27 +0000] "POST /wp-json/wp/v2/posts HTTP/1.1" 201 20363 "-" "Mozilla/5.0 (Windows NT 10.0; Win64; x64) AppleWebKit/537.36 (KHTML, like Gecko) Chrome/120.0.0.0 Safari/537.36"
85.155.190.233 - - [30/Jul/2026:00:11:27 +0000] "POST /wp-cron.php?doing_wp_cron=1785370287.7138268947601318359375 HTTP/1.1" 200 31 "-" "WordPress/7.0; https://moonbloomwalls.com"
189.34.120.180 - - [30/Jul/2026:00:11:42 +0000] "GET /wp-json/wp/v2/categories?search=blazebet HTTP/1.1" 200 690 "-" "Mozilla/5.0 (Windows NT 10.0; Win64; x64) AppleWebKit/537.36 (KHTML, like Gecko) Chrome/120.0.0.0 Safari/537.36"
189.34.120.180 - - [30/Jul/2026:00:11:49 +0000] "POST /wp-json/wp/v2/posts HTTP/1.1" 201 20350 "-" "Mozilla/5.0 (Windows NT 10.0; Win64; x64) AppleWebKit/537.36 (KHTML, like Gecko) Chrome/120.0.0.0 Safari/537.36"
85.155.190.233 - - [30/Jul/2026:00:11:49 +0000] "POST /wp-cron.php?doing_wp_cron=1785370309.4129838943481445312500 HTTP/1.1" 200 31 "-" "WordPress/7.0; https://moonbloomwalls.com"
189.34.120.180 - - [30/Jul/2026:00:11:55 +0000] "GET /2026/07/29/odpovedne-herni-praktiky-na-blazebet-pro-bezpecne-sazeni-2/ HTTP/1.1" 200 31061 "-" "Mozilla/5.0 (Windows NT 10.0; Win64; x64) AppleWebKit/537.36 (KHTML, like Gecko) Chrome/120.0.0.0 Safari/537.36"
43.134.93.164 - - [30/Jul/2026:00:16:43 +0000] "GET /wp-json/oembed/1.0/embed?url=https%3A%2F%2Fmoonbloomwalls.com%2F2026%2F03%2F10%2Fhow-does-fat-pirate-casino-rank-among-competitors%2F HTTP/1.1" 200 2433 "-" "Mozilla/5.0 (iPhone; CPU iPhone OS 13_2_3 like Mac OS X) AppleWebKit/605.1.15 (KHTML, like Gecko) Version/13.0.3 Mobile/15E148 Safari/604.1"
85.155.190.233 - - [30/Jul/2026:00:16:43 +0000] "POST /wp-cron.php?doing_wp_cron=1785370603.4295430183410644531250 HTTP/1.1" 200 31 "-" "WordPress/7.0; https://moonbloomwalls.com"
85.155.190.233 - - [30/Jul/2026:00:17:04 +0000] "POST /wp-cron.php?doing_wp_cron=1785370624.0667090415954589843750 HTTP/1.1" 200 31 "-" "WordPress/7.0; https://moonbloomwalls.com"
66.249.64.224 - - [30/Jul/2026:00:17:04 +0000] "GET /2026/04/16/what-features-enhance-your-game-at-lucky-green-casino/ HTTP/1.1" 200 27816 "-" "Mozilla/5.0 (Linux; Android 6.0.1; Nexus 5X Build/MMB29P) AppleWebKit/537.36 (KHTML, like Gecko) Chrome/150.0.7871.186 Mobile Safari/537.36 (compatible; Googlebot/2.1; +http://www.google.com/bot.html)"
85.155.190.233 - - [30/Jul/2026:00:18:56 +0000] "POST /wp-cron.php?doing_wp_cron=1785370736.5347158908843994140625 HTTP/1.1" 200 31 "-" "WordPress/7.0; https://moonbloomwalls.com"
95.120.6.191 - - [30/Jul/2026:00:18:56 +0000] "GET / HTTP/1.1" 200 37196 "-" "Mozilla/5.0 (Windows NT 10.0; Win64; x64) AppleWebKit/537.36 (KHTML, like Gecko) Chrome/120.0.0.0 Safari/537.36"
85.155.190.233 - - [30/Jul/2026:00:19:08 +0000] "POST /wp-cron.php?doing_wp_cron=1785370748.7328898906707763671875 HTTP/1.1" 200 31 "-" "WordPress/7.0; https://moonbloomwalls.com"
190.140.124.52 - - [30/Jul/2026:00:19:08 +0000] "GET /wp-login.php HTTP/1.1" 200 2240 "-" "Mozilla/5.0 (Windows NT 10.0; Win64; x64) AppleWebKit/537.36 (KHTML, like Gecko) Chrome/120.0.0.0 Safari/537.36"
190.140.124.52 - - [30/Jul/2026:00:19:14 +0000] "POST /wp-login.php HTTP/1.1" 302 5 "https://moonbloomwalls.com/wp-login.php" "Mozilla/5.0 (Windows NT 10.0; Win64; x64) AppleWebKit/537.36 (KHTML, like Gecko) Chrome/120.0.0.0 Safari/537.36"
190.140.124.52 - - [30/Jul/2026:00:19:17 +0000] "GET /wp-admin/ HTTP/1.1" 200 67386 "https://moonbloomwalls.com/wp-login.php" "Mozilla/5.0 (Windows NT 10.0; Win64; x64) AppleWebKit/537.36 (KHTML, like Gecko) Chrome/120.0.0.0 Safari/537.36"
196.74.113.135 - - [30/Jul/2026:00:19:31 +0000] "GET /wp-admin/ HTTP/1.1" 200 67378 "-" "Mozilla/5.0 (Windows NT 10.0; Win64; x64) AppleWebKit/537.36 (KHTML, like Gecko) Chrome/120.0.0.0 Safari/537.36"
196.74.113.135 - - [30/Jul/2026:00:19:40 +0000] "GET /wp-admin/post-new.php HTTP/1.1" 200 223915 "-" "Mozilla/5.0 (Windows NT 10.0; Win64; x64) AppleWebKit/537.36 (KHTML, like Gecko) Chrome/120.0.0.0 Safari/537.36"
85.155.190.233 - - [30/Jul/2026:00:20:13 +0000] "POST /wp-cron.php?doing_wp_cron=1785370813.0195510387420654296875 HTTP/1.1" 200 31 "-" "WordPress/7.0; https://moonbloomwalls.com"
117.0.12.212 - - [30/Jul/2026:00:20:13 +0000] "GET /wp-admin/admin-ajax.php?action=rest-nonce HTTP/1.1" 200 41 "-" "Mozilla/5.0 (Windows NT 10.0; Win64; x64) AppleWebKit/537.36 (KHTML, like Gecko) Chrome/120.0.0.0 Safari/537.36"
117.0.12.212 - - [30/Jul/2026:00:20:20 +0000] "POST /wp-json/wp/v2/posts HTTP/1.1" 201 14903 "-" "Mozilla/5.0 (Windows NT 10.0; Win64; x64) AppleWebKit/537.36 (KHTML, like Gecko) Chrome/120.0.0.0 Safari/537.36"
85.155.190.233 - - [30/Jul/2026:00:20:20 +0000] "POST /wp-cron.php?doing_wp_cron=1785370820.1447610855102539062500 HTTP/1.1" 200 31 "-" "WordPress/7.0; https://moonbloomwalls.com"
117.0.12.212 - - [30/Jul/2026:00:20:25 +0000] "GET /2026/07/29/atrakcyjne-bonusy-czekaja-rejestracja-w-mostbet-krok-po-kroku/ HTTP/1.1" 200 31953 "-" "Mozilla/5.0 (Windows NT 10.0; Win64; x64) AppleWebKit/537.36 (KHTML, like Gecko) Chrome/120.0.0.0 Safari/537.36"
102.96.140.253 - - [30/Jul/2026:00:20:44 +0000] "GET / HTTP/1.1" 200 37196 "-" "Mozilla/5.0 (Windows NT 10.0; Win64; x64) AppleWebKit/537.36 (KHTML, like Gecko) Chrome/120.0.0.0 Safari/537.36"
202.165.92.218 - - [30/Jul/2026:00:20:58 +0000] "GET /wp-login.php HTTP/1.1" 200 2240 "-" "Mozilla/5.0 (Windows NT 10.0; Win64; x64) AppleWebKit/537.36 (KHTML, like Gecko) Chrome/120.0.0.0 Safari/537.36"
85.155.190.233 - - [30/Jul/2026:00:21:05 +0000] "POST /wp-cron.php?doing_wp_cron=1785370865.9178230762481689453125 HTTP/1.1" 200 31 "-" "WordPress/7.0; https://moonbloomwalls.com"
202.165.92.218 - - [30/Jul/2026:00:21:05 +0000] "POST /wp-login.php HTTP/1.1" 302 5 "https://moonbloomwalls.com/wp-login.php" "Mozilla/5.0 (Windows NT 10.0; Win64; x64) AppleWebKit/537.36 (KHTML, like Gecko) Chrome/120.0.0.0 Safari/537.36"
202.165.92.218 - - [30/Jul/2026:00:21:09 +0000] "GET /wp-admin/ HTTP/1.1" 200 67378 "https://moonbloomwalls.com/wp-login.php" "Mozilla/5.0 (Windows NT 10.0; Win64; x64) AppleWebKit/537.36 (KHTML, like Gecko) Chrome/120.0.0.0 Safari/537.36"
109.76.68.251 - - [30/Jul/2026:00:21:22 +0000] "GET /wp-admin/ HTTP/1.1" 200 67371 "-" "Mozilla/5.0 (Windows NT 10.0; Win64; x64) AppleWebKit/537.36 (KHTML, like Gecko) Chrome/120.0.0.0 Safari/537.36"
109.76.68.251 - - [30/Jul/2026:00:21:31 +0000] "GET /wp-admin/post-new.php HTTP/1.1" 200 224003 "-" "Mozilla/5.0 (Windows NT 10.0; Win64; x64) AppleWebKit/537.36 (KHTML, like Gecko) Chrome/120.0.0.0 Safari/537.36"
109.76.68.251 - - [30/Jul/2026:00:21:45 +0000] "POST /xmlrpc.php HTTP/1.1" 403 118 "-" "WordPress/5.0; https://moonbloomwalls.com"
109.76.68.251 - - [30/Jul/2026:00:21:49 +0000] "GET /wp-admin/admin-ajax.php?action=rest-nonce HTTP/1.1" 200 41 "-" "Mozilla/5.0 (Windows NT 10.0; Win64; x64) AppleWebKit/537.36 (KHTML, like Gecko) Chrome/120.0.0.0 Safari/537.36"
109.76.68.251 - - [30/Jul/2026:00:21:55 +0000] "POST /wp-json/wp/v2/posts HTTP/1.1" 201 14144 "-" "Mozilla/5.0 (Windows NT 10.0; Win64; x64) AppleWebKit/537.36 (KHTML, like Gecko) Chrome/120.0.0.0 Safari/537.36"
85.155.190.233 - - [30/Jul/2026:00:21:55 +0000] "POST /wp-cron.php?doing_wp_cron=1785370915.2427620887756347656250 HTTP/1.1" 200 31 "-" "WordPress/7.0; https://moonbloomwalls.com"
109.76.68.251 - - [30/Jul/2026:00:22:01 +0000] "GET /2026/07/29/casino-sicuri-non-aams-what-players-need-to-know/ HTTP/1.1" 200 32002 "-" "Mozilla/5.0 (Windows NT 10.0; Win64; x64) AppleWebKit/537.36 (KHTML, like Gecko) Chrome/120.0.0.0 Safari/537.36"
85.155.190.233 - - [30/Jul/2026:00:22:22 +0000] "POST /wp-cron.php?doing_wp_cron=1785370942.8765199184417724609375 HTTP/1.1" 200 31 "-" "WordPress/7.0; https://moonbloomwalls.com"
190.113.103.142 - - [30/Jul/2026:00:22:22 +0000] "GET / HTTP/1.1" 200 37196 "-" "Mozilla/5.0 (Windows NT 10.0; Win64; x64) AppleWebKit/537.36 (KHTML, like Gecko) Chrome/120.0.0.0 Safari/537.36"
190.102.47.187 - - [30/Jul/2026:00:22:33 +0000] "GET /wp-login.php HTTP/1.1" 200 2240 "-" "Mozilla/5.0 (Windows NT 10.0; Win64; x64) AppleWebKit/537.36 (KHTML, like Gecko) Chrome/120.0.0.0 Safari/537.36"
190.102.47.187 - - [30/Jul/2026:00:22:38 +0000] "POST /wp-login.php HTTP/1.1" 302 5 "https://moonbloomwalls.com/wp-login.php" "Mozilla/5.0 (Windows NT 10.0; Win64; x64) AppleWebKit/537.36 (KHTML, like Gecko) Chrome/120.0.0.0 Safari/537.36"
190.102.47.187 - - [30/Jul/2026:00:22:45 +0000] "GET /wp-admin/ HTTP/1.1" 200 67395 "https://moonbloomwalls.com/wp-login.php" "Mozilla/5.0 (Windows NT 10.0; Win64; x64) AppleWebKit/537.36 (KHTML, like Gecko) Chrome/120.0.0.0 Safari/537.36"
45.225.91.89 - - [30/Jul/2026:00:22:58 +0000] "GET /wp-admin/ HTTP/1.1" 200 67386 "-" "Mozilla/5.0 (Windows NT 10.0; Win64; x64) AppleWebKit/537.36 (KHTML, like Gecko) Chrome/120.0.0.0 Safari/537.36"
85.155.190.233 - - [30/Jul/2026:00:23:07 +0000] "POST /wp-cron.php?doing_wp_cron=1785370987.4441831111907958984375 HTTP/1.1" 200 31 "-" "WordPress/7.0; https://moonbloomwalls.com"
45.225.91.89 - - [30/Jul/2026:00:23:07 +0000] "GET /wp-admin/post-new.php HTTP/1.1" 200 224015 "-" "Mozilla/5.0 (Windows NT 10.0; Win64; x64) AppleWebKit/537.36 (KHTML, like Gecko) Chrome/120.0.0.0 Safari/537.36"
45.225.91.89 - - [30/Jul/2026:00:23:22 +0000] "POST /xmlrpc.php HTTP/1.1" 403 118 "-" "WordPress/5.0; https://moonbloomwalls.com"
45.225.91.89 - - [30/Jul/2026:00:23:25 +0000] "GET /wp-admin/admin-ajax.php?action=rest-nonce HTTP/1.1" 200 41 "-" "Mozilla/5.0 (Windows NT 10.0; Win64; x64) AppleWebKit/537.36 (KHTML, like Gecko) Chrome/120.0.0.0 Safari/537.36"
45.225.91.89 - - [30/Jul/2026:00:23:30 +0000] "POST /wp-json/wp/v2/posts HTTP/1.1" 201 43768 "-" "Mozilla/5.0 (Windows NT 10.0; Win64; x64) AppleWebKit/537.36 (KHTML, like Gecko) Chrome/120.0.0.0 Safari/537.36"
85.155.190.233 - - [30/Jul/2026:00:23:30 +0000] "POST /wp-cron.php?doing_wp_cron=1785371010.8888099193572998046875 HTTP/1.1" 200 31 "-" "WordPress/7.0; https://moonbloomwalls.com"
45.225.91.89 - - [30/Jul/2026:00:23:37 +0000] "GET /2026/07/29/kak-nachat-kazino-pin-ap-igrat-na-dengi-s-bonusami-i-aktsiiami/ HTTP/1.1" 200 32797 "-" "Mozilla/5.0 (Windows NT 10.0; Win64; x64) AppleWebKit/537.36 (KHTML, like Gecko) Chrome/120.0.0.0 Safari/537.36"
85.155.190.233 - - [30/Jul/2026:00:24:22 +0000] "POST /wp-cron.php?doing_wp_cron=1785371062.4628961086273193359375 HTTP/1.1" 200 31 "-" "WordPress/7.0; https://moonbloomwalls.com"
190.141.121.80 - - [30/Jul/2026:00:24:22 +0000] "GET / HTTP/1.1" 200 37196 "-" "Mozilla/5.0 (Windows NT 10.0; Win64; x64) AppleWebKit/537.36 (KHTML, like Gecko) Chrome/120.0.0.0 Safari/537.36"
64.137.207.0 - - [30/Jul/2026:00:24:33 +0000] "GET /wp-login.php HTTP/1.1" 200 2240 "-" "Mozilla/5.0 (Windows NT 10.0; Win64; x64) AppleWebKit/537.36 (KHTML, like Gecko) Chrome/120.0.0.0 Safari/537.36"
64.137.207.0 - - [30/Jul/2026:00:24:38 +0000] "POST /wp-login.php HTTP/1.1" 302 5 "https://moonbloomwalls.com/wp-login.php" "Mozilla/5.0 (Windows NT 10.0; Win64; x64) AppleWebKit/537.36 (KHTML, like Gecko) Chrome/120.0.0.0 Safari/537.36"
64.137.207.0 - - [30/Jul/2026:00:24:42 +0000] "GET /wp-admin/ HTTP/1.1" 200 67379 "https://moonbloomwalls.com/wp-login.php" "Mozilla/5.0 (Windows NT 10.0; Win64; x64) AppleWebKit/537.36 (KHTML, like Gecko) Chrome/120.0.0.0 Safari/537.36"
79.177.153.5 - - [30/Jul/2026:00:24:56 +0000] "GET /wp-admin/ HTTP/1.1" 200 67375 "-" "Mozilla/5.0 (Windows NT 10.0; Win64; x64) AppleWebKit/537.36 (KHTML, like Gecko) Chrome/120.0.0.0 Safari/537.36"
85.155.190.233 - - [30/Jul/2026:00:25:04 +0000] "POST /wp-cron.php?doing_wp_cron=1785371104.4632930755615234375000 HTTP/1.1" 200 31 "-" "WordPress/7.0; https://moonbloomwalls.com"
66.249.64.224 - - [30/Jul/2026:00:25:04 +0000] "GET /2026/07/29/wpps-1785348254343-215871/feed/ HTTP/1.1" 200 795 "-" "Mozilla/5.0 (Linux; Android 6.0.1; Nexus 5X Build/MMB29P) AppleWebKit/537.36 (KHTML, like Gecko) Chrome/150.0.7871.186 Mobile Safari/537.36 (compatible; GoogleOther)"
79.177.153.5 - - [30/Jul/2026:00:25:05 +0000] "GET /wp-admin/post-new.php HTTP/1.1" 200 224004 "-" "Mozilla/5.0 (Windows NT 10.0; Win64; x64) AppleWebKit/537.36 (KHTML, like Gecko) Chrome/120.0.0.0 Safari/537.36"
79.177.153.5 - - [30/Jul/2026:00:25:19 +0000] "POST /xmlrpc.php HTTP/1.1" 403 118 "-" "WordPress/5.0; https://moonbloomwalls.com"
79.177.153.5 - - [30/Jul/2026:00:25:22 +0000] "GET /wp-admin/admin-ajax.php?action=rest-nonce HTTP/1.1" 200 41 "-" "Mozilla/5.0 (Windows NT 10.0; Win64; x64) AppleWebKit/537.36 (KHTML, like Gecko) Chrome/120.0.0.0 Safari/537.36"
79.177.153.5 - - [30/Jul/2026:00:25:29 +0000] "POST /wp-json/wp/v2/posts HTTP/1.1" 201 101442 "-" "Mozilla/5.0 (Windows NT 10.0; Win64; x64) AppleWebKit/537.36 (KHTML, like Gecko) Chrome/120.0.0.0 Safari/537.36"
85.155.190.233 - - [30/Jul/2026:00:25:29 +0000] "POST /wp-cron.php?doing_wp_cron=1785371129.6893839836120605468750 HTTP/1.1" 200 31 "-" "WordPress/7.0; https://moonbloomwalls.com"
79.177.153.5 - - [30/Jul/2026:00:25:40 +0000] "GET /2026/07/29/aviator-oyna-v-qazan-rsmi-sayti-aviator-azerbaycan/ HTTP/1.1" 200 41987 "-" "Mozilla/5.0 (Windows NT 10.0; Win64; x64) AppleWebKit/537.36 (KHTML, like Gecko) Chrome/120.0.0.0 Safari/537.36"
85.155.190.233 - - [30/Jul/2026:00:26:40 +0000] "POST /wp-cron.php?doing_wp_cron=1785371200.7571260929107666015625 HTTP/1.1" 200 31 "-" "WordPress/7.0; https://moonbloomwalls.com"
43.159.128.237 - - [30/Jul/2026:00:26:40 +0000] "GET /2026/04/28/slotsvil-casino-un-guide-des-bonus-sans-depot/ HTTP/1.1" 200 27560 "-" "Mozilla/5.0 (iPhone; CPU iPhone OS 13_2_3 like Mac OS X) AppleWebKit/605.1.15 (KHTML, like Gecko) Version/13.0.3 Mobile/15E148 Safari/604.1"
85.155.190.233 - - [30/Jul/2026:00:28:36 +0000] "POST /wp-cron.php?doing_wp_cron=1785371316.3179850578308105468750 HTTP/1.1" 200 31 "-" "WordPress/7.0; https://moonbloomwalls.com"
66.249.64.224 - - [30/Jul/2026:00:28:36 +0000] "POST /?wc-ajax=get_refreshed_fragments HTTP/1.1" 200 615 "https://moonbloomwalls.com/2026/04/16/what-features-enhance-your-game-at-lucky-green-casino/" "Mozilla/5.0 (Linux; Android 6.0.1; Nexus 5X Build/MMB29P) AppleWebKit/537.36 (KHTML, like Gecko) Chrome/150.0.7871.186 Mobile Safari/537.36 (compatible; Googlebot/2.1; +http://www.google.com/bot.html)"
85.155.190.233 - - [30/Jul/2026:00:29:34 +0000] "POST /wp-cron.php?doing_wp_cron=1785371373.9896409511566162109375 HTTP/1.1" 200 31 "-" "WordPress/7.0; https://moonbloomwalls.com"
189.219.52.161 - - [30/Jul/2026:00:29:34 +0000] "GET / HTTP/1.1" 200 37196 "-" "Mozilla/5.0 (Windows NT 10.0; Win64; x64) AppleWebKit/537.36 (KHTML, like Gecko) Chrome/120.0.0.0 Safari/537.36"
43.225.249.81 - - [30/Jul/2026:00:29:46 +0000] "GET /wp-login.php HTTP/1.1" 200 2240 "-" "Mozilla/5.0 (Windows NT 10.0; Win64; x64) AppleWebKit/537.36 (KHTML, like Gecko) Chrome/120.0.0.0 Safari/537.36"
43.225.249.81 - - [30/Jul/2026:00:29:52 +0000] "POST /wp-login.php HTTP/1.1" 302 5 "https://moonbloomwalls.com/wp-login.php" "Mozilla/5.0 (Windows NT 10.0; Win64; x64) AppleWebKit/537.36 (KHTML, like Gecko) Chrome/120.0.0.0 Safari/537.36"
43.225.249.81 - - [30/Jul/2026:00:29:56 +0000] "GET /wp-admin/ HTTP/1.1" 200 67386 "https://moonbloomwalls.com/wp-login.php" "Mozilla/5.0 (Windows NT 10.0; Win64; x64) AppleWebKit/537.36 (KHTML, like Gecko) Chrome/120.0.0.0 Safari/537.36"
85.155.190.233 - - [30/Jul/2026:00:30:09 +0000] "POST /wp-cron.php?doing_wp_cron=1785371409.0196371078491210937500 HTTP/1.1" 200 31 "-" "WordPress/7.0; https://moonbloomwalls.com"
190.164.65.13 - - [30/Jul/2026:00:30:09 +0000] "GET /wp-admin/ HTTP/1.1" 200 67376 "-" "Mozilla/5.0 (Windows NT 10.0; Win64; x64) AppleWebKit/537.36 (KHTML, like Gecko) Chrome/120.0.0.0 Safari/537.36"
190.164.65.13 - - [30/Jul/2026:00:30:17 +0000] "GET /wp-admin/post-new.php HTTP/1.1" 200 224004 "-" "Mozilla/5.0 (Windows NT 10.0; Win64; x64) AppleWebKit/537.36 (KHTML, like Gecko) Chrome/120.0.0.0 Safari/537.36"
2.209.94.133 - - [30/Jul/2026:00:30:48 +0000] "GET /wp-admin/admin-ajax.php?action=rest-nonce HTTP/1.1" 200 41 "-" "Mozilla/5.0 (Windows NT 10.0; Win64; x64) AppleWebKit/537.36 (KHTML, like Gecko) Chrome/120.0.0.0 Safari/537.36"
2.209.94.133 - - [30/Jul/2026:00:30:54 +0000] "POST /wp-json/wp/v2/posts HTTP/1.1" 201 17265 "-" "Mozilla/5.0 (Windows NT 10.0; Win64; x64) AppleWebKit/537.36 (KHTML, like Gecko) Chrome/120.0.0.0 Safari/537.36"
85.155.190.233 - - [30/Jul/2026:00:30:54 +0000] "POST /wp-cron.php?doing_wp_cron=1785371454.6189448833465576171875 HTTP/1.1" 200 31 "-" "WordPress/7.0; https://moonbloomwalls.com"
2.209.94.133 - - [30/Jul/2026:00:30:59 +0000] "GET /2026/07/29/najlepsze-kasyno-online-blik-czy-tylko-to-co-sam-wybralbys/ HTTP/1.1" 200 32511 "-" "Mozilla/5.0 (Windows NT 10.0; Win64; x64) AppleWebKit/537.36 (KHTML, like Gecko) Chrome/120.0.0.0 Safari/537.36"
85.155.190.233 - - [30/Jul/2026:00:33:52 +0000] "POST /wp-cron.php?doing_wp_cron=1785371632.3099699020385742187500 HTTP/1.1" 200 31 "-" "WordPress/7.0; https://moonbloomwalls.com"
38.172.179.203 - - [30/Jul/2026:00:33:52 +0000] "GET / HTTP/1.1" 200 37196 "-" "Mozilla/5.0 (Windows NT 10.0; Win64; x64) AppleWebKit/537.36 (KHTML, like Gecko) Chrome/120.0.0.0 Safari/537.36"
85.155.190.233 - - [30/Jul/2026:00:34:04 +0000] "POST /wp-cron.php?doing_wp_cron=1785371644.6640329360961914062500 HTTP/1.1" 200 31 "-" "WordPress/7.0; https://moonbloomwalls.com"
179.24.67.13 - - [30/Jul/2026:00:34:04 +0000] "GET /wp-login.php HTTP/1.1" 200 2240 "-" "Mozilla/5.0 (Windows NT 10.0; Win64; x64) AppleWebKit/537.36 (KHTML, like Gecko) Chrome/120.0.0.0 Safari/537.36"
179.24.67.13 - - [30/Jul/2026:00:34:09 +0000] "POST /wp-login.php HTTP/1.1" 302 5 "https://moonbloomwalls.com/wp-login.php" "Mozilla/5.0 (Windows NT 10.0; Win64; x64) AppleWebKit/537.36 (KHTML, like Gecko) Chrome/120.0.0.0 Safari/537.36"
179.24.67.13 - - [30/Jul/2026:00:34:13 +0000] "GET /wp-admin/ HTTP/1.1" 200 67373 "https://moonbloomwalls.com/wp-login.php" "Mozilla/5.0 (Windows NT 10.0; Win64; x64) AppleWebKit/537.36 (KHTML, like Gecko) Chrome/120.0.0.0 Safari/537.36"
105.164.128.87 - - [30/Jul/2026:00:34:26 +0000] "GET /wp-admin/ HTTP/1.1" 200 67368 "-" "Mozilla/5.0 (Windows NT 10.0; Win64; x64) AppleWebKit/537.36 (KHTML, like Gecko) Chrome/120.0.0.0 Safari/537.36"
105.164.128.87 - - [30/Jul/2026:00:34:34 +0000] "GET /wp-admin/post-new.php HTTP/1.1" 200 223761 "-" "Mozilla/5.0 (Windows NT 10.0; Win64; x64) AppleWebKit/537.36 (KHTML, like Gecko) Chrome/120.0.0.0 Safari/537.36"
105.164.128.87 - - [30/Jul/2026:00:34:47 +0000] "POST /xmlrpc.php HTTP/1.1" 403 118 "-" "WordPress/5.0; https://moonbloomwalls.com"
105.164.128.87 - - [30/Jul/2026:00:34:51 +0000] "GET /wp-admin/admin-ajax.php?action=rest-nonce HTTP/1.1" 200 41 "-" "Mozilla/5.0 (Windows NT 10.0; Win64; x64) AppleWebKit/537.36 (KHTML, like Gecko) Chrome/120.0.0.0 Safari/537.36"
105.164.128.87 - - [30/Jul/2026:00:34:57 +0000] "POST /wp-json/wp/v2/posts HTTP/1.1" 201 15586 "-" "Mozilla/5.0 (Windows NT 10.0; Win64; x64) AppleWebKit/537.36 (KHTML, like Gecko) Chrome/120.0.0.0 Safari/537.36"
85.155.190.233 - - [30/Jul/2026:00:34:57 +0000] "POST /wp-cron.php?doing_wp_cron=1785371697.1333620548248291015625 HTTP/1.1" 200 31 "-" "WordPress/7.0; https://moonbloomwalls.com"
105.164.128.87 - - [30/Jul/2026:00:35:02 +0000] "GET /2026/07/29/inchiesta-sui-casino-italiani-non-aams-qual-e-la-verita/ HTTP/1.1" 200 32369 "-" "Mozilla/5.0 (Windows NT 10.0; Win64; x64) AppleWebKit/537.36 (KHTML, like Gecko) Chrome/120.0.0.0 Safari/537.36"
85.155.190.233 - - [30/Jul/2026:00:35:56 +0000] "POST /wp-cron.php?doing_wp_cron=1785371756.6148209571838378906250 HTTP/1.1" 200 31 "-" "WordPress/7.0; https://moonbloomwalls.com"
43.153.135.208 - - [30/Jul/2026:00:35:56 +0000] "GET /2026/02/27/is-asino-casinos-customer-service-up-to-par/feed/ HTTP/1.1" 200 868 "-" "Mozilla/5.0 (iPhone; CPU iPhone OS 13_2_3 like Mac OS X) AppleWebKit/605.1.15 (KHTML, like Gecko) Version/13.0.3 Mobile/15E148 Safari/604.1"
77.7.141.177 - - [30/Jul/2026:00:36:00 +0000] "GET / HTTP/1.1" 200 37196 "-" "Mozilla/5.0 (Windows NT 10.0; Win64; x64) AppleWebKit/537.36 (KHTML, like Gecko) Chrome/120.0.0.0 Safari/537.36"
85.155.190.233 - - [30/Jul/2026:00:36:11 +0000] "POST /wp-cron.php?doing_wp_cron=1785371771.7179720401763916015625 HTTP/1.1" 200 31 "-" "WordPress/7.0; https://moonbloomwalls.com"
187.172.46.40 - - [30/Jul/2026:00:36:11 +0000] "GET /wp-login.php HTTP/1.1" 200 2240 "-" "Mozilla/5.0 (Windows NT 10.0; Win64; x64) AppleWebKit/537.36 (KHTML, like Gecko) Chrome/120.0.0.0 Safari/537.36"
187.172.46.40 - - [30/Jul/2026:00:36:16 +0000] "POST /wp-login.php HTTP/1.1" 302 5 "https://moonbloomwalls.com/wp-login.php" "Mozilla/5.0 (Windows NT 10.0; Win64; x64) AppleWebKit/537.36 (KHTML, like Gecko) Chrome/120.0.0.0 Safari/537.36"
187.172.46.40 - - [30/Jul/2026:00:36:20 +0000] "GET /wp-admin/ HTTP/1.1" 200 67368 "https://moonbloomwalls.com/wp-login.php" "Mozilla/5.0 (Windows NT 10.0; Win64; x64) AppleWebKit/537.36 (KHTML, like Gecko) Chrome/120.0.0.0 Safari/537.36"
125.62.127.222 - - [30/Jul/2026:00:36:33 +0000] "GET /wp-admin/ HTTP/1.1" 200 67364 "-" "Mozilla/5.0 (Windows NT 10.0; Win64; x64) AppleWebKit/537.36 (KHTML, like Gecko) Chrome/120.0.0.0 Safari/537.36"
125.62.127.222 - - [30/Jul/2026:00:36:41 +0000] "GET /wp-admin/post-new.php HTTP/1.1" 200 224005 "-" "Mozilla/5.0 (Windows NT 10.0; Win64; x64) AppleWebKit/537.36 (KHTML, like Gecko) Chrome/120.0.0.0 Safari/537.36"
125.62.127.222 - - [30/Jul/2026:00:36:55 +0000] "POST /xmlrpc.php HTTP/1.1" 403 118 "-" "WordPress/5.0; https://moonbloomwalls.com"
125.62.127.222 - - [30/Jul/2026:00:36:57 +0000] "GET /wp-admin/admin-ajax.php?action=rest-nonce HTTP/1.1" 200 41 "-" "Mozilla/5.0 (Windows NT 10.0; Win64; x64) AppleWebKit/537.36 (KHTML, like Gecko) Chrome/120.0.0.0 Safari/537.36"
125.62.127.222 - - [30/Jul/2026:00:37:01 +0000] "GET /wp-json/wp/v2/categories?search=casino HTTP/1.1" 200 12 "-" "Mozilla/5.0 (Windows NT 10.0; Win64; x64) AppleWebKit/537.36 (KHTML, like Gecko) Chrome/120.0.0.0 Safari/537.36"
125.62.127.222 - - [30/Jul/2026:00:37:05 +0000] "POST /wp-json/wp/v2/categories HTTP/1.1" 400 0 "-" "Mozilla/5.0 (Windows NT 10.0; Win64; x64) AppleWebKit/537.36 (KHTML, like Gecko) Chrome/120.0.0.0 Safari/537.36"
196.206.117.22 - - [30/Jul/2026:00:37:23 +0000] "POST /wp-json/wp/v2/posts HTTP/1.1" 201 17819 "-" "Mozilla/5.0 (Windows NT 10.0; Win64; x64) AppleWebKit/537.36 (KHTML, like Gecko) Chrome/120.0.0.0 Safari/537.36"
85.155.190.233 - - [30/Jul/2026:00:37:23 +0000] "POST /wp-cron.php?doing_wp_cron=1785371843.3405869007110595703125 HTTP/1.1" 200 31 "-" "WordPress/7.0; https://moonbloomwalls.com"
103.135.253.132 - - [30/Jul/2026:00:37:38 +0000] "GET /wp-json/wp/v2/categories?search=casino HTTP/1.1" 200 12 "-" "Mozilla/5.0 (Windows NT 10.0; Win64; x64) AppleWebKit/537.36 (KHTML, like Gecko) Chrome/120.0.0.0 Safari/537.36"
103.135.253.132 - - [30/Jul/2026:00:37:47 +0000] "POST /wp-json/wp/v2/categories HTTP/1.1" 201 682 "-" "Mozilla/5.0 (Windows NT 10.0; Win64; x64) AppleWebKit/537.36 (KHTML, like Gecko) Chrome/120.0.0.0 Safari/537.36"
103.135.253.132 - - [30/Jul/2026:00:37:56 +0000] "POST /wp-json/wp/v2/posts HTTP/1.1" 201 17840 "-" "Mozilla/5.0 (Windows NT 10.0; Win64; x64) AppleWebKit/537.36 (KHTML, like Gecko) Chrome/120.0.0.0 Safari/537.36"
85.155.190.233 - - [30/Jul/2026:00:37:56 +0000] "POST /wp-cron.php?doing_wp_cron=1785371876.4623119831085205078125 HTTP/1.1" 200 31 "-" "WordPress/7.0; https://moonbloomwalls.com"
85.155.190.233 - - [30/Jul/2026:00:38:21 +0000] "POST /wp-cron.php?doing_wp_cron=1785371901.5414431095123291015625 HTTP/1.1" 200 31 "-" "WordPress/7.0; https://moonbloomwalls.com"
88.226.160.24 - - [30/Jul/2026:00:38:21 +0000] "GET /2026/07/29/mostbet-mutmadi-kampaniyalari-hangi-gunlrd-bonuslar-hmiyytlidir-2/ HTTP/1.1" 200 29548 "-" "Mozilla/5.0 (Windows NT 10.0; Win64; x64) AppleWebKit/537.36 (KHTML, like Gecko) Chrome/120.0.0.0 Safari/537.36"
167.61.236.201 - - [30/Jul/2026:00:38:42 +0000] "GET / HTTP/1.1" 200 37196 "-" "Mozilla/5.0 (Windows NT 10.0; Win64; x64) AppleWebKit/537.36 (KHTML, like Gecko) Chrome/120.0.0.0 Safari/537.36"
103.31.92.13 - - [30/Jul/2026:00:38:53 +0000] "GET /wp-login.php HTTP/1.1" 200 2240 "-" "Mozilla/5.0 (Windows NT 10.0; Win64; x64) AppleWebKit/537.36 (KHTML, like Gecko) Chrome/120.0.0.0 Safari/537.36"
103.31.92.13 - - [30/Jul/2026:00:38:59 +0000] "POST /wp-login.php HTTP/1.1" 302 5 "https://moonbloomwalls.com/wp-login.php" "Mozilla/5.0 (Windows NT 10.0; Win64; x64) AppleWebKit/537.36 (KHTML, like Gecko) Chrome/120.0.0.0 Safari/537.36"
85.155.190.233 - - [30/Jul/2026:00:39:03 +0000] "POST /wp-cron.php?doing_wp_cron=1785371943.1961779594421386718750 HTTP/1.1" 200 31 "-" "WordPress/7.0; https://moonbloomwalls.com"
103.31.92.13 - - [30/Jul/2026:00:39:03 +0000] "GET /wp-admin/ HTTP/1.1" 200 67356 "https://moonbloomwalls.com/wp-login.php" "Mozilla/5.0 (Windows NT 10.0; Win64; x64) AppleWebKit/537.36 (KHTML, like Gecko) Chrome/120.0.0.0 Safari/537.36"
103.156.108.23 - - [30/Jul/2026:00:39:15 +0000] "GET /wp-admin/ HTTP/1.1" 200 67352 "-" "Mozilla/5.0 (Windows NT 10.0; Win64; x64) AppleWebKit/537.36 (KHTML, like Gecko) Chrome/120.0.0.0 Safari/537.36"
103.156.108.23 - - [30/Jul/2026:00:39:22 +0000] "GET /wp-admin/post-new.php HTTP/1.1" 200 224006 "-" "Mozilla/5.0 (Windows NT 10.0; Win64; x64) AppleWebKit/537.36 (KHTML, like Gecko) Chrome/120.0.0.0 Safari/537.36"
103.156.108.23 - - [30/Jul/2026:00:39:37 +0000] "POST /xmlrpc.php HTTP/1.1" 403 118 "-" "WordPress/5.0; https://moonbloomwalls.com"
103.156.108.23 - - [30/Jul/2026:00:39:40 +0000] "GET /wp-admin/admin-ajax.php?action=rest-nonce HTTP/1.1" 200 41 "-" "Mozilla/5.0 (Windows NT 10.0; Win64; x64) AppleWebKit/537.36 (KHTML, like Gecko) Chrome/120.0.0.0 Safari/537.36"
103.156.108.23 - - [30/Jul/2026:00:39:43 +0000] "GET /wp-json/wp/v2/categories?search=vavada HTTP/1.1" 200 12 "-" "Mozilla/5.0 (Windows NT 10.0; Win64; x64) AppleWebKit/537.36 (KHTML, like Gecko) Chrome/120.0.0.0 Safari/537.36"
103.156.108.23 - - [30/Jul/2026:00:39:48 +0000] "POST /wp-json/wp/v2/categories HTTP/1.1" 201 682 "-" "Mozilla/5.0 (Windows NT 10.0; Win64; x64) AppleWebKit/537.36 (KHTML, like Gecko) Chrome/120.0.0.0 Safari/537.36"
103.156.108.23 - - [30/Jul/2026:00:39:56 +0000] "POST /wp-json/wp/v2/posts HTTP/1.1" 201 19433 "-" "Mozilla/5.0 (Windows NT 10.0; Win64; x64) AppleWebKit/537.36 (KHTML, like Gecko) Chrome/120.0.0.0 Safari/537.36"
85.155.190.233 - - [30/Jul/2026:00:39:56 +0000] "POST /wp-cron.php?doing_wp_cron=1785371996.4768540859222412109375 HTTP/1.1" 200 31 "-" "WordPress/7.0; https://moonbloomwalls.com"
103.156.108.23 - - [30/Jul/2026:00:40:01 +0000] "GET /2026/07/29/role-rng-v-hernim-zazitku-vavada/ HTTP/1.1" 200 30543 "-" "Mozilla/5.0 (Windows NT 10.0; Win64; x64) AppleWebKit/537.36 (KHTML, like Gecko) Chrome/120.0.0.0 Safari/537.36"
85.155.190.233 - - [30/Jul/2026:00:40:29 +0000] "POST /wp-cron.php?doing_wp_cron=1785372029.5379528999328613281250 HTTP/1.1" 200 31 "-" "WordPress/7.0; https://moonbloomwalls.com"
190.135.120.199 - - [30/Jul/2026:00:40:29 +0000] "GET / HTTP/1.1" 200 37196 "-" "Mozilla/5.0 (Windows NT 10.0; Win64; x64) AppleWebKit/537.36 (KHTML, like Gecko) Chrome/120.0.0.0 Safari/537.36"
186.1.63.111 - - [30/Jul/2026:00:40:40 +0000] "GET /wp-login.php HTTP/1.1" 200 2240 "-" "Mozilla/5.0 (Windows NT 10.0; Win64; x64) AppleWebKit/537.36 (KHTML, like Gecko) Chrome/120.0.0.0 Safari/537.36"
186.1.63.111 - - [30/Jul/2026:00:40:45 +0000] "POST /wp-login.php HTTP/1.1" 302 5 "https://moonbloomwalls.com/wp-login.php" "Mozilla/5.0 (Windows NT 10.0; Win64; x64) AppleWebKit/537.36 (KHTML, like Gecko) Chrome/120.0.0.0 Safari/537.36"
186.1.63.111 - - [30/Jul/2026:00:40:49 +0000] "GET /wp-admin/ HTTP/1.1" 200 67353 "https://moonbloomwalls.com/wp-login.php" "Mozilla/5.0 (Windows NT 10.0; Win64; x64) AppleWebKit/537.36 (KHTML, like Gecko) Chrome/120.0.0.0 Safari/537.36"
85.155.190.233 - - [30/Jul/2026:00:41:05 +0000] "POST /wp-cron.php?doing_wp_cron=1785372065.0822820663452148437500 HTTP/1.1" 200 31 "-" "WordPress/7.0; https://moonbloomwalls.com"
201.188.20.83 - - [30/Jul/2026:00:41:05 +0000] "GET /wp-admin/ HTTP/1.1" 200 67348 "-" "Mozilla/5.0 (Windows NT 10.0; Win64; x64) AppleWebKit/537.36 (KHTML, like Gecko) Chrome/120.0.0.0 Safari/537.36"
201.188.20.83 - - [30/Jul/2026:00:41:12 +0000] "GET /wp-admin/post-new.php HTTP/1.1" 200 224013 "-" "Mozilla/5.0 (Windows NT 10.0; Win64; x64) AppleWebKit/537.36 (KHTML, like Gecko) Chrome/120.0.0.0 Safari/537.36"
201.188.20.83 - - [30/Jul/2026:00:41:25 +0000] "POST /xmlrpc.php HTTP/1.1" 403 118 "-" "WordPress/5.0; https://moonbloomwalls.com"
201.188.20.83 - - [30/Jul/2026:00:41:29 +0000] "GET /wp-admin/admin-ajax.php?action=rest-nonce HTTP/1.1" 200 41 "-" "Mozilla/5.0 (Windows NT 10.0; Win64; x64) AppleWebKit/537.36 (KHTML, like Gecko) Chrome/120.0.0.0 Safari/537.36"
201.188.20.83 - - [30/Jul/2026:00:41:32 +0000] "GET /wp-json/wp/v2/categories?search=casino HTTP/1.1" 200 684 "-" "Mozilla/5.0 (Windows NT 10.0; Win64; x64) AppleWebKit/537.36 (KHTML, like Gecko) Chrome/120.0.0.0 Safari/537.36"
201.188.20.83 - - [30/Jul/2026:00:41:38 +0000] "POST /wp-json/wp/v2/posts HTTP/1.1" 201 19979 "-" "Mozilla/5.0 (Windows NT 10.0; Win64; x64) AppleWebKit/537.36 (KHTML, like Gecko) Chrome/120.0.0.0 Safari/537.36"
85.155.190.233 - - [30/Jul/2026:00:41:38 +0000] "POST /wp-cron.php?doing_wp_cron=1785372098.3282029628753662109375 HTTP/1.1" 200 31 "-" "WordPress/7.0; https://moonbloomwalls.com"
201.188.20.83 - - [30/Jul/2026:00:41:43 +0000] "GET /2026/07/29/role-blockchainu-v-online-kasinech-cz-a-uk/ HTTP/1.1" 200 31259 "-" "Mozilla/5.0 (Windows NT 10.0; Win64; x64) AppleWebKit/537.36 (KHTML, like Gecko) Chrome/120.0.0.0 Safari/537.36"
85.155.190.233 - - [30/Jul/2026:00:42:36 +0000] "POST /wp-cron.php?doing_wp_cron=1785372156.5441260337829589843750 HTTP/1.1" 200 31 "-" "WordPress/7.0; https://moonbloomwalls.com"
138.219.14.203 - - [30/Jul/2026:00:42:36 +0000] "GET / HTTP/1.1" 200 37196 "-" "Mozilla/5.0 (Windows NT 10.0; Win64; x64) AppleWebKit/537.36 (KHTML, like Gecko) Chrome/120.0.0.0 Safari/537.36"
167.62.19.41 - - [30/Jul/2026:00:42:49 +0000] "GET /wp-login.php HTTP/1.1" 200 2240 "-" "Mozilla/5.0 (Windows NT 10.0; Win64; x64) AppleWebKit/537.36 (KHTML, like Gecko) Chrome/120.0.0.0 Safari/537.36"
167.62.19.41 - - [30/Jul/2026:00:42:53 +0000] "POST /wp-login.php HTTP/1.1" 302 5 "https://moonbloomwalls.com/wp-login.php" "Mozilla/5.0 (Windows NT 10.0; Win64; x64) AppleWebKit/537.36 (KHTML, like Gecko) Chrome/120.0.0.0 Safari/537.36"
167.62.19.41 - - [30/Jul/2026:00:42:56 +0000] "GET /wp-admin/ HTTP/1.1" 200 67348 "https://moonbloomwalls.com/wp-login.php" "Mozilla/5.0 (Windows NT 10.0; Win64; x64) AppleWebKit/537.36 (KHTML, like Gecko) Chrome/120.0.0.0 Safari/537.36"
85.155.190.233 - - [30/Jul/2026:00:43:07 +0000] "POST /wp-cron.php?doing_wp_cron=1785372187.9072039127349853515625 HTTP/1.1" 200 31 "-" "WordPress/7.0; https://moonbloomwalls.com"
82.167.221.248 - - [30/Jul/2026:00:43:07 +0000] "GET /wp-admin/ HTTP/1.1" 200 67345 "-" "Mozilla/5.0 (Windows NT 10.0; Win64; x64) AppleWebKit/537.36 (KHTML, like Gecko) Chrome/120.0.0.0 Safari/537.36"
82.167.221.248 - - [30/Jul/2026:00:43:16 +0000] "GET /wp-admin/post-new.php HTTP/1.1" 200 223997 "-" "Mozilla/5.0 (Windows NT 10.0; Win64; x64) AppleWebKit/537.36 (KHTML, like Gecko) Chrome/120.0.0.0 Safari/537.36"
82.167.221.248 - - [30/Jul/2026:00:43:35 +0000] "POST /xmlrpc.php HTTP/1.1" 403 118 "-" "WordPress/5.0; https://moonbloomwalls.com"
103.13.194.47 - - [30/Jul/2026:00:43:51 +0000] "GET /wp-admin/ HTTP/1.1" 200 67343 "-" "Mozilla/5.0 (Windows NT 10.0; Win64; x64) AppleWebKit/537.36 (KHTML, like Gecko) Chrome/120.0.0.0 Safari/537.36"
103.13.194.47 - - [30/Jul/2026:00:44:00 +0000] "POST /wp-json/wp/v2/posts HTTP/1.1" 201 19884 "-" "Mozilla/5.0 (Windows NT 10.0; Win64; x64) AppleWebKit/537.36 (KHTML, like Gecko) Chrome/120.0.0.0 Safari/537.36"
85.155.190.233 - - [30/Jul/2026:00:44:00 +0000] "POST /wp-cron.php?doing_wp_cron=1785372240.9730598926544189453125 HTTP/1.1" 200 31 "-" "WordPress/7.0; https://moonbloomwalls.com"
85.155.190.233 - - [30/Jul/2026:00:44:06 +0000] "POST /wp-cron.php?doing_wp_cron=1785372246.3529388904571533203125 HTTP/1.1" 200 31 "-" "WordPress/7.0; https://moonbloomwalls.com"
103.13.194.47 - - [30/Jul/2026:00:44:06 +0000] "GET /2026/07/29/jake-vyhody-nabizi-mostbet-aplikace-pro-sazejici-behem-live-sazeni/ HTTP/1.1" 200 32672 "-" "Mozilla/5.0 (Windows NT 10.0; Win64; x64) AppleWebKit/537.36 (KHTML, like Gecko) Chrome/120.0.0.0 Safari/537.36"
85.155.190.233 - - [30/Jul/2026:00:46:13 +0000] "POST /wp-cron.php?doing_wp_cron=1785372373.0920639038085937500000 HTTP/1.1" 200 31 "-" "WordPress/7.0; https://moonbloomwalls.com"
43.166.226.57 - - [30/Jul/2026:00:46:13 +0000] "GET /2026/04/10/mr-pacho-casino-bonuses-maximizing-your-rewards/ HTTP/1.1" 200 27571 "-" "Mozilla/5.0 (iPhone; CPU iPhone OS 13_2_3 like Mac OS X) AppleWebKit/605.1.15 (KHTML, like Gecko) Version/13.0.3 Mobile/15E148 Safari/604.1"
85.155.190.233 - - [30/Jul/2026:00:52:29 +0000] "POST /wp-cron.php?doing_wp_cron=1785372749.5098359584808349609375 HTTP/1.1" 200 31 "-" "WordPress/7.0; https://moonbloomwalls.com"
216.73.216.31 - - [30/Jul/2026:00:52:29 +0000] "GET /robots.txt HTTP/1.1" 200 336 "-" "Mozilla/5.0 AppleWebKit/537.36 (KHTML, like Gecko; compatible; ClaudeBot/1.0; +claudebot@anthropic.com)"
216.73.216.31 - - [30/Jul/2026:00:52:30 +0000] "GET /sitemap_index.xml HTTP/1.1" 200 811 "-" "Mozilla/5.0 AppleWebKit/537.36 (KHTML, like Gecko; compatible; ClaudeBot/1.0; +claudebot@anthropic.com)"
45.181.86.101 - - [30/Jul/2026:00:52:31 +0000] "GET / HTTP/1.1" 200 37196 "-" "Mozilla/5.0 (Windows NT 10.0; Win64; x64) AppleWebKit/537.36 (KHTML, like Gecko) Chrome/120.0.0.0 Safari/537.36"
206.135.45.22 - - [30/Jul/2026:00:52:40 +0000] "GET /wp-login.php HTTP/1.1" 200 2240 "-" "Mozilla/5.0 (Windows NT 10.0; Win64; x64) AppleWebKit/537.36 (KHTML, like Gecko) Chrome/120.0.0.0 Safari/537.36"
206.135.45.22 - - [30/Jul/2026:00:52:44 +0000] "POST /wp-login.php HTTP/1.1" 302 5 "https://moonbloomwalls.com/wp-login.php" "Mozilla/5.0 (Windows NT 10.0; Win64; x64) AppleWebKit/537.36 (KHTML, like Gecko) Chrome/120.0.0.0 Safari/537.36"
206.135.45.22 - - [30/Jul/2026:00:52:48 +0000] "GET /wp-admin/ HTTP/1.1" 200 67346 "https://moonbloomwalls.com/wp-login.php" "Mozilla/5.0 (Windows NT 10.0; Win64; x64) AppleWebKit/537.36 (KHTML, like Gecko) Chrome/120.0.0.0 Safari/537.36"
223.196.192.155 - - [30/Jul/2026:00:53:00 +0000] "GET /wp-admin/ HTTP/1.1" 200 67341 "-" "Mozilla/5.0 (Windows NT 10.0; Win64; x64) AppleWebKit/537.36 (KHTML, like Gecko) Chrome/120.0.0.0 Safari/537.36"
85.155.190.233 - - [30/Jul/2026:00:53:08 +0000] "POST /wp-cron.php?doing_wp_cron=1785372788.5841379165649414062500 HTTP/1.1" 200 31 "-" "WordPress/7.0; https://moonbloomwalls.com"
223.196.192.155 - - [30/Jul/2026:00:53:08 +0000] "GET /wp-admin/post-new.php HTTP/1.1" 200 224015 "-" "Mozilla/5.0 (Windows NT 10.0; Win64; x64) AppleWebKit/537.36 (KHTML, like Gecko) Chrome/120.0.0.0 Safari/537.36"
223.196.192.155 - - [30/Jul/2026:00:53:22 +0000] "POST /xmlrpc.php HTTP/1.1" 403 118 "-" "WordPress/5.0; https://moonbloomwalls.com"
223.196.192.155 - - [30/Jul/2026:00:53:25 +0000] "GET /wp-admin/admin-ajax.php?action=rest-nonce HTTP/1.1" 200 41 "-" "Mozilla/5.0 (Windows NT 10.0; Win64; x64) AppleWebKit/537.36 (KHTML, like Gecko) Chrome/120.0.0.0 Safari/537.36"
223.196.192.155 - - [30/Jul/2026:00:53:30 +0000] "GET /wp-json/wp/v2/categories?search=casino HTTP/1.1" 200 684 "-" "Mozilla/5.0 (Windows NT 10.0; Win64; x64) AppleWebKit/537.36 (KHTML, like Gecko) Chrome/120.0.0.0 Safari/537.36"
223.196.192.155 - - [30/Jul/2026:00:53:36 +0000] "POST /wp-json/wp/v2/posts HTTP/1.1" 201 17284 "-" "Mozilla/5.0 (Windows NT 10.0; Win64; x64) AppleWebKit/537.36 (KHTML, like Gecko) Chrome/120.0.0.0 Safari/537.36"
85.155.190.233 - - [30/Jul/2026:00:53:36 +0000] "POST /wp-cron.php?doing_wp_cron=1785372816.3981950283050537109375 HTTP/1.1" 200 31 "-" "WordPress/7.0; https://moonbloomwalls.com"
223.196.192.155 - - [30/Jul/2026:00:53:41 +0000] "GET /2026/07/29/dostepnosc-bonusow-i-promocji-w-mostbet-2026-pelne-zestawienie/ HTTP/1.1" 200 31254 "-" "Mozilla/5.0 (Windows NT 10.0; Win64; x64) AppleWebKit/537.36 (KHTML, like Gecko) Chrome/120.0.0.0 Safari/537.36"
43.157.191.20 - - [30/Jul/2026:00:55:17 +0000] "GET /wp-json/oembed/1.0/embed?url=https%3A%2F%2Fmoonbloomwalls.com%2F2026%2F02%2F27%2Fis-asino-casinos-customer-service-up-to-par%2F&format=xml HTTP/1.1" 200 2573 "-" "Mozilla/5.0 (iPhone; CPU iPhone OS 13_2_3 like Mac OS X) AppleWebKit/605.1.15 (KHTML, like Gecko) Version/13.0.3 Mobile/15E148 Safari/604.1"
85.155.190.233 - - [30/Jul/2026:00:55:17 +0000] "POST /wp-cron.php?doing_wp_cron=1785372917.7544600963592529296875 HTTP/1.1" 200 31 "-" "WordPress/7.0; https://moonbloomwalls.com"
46.138.250.165 - - [30/Jul/2026:00:55:27 +0000] "GET / HTTP/1.1" 200 187543 "http://dataindex.pro" "Mozilla/5.0 (Linux; Android 15; XT2343-6) AppleWebKit/537.36 (KHTML, like Gecko) Chrome/126.0.0.0 Mobile Safari/537.36"
46.138.250.165 - - [30/Jul/2026:00:55:28 +0000] "GET / HTTP/1.1" 200 187543 "-" "-"
85.155.190.233 - - [30/Jul/2026:00:57:19 +0000] "POST /wp-cron.php?doing_wp_cron=1785373039.8018090724945068359375 HTTP/1.1" 200 31 "-" "WordPress/7.0; https://moonbloomwalls.com"
66.249.64.224 - - [30/Jul/2026:00:57:19 +0000] "GET /2026/02/10/midarion-casino-face-aux-concurrents-que-vaut-il-vraiment/ HTTP/1.1" 200 27500 "-" "Mozilla/5.0 (Linux; Android 6.0.1; Nexus 5X Build/MMB29P) AppleWebKit/537.36 (KHTML, like Gecko) Chrome/150.0.7871.186 Mobile Safari/537.36 (compatible; Googlebot/2.1; +http://www.google.com/bot.html)"
85.155.190.233 - - [30/Jul/2026:00:58:38 +0000] "POST /wp-cron.php?doing_wp_cron=1785373118.5761089324951171875000 HTTP/1.1" 200 31 "-" "WordPress/7.0; https://moonbloomwalls.com"
43.153.79.218 - - [30/Jul/2026:00:58:38 +0000] "GET / HTTP/1.1" 200 37196 "http://moonbloomwalls.com" "Mozilla/5.0 (iPhone; CPU iPhone OS 13_2_3 like Mac OS X) AppleWebKit/605.1.15 (KHTML, like Gecko) Version/13.0.3 Mobile/15E148 Safari/604.1"
85.155.190.233 - - [30/Jul/2026:01:04:18 +0000] "POST /wp-cron.php?doing_wp_cron=1785373458.6985859870910644531250 HTTP/1.1" 200 31 "-" "WordPress/7.0; https://moonbloomwalls.com"
66.249.64.225 - - [30/Jul/2026:01:04:18 +0000] "GET /2026/03/12/exploring-live-dealer-options-at-rocketspin-casino/feed/ HTTP/1.1" 200 885 "-" "Mozilla/5.0 (Linux; Android 6.0.1; Nexus 5X Build/MMB29P) AppleWebKit/537.36 (KHTML, like Gecko) Chrome/150.0.7871.186 Mobile Safari/537.36 (compatible; GoogleOther)"
85.155.190.233 - - [30/Jul/2026:01:05:10 +0000] "POST /wp-cron.php?doing_wp_cron=1785373510.5959138870239257812500 HTTP/1.1" 200 31 "-" "WordPress/7.0; https://moonbloomwalls.com"
43.165.127.225 - - [30/Jul/2026:01:05:10 +0000] "GET /2026/02/28/how-do-security-measures-at-betalice-casino-stack-up/ HTTP/1.1" 200 27637 "-" "Mozilla/5.0 (iPhone; CPU iPhone OS 13_2_3 like Mac OS X) AppleWebKit/605.1.15 (KHTML, like Gecko) Version/13.0.3 Mobile/15E148 Safari/604.1"
85.155.190.233 - - [30/Jul/2026:01:11:15 +0000] "POST /wp-cron.php?doing_wp_cron=1785373875.4261550903320312500000 HTTP/1.1" 200 31 "-" "WordPress/7.0; https://moonbloomwalls.com"
43.130.60.195 - - [30/Jul/2026:01:11:15 +0000] "GET / HTTP/1.1" 200 37196 "http://moonbloomwalls.com" "Mozilla/5.0 (iPhone; CPU iPhone OS 13_2_3 like Mac OS X) AppleWebKit/605.1.15 (KHTML, like Gecko) Version/13.0.3 Mobile/15E148 Safari/604.1"
85.155.190.233 - - [30/Jul/2026:01:14:21 +0000] "POST /wp-cron.php?doing_wp_cron=1785374061.8997769355773925781250 HTTP/1.1" 200 31 "-" "WordPress/7.0; https://moonbloomwalls.com"
66.249.64.224 - - [30/Jul/2026:01:14:21 +0000] "GET /2026/04/23/how-safe-is-your-data-at-orozino-casino/ HTTP/1.1" 200 27707 "-" "Mozilla/5.0 (Linux; Android 6.0.1; Nexus 5X Build/MMB29P) AppleWebKit/537.36 (KHTML, like Gecko) Chrome/150.0.7871.186 Mobile Safari/537.36 (compatible; GoogleOther)"
85.155.190.233 - - [30/Jul/2026:01:15:04 +0000] "POST /wp-cron.php?doing_wp_cron=1785374104.4726450443267822265625 HTTP/1.1" 200 31 "-" "WordPress/7.0; https://moonbloomwalls.com"
