170.106.11.6 - - [30/Jul/2026:16:05:47 +0000] "GET /2026/02/05/choosing-the-right-game-for-your-50-crowns-casino-experience/ HTTP/1.1" 200 27145 "-" "Mozilla/5.0 (iPhone; CPU iPhone OS 13_2_3 like Mac OS X) AppleWebKit/605.1.15 (KHTML, like Gecko) Version/13.0.3 Mobile/15E148 Safari/604.1"
85.155.190.233 - - [30/Jul/2026:16:06:30 +0000] "POST /wp-cron.php?doing_wp_cron=1785427590.4713339805603027343750 HTTP/1.1" 200 31 "-" "WordPress/7.0; https://moonbloomwalls.com"
34.48.129.65 - - [30/Jul/2026:16:06:30 +0000] "GET / HTTP/1.1" 200 187666 "-" "Mozilla/5.0 (Windows NT 10.0; Win64; x64) AppleWebKit/537.36 (KHTML, like Gecko) Chrome/78.0.3904.108 Safari/537.36"
34.48.129.65 - - [30/Jul/2026:16:06:31 +0000] "GET //wp-includes/wlwmanifest.xml HTTP/1.1" 301 423 "-" "Mozilla/5.0 (Windows NT 10.0; Win64; x64) AppleWebKit/537.36 (KHTML, like Gecko) Chrome/78.0.3904.108 Safari/537.36"
34.48.129.65 - - [30/Jul/2026:16:06:31 +0000] "GET //xmlrpc.php?rsd HTTP/1.1" 403 548 "-" "Mozilla/5.0 (Windows NT 10.0; Win64; x64) AppleWebKit/537.36 (KHTML, like Gecko) Chrome/78.0.3904.108 Safari/537.36"
34.48.129.65 - - [30/Jul/2026:16:06:31 +0000] "GET / HTTP/1.1" 200 187697 "-" "Mozilla/5.0 (Windows NT 10.0; Win64; x64) AppleWebKit/537.36 (KHTML, like Gecko) Chrome/78.0.3904.108 Safari/537.36"
34.48.129.65 - - [30/Jul/2026:16:06:32 +0000] "GET //?author=1 HTTP/1.1" 301 423 "-" "Mozilla/5.0 (Windows NT 10.0; Win64; x64) AppleWebKit/537.36 (KHTML, like Gecko) Chrome/78.0.3904.108 Safari/537.36"
34.48.129.65 - - [30/Jul/2026:16:06:32 +0000] "GET //?author=2 HTTP/1.1" 301 423 "-" "Mozilla/5.0 (Windows NT 10.0; Win64; x64) AppleWebKit/537.36 (KHTML, like Gecko) Chrome/78.0.3904.108 Safari/537.36"
34.48.129.65 - - [30/Jul/2026:16:06:32 +0000] "GET //wp-json/wp/v2/users/ HTTP/1.1" 200 3510 "-" "Mozilla/5.0 (Windows NT 10.0; Win64; x64) AppleWebKit/537.36 (KHTML, like Gecko) Chrome/78.0.3904.108 Safari/537.36"
34.48.129.65 - - [30/Jul/2026:16:06:33 +0000] "POST //xmlrpc.php HTTP/1.1" 403 548 "-" "Mozilla/5.0 (Windows NT 10.0; Win64; x64) AppleWebKit/537.36 (KHTML, like Gecko) Chrome/78.0.3904.108 Safari/537.36"
34.48.129.65 - - [30/Jul/2026:16:06:33 +0000] "POST //xmlrpc.php HTTP/1.1" 403 548 "-" "Mozilla/5.0 (Windows NT 10.0; Win64; x64) AppleWebKit/537.36 (KHTML, like Gecko) Chrome/78.0.3904.108 Safari/537.36"
216.73.216.31 - - [30/Jul/2026:16:06:48 +0000] "GET /2026/07/30/mostbet-az-bukmeker-ve-kazino-mostbet-giris-r-smi-sayt-28/ HTTP/1.1" 200 27384 "-" "Mozilla/5.0 AppleWebKit/537.36 (KHTML, like Gecko; compatible; ClaudeBot/1.0; +claudebot@anthropic.com)"
216.73.216.31 - - [30/Jul/2026:16:06:49 +0000] "GET /2026/07/30/mostbet-az-bukmeker-ve-kazino-mostbet-giris-r-smi-sayt-20/ HTTP/1.1" 200 27469 "-" "Mozilla/5.0 AppleWebKit/537.36 (KHTML, like Gecko; compatible; ClaudeBot/1.0; +claudebot@anthropic.com)"
85.155.190.233 - - [30/Jul/2026:16:07:35 +0000] "POST /wp-cron.php?doing_wp_cron=1785427655.7907130718231201171875 HTTP/1.1" 200 31 "-" "WordPress/7.0; https://moonbloomwalls.com"
216.73.216.31 - - [30/Jul/2026:16:07:35 +0000] "GET /2026/07/30/mostbet-az-bukmeker-ve-kazino-mostbet-giris-r-smi-sayt-27/ HTTP/1.1" 200 27407 "-" "Mozilla/5.0 AppleWebKit/537.36 (KHTML, like Gecko; compatible; ClaudeBot/1.0; +claudebot@anthropic.com)"
85.155.190.233 - - [30/Jul/2026:16:08:50 +0000] "POST /wp-cron.php?doing_wp_cron=1785427730.0180149078369140625000 HTTP/1.1" 200 31 "-" "WordPress/7.0; https://moonbloomwalls.com"
147.182.222.217 - - [30/Jul/2026:16:08:50 +0000] "POST /wp-admin/admin-ajax.php?action=listingo_temp_uploader HTTP/1.1" 400 433 "-" "Mozilla/5.0 (Windows NT 10.0; Win64; x64; rv:120.0) Gecko/20100101 Firefox/120.0"
85.155.190.233 - - [30/Jul/2026:16:10:20 +0000] "POST /wp-cron.php?doing_wp_cron=1785427820.8404030799865722656250 HTTP/1.1" 200 31 "-" "WordPress/7.0; https://moonbloomwalls.com"
27.115.124.45 - - [30/Jul/2026:16:10:20 +0000] "GET / HTTP/1.1" 200 37104 "-" "Mozilla/5.0 (Linux; U; Android 8.1.0; zh-cn; MI 8 Build/OPM1.171019.011) AppleWebKit/537.36 (KHTML, like Gecko) Version/4.0 Chrome/57.0.2987.108 Mobile Safari/537.36"
27.115.124.45 - - [30/Jul/2026:16:10:21 +0000] "GET /wp-content/plugins/woocommerce/assets/client/blocks/wc-blocks.css?ver=wc-10.8.1 HTTP/1.1" 200 14006 "https://moonbloomwalls.com/" "Mozilla/5.0 (Linux; U; Android 8.1.0; zh-cn; MI 8 Build/OPM1.171019.011) AppleWebKit/537.36 (KHTML, like Gecko) Version/4.0 Chrome/57.0.2987.108 Mobile Safari/537.36"
27.115.124.6 - - [30/Jul/2026:16:10:21 +0000] "GET /wp-content/themes/kadence/assets/css/global.min.css?ver=1.5.0 HTTP/1.1" 200 28012 "https://moonbloomwalls.com/" "Mozilla/5.0 (Linux; U; Android 8.1.0; zh-cn; MI 8 Build/OPM1.171019.011) AppleWebKit/537.36 (KHTML, like Gecko) Version/4.0 Chrome/57.0.2987.108 Mobile Safari/537.36"
27.115.124.45 - - [30/Jul/2026:16:10:21 +0000] "GET /wp-content/themes/kadence/assets/css/header.min.css?ver=1.5.0 HTTP/1.1" 200 25289 "https://moonbloomwalls.com/" "Mozilla/5.0 (Linux; U; Android 8.1.0; zh-cn; MI 8 Build/OPM1.171019.011) AppleWebKit/537.36 (KHTML, like Gecko) Version/4.0 Chrome/57.0.2987.108 Mobile Safari/537.36"
27.115.124.6 - - [30/Jul/2026:16:10:21 +0000] "GET /wp-content/themes/kadence/assets/css/content.min.css?ver=1.5.0 HTTP/1.1" 200 34362 "https://moonbloomwalls.com/" "Mozilla/5.0 (Linux; U; Android 8.1.0; zh-cn; MI 8 Build/OPM1.171019.011) AppleWebKit/537.36 (KHTML, like Gecko) Version/4.0 Chrome/57.0.2987.108 Mobile Safari/537.36"
27.115.124.53 - - [30/Jul/2026:16:10:21 +0000] "GET /wp-content/themes/kadence/assets/css/woocommerce.min.css?ver=1.5.0 HTTP/1.1" 200 144116 "https://moonbloomwalls.com/" "Mozilla/5.0 (Linux; U; Android 8.1.0; zh-cn; MI 8 Build/OPM1.171019.011) AppleWebKit/537.36 (KHTML, like Gecko) Version/4.0 Chrome/57.0.2987.108 Mobile Safari/537.36"
27.115.124.45 - - [30/Jul/2026:16:10:21 +0000] "GET /wp-content/themes/kadence/assets/css/footer.min.css?ver=1.5.0 HTTP/1.1" 200 19929 "https://moonbloomwalls.com/" "Mozilla/5.0 (Linux; U; Android 8.1.0; zh-cn; MI 8 Build/OPM1.171019.011) AppleWebKit/537.36 (KHTML, like Gecko) Version/4.0 Chrome/57.0.2987.108 Mobile Safari/537.36"
27.115.124.6 - - [30/Jul/2026:16:10:22 +0000] "GET /wp-includes/js/jquery/jquery.min.js?ver=3.7.1 HTTP/1.1" 200 87553 "https://moonbloomwalls.com/" "Mozilla/5.0 (Linux; U; Android 8.1.0; zh-cn; MI 8 Build/OPM1.171019.011) AppleWebKit/537.36 (KHTML, like Gecko) Version/4.0 Chrome/57.0.2987.108 Mobile Safari/537.36"
27.115.124.45 - - [30/Jul/2026:16:10:22 +0000] "GET /wp-includes/js/jquery/jquery-migrate.min.js?ver=3.4.1 HTTP/1.1" 200 13577 "https://moonbloomwalls.com/" "Mozilla/5.0 (Linux; U; Android 8.1.0; zh-cn; MI 8 Build/OPM1.171019.011) AppleWebKit/537.36 (KHTML, like Gecko) Version/4.0 Chrome/57.0.2987.108 Mobile Safari/537.36"
27.115.124.53 - - [30/Jul/2026:16:10:22 +0000] "GET /wp-content/plugins/woocommerce/assets/js/sourcebuster/sourcebuster.min.js?ver=10.8.1 HTTP/1.1" 200 15315 "https://moonbloomwalls.com/" "Mozilla/5.0 (Linux; U; Android 8.1.0; zh-cn; MI 8 Build/OPM1.171019.011) AppleWebKit/537.36 (KHTML, like Gecko) Version/4.0 Chrome/57.0.2987.108 Mobile Safari/537.36"
27.115.124.45 - - [30/Jul/2026:16:10:22 +0000] "GET /wp-content/plugins/woocommerce/assets/js/frontend/order-attribution.min.js?ver=10.8.1 HTTP/1.1" 200 2439 "https://moonbloomwalls.com/" "Mozilla/5.0 (Linux; U; Android 8.1.0; zh-cn; MI 8 Build/OPM1.171019.011) AppleWebKit/537.36 (KHTML, like Gecko) Version/4.0 Chrome/57.0.2987.108 Mobile Safari/537.36"
27.115.124.6 - - [30/Jul/2026:16:10:22 +0000] "GET /wp-content/plugins/woocommerce/assets/js/jquery-blockui/jquery.blockUI.min.js?ver=2.7.0-wc.10.8.1 HTTP/1.1" 200 9636 "https://moonbloomwalls.com/" "Mozilla/5.0 (Linux; U; Android 8.1.0; zh-cn; MI 8 Build/OPM1.171019.011) AppleWebKit/537.36 (KHTML, like Gecko) Version/4.0 Chrome/57.0.2987.108 Mobile Safari/537.36"
27.115.124.45 - - [30/Jul/2026:16:10:22 +0000] "GET /wp-content/plugins/woocommerce/assets/js/frontend/add-to-cart.min.js?ver=10.8.1 HTTP/1.1" 200 4350 "https://moonbloomwalls.com/" "Mozilla/5.0 (Linux; U; Android 8.1.0; zh-cn; MI 8 Build/OPM1.171019.011) AppleWebKit/537.36 (KHTML, like Gecko) Version/4.0 Chrome/57.0.2987.108 Mobile Safari/537.36"
27.115.124.53 - - [30/Jul/2026:16:10:22 +0000] "GET /wp-content/plugins/woocommerce/assets/js/js-cookie/js.cookie.min.js?ver=2.1.4-wc.10.8.1 HTTP/1.1" 200 1720 "https://moonbloomwalls.com/" "Mozilla/5.0 (Linux; U; Android 8.1.0; zh-cn; MI 8 Build/OPM1.171019.011) AppleWebKit/537.36 (KHTML, like Gecko) Version/4.0 Chrome/57.0.2987.108 Mobile Safari/537.36"
27.115.124.6 - - [30/Jul/2026:16:10:22 +0000] "GET /wp-content/uploads/2026/06/Example-A-Roll-Image-scaled-1-600x465.webp HTTP/1.1" 200 46482 "https://moonbloomwalls.com/" "Mozilla/5.0 (Linux; U; Android 8.1.0; zh-cn; MI 8 Build/OPM1.171019.011) AppleWebKit/537.36 (KHTML, like Gecko) Version/4.0 Chrome/57.0.2987.108 Mobile Safari/537.36"
27.115.124.6 - - [30/Jul/2026:16:10:22 +0000] "GET /wp-content/plugins/woocommerce/assets/js/frontend/woocommerce.min.js?ver=10.8.1 HTTP/1.1" 200 4270 "https://moonbloomwalls.com/" "Mozilla/5.0 (Linux; U; Android 8.1.0; zh-cn; MI 8 Build/OPM1.171019.011) AppleWebKit/537.36 (KHTML, like Gecko) Version/4.0 Chrome/57.0.2987.108 Mobile Safari/537.36"
27.115.124.45 - - [30/Jul/2026:16:10:22 +0000] "GET /wp-content/themes/kadence/assets/js/navigation.min.js?ver=1.5.0 HTTP/1.1" 200 22428 "https://moonbloomwalls.com/" "Mozilla/5.0 (Linux; U; Android 8.1.0; zh-cn; MI 8 Build/OPM1.171019.011) AppleWebKit/537.36 (KHTML, like Gecko) Version/4.0 Chrome/57.0.2987.108 Mobile Safari/537.36"
27.115.124.53 - - [30/Jul/2026:16:10:23 +0000] "GET /wp-content/themes/kadence/assets/js/shop-spinner.min.js?ver=1.5.0 HTTP/1.1" 200 1265 "https://moonbloomwalls.com/" "Mozilla/5.0 (Linux; U; Android 8.1.0; zh-cn; MI 8 Build/OPM1.171019.011) AppleWebKit/537.36 (KHTML, like Gecko) Version/4.0 Chrome/57.0.2987.108 Mobile Safari/537.36"
27.115.124.6 - - [30/Jul/2026:16:10:23 +0000] "GET /wp-content/plugins/woocommerce/assets/js/frontend/cart-fragments.min.js?ver=10.8.1 HTTP/1.1" 200 2939 "https://moonbloomwalls.com/" "Mozilla/5.0 (Linux; U; Android 8.1.0; zh-cn; MI 8 Build/OPM1.171019.011) AppleWebKit/537.36 (KHTML, like Gecko) Version/4.0 Chrome/57.0.2987.108 Mobile Safari/537.36"
27.115.124.53 - - [30/Jul/2026:16:10:23 +0000] "GET /wp-includes/js/wp-emoji-release.min.js?ver=7.0 HTTP/1.1" 200 22762 "https://moonbloomwalls.com/" "Mozilla/5.0 (Linux; U; Android 8.1.0; zh-cn; MI 8 Build/OPM1.171019.011) AppleWebKit/537.36 (KHTML, like Gecko) Version/4.0 Chrome/57.0.2987.108 Mobile Safari/537.36"
27.115.124.6 - - [30/Jul/2026:16:10:23 +0000] "POST /?wc-ajax=get_refreshed_fragments HTTP/1.1" 200 1026 "https://moonbloomwalls.com/" "Mozilla/5.0 (Linux; U; Android 8.1.0; zh-cn; MI 8 Build/OPM1.171019.011) AppleWebKit/537.36 (KHTML, like Gecko) Version/4.0 Chrome/57.0.2987.108 Mobile Safari/537.36"
27.115.124.6 - - [30/Jul/2026:16:10:25 +0000] "GET /favicon.ico HTTP/1.1" 404 548 "-" "Mozilla/5.0 (Windows NT 10.0; WOW64) AppleWebKit/537.36 (KHTML, like Gecko) Chrome/129.0.3904.108 Safari/537.36"
27.115.124.53 - - [30/Jul/2026:16:10:25 +0000] "GET /favicon.ico HTTP/1.1" 404 548 "-" "Mozilla/5.0 (Windows NT 10.0; WOW64) AppleWebKit/537.36 (KHTML, like Gecko) Chrome/129.0.3904.108 Safari/537.36"
27.115.124.45 - - [30/Jul/2026:16:10:27 +0000] "GET /favicon.ico HTTP/1.1" 404 181 "-" "Mozilla/5.0 (Windows NT 10.0; Win64; x64) AppleWebKit/537.36 (KHTML, like Gecko) Chrome/120.0.0.0 Safari/537.36"
27.115.124.49 - - [30/Jul/2026:16:10:28 +0000] "GET /favicon.ico HTTP/1.1" 404 181 "-" "Mozilla/5.0 (Macintosh; Intel Mac OS X 10_15_7) AppleWebKit/537.36 (KHTML, like Gecko) Chrome/120.0.0.0 Safari/537.36 Edg/120.0.0.0"
27.115.124.45 - - [30/Jul/2026:16:10:55 +0000] "GET /faq/ HTTP/1.1" 200 23894 "-" "Mozilla/5.0 (Linux; Android 11; V2055A) AppleWebKit/537.36 (KHTML, like Gecko) Chrome/91.0.4472.101 Mobile Safari/537.36"
27.115.124.45 - - [30/Jul/2026:16:10:55 +0000] "GET /wp-content/plugins/woocommerce/assets/client/blocks/wc-blocks.css?ver=wc-10.8.1 HTTP/1.1" 200 14006 "https://moonbloomwalls.com/faq/" "Mozilla/5.0 (Linux; Android 11; V2055A) AppleWebKit/537.36 (KHTML, like Gecko) Chrome/91.0.4472.101 Mobile Safari/537.36"
27.115.124.101 - - [30/Jul/2026:16:10:55 +0000] "GET /wp-content/themes/kadence/assets/css/global.min.css?ver=1.5.0 HTTP/1.1" 200 28012 "https://moonbloomwalls.com/faq/" "Mozilla/5.0 (Linux; Android 11; V2055A) AppleWebKit/537.36 (KHTML, like Gecko) Chrome/91.0.4472.101 Mobile Safari/537.36"
27.115.124.45 - - [30/Jul/2026:16:10:56 +0000] "GET /wp-content/themes/kadence/assets/css/header.min.css?ver=1.5.0 HTTP/1.1" 200 25289 "https://moonbloomwalls.com/faq/" "Mozilla/5.0 (Linux; Android 11; V2055A) AppleWebKit/537.36 (KHTML, like Gecko) Chrome/91.0.4472.101 Mobile Safari/537.36"
27.115.124.45 - - [30/Jul/2026:16:10:56 +0000] "GET /wp-content/themes/kadence/assets/css/content.min.css?ver=1.5.0 HTTP/1.1" 200 34362 "https://moonbloomwalls.com/faq/" "Mozilla/5.0 (Linux; Android 11; V2055A) AppleWebKit/537.36 (KHTML, like Gecko) Chrome/91.0.4472.101 Mobile Safari/537.36"
27.115.124.45 - - [30/Jul/2026:16:10:56 +0000] "GET /wp-includes/js/jquery/jquery.min.js?ver=3.7.1 HTTP/1.1" 200 87553 "https://moonbloomwalls.com/faq/" "Mozilla/5.0 (Linux; Android 11; V2055A) AppleWebKit/537.36 (KHTML, like Gecko) Chrome/91.0.4472.101 Mobile Safari/537.36"
27.115.124.6 - - [30/Jul/2026:16:10:56 +0000] "GET /wp-content/themes/kadence/assets/css/footer.min.css?ver=1.5.0 HTTP/1.1" 200 19929 "https://moonbloomwalls.com/faq/" "Mozilla/5.0 (Linux; Android 11; V2055A) AppleWebKit/537.36 (KHTML, like Gecko) Chrome/91.0.4472.101 Mobile Safari/537.36"
27.115.124.118 - - [30/Jul/2026:16:10:56 +0000] "GET /wp-content/themes/kadence/assets/css/woocommerce.min.css?ver=1.5.0 HTTP/1.1" 200 144116 "https://moonbloomwalls.com/faq/" "Mozilla/5.0 (Linux; Android 11; V2055A) AppleWebKit/537.36 (KHTML, like Gecko) Chrome/91.0.4472.101 Mobile Safari/537.36"
27.115.124.101 - - [30/Jul/2026:16:10:56 +0000] "GET /wp-includes/js/jquery/jquery-migrate.min.js?ver=3.4.1 HTTP/1.1" 200 13577 "https://moonbloomwalls.com/faq/" "Mozilla/5.0 (Linux; Android 11; V2055A) AppleWebKit/537.36 (KHTML, like Gecko) Chrome/91.0.4472.101 Mobile Safari/537.36"
27.115.124.6 - - [30/Jul/2026:16:10:56 +0000] "GET /wp-content/plugins/woocommerce/assets/js/sourcebuster/sourcebuster.min.js?ver=10.8.1 HTTP/1.1" 200 15315 "https://moonbloomwalls.com/faq/" "Mozilla/5.0 (Linux; Android 11; V2055A) AppleWebKit/537.36 (KHTML, like Gecko) Chrome/91.0.4472.101 Mobile Safari/537.36"
27.115.124.45 - - [30/Jul/2026:16:10:57 +0000] "GET /wp-content/plugins/woocommerce/assets/js/js-cookie/js.cookie.min.js?ver=2.1.4-wc.10.8.1 HTTP/1.1" 200 1720 "https://moonbloomwalls.com/faq/" "Mozilla/5.0 (Linux; Android 11; V2055A) AppleWebKit/537.36 (KHTML, like Gecko) Chrome/91.0.4472.101 Mobile Safari/537.36"
27.115.124.45 - - [30/Jul/2026:16:10:57 +0000] "GET /wp-content/plugins/woocommerce/assets/js/jquery-blockui/jquery.blockUI.min.js?ver=2.7.0-wc.10.8.1 HTTP/1.1" 200 9636 "https://moonbloomwalls.com/faq/" "Mozilla/5.0 (Linux; Android 11; V2055A) AppleWebKit/537.36 (KHTML, like Gecko) Chrome/91.0.4472.101 Mobile Safari/537.36"
27.115.124.118 - - [30/Jul/2026:16:10:57 +0000] "GET /wp-content/plugins/woocommerce/assets/js/frontend/order-attribution.min.js?ver=10.8.1 HTTP/1.1" 200 2439 "https://moonbloomwalls.com/faq/" "Mozilla/5.0 (Linux; Android 11; V2055A) AppleWebKit/537.36 (KHTML, like Gecko) Chrome/91.0.4472.101 Mobile Safari/537.36"
27.115.124.101 - - [30/Jul/2026:16:10:57 +0000] "GET /wp-content/plugins/woocommerce/assets/js/frontend/add-to-cart.min.js?ver=10.8.1 HTTP/1.1" 200 4350 "https://moonbloomwalls.com/faq/" "Mozilla/5.0 (Linux; Android 11; V2055A) AppleWebKit/537.36 (KHTML, like Gecko) Chrome/91.0.4472.101 Mobile Safari/537.36"
27.115.124.53 - - [30/Jul/2026:16:10:57 +0000] "GET /wp-content/plugins/woocommerce/assets/js/frontend/woocommerce.min.js?ver=10.8.1 HTTP/1.1" 200 4270 "https://moonbloomwalls.com/faq/" "Mozilla/5.0 (Linux; Android 11; V2055A) AppleWebKit/537.36 (KHTML, like Gecko) Chrome/91.0.4472.101 Mobile Safari/537.36"
27.115.124.45 - - [30/Jul/2026:16:10:57 +0000] "GET /wp-content/themes/kadence/assets/js/shop-spinner.min.js?ver=1.5.0 HTTP/1.1" 200 1265 "https://moonbloomwalls.com/faq/" "Mozilla/5.0 (Linux; Android 11; V2055A) AppleWebKit/537.36 (KHTML, like Gecko) Chrome/91.0.4472.101 Mobile Safari/537.36"
27.115.124.6 - - [30/Jul/2026:16:10:57 +0000] "GET /wp-content/themes/kadence/assets/js/navigation.min.js?ver=1.5.0 HTTP/1.1" 200 22428 "https://moonbloomwalls.com/faq/" "Mozilla/5.0 (Linux; Android 11; V2055A) AppleWebKit/537.36 (KHTML, like Gecko) Chrome/91.0.4472.101 Mobile Safari/537.36"
27.115.124.101 - - [30/Jul/2026:16:10:57 +0000] "GET /wp-content/plugins/woocommerce/assets/js/frontend/cart-fragments.min.js?ver=10.8.1 HTTP/1.1" 200 2939 "https://moonbloomwalls.com/faq/" "Mozilla/5.0 (Linux; Android 11; V2055A) AppleWebKit/537.36 (KHTML, like Gecko) Chrome/91.0.4472.101 Mobile Safari/537.36"
27.115.124.101 - - [30/Jul/2026:16:10:58 +0000] "GET /wp-includes/js/wp-emoji-release.min.js?ver=7.0 HTTP/1.1" 200 22762 "https://moonbloomwalls.com/faq/" "Mozilla/5.0 (Linux; Android 11; V2055A) AppleWebKit/537.36 (KHTML, like Gecko) Chrome/91.0.4472.101 Mobile Safari/537.36"
27.115.124.6 - - [30/Jul/2026:16:10:58 +0000] "POST /?wc-ajax=get_refreshed_fragments HTTP/1.1" 200 1026 "https://moonbloomwalls.com/faq/" "Mozilla/5.0 (Linux; Android 11; V2055A) AppleWebKit/537.36 (KHTML, like Gecko) Chrome/91.0.4472.101 Mobile Safari/537.36"
123.6.49.19 - - [30/Jul/2026:16:10:58 +0000] "GET /about/ HTTP/1.1" 200 23917 "-" "Mozilla/5.0 (Linux; Android 11; V2055A) AppleWebKit/537.36 (KHTML, like Gecko) Chrome/91.0.4472.101 Mobile Safari/537.36"
27.115.124.45 - - [30/Jul/2026:16:11:00 +0000] "GET /favicon.ico HTTP/1.1" 404 548 "-" "Mozilla/5.0 (Windows NT 10.0; WOW64) AppleWebKit/537.36 (KHTML, like Gecko) Chrome/129.0.3904.108 Safari/537.36"
27.115.124.45 - - [30/Jul/2026:16:11:00 +0000] "GET /favicon.ico HTTP/1.1" 404 548 "-" "Mozilla/5.0 (Windows NT 10.0; WOW64) AppleWebKit/537.36 (KHTML, like Gecko) Chrome/129.0.3904.108 Safari/537.36"
123.6.49.19 - - [30/Jul/2026:16:11:01 +0000] "GET /wp-content/themes/kadence/assets/css/global.min.css?ver=1.5.0 HTTP/1.1" 200 28012 "https://moonbloomwalls.com/about/" "Mozilla/5.0 (Linux; Android 11; V2055A) AppleWebKit/537.36 (KHTML, like Gecko) Chrome/91.0.4472.101 Mobile Safari/537.36"
123.6.49.50 - - [30/Jul/2026:16:11:01 +0000] "GET /wp-content/plugins/woocommerce/assets/client/blocks/wc-blocks.css?ver=wc-10.8.1 HTTP/1.1" 200 14006 "https://moonbloomwalls.com/about/" "Mozilla/5.0 (Linux; Android 11; V2055A) AppleWebKit/537.36 (KHTML, like Gecko) Chrome/91.0.4472.101 Mobile Safari/537.36"
27.115.124.38 - - [30/Jul/2026:16:11:01 +0000] "GET /favicon.ico HTTP/1.1" 404 181 "-" "Mozilla/5.0 (Windows NT 10.0; Win64; x64) AppleWebKit/537.36 (KHTML, like Gecko) Chrome/120.0.0.0 Safari/537.36"
123.6.49.19 - - [30/Jul/2026:16:11:01 +0000] "GET /wp-content/themes/kadence/assets/css/content.min.css?ver=1.5.0 HTTP/1.1" 200 34362 "https://moonbloomwalls.com/about/" "Mozilla/5.0 (Linux; Android 11; V2055A) AppleWebKit/537.36 (KHTML, like Gecko) Chrome/91.0.4472.101 Mobile Safari/537.36"
123.6.49.50 - - [30/Jul/2026:16:11:01 +0000] "GET /wp-content/themes/kadence/assets/css/header.min.css?ver=1.5.0 HTTP/1.1" 200 25289 "https://moonbloomwalls.com/about/" "Mozilla/5.0 (Linux; Android 11; V2055A) AppleWebKit/537.36 (KHTML, like Gecko) Chrome/91.0.4472.101 Mobile Safari/537.36"
123.6.49.50 - - [30/Jul/2026:16:11:01 +0000] "GET /wp-content/themes/kadence/assets/css/woocommerce.min.css?ver=1.5.0 HTTP/1.1" 200 144116 "https://moonbloomwalls.com/about/" "Mozilla/5.0 (Linux; Android 11; V2055A) AppleWebKit/537.36 (KHTML, like Gecko) Chrome/91.0.4472.101 Mobile Safari/537.36"
123.6.49.44 - - [30/Jul/2026:16:11:02 +0000] "GET /wp-includes/js/jquery/jquery.min.js?ver=3.7.1 HTTP/1.1" 200 87553 "https://moonbloomwalls.com/about/" "Mozilla/5.0 (Linux; Android 11; V2055A) AppleWebKit/537.36 (KHTML, like Gecko) Chrome/91.0.4472.101 Mobile Safari/537.36"
123.6.49.19 - - [30/Jul/2026:16:11:02 +0000] "GET /wp-content/themes/kadence/assets/css/footer.min.css?ver=1.5.0 HTTP/1.1" 200 19929 "https://moonbloomwalls.com/about/" "Mozilla/5.0 (Linux; Android 11; V2055A) AppleWebKit/537.36 (KHTML, like Gecko) Chrome/91.0.4472.101 Mobile Safari/537.36"
123.6.49.44 - - [30/Jul/2026:16:11:02 +0000] "GET /wp-includes/js/jquery/jquery-migrate.min.js?ver=3.4.1 HTTP/1.1" 200 13577 "https://moonbloomwalls.com/about/" "Mozilla/5.0 (Linux; Android 11; V2055A) AppleWebKit/537.36 (KHTML, like Gecko) Chrome/91.0.4472.101 Mobile Safari/537.36"
123.6.49.50 - - [30/Jul/2026:16:11:03 +0000] "GET /wp-content/plugins/woocommerce/assets/js/sourcebuster/sourcebuster.min.js?ver=10.8.1 HTTP/1.1" 200 15315 "https://moonbloomwalls.com/about/" "Mozilla/5.0 (Linux; Android 11; V2055A) AppleWebKit/537.36 (KHTML, like Gecko) Chrome/91.0.4472.101 Mobile Safari/537.36"
123.6.49.44 - - [30/Jul/2026:16:11:03 +0000] "GET /wp-content/uploads/2026/06/Example-A-Roll-Image-scaled-1-600x465.webp HTTP/1.1" 200 46482 "https://moonbloomwalls.com/about/" "Mozilla/5.0 (Linux; Android 11; V2055A) AppleWebKit/537.36 (KHTML, like Gecko) Chrome/91.0.4472.101 Mobile Safari/537.36"
123.6.49.50 - - [30/Jul/2026:16:11:03 +0000] "GET /wp-content/plugins/woocommerce/assets/js/frontend/order-attribution.min.js?ver=10.8.1 HTTP/1.1" 200 2439 "https://moonbloomwalls.com/about/" "Mozilla/5.0 (Linux; Android 11; V2055A) AppleWebKit/537.36 (KHTML, like Gecko) Chrome/91.0.4472.101 Mobile Safari/537.36"
123.6.49.50 - - [30/Jul/2026:16:11:03 +0000] "GET /wp-content/plugins/woocommerce/assets/js/jquery-blockui/jquery.blockUI.min.js?ver=2.7.0-wc.10.8.1 HTTP/1.1" 200 9636 "https://moonbloomwalls.com/about/" "Mozilla/5.0 (Linux; Android 11; V2055A) AppleWebKit/537.36 (KHTML, like Gecko) Chrome/91.0.4472.101 Mobile Safari/537.36"
123.6.49.44 - - [30/Jul/2026:16:11:04 +0000] "GET /wp-content/plugins/woocommerce/assets/js/frontend/add-to-cart.min.js?ver=10.8.1 HTTP/1.1" 200 4350 "https://moonbloomwalls.com/about/" "Mozilla/5.0 (Linux; Android 11; V2055A) AppleWebKit/537.36 (KHTML, like Gecko) Chrome/91.0.4472.101 Mobile Safari/537.36"
123.6.49.44 - - [30/Jul/2026:16:11:04 +0000] "GET /wp-content/plugins/woocommerce/assets/js/js-cookie/js.cookie.min.js?ver=2.1.4-wc.10.8.1 HTTP/1.1" 200 1720 "https://moonbloomwalls.com/about/" "Mozilla/5.0 (Linux; Android 11; V2055A) AppleWebKit/537.36 (KHTML, like Gecko) Chrome/91.0.4472.101 Mobile Safari/537.36"
123.6.49.44 - - [30/Jul/2026:16:11:05 +0000] "GET /wp-content/plugins/woocommerce/assets/js/frontend/woocommerce.min.js?ver=10.8.1 HTTP/1.1" 200 4270 "https://moonbloomwalls.com/about/" "Mozilla/5.0 (Linux; Android 11; V2055A) AppleWebKit/537.36 (KHTML, like Gecko) Chrome/91.0.4472.101 Mobile Safari/537.36"
123.6.49.44 - - [30/Jul/2026:16:11:05 +0000] "GET /wp-content/themes/kadence/assets/js/navigation.min.js?ver=1.5.0 HTTP/1.1" 200 22428 "https://moonbloomwalls.com/about/" "Mozilla/5.0 (Linux; Android 11; V2055A) AppleWebKit/537.36 (KHTML, like Gecko) Chrome/91.0.4472.101 Mobile Safari/537.36"
123.6.49.44 - - [30/Jul/2026:16:11:05 +0000] "GET /wp-content/themes/kadence/assets/js/shop-spinner.min.js?ver=1.5.0 HTTP/1.1" 200 1265 "https://moonbloomwalls.com/about/" "Mozilla/5.0 (Linux; Android 11; V2055A) AppleWebKit/537.36 (KHTML, like Gecko) Chrome/91.0.4472.101 Mobile Safari/537.36"
123.6.49.44 - - [30/Jul/2026:16:11:06 +0000] "GET /wp-content/plugins/woocommerce/assets/js/frontend/cart-fragments.min.js?ver=10.8.1 HTTP/1.1" 200 2939 "https://moonbloomwalls.com/about/" "Mozilla/5.0 (Linux; Android 11; V2055A) AppleWebKit/537.36 (KHTML, like Gecko) Chrome/91.0.4472.101 Mobile Safari/537.36"
123.6.49.44 - - [30/Jul/2026:16:11:06 +0000] "GET /wp-includes/js/wp-emoji-release.min.js?ver=7.0 HTTP/1.1" 200 22762 "https://moonbloomwalls.com/about/" "Mozilla/5.0 (Linux; Android 11; V2055A) AppleWebKit/537.36 (KHTML, like Gecko) Chrome/91.0.4472.101 Mobile Safari/537.36"
85.155.190.233 - - [30/Jul/2026:16:11:06 +0000] "POST /wp-cron.php?doing_wp_cron=1785427866.6356918811798095703125 HTTP/1.1" 200 31 "-" "WordPress/7.0; https://moonbloomwalls.com"
123.6.49.50 - - [30/Jul/2026:16:11:06 +0000] "POST /?wc-ajax=get_refreshed_fragments HTTP/1.1" 200 1026 "https://moonbloomwalls.com/about/" "Mozilla/5.0 (Linux; Android 11; V2055A) AppleWebKit/537.36 (KHTML, like Gecko) Chrome/91.0.4472.101 Mobile Safari/537.36"
147.182.222.217 - - [30/Jul/2026:16:12:20 +0000] "GET /wp-content/plugins/count-per-day/download.php?n=1&f=/etc/passwd HTTP/1.1" 404 181 "-" "Mozilla/5.0 (Knoppix; Linux x86_64) AppleWebKit/537.36 (KHTML, like Gecko) Chrome/118.0.0.0 Safari/537.36"
147.182.222.217 - - [30/Jul/2026:16:12:20 +0000] "GET /wp-content/plugins/advanced-dewplayer/admin-panel/download-file.php?dew_file=../../../../wp-config.php HTTP/1.1" 404 118 "-" "Mozilla/5.0 (Windows NT 10.0; Win64; x64; rv:99.0) Gecko/20100101 Firefox/99.0"
85.155.190.233 - - [30/Jul/2026:16:12:21 +0000] "POST /wp-cron.php?doing_wp_cron=1785427941.0900230407714843750000 HTTP/1.1" 200 31 "-" "WordPress/7.0; https://moonbloomwalls.com"
27.115.124.118 - - [30/Jul/2026:16:12:21 +0000] "GET / HTTP/1.1" 200 37104 "-" "Mozilla/5.0 (Linux; Android 11; V2055A) AppleWebKit/537.36 (KHTML, like Gecko) Chrome/91.0.4472.101 Mobile Safari/537.36"
27.115.124.45 - - [30/Jul/2026:16:12:21 +0000] "GET /wp-content/plugins/woocommerce/assets/client/blocks/wc-blocks.css?ver=wc-10.8.1 HTTP/1.1" 200 14006 "https://moonbloomwalls.com/" "Mozilla/5.0 (Linux; Android 11; V2055A) AppleWebKit/537.36 (KHTML, like Gecko) Chrome/91.0.4472.101 Mobile Safari/537.36"
27.115.124.70 - - [30/Jul/2026:16:12:21 +0000] "GET / HTTP/1.1" 200 37104 "-" "Mozilla/5.0 (Linux; Android 11; CPH2185) AppleWebKit/537.36 (KHTML, like Gecko) Chrome/91.0.4472.101 Mobile Safari/537.36"
27.115.124.45 - - [30/Jul/2026:16:12:21 +0000] "GET /wp-content/themes/kadence/assets/css/global.min.css?ver=1.5.0 HTTP/1.1" 200 28012 "https://moonbloomwalls.com/" "Mozilla/5.0 (Linux; Android 11; V2055A) AppleWebKit/537.36 (KHTML, like Gecko) Chrome/91.0.4472.101 Mobile Safari/537.36"
27.115.124.38 - - [30/Jul/2026:16:12:21 +0000] "GET /wp-content/plugins/woocommerce/assets/client/blocks/wc-blocks.css?ver=wc-10.8.1 HTTP/1.1" 200 14006 "https://moonbloomwalls.com/" "Mozilla/5.0 (Linux; Android 11; CPH2185) AppleWebKit/537.36 (KHTML, like Gecko) Chrome/91.0.4472.101 Mobile Safari/537.36"
27.115.124.53 - - [30/Jul/2026:16:12:21 +0000] "GET /wp-content/themes/kadence/assets/css/header.min.css?ver=1.5.0 HTTP/1.1" 200 25289 "https://moonbloomwalls.com/" "Mozilla/5.0 (Linux; Android 11; V2055A) AppleWebKit/537.36 (KHTML, like Gecko) Chrome/91.0.4472.101 Mobile Safari/537.36"
27.115.124.101 - - [30/Jul/2026:16:12:21 +0000] "GET /wp-content/themes/kadence/assets/css/content.min.css?ver=1.5.0 HTTP/1.1" 200 34362 "https://moonbloomwalls.com/" "Mozilla/5.0 (Linux; Android 11; V2055A) AppleWebKit/537.36 (KHTML, like Gecko) Chrome/91.0.4472.101 Mobile Safari/537.36"
27.115.124.70 - - [30/Jul/2026:16:12:21 +0000] "GET /wp-content/themes/kadence/assets/css/global.min.css?ver=1.5.0 HTTP/1.1" 200 28012 "https://moonbloomwalls.com/" "Mozilla/5.0 (Linux; Android 11; CPH2185) AppleWebKit/537.36 (KHTML, like Gecko) Chrome/91.0.4472.101 Mobile Safari/537.36"
27.115.124.53 - - [30/Jul/2026:16:12:21 +0000] "GET /wp-content/themes/kadence/assets/css/footer.min.css?ver=1.5.0 HTTP/1.1" 200 19929 "https://moonbloomwalls.com/" "Mozilla/5.0 (Linux; Android 11; V2055A) AppleWebKit/537.36 (KHTML, like Gecko) Chrome/91.0.4472.101 Mobile Safari/537.36"
27.115.124.118 - - [30/Jul/2026:16:12:21 +0000] "GET /wp-includes/js/jquery/jquery.min.js?ver=3.7.1 HTTP/1.1" 200 87553 "https://moonbloomwalls.com/" "Mozilla/5.0 (Linux; Android 11; V2055A) AppleWebKit/537.36 (KHTML, like Gecko) Chrome/91.0.4472.101 Mobile Safari/537.36"
27.115.124.70 - - [30/Jul/2026:16:12:21 +0000] "GET /wp-content/themes/kadence/assets/css/content.min.css?ver=1.5.0 HTTP/1.1" 200 34362 "https://moonbloomwalls.com/" "Mozilla/5.0 (Linux; Android 11; CPH2185) AppleWebKit/537.36 (KHTML, like Gecko) Chrome/91.0.4472.101 Mobile Safari/537.36"
27.115.124.38 - - [30/Jul/2026:16:12:21 +0000] "GET /wp-content/themes/kadence/assets/css/header.min.css?ver=1.5.0 HTTP/1.1" 200 25289 "https://moonbloomwalls.com/" "Mozilla/5.0 (Linux; Android 11; CPH2185) AppleWebKit/537.36 (KHTML, like Gecko) Chrome/91.0.4472.101 Mobile Safari/537.36"
27.115.124.6 - - [30/Jul/2026:16:12:22 +0000] "GET /wp-content/themes/kadence/assets/css/footer.min.css?ver=1.5.0 HTTP/1.1" 200 19929 "https://moonbloomwalls.com/" "Mozilla/5.0 (Linux; Android 11; CPH2185) AppleWebKit/537.36 (KHTML, like Gecko) Chrome/91.0.4472.101 Mobile Safari/537.36"
27.115.124.101 - - [30/Jul/2026:16:12:22 +0000] "GET /wp-content/themes/kadence/assets/css/woocommerce.min.css?ver=1.5.0 HTTP/1.1" 200 144116 "https://moonbloomwalls.com/" "Mozilla/5.0 (Linux; Android 11; V2055A) AppleWebKit/537.36 (KHTML, like Gecko) Chrome/91.0.4472.101 Mobile Safari/537.36"
27.115.124.38 - - [30/Jul/2026:16:12:22 +0000] "GET /wp-includes/js/jquery/jquery.min.js?ver=3.7.1 HTTP/1.1" 200 87553 "https://moonbloomwalls.com/" "Mozilla/5.0 (Linux; Android 11; CPH2185) AppleWebKit/537.36 (KHTML, like Gecko) Chrome/91.0.4472.101 Mobile Safari/537.36"
27.115.124.118 - - [30/Jul/2026:16:12:22 +0000] "GET /wp-content/themes/kadence/assets/css/woocommerce.min.css?ver=1.5.0 HTTP/1.1" 200 144116 "https://moonbloomwalls.com/" "Mozilla/5.0 (Linux; Android 11; CPH2185) AppleWebKit/537.36 (KHTML, like Gecko) Chrome/91.0.4472.101 Mobile Safari/537.36"
27.115.124.45 - - [30/Jul/2026:16:12:22 +0000] "GET /wp-includes/js/jquery/jquery-migrate.min.js?ver=3.4.1 HTTP/1.1" 200 13577 "https://moonbloomwalls.com/" "Mozilla/5.0 (Linux; Android 11; V2055A) AppleWebKit/537.36 (KHTML, like Gecko) Chrome/91.0.4472.101 Mobile Safari/537.36"
27.115.124.38 - - [30/Jul/2026:16:12:22 +0000] "GET /wp-includes/js/jquery/jquery-migrate.min.js?ver=3.4.1 HTTP/1.1" 200 13577 "https://moonbloomwalls.com/" "Mozilla/5.0 (Linux; Android 11; CPH2185) AppleWebKit/537.36 (KHTML, like Gecko) Chrome/91.0.4472.101 Mobile Safari/537.36"
27.115.124.109 - - [30/Jul/2026:16:12:22 +0000] "GET /blog/ HTTP/1.1" 200 23519 "-" "Mozilla/5.0 (Linux; Android 10; HUAWEI P30 Pro) AppleWebKit/537.36 (KHTML, like Gecko) Chrome/89.0.4389.105 Mobile Safari/537.36"
27.115.124.101 - - [30/Jul/2026:16:12:22 +0000] "GET /wp-content/plugins/woocommerce/assets/js/sourcebuster/sourcebuster.min.js?ver=10.8.1 HTTP/1.1" 200 15315 "https://moonbloomwalls.com/" "Mozilla/5.0 (Linux; Android 11; V2055A) AppleWebKit/537.36 (KHTML, like Gecko) Chrome/91.0.4472.101 Mobile Safari/537.36"
27.115.124.45 - - [30/Jul/2026:16:12:22 +0000] "GET /wp-content/plugins/woocommerce/assets/js/frontend/order-attribution.min.js?ver=10.8.1 HTTP/1.1" 200 2439 "https://moonbloomwalls.com/" "Mozilla/5.0 (Linux; Android 11; V2055A) AppleWebKit/537.36 (KHTML, like Gecko) Chrome/91.0.4472.101 Mobile Safari/537.36"
27.115.124.53 - - [30/Jul/2026:16:12:22 +0000] "GET /wp-content/plugins/woocommerce/assets/js/js-cookie/js.cookie.min.js?ver=2.1.4-wc.10.8.1 HTTP/1.1" 200 1720 "https://moonbloomwalls.com/" "Mozilla/5.0 (Linux; Android 11; V2055A) AppleWebKit/537.36 (KHTML, like Gecko) Chrome/91.0.4472.101 Mobile Safari/537.36"
27.115.124.101 - - [30/Jul/2026:16:12:22 +0000] "GET /wp-content/plugins/woocommerce/assets/js/frontend/add-to-cart.min.js?ver=10.8.1 HTTP/1.1" 200 4350 "https://moonbloomwalls.com/" "Mozilla/5.0 (Linux; Android 11; V2055A) AppleWebKit/537.36 (KHTML, like Gecko) Chrome/91.0.4472.101 Mobile Safari/537.36"
27.115.124.53 - - [30/Jul/2026:16:12:22 +0000] "GET /wp-content/plugins/woocommerce/assets/js/jquery-blockui/jquery.blockUI.min.js?ver=2.7.0-wc.10.8.1 HTTP/1.1" 200 9636 "https://moonbloomwalls.com/" "Mozilla/5.0 (Linux; Android 11; V2055A) AppleWebKit/537.36 (KHTML, like Gecko) Chrome/91.0.4472.101 Mobile Safari/537.36"
27.115.124.118 - - [30/Jul/2026:16:12:22 +0000] "GET /wp-content/plugins/woocommerce/assets/js/sourcebuster/sourcebuster.min.js?ver=10.8.1 HTTP/1.1" 200 15315 "https://moonbloomwalls.com/" "Mozilla/5.0 (Linux; Android 11; CPH2185) AppleWebKit/537.36 (KHTML, like Gecko) Chrome/91.0.4472.101 Mobile Safari/537.36"
27.115.124.70 - - [30/Jul/2026:16:12:22 +0000] "GET /wp-content/plugins/woocommerce/assets/js/frontend/add-to-cart.min.js?ver=10.8.1 HTTP/1.1" 200 4350 "https://moonbloomwalls.com/" "Mozilla/5.0 (Linux; Android 11; CPH2185) AppleWebKit/537.36 (KHTML, like Gecko) Chrome/91.0.4472.101 Mobile Safari/537.36"
27.115.124.6 - - [30/Jul/2026:16:12:22 +0000] "GET /wp-content/plugins/woocommerce/assets/js/jquery-blockui/jquery.blockUI.min.js?ver=2.7.0-wc.10.8.1 HTTP/1.1" 200 9636 "https://moonbloomwalls.com/" "Mozilla/5.0 (Linux; Android 11; CPH2185) AppleWebKit/537.36 (KHTML, like Gecko) Chrome/91.0.4472.101 Mobile Safari/537.36"
27.115.124.53 - - [30/Jul/2026:16:12:22 +0000] "GET /wp-content/plugins/woocommerce/assets/js/frontend/woocommerce.min.js?ver=10.8.1 HTTP/1.1" 200 4270 "https://moonbloomwalls.com/" "Mozilla/5.0 (Linux; Android 11; V2055A) AppleWebKit/537.36 (KHTML, like Gecko) Chrome/91.0.4472.101 Mobile Safari/537.36"
27.115.124.38 - - [30/Jul/2026:16:12:22 +0000] "GET /wp-content/plugins/woocommerce/assets/js/frontend/order-attribution.min.js?ver=10.8.1 HTTP/1.1" 200 2439 "https://moonbloomwalls.com/" "Mozilla/5.0 (Linux; Android 11; CPH2185) AppleWebKit/537.36 (KHTML, like Gecko) Chrome/91.0.4472.101 Mobile Safari/537.36"
27.115.124.101 - - [30/Jul/2026:16:12:22 +0000] "GET /wp-content/themes/kadence/assets/js/navigation.min.js?ver=1.5.0 HTTP/1.1" 200 22428 "https://moonbloomwalls.com/" "Mozilla/5.0 (Linux; Android 11; V2055A) AppleWebKit/537.36 (KHTML, like Gecko) Chrome/91.0.4472.101 Mobile Safari/537.36"
27.115.124.45 - - [30/Jul/2026:16:12:22 +0000] "GET /wp-content/themes/kadence/assets/js/shop-spinner.min.js?ver=1.5.0 HTTP/1.1" 200 1265 "https://moonbloomwalls.com/" "Mozilla/5.0 (Linux; Android 11; V2055A) AppleWebKit/537.36 (KHTML, like Gecko) Chrome/91.0.4472.101 Mobile Safari/537.36"
27.115.124.38 - - [30/Jul/2026:16:12:23 +0000] "GET /wp-content/plugins/woocommerce/assets/js/js-cookie/js.cookie.min.js?ver=2.1.4-wc.10.8.1 HTTP/1.1" 200 1720 "https://moonbloomwalls.com/" "Mozilla/5.0 (Linux; Android 11; CPH2185) AppleWebKit/537.36 (KHTML, like Gecko) Chrome/91.0.4472.101 Mobile Safari/537.36"
27.115.124.118 - - [30/Jul/2026:16:12:23 +0000] "GET /wp-content/uploads/2026/06/Example-A-Roll-Image-scaled-1-600x465.webp HTTP/1.1" 200 46482 "https://moonbloomwalls.com/" "Mozilla/5.0 (Linux; Android 11; V2055A) AppleWebKit/537.36 (KHTML, like Gecko) Chrome/91.0.4472.101 Mobile Safari/537.36"
27.115.124.53 - - [30/Jul/2026:16:12:23 +0000] "GET /wp-content/plugins/woocommerce/assets/js/frontend/cart-fragments.min.js?ver=10.8.1 HTTP/1.1" 200 2939 "https://moonbloomwalls.com/" "Mozilla/5.0 (Linux; Android 11; V2055A) AppleWebKit/537.36 (KHTML, like Gecko) Chrome/91.0.4472.101 Mobile Safari/537.36"
27.115.124.70 - - [30/Jul/2026:16:12:23 +0000] "GET /wp-content/plugins/woocommerce/assets/js/frontend/woocommerce.min.js?ver=10.8.1 HTTP/1.1" 200 4270 "https://moonbloomwalls.com/" "Mozilla/5.0 (Linux; Android 11; CPH2185) AppleWebKit/537.36 (KHTML, like Gecko) Chrome/91.0.4472.101 Mobile Safari/537.36"
27.115.124.118 - - [30/Jul/2026:16:12:23 +0000] "GET /wp-content/uploads/2026/06/Example-A-Roll-Image-scaled-1-600x465.webp HTTP/1.1" 200 46482 "https://moonbloomwalls.com/" "Mozilla/5.0 (Linux; Android 11; CPH2185) AppleWebKit/537.36 (KHTML, like Gecko) Chrome/91.0.4472.101 Mobile Safari/537.36"
27.115.124.38 - - [30/Jul/2026:16:12:23 +0000] "GET /wp-content/themes/kadence/assets/js/navigation.min.js?ver=1.5.0 HTTP/1.1" 200 22428 "https://moonbloomwalls.com/" "Mozilla/5.0 (Linux; Android 11; CPH2185) AppleWebKit/537.36 (KHTML, like Gecko) Chrome/91.0.4472.101 Mobile Safari/537.36"
27.115.124.38 - - [30/Jul/2026:16:12:23 +0000] "GET /wp-content/themes/kadence/assets/js/shop-spinner.min.js?ver=1.5.0 HTTP/1.1" 200 1265 "https://moonbloomwalls.com/" "Mozilla/5.0 (Linux; Android 11; CPH2185) AppleWebKit/537.36 (KHTML, like Gecko) Chrome/91.0.4472.101 Mobile Safari/537.36"
27.115.124.70 - - [30/Jul/2026:16:12:23 +0000] "GET /wp-content/plugins/woocommerce/assets/js/frontend/cart-fragments.min.js?ver=10.8.1 HTTP/1.1" 200 2939 "https://moonbloomwalls.com/" "Mozilla/5.0 (Linux; Android 11; CPH2185) AppleWebKit/537.36 (KHTML, like Gecko) Chrome/91.0.4472.101 Mobile Safari/537.36"
27.115.124.70 - - [30/Jul/2026:16:12:23 +0000] "GET /wp-content/themes/kadence/assets/css/global.min.css?ver=1.5.0 HTTP/1.1" 200 28012 "https://moonbloomwalls.com/blog/" "Mozilla/5.0 (Linux; Android 10; HUAWEI P30 Pro) AppleWebKit/537.36 (KHTML, like Gecko) Chrome/89.0.4389.105 Mobile Safari/537.36"
27.115.124.109 - - [30/Jul/2026:16:12:23 +0000] "GET /wp-content/plugins/woocommerce/assets/client/blocks/wc-blocks.css?ver=wc-10.8.1 HTTP/1.1" 200 14006 "https://moonbloomwalls.com/blog/" "Mozilla/5.0 (Linux; Android 10; HUAWEI P30 Pro) AppleWebKit/537.36 (KHTML, like Gecko) Chrome/89.0.4389.105 Mobile Safari/537.36"
27.115.124.38 - - [30/Jul/2026:16:12:23 +0000] "GET /wp-content/themes/kadence/assets/css/header.min.css?ver=1.5.0 HTTP/1.1" 200 25289 "https://moonbloomwalls.com/blog/" "Mozilla/5.0 (Linux; Android 10; HUAWEI P30 Pro) AppleWebKit/537.36 (KHTML, like Gecko) Chrome/89.0.4389.105 Mobile Safari/537.36"
27.115.124.45 - - [30/Jul/2026:16:12:23 +0000] "GET /wp-content/themes/kadence/assets/css/content.min.css?ver=1.5.0 HTTP/1.1" 200 34362 "https://moonbloomwalls.com/blog/" "Mozilla/5.0 (Linux; Android 10; HUAWEI P30 Pro) AppleWebKit/537.36 (KHTML, like Gecko) Chrome/89.0.4389.105 Mobile Safari/537.36"
27.115.124.70 - - [30/Jul/2026:16:12:23 +0000] "GET /wp-content/themes/kadence/assets/css/woocommerce.min.css?ver=1.5.0 HTTP/1.1" 200 144116 "https://moonbloomwalls.com/blog/" "Mozilla/5.0 (Linux; Android 10; HUAWEI P30 Pro) AppleWebKit/537.36 (KHTML, like Gecko) Chrome/89.0.4389.105 Mobile Safari/537.36"
27.115.124.70 - - [30/Jul/2026:16:12:23 +0000] "GET /wp-includes/js/jquery/jquery.min.js?ver=3.7.1 HTTP/1.1" 200 87553 "https://moonbloomwalls.com/blog/" "Mozilla/5.0 (Linux; Android 10; HUAWEI P30 Pro) AppleWebKit/537.36 (KHTML, like Gecko) Chrome/89.0.4389.105 Mobile Safari/537.36"
27.115.124.38 - - [30/Jul/2026:16:12:23 +0000] "GET /wp-includes/js/wp-emoji-release.min.js?ver=7.0 HTTP/1.1" 200 22762 "https://moonbloomwalls.com/" "Mozilla/5.0 (Linux; Android 11; CPH2185) AppleWebKit/537.36 (KHTML, like Gecko) Chrome/91.0.4472.101 Mobile Safari/537.36"
27.115.124.38 - - [30/Jul/2026:16:12:24 +0000] "GET /wp-content/themes/kadence/assets/css/footer.min.css?ver=1.5.0 HTTP/1.1" 200 19929 "https://moonbloomwalls.com/blog/" "Mozilla/5.0 (Linux; Android 10; HUAWEI P30 Pro) AppleWebKit/537.36 (KHTML, like Gecko) Chrome/89.0.4389.105 Mobile Safari/537.36"
27.115.124.38 - - [30/Jul/2026:16:12:24 +0000] "GET /wp-includes/js/jquery/jquery-migrate.min.js?ver=3.4.1 HTTP/1.1" 200 13577 "https://moonbloomwalls.com/blog/" "Mozilla/5.0 (Linux; Android 10; HUAWEI P30 Pro) AppleWebKit/537.36 (KHTML, like Gecko) Chrome/89.0.4389.105 Mobile Safari/537.36"
123.6.49.12 - - [30/Jul/2026:16:12:24 +0000] "GET /contact/ HTTP/1.1" 200 23047 "-" "Mozilla/5.0 (Linux; Android 10; HUAWEI P30 Pro) AppleWebKit/537.36 (KHTML, like Gecko) Chrome/89.0.4389.105 Mobile Safari/537.36"
27.115.124.118 - - [30/Jul/2026:16:12:24 +0000] "POST /?wc-ajax=get_refreshed_fragments HTTP/1.1" 200 1026 "https://moonbloomwalls.com/" "Mozilla/5.0 (Linux; Android 11; CPH2185) AppleWebKit/537.36 (KHTML, like Gecko) Chrome/91.0.4472.101 Mobile Safari/537.36"
27.115.124.45 - - [30/Jul/2026:16:12:24 +0000] "GET /wp-content/plugins/woocommerce/assets/js/sourcebuster/sourcebuster.min.js?ver=10.8.1 HTTP/1.1" 200 15315 "https://moonbloomwalls.com/blog/" "Mozilla/5.0 (Linux; Android 10; HUAWEI P30 Pro) AppleWebKit/537.36 (KHTML, like Gecko) Chrome/89.0.4389.105 Mobile Safari/537.36"
27.115.124.109 - - [30/Jul/2026:16:12:24 +0000] "GET /wp-content/plugins/woocommerce/assets/js/frontend/order-attribution.min.js?ver=10.8.1 HTTP/1.1" 200 2439 "https://moonbloomwalls.com/blog/" "Mozilla/5.0 (Linux; Android 10; HUAWEI P30 Pro) AppleWebKit/537.36 (KHTML, like Gecko) Chrome/89.0.4389.105 Mobile Safari/537.36"
123.6.49.12 - - [30/Jul/2026:16:12:24 +0000] "GET /wp-content/plugins/woocommerce/assets/client/blocks/wc-blocks.css?ver=wc-10.8.1 HTTP/1.1" 200 14006 "https://moonbloomwalls.com/contact/" "Mozilla/5.0 (Linux; Android 10; HUAWEI P30 Pro) AppleWebKit/537.36 (KHTML, like Gecko) Chrome/89.0.4389.105 Mobile Safari/537.36"
123.6.49.12 - - [30/Jul/2026:16:12:24 +0000] "GET /wp-content/themes/kadence/assets/css/global.min.css?ver=1.5.0 HTTP/1.1" 200 28012 "https://moonbloomwalls.com/contact/" "Mozilla/5.0 (Linux; Android 10; HUAWEI P30 Pro) AppleWebKit/537.36 (KHTML, like Gecko) Chrome/89.0.4389.105 Mobile Safari/537.36"
27.115.124.38 - - [30/Jul/2026:16:12:24 +0000] "GET /wp-content/themes/kadence/assets/js/navigation.min.js?ver=1.5.0 HTTP/1.1" 200 22428 "https://moonbloomwalls.com/blog/" "Mozilla/5.0 (Linux; Android 10; HUAWEI P30 Pro) AppleWebKit/537.36 (KHTML, like Gecko) Chrome/89.0.4389.105 Mobile Safari/537.36"
27.115.124.53 - - [30/Jul/2026:16:12:24 +0000] "GET /wp-includes/js/wp-emoji-release.min.js?ver=7.0 HTTP/1.1" 200 22762 "https://moonbloomwalls.com/" "Mozilla/5.0 (Linux; Android 11; V2055A) AppleWebKit/537.36 (KHTML, like Gecko) Chrome/91.0.4472.101 Mobile Safari/537.36"
27.115.124.38 - - [30/Jul/2026:16:12:24 +0000] "GET /wp-content/plugins/woocommerce/assets/js/frontend/woocommerce.min.js?ver=10.8.1 HTTP/1.1" 200 4270 "https://moonbloomwalls.com/blog/" "Mozilla/5.0 (Linux; Android 10; HUAWEI P30 Pro) AppleWebKit/537.36 (KHTML, like Gecko) Chrome/89.0.4389.105 Mobile Safari/537.36"
27.115.124.70 - - [30/Jul/2026:16:12:24 +0000] "GET /wp-content/plugins/woocommerce/assets/js/jquery-blockui/jquery.blockUI.min.js?ver=2.7.0-wc.10.8.1 HTTP/1.1" 200 9636 "https://moonbloomwalls.com/blog/" "Mozilla/5.0 (Linux; Android 10; HUAWEI P30 Pro) AppleWebKit/537.36 (KHTML, like Gecko) Chrome/89.0.4389.105 Mobile Safari/537.36"
27.115.124.45 - - [30/Jul/2026:16:12:24 +0000] "GET /wp-content/plugins/woocommerce/assets/js/frontend/add-to-cart.min.js?ver=10.8.1 HTTP/1.1" 200 4350 "https://moonbloomwalls.com/blog/" "Mozilla/5.0 (Linux; Android 10; HUAWEI P30 Pro) AppleWebKit/537.36 (KHTML, like Gecko) Chrome/89.0.4389.105 Mobile Safari/537.36"
27.115.124.109 - - [30/Jul/2026:16:12:24 +0000] "GET /wp-content/plugins/woocommerce/assets/js/js-cookie/js.cookie.min.js?ver=2.1.4-wc.10.8.1 HTTP/1.1" 200 1720 "https://moonbloomwalls.com/blog/" "Mozilla/5.0 (Linux; Android 10; HUAWEI P30 Pro) AppleWebKit/537.36 (KHTML, like Gecko) Chrome/89.0.4389.105 Mobile Safari/537.36"
27.115.124.70 - - [30/Jul/2026:16:12:25 +0000] "GET /wp-content/themes/kadence/assets/js/shop-spinner.min.js?ver=1.5.0 HTTP/1.1" 200 1265 "https://moonbloomwalls.com/blog/" "Mozilla/5.0 (Linux; Android 10; HUAWEI P30 Pro) AppleWebKit/537.36 (KHTML, like Gecko) Chrome/89.0.4389.105 Mobile Safari/537.36"
27.115.124.118 - - [30/Jul/2026:16:12:25 +0000] "POST /?wc-ajax=get_refreshed_fragments HTTP/1.1" 200 1026 "https://moonbloomwalls.com/" "Mozilla/5.0 (Linux; Android 11; V2055A) AppleWebKit/537.36 (KHTML, like Gecko) Chrome/91.0.4472.101 Mobile Safari/537.36"
123.6.49.12 - - [30/Jul/2026:16:12:25 +0000] "GET /wp-content/themes/kadence/assets/css/header.min.css?ver=1.5.0 HTTP/1.1" 200 25289 "https://moonbloomwalls.com/contact/" "Mozilla/5.0 (Linux; Android 10; HUAWEI P30 Pro) AppleWebKit/537.36 (KHTML, like Gecko) Chrome/89.0.4389.105 Mobile Safari/537.36"
123.6.49.12 - - [30/Jul/2026:16:12:25 +0000] "GET /wp-content/themes/kadence/assets/css/content.min.css?ver=1.5.0 HTTP/1.1" 200 34362 "https://moonbloomwalls.com/contact/" "Mozilla/5.0 (Linux; Android 10; HUAWEI P30 Pro) AppleWebKit/537.36 (KHTML, like Gecko) Chrome/89.0.4389.105 Mobile Safari/537.36"
27.115.124.109 - - [30/Jul/2026:16:12:25 +0000] "GET /wp-content/plugins/woocommerce/assets/js/frontend/cart-fragments.min.js?ver=10.8.1 HTTP/1.1" 200 2939 "https://moonbloomwalls.com/blog/" "Mozilla/5.0 (Linux; Android 10; HUAWEI P30 Pro) AppleWebKit/537.36 (KHTML, like Gecko) Chrome/89.0.4389.105 Mobile Safari/537.36"
123.6.49.44 - - [30/Jul/2026:16:12:25 +0000] "GET /wp-includes/js/jquery/jquery.min.js?ver=3.7.1 HTTP/1.1" 200 87553 "https://moonbloomwalls.com/contact/" "Mozilla/5.0 (Linux; Android 10; HUAWEI P30 Pro) AppleWebKit/537.36 (KHTML, like Gecko) Chrome/89.0.4389.105 Mobile Safari/537.36"
123.6.49.44 - - [30/Jul/2026:16:12:25 +0000] "GET /wp-content/themes/kadence/assets/css/footer.min.css?ver=1.5.0 HTTP/1.1" 200 19929 "https://moonbloomwalls.com/contact/" "Mozilla/5.0 (Linux; Android 10; HUAWEI P30 Pro) AppleWebKit/537.36 (KHTML, like Gecko) Chrome/89.0.4389.105 Mobile Safari/537.36"
123.6.49.16 - - [30/Jul/2026:16:12:25 +0000] "GET /wp-includes/js/jquery/jquery-migrate.min.js?ver=3.4.1 HTTP/1.1" 200 13577 "https://moonbloomwalls.com/contact/" "Mozilla/5.0 (Linux; Android 10; HUAWEI P30 Pro) AppleWebKit/537.36 (KHTML, like Gecko) Chrome/89.0.4389.105 Mobile Safari/537.36"
123.6.49.12 - - [30/Jul/2026:16:12:25 +0000] "GET /wp-content/plugins/woocommerce/assets/js/sourcebuster/sourcebuster.min.js?ver=10.8.1 HTTP/1.1" 200 15315 "https://moonbloomwalls.com/contact/" "Mozilla/5.0 (Linux; Android 10; HUAWEI P30 Pro) AppleWebKit/537.36 (KHTML, like Gecko) Chrome/89.0.4389.105 Mobile Safari/537.36"
123.6.49.15 - - [30/Jul/2026:16:12:25 +0000] "GET /wp-content/themes/kadence/assets/css/woocommerce.min.css?ver=1.5.0 HTTP/1.1" 200 144116 "https://moonbloomwalls.com/contact/" "Mozilla/5.0 (Linux; Android 10; HUAWEI P30 Pro) AppleWebKit/537.36 (KHTML, like Gecko) Chrome/89.0.4389.105 Mobile Safari/537.36"
123.6.49.12 - - [30/Jul/2026:16:12:25 +0000] "GET /wp-content/plugins/woocommerce/assets/js/frontend/order-attribution.min.js?ver=10.8.1 HTTP/1.1" 200 2439 "https://moonbloomwalls.com/contact/" "Mozilla/5.0 (Linux; Android 10; HUAWEI P30 Pro) AppleWebKit/537.36 (KHTML, like Gecko) Chrome/89.0.4389.105 Mobile Safari/537.36"
27.115.124.70 - - [30/Jul/2026:16:12:25 +0000] "GET /wp-includes/js/wp-emoji-release.min.js?ver=7.0 HTTP/1.1" 200 22762 "https://moonbloomwalls.com/blog/" "Mozilla/5.0 (Linux; Android 10; HUAWEI P30 Pro) AppleWebKit/537.36 (KHTML, like Gecko) Chrome/89.0.4389.105 Mobile Safari/537.36"
27.115.124.38 - - [30/Jul/2026:16:12:25 +0000] "POST /?wc-ajax=get_refreshed_fragments HTTP/1.1" 200 1026 "https://moonbloomwalls.com/blog/" "Mozilla/5.0 (Linux; Android 10; HUAWEI P30 Pro) AppleWebKit/537.36 (KHTML, like Gecko) Chrome/89.0.4389.105 Mobile Safari/537.36"
27.115.124.38 - - [30/Jul/2026:16:12:27 +0000] "GET /favicon.ico HTTP/1.1" 404 548 "-" "Mozilla/5.0 (Windows NT 10.0; WOW64) AppleWebKit/537.36 (KHTML, like Gecko) Chrome/129.0.3904.108 Safari/537.36"
123.6.49.44 - - [30/Jul/2026:16:12:28 +0000] "GET /wp-content/plugins/woocommerce/assets/js/jquery-blockui/jquery.blockUI.min.js?ver=2.7.0-wc.10.8.1 HTTP/1.1" 200 9636 "https://moonbloomwalls.com/contact/" "Mozilla/5.0 (Linux; Android 10; HUAWEI P30 Pro) AppleWebKit/537.36 (KHTML, like Gecko) Chrome/89.0.4389.105 Mobile Safari/537.36"
123.6.49.16 - - [30/Jul/2026:16:12:28 +0000] "GET /wp-content/themes/kadence/assets/js/shop-spinner.min.js?ver=1.5.0 HTTP/1.1" 200 1265 "https://moonbloomwalls.com/contact/" "Mozilla/5.0 (Linux; Android 10; HUAWEI P30 Pro) AppleWebKit/537.36 (KHTML, like Gecko) Chrome/89.0.4389.105 Mobile Safari/537.36"
123.6.49.12 - - [30/Jul/2026:16:12:28 +0000] "GET /wp-content/plugins/woocommerce/assets/js/frontend/woocommerce.min.js?ver=10.8.1 HTTP/1.1" 200 4270 "https://moonbloomwalls.com/contact/" "Mozilla/5.0 (Linux; Android 10; HUAWEI P30 Pro) AppleWebKit/537.36 (KHTML, like Gecko) Chrome/89.0.4389.105 Mobile Safari/537.36"
123.6.49.12 - - [30/Jul/2026:16:12:28 +0000] "GET /wp-content/plugins/woocommerce/assets/js/js-cookie/js.cookie.min.js?ver=2.1.4-wc.10.8.1 HTTP/1.1" 200 1720 "https://moonbloomwalls.com/contact/" "Mozilla/5.0 (Linux; Android 10; HUAWEI P30 Pro) AppleWebKit/537.36 (KHTML, like Gecko) Chrome/89.0.4389.105 Mobile Safari/537.36"
123.6.49.15 - - [30/Jul/2026:16:12:28 +0000] "GET /wp-content/plugins/woocommerce/assets/js/frontend/add-to-cart.min.js?ver=10.8.1 HTTP/1.1" 200 4350 "https://moonbloomwalls.com/contact/" "Mozilla/5.0 (Linux; Android 10; HUAWEI P30 Pro) AppleWebKit/537.36 (KHTML, like Gecko) Chrome/89.0.4389.105 Mobile Safari/537.36"
123.6.49.44 - - [30/Jul/2026:16:12:28 +0000] "GET /wp-content/themes/kadence/assets/js/navigation.min.js?ver=1.5.0 HTTP/1.1" 200 22428 "https://moonbloomwalls.com/contact/" "Mozilla/5.0 (Linux; Android 10; HUAWEI P30 Pro) AppleWebKit/537.36 (KHTML, like Gecko) Chrome/89.0.4389.105 Mobile Safari/537.36"
123.6.49.15 - - [30/Jul/2026:16:12:28 +0000] "GET /wp-content/plugins/woocommerce/assets/js/frontend/cart-fragments.min.js?ver=10.8.1 HTTP/1.1" 200 2939 "https://moonbloomwalls.com/contact/" "Mozilla/5.0 (Linux; Android 10; HUAWEI P30 Pro) AppleWebKit/537.36 (KHTML, like Gecko) Chrome/89.0.4389.105 Mobile Safari/537.36"
27.115.124.38 - - [30/Jul/2026:16:12:28 +0000] "GET /favicon.ico HTTP/1.1" 404 548 "-" "Mozilla/5.0 (Windows NT 10.0; WOW64) AppleWebKit/537.36 (KHTML, like Gecko) Chrome/129.0.3904.108 Safari/537.36"
123.6.49.44 - - [30/Jul/2026:16:12:28 +0000] "GET /wp-includes/js/wp-emoji-release.min.js?ver=7.0 HTTP/1.1" 200 22762 "https://moonbloomwalls.com/contact/" "Mozilla/5.0 (Linux; Android 10; HUAWEI P30 Pro) AppleWebKit/537.36 (KHTML, like Gecko) Chrome/89.0.4389.105 Mobile Safari/537.36"
27.115.124.118 - - [30/Jul/2026:16:12:29 +0000] "GET /favicon.ico HTTP/1.1" 404 181 "-" "Mozilla/5.0 (Windows NT 10.0; Win64; x64) AppleWebKit/537.36 (KHTML, like Gecko) Chrome/120.0.0.0 Safari/537.36"
