109.122.18.102 - - [30/Jul/2026:05:46:32 +0000] "POST /wp-admin/update.php?action=upload-plugin HTTP/1.1" 200 57507 "https://moonbloomwalls.com" "Mozilla/5.0 (Windows NT 10.0; Win64; x64) AppleWebKit/537.36 (KHTML, like Gecko) Chrome/74.0.3729.157 Safari/537.36"
109.122.18.102 - - [30/Jul/2026:05:46:33 +0000] "GET /wp-content/plugins/ljtbxuxzfr/up.php HTTP/1.1" 404 181 "https://moonbloomwalls.com" "Mozilla/5.0 (Windows NT 10.0; Win64; x64) AppleWebKit/537.36 (KHTML, like Gecko) Chrome/74.0.3729.157 Safari/537.36"
109.122.18.102 - - [30/Jul/2026:05:46:34 +0000] "POST /wp-admin/update.php?action=upload-plugin HTTP/1.1" 200 57507 "https://moonbloomwalls.com" "Mozilla/5.0 (Windows NT 10.0; Win64; x64) AppleWebKit/537.36 (KHTML, like Gecko) Chrome/74.0.3729.157 Safari/537.36"
109.122.18.102 - - [30/Jul/2026:05:46:34 +0000] "GET /wp-content/plugins/ljtbxuxzfr/up.php HTTP/1.1" 404 181 "https://moonbloomwalls.com" "Mozilla/5.0 (Windows NT 10.0; Win64; x64) AppleWebKit/537.36 (KHTML, like Gecko) Chrome/74.0.3729.157 Safari/537.36"
109.122.18.102 - - [30/Jul/2026:05:46:35 +0000] "GET /wp-admin/media-new.php HTTP/1.1" 200 59585 "https://moonbloomwalls.com" "Mozilla/5.0 (Windows NT 10.0; Win64; x64) AppleWebKit/537.36 (KHTML, like Gecko) Chrome/74.0.3729.157 Safari/537.36"
109.122.18.102 - - [30/Jul/2026:05:46:36 +0000] "POST /wp-admin/async-upload.php HTTP/1.1" 200 128 "https://moonbloomwalls.com" "Mozilla/5.0 (Windows NT 10.0; Win64; x64) AppleWebKit/537.36 (KHTML, like Gecko) Chrome/74.0.3729.157 Safari/537.36"
109.122.18.102 - - [30/Jul/2026:05:46:36 +0000] "GET /wp-content/uploads/2026/07/cuyxjdqm.php HTTP/1.1" 404 181 "https://moonbloomwalls.com" "Mozilla/5.0 (Windows NT 10.0; Win64; x64) AppleWebKit/537.36 (KHTML, like Gecko) Chrome/74.0.3729.157 Safari/537.36"
109.122.18.102 - - [30/Jul/2026:05:46:37 +0000] "POST /wp-admin/async-upload.php HTTP/1.1" 200 130 "https://moonbloomwalls.com" "Mozilla/5.0 (Windows NT 10.0; Win64; x64) AppleWebKit/537.36 (KHTML, like Gecko) Chrome/74.0.3729.157 Safari/537.36"
109.122.18.102 - - [30/Jul/2026:05:46:37 +0000] "GET /wp-content/uploads/2026/07/cuyxjdqm.phtml HTTP/1.1" 404 21385 "https://moonbloomwalls.com" "Mozilla/5.0 (Windows NT 10.0; Win64; x64) AppleWebKit/537.36 (KHTML, like Gecko) Chrome/74.0.3729.157 Safari/537.36"
109.122.18.102 - - [30/Jul/2026:05:46:38 +0000] "POST /wp-admin/async-upload.php HTTP/1.1" 200 129 "https://moonbloomwalls.com" "Mozilla/5.0 (Windows NT 10.0; Win64; x64) AppleWebKit/537.36 (KHTML, like Gecko) Chrome/74.0.3729.157 Safari/537.36"
109.122.18.102 - - [30/Jul/2026:05:46:39 +0000] "GET /wp-content/uploads/2026/07/cuyxjdqm.phar HTTP/1.1" 404 21385 "https://moonbloomwalls.com" "Mozilla/5.0 (Windows NT 10.0; Win64; x64) AppleWebKit/537.36 (KHTML, like Gecko) Chrome/74.0.3729.157 Safari/537.36"
109.122.18.102 - - [30/Jul/2026:05:46:39 +0000] "POST /wp-admin/async-upload.php HTTP/1.1" 200 129 "https://moonbloomwalls.com" "Mozilla/5.0 (Windows NT 10.0; Win64; x64) AppleWebKit/537.36 (KHTML, like Gecko) Chrome/74.0.3729.157 Safari/537.36"
109.122.18.102 - - [30/Jul/2026:05:46:40 +0000] "GET /wp-content/uploads/2026/07/cuyxjdqm.php5 HTTP/1.1" 404 21385 "https://moonbloomwalls.com" "Mozilla/5.0 (Windows NT 10.0; Win64; x64) AppleWebKit/537.36 (KHTML, like Gecko) Chrome/74.0.3729.157 Safari/537.36"
109.122.18.102 - - [30/Jul/2026:05:46:41 +0000] "POST /wp-admin/async-upload.php HTTP/1.1" 200 129 "https://moonbloomwalls.com" "Mozilla/5.0 (Windows NT 10.0; Win64; x64) AppleWebKit/537.36 (KHTML, like Gecko) Chrome/74.0.3729.157 Safari/537.36"
109.122.18.102 - - [30/Jul/2026:05:46:41 +0000] "GET /wp-content/uploads/2026/07/cuyxjdqm.php7 HTTP/1.1" 404 21385 "https://moonbloomwalls.com" "Mozilla/5.0 (Windows NT 10.0; Win64; x64) AppleWebKit/537.36 (KHTML, like Gecko) Chrome/74.0.3729.157 Safari/537.36"
109.122.18.102 - - [30/Jul/2026:05:46:43 +0000] "GET /wp-admin/plugin-install.php?s=file-manager-advanced&tab=search&type=term HTTP/1.1" 200 72251 "https://moonbloomwalls.com" "Mozilla/5.0 (Windows NT 10.0; Win64; x64) AppleWebKit/537.36 (KHTML, like Gecko) Chrome/74.0.3729.157 Safari/537.36"
109.122.18.102 - - [30/Jul/2026:05:46:45 +0000] "POST /wp-admin/update.php?action=install-plugin&plugin=file-manager-advanced&_wpnonce=2c21b7ef25 HTTP/1.1" 200 57603 "https://moonbloomwalls.com" "Mozilla/5.0 (Windows NT 10.0; Win64; x64) AppleWebKit/537.36 (KHTML, like Gecko) Chrome/74.0.3729.157 Safari/537.36"
109.122.18.102 - - [30/Jul/2026:05:46:46 +0000] "GET /wp-admin/plugin-editor.php HTTP/1.1" 200 64778 "https://moonbloomwalls.com" "Mozilla/5.0 (Windows NT 10.0; Win64; x64) AppleWebKit/537.36 (KHTML, like Gecko) Chrome/74.0.3729.157 Safari/537.36"
109.122.18.102 - - [30/Jul/2026:05:46:47 +0000] "GET /wp-admin/plugin-editor.php?file=seo-by-rank-math/rank-math.php&plugin=seo-by-rank-math/rank-math.php HTTP/1.1" 200 86515 "https://moonbloomwalls.com" "Mozilla/5.0 (Windows NT 10.0; Win64; x64) AppleWebKit/537.36 (KHTML, like Gecko) Chrome/74.0.3729.157 Safari/537.36"
85.155.190.233 - - [30/Jul/2026:05:46:48 +0000] "GET /wp-admin/plugin-editor.php?plugin=seo-by-rank-math%2Frank-math.php&file=seo-by-rank-math%2Frank-math.php&wp_scrape_key=a3bc73824bb32d44e9c3fa89ab7f0239&wp_scrape_nonce=237346856 HTTP/1.1" 200 76724 "-" "WordPress/7.0; https://moonbloomwalls.com"
85.155.190.233 - - [30/Jul/2026:05:46:48 +0000] "GET /?wp_scrape_key=a3bc73824bb32d44e9c3fa89ab7f0239&wp_scrape_nonce=237346856 HTTP/1.1" 200 39429 "-" "WordPress/7.0; https://moonbloomwalls.com"
109.122.18.102 - - [30/Jul/2026:05:46:48 +0000] "POST /wp-admin/admin-ajax.php HTTP/1.1" 200 74 "https://moonbloomwalls.com" "Mozilla/5.0 (Windows NT 10.0; Win64; x64) AppleWebKit/537.36 (KHTML, like Gecko) Chrome/74.0.3729.157 Safari/537.36"
109.122.18.102 - - [30/Jul/2026:05:46:48 +0000] "GET /wp-content/plugins/seo-by-rank-math/rank-math.php HTTP/1.1" 200 300 "https://moonbloomwalls.com" "Mozilla/5.0 (Windows NT 10.0; Win64; x64) AppleWebKit/537.36 (KHTML, like Gecko) Chrome/74.0.3729.157 Safari/537.36"
85.155.190.233 - - [30/Jul/2026:05:47:34 +0000] "POST /wp-cron.php?doing_wp_cron=1785390454.4297969341278076171875 HTTP/1.1" 200 31 "-" "WordPress/7.0; https://moonbloomwalls.com"
66.249.64.226 - - [30/Jul/2026:05:47:34 +0000] "GET /2026/07/30/pinco-casino-turkiye-de-sorumlu-oyun-ilkeleri/ HTTP/1.1" 200 26881 "-" "Mozilla/5.0 (Linux; Android 6.0.1; Nexus 5X Build/MMB29P) AppleWebKit/537.36 (KHTML, like Gecko) Chrome/150.0.7871.186 Mobile Safari/537.36 (compatible; GoogleOther)"
66.249.64.226 - - [30/Jul/2026:05:47:37 +0000] "POST /?wc-ajax=get_refreshed_fragments HTTP/1.1" 200 986 "https://moonbloomwalls.com/2026/07/30/pinco-casino-turkiye-de-sorumlu-oyun-ilkeleri/" "Mozilla/5.0 (Linux; Android 6.0.1; Nexus 5X Build/MMB29P) AppleWebKit/537.36 (KHTML, like Gecko) Chrome/150.0.7871.186 Mobile Safari/537.36 (compatible; GoogleOther)"
85.155.190.233 - - [30/Jul/2026:05:48:38 +0000] "POST /wp-cron.php?doing_wp_cron=1785390518.0031180381774902343750 HTTP/1.1" 200 31 "-" "WordPress/7.0; https://moonbloomwalls.com"
74.91.18.242 - - [30/Jul/2026:05:48:38 +0000] "GET / HTTP/1.1" 200 187626 "-" "Mozilla/5.0 (Windows NT 10.0; Win64; x64) AppleWebKit/537.36 (KHTML, like Gecko) Chrome/131.0.0.0 Safari/537.36"
74.91.18.242 - - [30/Jul/2026:05:48:39 +0000] "GET / HTTP/1.1" 200 187626 "-" "Mozilla/5.0 (compatible; Googlebot/2.1; +http://www.google.com/bot.html)"
74.91.18.242 - - [30/Jul/2026:05:48:41 +0000] "GET /index.php?params=1 HTTP/1.1" 301 383 "-" "Mozilla/5.0 (Windows NT 10.0; Win64; x64) AppleWebKit/537.36 (KHTML, like Gecko) Chrome/131.0.0.0 Safari/537.36"
74.91.18.242 - - [30/Jul/2026:05:48:41 +0000] "GET /?params=1 HTTP/1.1" 200 187626 "-" "Mozilla/5.0 (Windows NT 10.0; Win64; x64) AppleWebKit/537.36 (KHTML, like Gecko) Chrome/131.0.0.0 Safari/537.36"
85.155.190.233 - - [30/Jul/2026:05:55:05 +0000] "POST /wp-cron.php?doing_wp_cron=1785390905.0193359851837158203125 HTTP/1.1" 200 31 "-" "WordPress/7.0; https://moonbloomwalls.com"
43.164.190.124 - - [30/Jul/2026:05:55:05 +0000] "GET /2026/07/29/pochemu-polzovateli-otmechaiut-udobstvo-skorosti-vkhoda-na-pinap-kz/ HTTP/1.1" 200 28185 "-" "Mozilla/5.0 (iPhone; CPU iPhone OS 13_2_3 like Mac OS X) AppleWebKit/605.1.15 (KHTML, like Gecko) Version/13.0.3 Mobile/15E148 Safari/604.1"
66.249.64.225 - - [30/Jul/2026:05:55:20 +0000] "GET /2026/07/29/aviator-oyna-v-qazan-rsmi-sayti-aviator-azerbaycan/ HTTP/1.1" 200 37588 "-" "Mozilla/5.0 (Linux; Android 6.0.1; Nexus 5X Build/MMB29P) AppleWebKit/537.36 (KHTML, like Gecko) Chrome/150.0.7871.186 Mobile Safari/537.36 (compatible; GoogleOther)"
66.249.64.226 - - [30/Jul/2026:05:55:23 +0000] "POST /?wc-ajax=get_refreshed_fragments HTTP/1.1" 200 986 "https://moonbloomwalls.com/2026/07/29/aviator-oyna-v-qazan-rsmi-sayti-aviator-azerbaycan/" "Mozilla/5.0 (Linux; Android 6.0.1; Nexus 5X Build/MMB29P) AppleWebKit/537.36 (KHTML, like Gecko) Chrome/150.0.7871.186 Mobile Safari/537.36 (compatible; GoogleOther)"
85.155.190.233 - - [30/Jul/2026:05:59:26 +0000] "POST /wp-cron.php?doing_wp_cron=1785391166.8305170536041259765625 HTTP/1.1" 200 31 "-" "WordPress/7.0; https://moonbloomwalls.com"
52.167.144.231 - - [30/Jul/2026:05:59:26 +0000] "GET /atom.xml HTTP/1.1" 404 21276 "-" "Mozilla/5.0 AppleWebKit/537.36 (KHTML, like Gecko; compatible; bingbot/2.0; +http://www.bing.com/bingbot.htm) Chrome/116.0.1938.76 Safari/537.36"
202.214.238.60 - - [30/Jul/2026:06:05:20 +0000] "GET /wp-content/plugins/webp-converter-for-media/webp-converter-for-media.php HTTP/1.1" 200 300 "-" "Mozilla/5.0 (Windows NT 10.0; Win64; x64) AppleWebKit/537.36 (KHTML, like Gecko) Chrome/150.0.0.0 Safari/537.36"
202.214.238.60 - - [30/Jul/2026:06:05:29 +0000] "GET /favicon.ico HTTP/1.1" 404 181 "https://moonbloomwalls.com/wp-content/plugins/webp-converter-for-media/webp-converter-for-media.php" "Mozilla/5.0 (Windows NT 10.0; Win64; x64) AppleWebKit/537.36 (KHTML, like Gecko) Chrome/150.0.0.0 Safari/537.36"
43.153.102.138 - - [30/Jul/2026:06:06:11 +0000] "GET /wp-json/wp/v2/posts/594 HTTP/1.1" 200 6465 "-" "Mozilla/5.0 (iPhone; CPU iPhone OS 13_2_3 like Mac OS X) AppleWebKit/605.1.15 (KHTML, like Gecko) Version/13.0.3 Mobile/15E148 Safari/604.1"
85.155.190.233 - - [30/Jul/2026:06:06:11 +0000] "POST /wp-cron.php?doing_wp_cron=1785391571.8774580955505371093750 HTTP/1.1" 200 31 "-" "WordPress/7.0; https://moonbloomwalls.com"
183.253.73.185 - - [30/Jul/2026:06:06:49 +0000] "POST /wp-login.php HTTP/1.1" 200 2620 "https://moonbloomwalls.com/wp-login.php" "Mozilla/5.0 (Windows NT 10.0; Win64; x64) AppleWebKit/537.36 (KHTML, like Gecko) Chrome/125.0.0.0 Safari/537.36"
183.253.73.185 - - [30/Jul/2026:06:06:50 +0000] "GET /wp-admin/plugins.php HTTP/1.1" 200 60868 "-" "Mozilla/5.0 (Windows NT 10.0; Win64; x64) AppleWebKit/537.36 (KHTML, like Gecko) Chrome/110.0.0.0 Safari/537.36"
85.155.190.233 - - [30/Jul/2026:06:07:35 +0000] "POST /wp-cron.php?doing_wp_cron=1785391655.3841218948364257812500 HTTP/1.1" 200 31 "-" "WordPress/7.0; https://moonbloomwalls.com"
103.86.108.235 - - [30/Jul/2026:06:07:35 +0000] "POST /wp-login.php HTTP/1.1" 200 2399 "-" "Mozilla/5.0 (Windows NT 10.0; Win64; rv:143.0) Gecko/20100101 Firefox/143.0"
85.155.190.233 - - [30/Jul/2026:06:07:35 +0000] "POST /wp-cron.php?doing_wp_cron=1785391655.3841218948364257812500 HTTP/1.1" 200 31 "-" "WordPress/7.0; https://moonbloomwalls.com"
103.86.108.235 - - [30/Jul/2026:06:07:35 +0000] "POST /wp-login.php HTTP/1.1" 200 2400 "-" "Mozilla/5.0 (Windows NT 10.0; Win64; rv:143.0) Gecko/20100101 Firefox/143.0"
85.155.190.233 - - [30/Jul/2026:06:09:08 +0000] "POST /wp-cron.php?doing_wp_cron=1785391748.4719440937042236328125 HTTP/1.1" 200 31 "-" "WordPress/7.0; https://moonbloomwalls.com"
103.86.108.235 - - [30/Jul/2026:06:09:08 +0000] "POST /wp-login.php HTTP/1.1" 200 2399 "-" "Mozilla/5.0 (Windows NT 10.0; Win64; x64) AppleWebKit/537.36 Chrome/129.0.0.0 Safari/537.36"
85.155.190.233 - - [30/Jul/2026:06:09:08 +0000] "POST /wp-cron.php?doing_wp_cron=1785391748.4719491004943847656250 HTTP/1.1" 200 31 "-" "WordPress/7.0; https://moonbloomwalls.com"
103.86.108.235 - - [30/Jul/2026:06:09:08 +0000] "POST /wp-login.php HTTP/1.1" 200 2400 "-" "Mozilla/5.0 (Macintosh; Intel Mac OS X 10_15_7) AppleWebKit/605.1.15 Version/17.0 Safari/605.1.15"
85.155.190.233 - - [30/Jul/2026:06:12:34 +0000] "POST /wp-cron.php?doing_wp_cron=1785391954.7456328868865966796875 HTTP/1.1" 200 31 "-" "WordPress/7.0; https://moonbloomwalls.com"
66.249.64.226 - - [30/Jul/2026:06:12:34 +0000] "GET /2026/07/29/casino-non-aams-regulations-what-you-need-to-know/ HTTP/1.1" 200 27488 "-" "Mozilla/5.0 (Linux; Android 6.0.1; Nexus 5X Build/MMB29P) AppleWebKit/537.36 (KHTML, like Gecko) Chrome/150.0.7871.186 Mobile Safari/537.36 (compatible; GoogleOther)"
66.249.64.226 - - [30/Jul/2026:06:12:37 +0000] "POST /?wc-ajax=get_refreshed_fragments HTTP/1.1" 200 615 "https://moonbloomwalls.com/2026/07/29/casino-non-aams-regulations-what-you-need-to-know/" "Mozilla/5.0 (Linux; Android 6.0.1; Nexus 5X Build/MMB29P) AppleWebKit/537.36 (KHTML, like Gecko) Chrome/150.0.7871.186 Mobile Safari/537.36 (compatible; GoogleOther)"
66.249.64.225 - - [30/Jul/2026:06:12:38 +0000] "GET /author/wordpress_3481f57911c4/page/6/ HTTP/1.1" 200 24718 "-" "Mozilla/5.0 (Linux; Android 6.0.1; Nexus 5X Build/MMB29P) AppleWebKit/537.36 (KHTML, like Gecko) Chrome/150.0.7871.186 Mobile Safari/537.36 (compatible; GoogleOther)"
66.249.64.225 - - [30/Jul/2026:06:12:42 +0000] "POST /?wc-ajax=get_refreshed_fragments HTTP/1.1" 200 615 "https://moonbloomwalls.com/author/wordpress_3481f57911c4/page/6/" "Mozilla/5.0 (Linux; Android 6.0.1; Nexus 5X Build/MMB29P) AppleWebKit/537.36 (KHTML, like Gecko) Chrome/150.0.7871.186 Mobile Safari/537.36 (compatible; GoogleOther)"
85.155.190.233 - - [30/Jul/2026:06:15:07 +0000] "POST /wp-cron.php?doing_wp_cron=1785392107.8151860237121582031250 HTTP/1.1" 200 31 "-" "WordPress/7.0; https://moonbloomwalls.com"
43.164.192.151 - - [30/Jul/2026:06:15:07 +0000] "GET /2026/04/19/what-are-the-best-slots-at-goldwin-casino/ HTTP/1.1" 200 26479 "-" "Mozilla/5.0 (iPhone; CPU iPhone OS 13_2_3 like Mac OS X) AppleWebKit/605.1.15 (KHTML, like Gecko) Version/13.0.3 Mobile/15E148 Safari/604.1"
202.214.238.60 - - [30/Jul/2026:06:16:38 +0000] "POST /wp-content/plugins/webp-converter-for-media/webp-converter-for-media.php HTTP/1.1" 200 259 "https://moonbloomwalls.com/wp-content/plugins/webp-converter-for-media/webp-converter-for-media.php" "Mozilla/5.0 (Windows NT 10.0; Win64; x64) AppleWebKit/537.36 (KHTML, like Gecko) Chrome/150.0.0.0 Safari/537.36"
85.155.190.233 - - [30/Jul/2026:06:16:49 +0000] "POST /wp-cron.php?doing_wp_cron=1785392209.9459700584411621093750 HTTP/1.1" 200 31 "-" "WordPress/7.0; https://moonbloomwalls.com"
183.253.73.185 - - [30/Jul/2026:06:16:49 +0000] "POST /wp-login.php HTTP/1.1" 200 2398 "https://moonbloomwalls.com/wp-login.php" "Mozilla/5.0 (Windows NT 10.0; Win64; x64) AppleWebKit/537.36 (KHTML, like Gecko) Chrome/125.0.0.0 Safari/537.36"
183.253.73.185 - - [30/Jul/2026:06:16:53 +0000] "GET /wp-admin/plugins.php HTTP/1.1" 200 60542 "-" "Mozilla/5.0 (Windows NT 10.0; Win64; x64) AppleWebKit/537.36 (KHTML, like Gecko) Chrome/110.0.0.0 Safari/537.36"
103.154.49.91 - - [30/Jul/2026:06:16:59 +0000] "GET /wp-content/plugins/hello.php HTTP/1.1" 200 15305 "-" "Mozilla/5.0 (Windows NT 10.0; Win64; x64) AppleWebKit/537.36 (KHTML, like Gecko) Chrome/80.0.3987.149 Safari/537.36"
103.154.49.91 - - [30/Jul/2026:06:17:00 +0000] "GET /wp-content/plugins/worksec.php HTTP/1.1" 200 438 "-" "Mozilla/5.0 (X11; Linux i686; rv:79.0) Gecko/20100101 Firefox/79.0"
103.154.49.91 - - [30/Jul/2026:06:17:00 +0000] "GET /wp-content/plugins/worksec.php HTTP/1.1" 200 438 "-" "Mozilla/5.0 (Windows NT 10.0; Win64; x64; rv:75.0) Gecko/20100101 Firefox/75.0"
103.154.49.91 - - [30/Jul/2026:06:17:00 +0000] "GET /wp-content/plugins/worksec.php HTTP/1.1" 200 438 "-" "Mozilla/5.0 (Windows NT 10.0; WOW64) AppleWebKit/537.36 (KHTML, like Gecko) Chrome/84.0.4147.105 Safari/537.36"
103.154.49.91 - - [30/Jul/2026:06:17:00 +0000] "GET /wp-content/plugins/worksec.php HTTP/1.1" 200 438 "-" "Mozilla/5.0 (Windows NT 10.0; Win64; x64) AppleWebKit/537.36 (KHTML, like Gecko) Chrome/79.0.3945.79 Safari/537.36"
103.154.49.91 - - [30/Jul/2026:06:17:00 +0000] "GET /wp-content/plugins/worksec.php HTTP/1.1" 200 438 "-" "Mozilla/5.0 (Windows NT 10.0; Win64; x64; rv:72.0) Gecko/20100101 Firefox/72.0"
103.154.49.91 - - [30/Jul/2026:06:17:00 +0000] "GET /wp-content/plugins/worksec.php HTTP/1.1" 200 323 "-" "Mozilla/5.0 (Windows NT 6.1; Win64; x64) AppleWebKit/537.36 (KHTML, like Gecko) Chrome/74.0.3729.169 Safari/537.36"
103.154.49.91 - - [30/Jul/2026:06:17:01 +0000] "POST /wp-content/plugins/worksec.php HTTP/1.1" 200 378 "https://moonbloomwalls.com/wp-content/plugins/worksec.php" "Mozilla/5.0 (X11; Linux i686; rv:79.0) Gecko/20100101 Firefox/79.0"
103.154.49.91 - - [30/Jul/2026:06:17:01 +0000] "POST /wp-content/plugins/worksec.php HTTP/1.1" 200 366 "https://moonbloomwalls.com/wp-content/plugins/worksec.php" "Mozilla/5.0 (Windows NT 10.0; Win64; x64) AppleWebKit/537.36 (KHTML, like Gecko) Chrome/79.0.3945.79 Safari/537.36"
103.154.49.91 - - [30/Jul/2026:06:17:02 +0000] "POST /wp-content/plugins/worksec.php HTTP/1.1" 200 376 "https://moonbloomwalls.com/wp-content/plugins/worksec.php" "Mozilla/5.0 (Windows NT 10.0; Win64; x64; rv:72.0) Gecko/20100101 Firefox/72.0"
103.154.49.91 - - [30/Jul/2026:06:17:02 +0000] "POST /wp-content/plugins/worksec.php HTTP/1.1" 200 372 "https://moonbloomwalls.com/wp-content/plugins/worksec.php" "Mozilla/5.0 (Windows NT 10.0; Win64; x64; rv:75.0) Gecko/20100101 Firefox/75.0"
103.154.49.91 - - [30/Jul/2026:06:17:02 +0000] "GET /wp-content/plugins/getdomains.php HTTP/1.1" 200 109 "-" "Mozilla/5.0 (Windows NT 10.0; Win64; x64) AppleWebKit/537.36 (KHTML, like Gecko) Chrome/77.0.3865.90 Safari/537.36"
103.154.49.91 - - [30/Jul/2026:06:17:02 +0000] "GET /wp-content/plugins/worksec.php HTTP/1.1" 200 438 "-" "Mozilla/5.0 (Windows NT 10.0; Win64; x64) AppleWebKit/537.36 (KHTML, like Gecko) Chrome/75.0.3770.100 Safari/537.36"
103.154.49.91 - - [30/Jul/2026:06:17:02 +0000] "GET /wp-content/plugins/worksec.php HTTP/1.1" 200 438 "-" "Mozilla/5.0 (Windows NT 10.0; WOW64) AppleWebKit/537.36 (KHTML, like Gecko) Chrome/72.0.3626.121 Safari/537.36"
103.154.49.91 - - [30/Jul/2026:06:17:02 +0000] "GET /wp-content/plugins/smtp.php HTTP/1.1" 200 171 "-" "Mozilla/5.0 (Windows NT 10.0) AppleWebKit/537.36 (KHTML, like Gecko) Chrome/72.0.3626.121 Safari/537.36"
103.154.49.91 - - [30/Jul/2026:06:17:02 +0000] "POST /wp-content/plugins/worksec.php HTTP/1.1" 200 374 "https://moonbloomwalls.com/wp-content/plugins/worksec.php" "Mozilla/5.0 (Windows NT 10.0; WOW64) AppleWebKit/537.36 (KHTML, like Gecko) Chrome/84.0.4147.105 Safari/537.36"
103.154.49.91 - - [30/Jul/2026:06:17:02 +0000] "GET /wp-content/plugins/worksec.php HTTP/1.1" 200 438 "-" "Mozilla/5.0 (Windows NT 10.0) AppleWebKit/537.36 (KHTML, like Gecko) Chrome/84.0.4147.105 Safari/537.36"
202.214.238.60 - - [30/Jul/2026:06:17:03 +0000] "GET /wp-content/plugins/webp-converter-for-media/txets.php HTTP/1.1" 200 3717 "https://moonbloomwalls.com/wp-content/plugins/webp-converter-for-media/webp-converter-for-media.php" "Mozilla/5.0 (Windows NT 10.0; Win64; x64) AppleWebKit/537.36 (KHTML, like Gecko) Chrome/150.0.0.0 Safari/537.36"
103.154.49.91 - - [30/Jul/2026:06:17:03 +0000] "POST /wp-content/plugins/worksec.php HTTP/1.1" 200 366 "https://moonbloomwalls.com/wp-content/plugins/worksec.php" "Mozilla/5.0 (Windows NT 10.0) AppleWebKit/537.36 (KHTML, like Gecko) Chrome/84.0.4147.105 Safari/537.36"
103.154.49.91 - - [30/Jul/2026:06:17:03 +0000] "POST /wp-content/plugins/worksec.php HTTP/1.1" 200 374 "https://moonbloomwalls.com/wp-content/plugins/worksec.php" "Mozilla/5.0 (Windows NT 10.0; Win64; x64) AppleWebKit/537.36 (KHTML, like Gecko) Chrome/75.0.3770.100 Safari/537.36"
103.154.49.91 - - [30/Jul/2026:06:17:03 +0000] "POST /wp-content/plugins/worksec.php HTTP/1.1" 200 364 "https://moonbloomwalls.com/wp-content/plugins/worksec.php" "Mozilla/5.0 (Windows NT 10.0; WOW64) AppleWebKit/537.36 (KHTML, like Gecko) Chrome/72.0.3626.121 Safari/537.36"
103.154.49.91 - - [30/Jul/2026:06:17:04 +0000] "GET /wp-content/plugins/m455.php HTTP/1.1" 200 8361 "-" "Mozilla/5.0 (Windows NT 10.0; Win64; x64; rv:67.0) Gecko/20100101 Firefox/67.0"
103.154.49.91 - - [30/Jul/2026:06:17:05 +0000] "POST /wp-content/plugins/hello.php HTTP/1.1" 200 15593 "https://moonbloomwalls.com/wp-content/plugins/hello.php" "Mozilla/5.0 (Windows NT 10.0; Win64; x64) AppleWebKit/537.36 (KHTML, like Gecko) Chrome/80.0.3987.149 Safari/537.36"
103.154.49.91 - - [30/Jul/2026:06:17:05 +0000] "GET /worksec.php HTTP/1.1" 404 146 "-" "Mozilla/5.0 (Windows NT 10.0; Win64; x64; rv:75.0) Gecko/20100101 Firefox/75.0"
103.154.49.91 - - [30/Jul/2026:06:17:05 +0000] "GET /worksec.php HTTP/1.1" 404 146 "-" "Mozilla/5.0 (Windows NT 6.3; Win64; x64; rv:73.0) Gecko/20100101 Firefox/73.0"
103.154.49.91 - - [30/Jul/2026:06:17:05 +0000] "GET /worksec.php HTTP/1.1" 404 548 "-" "Mozilla/5.0 (Windows NT 10.0; Win64; x64) AppleWebKit/537.36 (KHTML, like Gecko) Chrome/70.0.3538.110 Safari/537.36"
103.154.49.91 - - [30/Jul/2026:06:17:05 +0000] "GET /worksec.php HTTP/1.1" 404 146 "-" "Mozilla/5.0 (X11; Linux i686; rv:79.0) Gecko/20100101 Firefox/79.0"
103.154.49.91 - - [30/Jul/2026:06:17:05 +0000] "GET /worksec.php HTTP/1.1" 404 548 "-" "Mozilla/5.0 (Windows NT 10.0; WOW64) AppleWebKit/537.36 (KHTML, like Gecko) Chrome/72.0.3626.121 Safari/537.36"
103.154.49.91 - - [30/Jul/2026:06:17:08 +0000] "GET /worksec.php HTTP/1.1" 404 548 "-" "Mozilla/5.0 (Macintosh; Intel Mac OS X 10_15_6) AppleWebKit/537.36 (KHTML, like Gecko) Chrome/84.0.4147.125 Safari/537.36"
103.154.49.91 - - [30/Jul/2026:06:17:08 +0000] "GET /worksec.php HTTP/1.1" 404 146 "-" "Mozilla/5.0 (Windows NT 10.0; Win64; x64; rv:77.0) Gecko/20100101 Firefox/77.0"
103.154.49.91 - - [30/Jul/2026:06:17:08 +0000] "GET /worksec.php HTTP/1.1" 404 548 "-" "Mozilla/5.0 (Windows NT 10.0; Win64; x64) AppleWebKit/537.36 (KHTML, like Gecko) Chrome/77.0.3865.90 Safari/537.36"
103.154.49.91 - - [30/Jul/2026:06:17:08 +0000] "GET /worksec.php HTTP/1.1" 404 548 "-" "Mozilla/5.0 (Windows NT 10.0; Win64; x64) AppleWebKit/537.36 (KHTML, like Gecko) Chrome/69.0.3497.100 Safari/537.36"
103.154.49.91 - - [30/Jul/2026:06:17:08 +0000] "GET /worksec.php HTTP/1.1" 404 548 "-" "Mozilla/5.0 (Windows NT 10.0; WOW64) AppleWebKit/537.36 (KHTML, like Gecko) Chrome/72.0.3626.121 Safari/537.36"
103.154.49.91 - - [30/Jul/2026:06:17:10 +0000] "GET /worksec.php HTTP/1.1" 404 548 "-" "Mozilla/5.0 (Windows NT 10.0; Win64; x64) AppleWebKit/537.36 (KHTML, like Gecko) Chrome/83.0.4103.61 Safari/537.36"
103.154.49.91 - - [30/Jul/2026:06:17:10 +0000] "GET /worksec.php HTTP/1.1" 404 548 "-" "Mozilla/5.0 (Windows NT 10.0; Win64; x64) AppleWebKit/537.36 (KHTML, like Gecko) Chrome/81.0.4044.129 Safari/537.36"
103.154.49.91 - - [30/Jul/2026:06:17:10 +0000] "GET /worksec.php HTTP/1.1" 404 548 "-" "Mozilla/5.0 (Windows NT 10.0; Win64; x64) AppleWebKit/537.36 (KHTML, like Gecko) Chrome/79.0.3945.130 Safari/537.36"
103.154.49.91 - - [30/Jul/2026:06:17:10 +0000] "GET /worksec.php HTTP/1.1" 404 548 "-" "Mozilla/5.0 (X11; Linux x86_64) AppleWebKit/537.36 (KHTML, like Gecko) Chrome/84.0.4147.105 Safari/537.36 OPR/70.0.3728.95"
103.154.49.91 - - [30/Jul/2026:06:17:12 +0000] "GET /worksec.php HTTP/1.1" 404 548 "-" "Mozilla/5.0 (Windows NT 10.0; WOW64) AppleWebKit/537.36 (KHTML, like Gecko) Chrome/72.0.3626.121 Safari/537.36"
202.214.238.60 - - [30/Jul/2026:06:17:27 +0000] "POST /wp-content/plugins/webp-converter-for-media/txets.php HTTP/1.1" 200 4372 "https://moonbloomwalls.com/wp-content/plugins/webp-converter-for-media/txets.php" "Mozilla/5.0 (Windows NT 10.0; Win64; x64) AppleWebKit/537.36 (KHTML, like Gecko) Chrome/150.0.0.0 Safari/537.36"
202.214.238.60 - - [30/Jul/2026:06:17:48 +0000] "POST /wp-content/plugins/webp-converter-for-media/txets.php HTTP/1.1" 200 2778 "https://moonbloomwalls.com/wp-content/plugins/webp-converter-for-media/txets.php" "Mozilla/5.0 (Windows NT 10.0; Win64; x64) AppleWebKit/537.36 (KHTML, like Gecko) Chrome/150.0.0.0 Safari/537.36"
85.155.190.233 - - [30/Jul/2026:06:25:17 +0000] "POST /wp-cron.php?doing_wp_cron=1785392717.0153698921203613281250 HTTP/1.1" 200 31 "-" "WordPress/7.0; https://moonbloomwalls.com"
43.157.180.116 - - [30/Jul/2026:06:25:17 +0000] "GET /2026/07/29/la-tecnologia-dietro-le-esperienze-di-gioco-nei-casino-non-aams/ HTTP/1.1" 200 27799 "-" "Mozilla/5.0 (iPhone; CPU iPhone OS 13_2_3 like Mac OS X) AppleWebKit/605.1.15 (KHTML, like Gecko) Version/13.0.3 Mobile/15E148 Safari/604.1"
85.155.190.233 - - [30/Jul/2026:06:33:15 +0000] "POST /wp-cron.php?doing_wp_cron=1785393195.8048040866851806640625 HTTP/1.1" 200 31 "-" "WordPress/7.0; https://moonbloomwalls.com"
103.86.108.235 - - [30/Jul/2026:06:33:15 +0000] "POST /wp-login.php HTTP/1.1" 200 2638 "-" "Mozilla/5.0 (Macintosh; Intel Mac OS X 10_15_7) AppleWebKit/605.1.15 Version/17.0 Safari/605.1.15"
85.155.190.233 - - [30/Jul/2026:06:33:15 +0000] "POST /wp-cron.php?doing_wp_cron=1785393195.8049468994140625000000 HTTP/1.1" 200 31 "-" "WordPress/7.0; https://moonbloomwalls.com"
103.86.108.226 - - [30/Jul/2026:06:33:15 +0000] "POST /wp-login.php HTTP/1.1" 200 2638 "-" "Mozilla/5.0 (Windows NT 10.0; Win64; x64) AppleWebKit/537.36 Chrome/129.0.0.0 Safari/537.36"
85.155.190.233 - - [30/Jul/2026:06:34:36 +0000] "POST /wp-cron.php?doing_wp_cron=1785393276.6966691017150878906250 HTTP/1.1" 200 31 "-" "WordPress/7.0; https://moonbloomwalls.com"
43.165.125.66 - - [30/Jul/2026:06:34:36 +0000] "GET / HTTP/1.1" 200 37104 "http://moonbloomwalls.com" "Mozilla/5.0 (iPhone; CPU iPhone OS 13_2_3 like Mac OS X) AppleWebKit/605.1.15 (KHTML, like Gecko) Version/13.0.3 Mobile/15E148 Safari/604.1"
85.155.190.233 - - [30/Jul/2026:06:35:18 +0000] "POST /wp-cron.php?doing_wp_cron=1785393318.6747450828552246093750 HTTP/1.1" 200 31 "-" "WordPress/7.0; https://moonbloomwalls.com"
66.249.64.225 - - [30/Jul/2026:06:35:18 +0000] "GET /2023/09/21/online-casino-trends-and-insights-for-2026/ HTTP/1.1" 200 28176 "-" "Mozilla/5.0 (Linux; Android 6.0.1; Nexus 5X Build/MMB29P) AppleWebKit/537.36 (KHTML, like Gecko) Chrome/150.0.7871.186 Mobile Safari/537.36 (compatible; Googlebot/2.1; +http://www.google.com/bot.html)"
85.155.190.233 - - [30/Jul/2026:06:36:58 +0000] "POST /wp-cron.php?doing_wp_cron=1785393418.1158370971679687500000 HTTP/1.1" 200 31 "-" "WordPress/7.0; https://moonbloomwalls.com"
43.166.244.251 - - [30/Jul/2026:06:36:58 +0000] "GET /2026/07/30/casibom-casino-resmi-giris/ HTTP/1.1" 200 27330 "-" "Mozilla/5.0 (iPhone; CPU iPhone OS 13_2_3 like Mac OS X) AppleWebKit/605.1.15 (KHTML, like Gecko) Version/13.0.3 Mobile/15E148 Safari/604.1"
85.155.190.233 - - [30/Jul/2026:06:37:34 +0000] "POST /wp-cron.php?doing_wp_cron=1785393454.6191589832305908203125 HTTP/1.1" 200 31 "-" "WordPress/7.0; https://moonbloomwalls.com"
66.249.64.225 - - [30/Jul/2026:06:37:34 +0000] "GET /2026/07/30/grandpashabet-canli-casino-bahis/ HTTP/1.1" 200 27766 "-" "Mozilla/5.0 (Linux; Android 6.0.1; Nexus 5X Build/MMB29P) AppleWebKit/537.36 (KHTML, like Gecko) Chrome/150.0.7871.186 Mobile Safari/537.36 (compatible; GoogleOther)"
66.249.64.225 - - [30/Jul/2026:06:37:36 +0000] "POST /?wc-ajax=get_refreshed_fragments HTTP/1.1" 200 1026 "https://moonbloomwalls.com/2026/07/30/grandpashabet-canli-casino-bahis/" "Mozilla/5.0 (Linux; Android 6.0.1; Nexus 5X Build/MMB29P) AppleWebKit/537.36 (KHTML, like Gecko) Chrome/150.0.7871.186 Mobile Safari/537.36 (compatible; GoogleOther)"
85.155.190.233 - - [30/Jul/2026:06:39:35 +0000] "POST /wp-cron.php?doing_wp_cron=1785393575.3933250904083251953125 HTTP/1.1" 200 31 "-" "WordPress/7.0; https://moonbloomwalls.com"
66.249.64.225 - - [30/Jul/2026:06:39:35 +0000] "GET /2026/07/29/odpovedne-herni-praktiky-na-blazebet-pro-bezpecne-sazeni-2/feed/ HTTP/1.1" 200 1325 "-" "Mozilla/5.0 (Linux; Android 6.0.1; Nexus 5X Build/MMB29P) AppleWebKit/537.36 (KHTML, like Gecko) Chrome/150.0.7871.186 Mobile Safari/537.36 (compatible; GoogleOther)"
85.155.190.233 - - [30/Jul/2026:06:42:34 +0000] "POST /wp-cron.php?doing_wp_cron=1785393754.7644960880279541015625 HTTP/1.1" 200 31 "-" "WordPress/7.0; https://moonbloomwalls.com"
66.249.64.225 - - [30/Jul/2026:06:42:34 +0000] "GET /2026/07/29/kak-nachat-kazino-pin-ap-igrat-na-dengi-s-bonusami-i-aktsiiami/ HTTP/1.1" 200 28148 "-" "Mozilla/5.0 (Linux; Android 6.0.1; Nexus 5X Build/MMB29P) AppleWebKit/537.36 (KHTML, like Gecko) Chrome/150.0.7871.186 Mobile Safari/537.36 (compatible; GoogleOther)"
66.249.64.224 - - [30/Jul/2026:06:42:37 +0000] "POST /?wc-ajax=get_refreshed_fragments HTTP/1.1" 200 1026 "https://moonbloomwalls.com/2026/07/29/kak-nachat-kazino-pin-ap-igrat-na-dengi-s-bonusami-i-aktsiiami/" "Mozilla/5.0 (Linux; Android 6.0.1; Nexus 5X Build/MMB29P) AppleWebKit/537.36 (KHTML, like Gecko) Chrome/150.0.7871.186 Mobile Safari/537.36 (compatible; GoogleOther)"
85.155.190.233 - - [30/Jul/2026:06:43:49 +0000] "POST /wp-cron.php?doing_wp_cron=1785393829.4825379848480224609375 HTTP/1.1" 200 31 "-" "WordPress/7.0; https://moonbloomwalls.com"
216.73.216.31 - - [30/Jul/2026:06:43:49 +0000] "GET /robots.txt HTTP/1.1" 200 744 "-" "Mozilla/5.0 AppleWebKit/537.36 (KHTML, like Gecko; compatible; ClaudeBot/1.0; +claudebot@anthropic.com)"
216.73.216.31 - - [30/Jul/2026:06:43:49 +0000] "GET /sitemap_index.xml HTTP/1.1" 200 24779 "-" "Mozilla/5.0 AppleWebKit/537.36 (KHTML, like Gecko; compatible; ClaudeBot/1.0; +claudebot@anthropic.com)"
43.130.26.3 - - [30/Jul/2026:06:46:39 +0000] "GET /wp-json/oembed/1.0/embed?url=https%3A%2F%2Fmoonbloomwalls.com%2F2026%2F07%2F29%2Fpochemu-polzovateli-otmechaiut-udobstvo-skorosti-vkhoda-na-pinap-kz%2F HTTP/1.1" 200 3765 "-" "Mozilla/5.0 (iPhone; CPU iPhone OS 13_2_3 like Mac OS X) AppleWebKit/605.1.15 (KHTML, like Gecko) Version/13.0.3 Mobile/15E148 Safari/604.1"
85.155.190.233 - - [30/Jul/2026:06:46:39 +0000] "POST /wp-cron.php?doing_wp_cron=1785393999.6809470653533935546875 HTTP/1.1" 200 31 "-" "WordPress/7.0; https://moonbloomwalls.com"
124.156.179.141 - - [30/Jul/2026:06:55:34 +0000] "GET /wp-json/oembed/1.0/embed?url=https%3A%2F%2Fmoonbloomwalls.com%2F2026%2F07%2F29%2Fpochemu-polzovateli-otmechaiut-udobstvo-skorosti-vkhoda-na-pinap-kz%2F&format=xml HTTP/1.1" 200 4079 "-" "Mozilla/5.0 (iPhone; CPU iPhone OS 13_2_3 like Mac OS X) AppleWebKit/605.1.15 (KHTML, like Gecko) Version/13.0.3 Mobile/15E148 Safari/604.1"
85.155.190.233 - - [30/Jul/2026:06:55:34 +0000] "POST /wp-cron.php?doing_wp_cron=1785394534.5096859931945800781250 HTTP/1.1" 200 31 "-" "WordPress/7.0; https://moonbloomwalls.com"
85.155.190.233 - - [30/Jul/2026:07:01:20 +0000] "POST /wp-cron.php?doing_wp_cron=1785394880.9239900112152099609375 HTTP/1.1" 200 31 "-" "WordPress/7.0; https://moonbloomwalls.com"
66.249.64.224 - - [30/Jul/2026:07:01:20 +0000] "GET /2023/09/21/online-casino-trends-and-insights-for-2026/ HTTP/1.1" 200 28231 "-" "Mozilla/5.0 (Linux; Android 6.0.1; Nexus 5X Build/MMB29P) AppleWebKit/537.36 (KHTML, like Gecko) Chrome/150.0.7871.186 Mobile Safari/537.36 (compatible; GoogleOther)"
66.249.64.224 - - [30/Jul/2026:07:01:24 +0000] "POST /?wc-ajax=get_refreshed_fragments HTTP/1.1" 200 1026 "https://moonbloomwalls.com/2023/09/21/online-casino-trends-and-insights-for-2026/" "Mozilla/5.0 (Linux; Android 6.0.1; Nexus 5X Build/MMB29P) AppleWebKit/537.36 (KHTML, like Gecko) Chrome/150.0.7871.186 Mobile Safari/537.36 (compatible; GoogleOther)"
85.155.190.233 - - [30/Jul/2026:07:02:34 +0000] "POST /wp-cron.php?doing_wp_cron=1785394954.6024060249328613281250 HTTP/1.1" 200 31 "-" "WordPress/7.0; https://moonbloomwalls.com"
66.249.64.225 - - [30/Jul/2026:07:02:34 +0000] "GET /2026/07/29/mostbet-mutmadi-kampaniyalari-hangi-gunlrd-bonuslar-hmiyytlidir-2/ HTTP/1.1" 200 26140 "-" "Mozilla/5.0 (Linux; Android 6.0.1; Nexus 5X Build/MMB29P) AppleWebKit/537.36 (KHTML, like Gecko) Chrome/150.0.7871.186 Mobile Safari/537.36 (compatible; GoogleOther)"
66.249.64.224 - - [30/Jul/2026:07:02:37 +0000] "GET /wp-content/plugins/woocommerce/assets/js/frontend/woocommerce.min.js?ver=10.8.1 HTTP/1.1" 200 4270 "https://moonbloomwalls.com/2026/07/29/mostbet-mutmadi-kampaniyalari-hangi-gunlrd-bonuslar-hmiyytlidir-2/" "Mozilla/5.0 (Linux; Android 6.0.1; Nexus 5X Build/MMB29P) AppleWebKit/537.36 (KHTML, like Gecko) Chrome/150.0.7871.186 Mobile Safari/537.36 (compatible; GoogleOther)"
66.249.64.224 - - [30/Jul/2026:07:02:40 +0000] "POST /?wc-ajax=get_refreshed_fragments HTTP/1.1" 200 1026 "https://moonbloomwalls.com/2026/07/29/mostbet-mutmadi-kampaniyalari-hangi-gunlrd-bonuslar-hmiyytlidir-2/" "Mozilla/5.0 (Linux; Android 6.0.1; Nexus 5X Build/MMB29P) AppleWebKit/537.36 (KHTML, like Gecko) Chrome/150.0.7871.186 Mobile Safari/537.36 (compatible; GoogleOther)"
49.51.52.250 - - [30/Jul/2026:07:06:06 +0000] "GET /wp-json/wp/v2/posts/583 HTTP/1.1" 200 6015 "-" "Mozilla/5.0 (iPhone; CPU iPhone OS 13_2_3 like Mac OS X) AppleWebKit/605.1.15 (KHTML, like Gecko) Version/13.0.3 Mobile/15E148 Safari/604.1"
85.155.190.233 - - [30/Jul/2026:07:06:06 +0000] "POST /wp-cron.php?doing_wp_cron=1785395166.5398349761962890625000 HTTP/1.1" 200 31 "-" "WordPress/7.0; https://moonbloomwalls.com"
104.23.221.64 - - [30/Jul/2026:07:06:32 +0000] "GET /wp-admin/install.php?step=1 HTTP/1.1" 200 811 "-" "http://moonbloomwalls.com/wp-admin/install.php?step=1"
85.155.190.233 - - [30/Jul/2026:07:12:34 +0000] "POST /wp-cron.php?doing_wp_cron=1785395554.9108850955963134765625 HTTP/1.1" 200 31 "-" "WordPress/7.0; https://moonbloomwalls.com"
66.249.64.225 - - [30/Jul/2026:07:12:34 +0000] "GET /2026/07/29/przyszle-aktualizacje-i-funkcje-aplikacji-mostbet-ktore-musisz-znac/ HTTP/1.1" 200 28286 "-" "Mozilla/5.0 (Linux; Android 6.0.1; Nexus 5X Build/MMB29P) AppleWebKit/537.36 (KHTML, like Gecko) Chrome/150.0.7871.186 Mobile Safari/537.36 (compatible; GoogleOther)"
66.249.64.226 - - [30/Jul/2026:07:12:37 +0000] "POST /?wc-ajax=get_refreshed_fragments HTTP/1.1" 200 1026 "https://moonbloomwalls.com/2026/07/29/przyszle-aktualizacje-i-funkcje-aplikacji-mostbet-ktore-musisz-znac/" "Mozilla/5.0 (Linux; Android 6.0.1; Nexus 5X Build/MMB29P) AppleWebKit/537.36 (KHTML, like Gecko) Chrome/150.0.7871.186 Mobile Safari/537.36 (compatible; GoogleOther)"
85.155.190.233 - - [30/Jul/2026:07:15:07 +0000] "POST /wp-cron.php?doing_wp_cron=1785395707.5313169956207275390625 HTTP/1.1" 200 31 "-" "WordPress/7.0; https://moonbloomwalls.com"
68.183.88.42 - - [30/Jul/2026:07:15:07 +0000] "GET / HTTP/1.1" 200 37104 "-" "Mozilla/5.0 (X11; Linux x86_64; rv:142.0) Gecko/20100101 Firefox/142.0"
68.183.88.42 - - [30/Jul/2026:07:15:11 +0000] "GET /favicon.ico HTTP/1.1" 404 118 "https://moonbloomwalls.com/" "Mozilla/5.0 (X11; Linux x86_64; rv:142.0) Gecko/20100101 Firefox/142.0"
124.156.179.141 - - [30/Jul/2026:07:15:37 +0000] "GET /wp-json/oembed/1.0/embed?url=https%3A%2F%2Fmoonbloomwalls.com%2F2026%2F04%2F19%2Fwhat-are-the-best-slots-at-goldwin-casino%2F&format=xml HTTP/1.1" 200 2950 "-" "Mozilla/5.0 (iPhone; CPU iPhone OS 13_2_3 like Mac OS X) AppleWebKit/605.1.15 (KHTML, like Gecko) Version/13.0.3 Mobile/15E148 Safari/604.1"
217.181.77.241 - - [30/Jul/2026:07:16:43 +0000] "GET /wp-content/plugins/hello.php?watchx=true HTTP/1.1" 200 26723 "https://moonbloomwalls.com/wp-content/plugins/hello.php?watchx=true" "Mozilla/5.0 (Windows NT 10.0; Win64; x64) AppleWebKit/537.36 (KHTML, like Gecko) Chrome/119.0.0.0 Safari/537.36"
85.155.190.233 - - [30/Jul/2026:07:17:08 +0000] "POST /wp-cron.php?doing_wp_cron=1785395828.2073929309844970703125 HTTP/1.1" 200 31 "-" "WordPress/7.0; https://moonbloomwalls.com"
104.164.156.118 - - [30/Jul/2026:07:17:08 +0000] "GET / HTTP/1.1" 200 37104 "-" "Mozilla/5.0 (compatible; Baiduspider/2.0; +http://www.baidu.com/search/spider.html)"
52.167.144.140 - - [30/Jul/2026:07:17:24 +0000] "GET /sitemap.txt HTTP/1.1" 404 21281 "-" "Mozilla/5.0 AppleWebKit/537.36 (KHTML, like Gecko; compatible; bingbot/2.0; +http://www.bing.com/bingbot.htm) Chrome/116.0.1938.76 Safari/537.36"
134.195.83.78 - - [30/Jul/2026:07:18:33 +0000] "POST /wp-content/plugins/hello.php HTTP/1.1" 200 26722 "-" "Mozilla/5.0 (Windows NT 10.0; Win64; x64) AppleWebKit/537.36 (KHTML, like Gecko) Chrome/127.0.0.0 Safari/537.36"
5.230.133.240 - - [30/Jul/2026:07:18:34 +0000] "GET /wp-content/plugins/hello.php HTTP/1.1" 200 26722 "-" "-"
217.181.85.67 - - [30/Jul/2026:07:22:38 +0000] "GET /wp-content/plugins/lock360.php?watchx=true HTTP/1.1" 200 203 "https://moonbloomwalls.com/wp-content/plugins/lock360.php?watchx=true" "Mozilla/5.0 (Windows NT 10.0; Win64; x64) AppleWebKit/537.36 (KHTML, like Gecko) Chrome/119.0.0.0 Safari/537.36"
85.155.190.233 - - [30/Jul/2026:07:22:40 +0000] "POST /wp-cron.php?doing_wp_cron=1785396159.9969429969787597656250 HTTP/1.1" 200 31 "-" "WordPress/7.0; https://moonbloomwalls.com"
195.63.21.215 - - [30/Jul/2026:07:22:40 +0000] "GET / HTTP/1.1" 200 187689 "https://moonbloomwalls.com" "Mozilla/5.0 (Windows NT 10.0; Win64; x64) AppleWebKit/537.36 (KHTML, like Gecko) Chrome/119.0.0.0 Safari/537.36"
85.155.190.233 - - [30/Jul/2026:07:23:42 +0000] "POST /wp-cron.php?doing_wp_cron=1785396222.8022949695587158203125 HTTP/1.1" 200 31 "-" "WordPress/7.0; https://moonbloomwalls.com"
45.32.151.65 - - [30/Jul/2026:07:23:42 +0000] "GET /wp-content/plugins/admin-site-enhancements-pro/README.txt HTTP/1.1" 404 21281 "-" "Mozilla/5.0 (X11; Linux x86_64) AppleWebKit/537.36 (KHTML, like Gecko) Chrome/143.0.0.0 Safari/537.36"
85.155.190.233 - - [30/Jul/2026:07:25:21 +0000] "POST /wp-cron.php?doing_wp_cron=1785396321.1557390689849853515625 HTTP/1.1" 200 31 "-" "WordPress/7.0; https://moonbloomwalls.com"
66.249.64.224 - - [30/Jul/2026:07:25:21 +0000] "GET /* HTTP/1.1" 404 21281 "-" "Mozilla/5.0 (Linux; Android 6.0.1; Nexus 5X Build/MMB29P) AppleWebKit/537.36 (KHTML, like Gecko) Chrome/150.0.7871.186 Mobile Safari/537.36 (compatible; GoogleOther)"
85.155.190.233 - - [30/Jul/2026:07:26:15 +0000] "POST /wp-cron.php?doing_wp_cron=1785396375.0600340366363525390625 HTTP/1.1" 200 31 "-" "WordPress/7.0; https://moonbloomwalls.com"
43.135.140.225 - - [30/Jul/2026:07:26:15 +0000] "GET /2026/04/05/why-players-adore-glitch-spin-casinos-user-experience/ HTTP/1.1" 200 27220 "-" "Mozilla/5.0 (iPhone; CPU iPhone OS 13_2_3 like Mac OS X) AppleWebKit/605.1.15 (KHTML, like Gecko) Version/13.0.3 Mobile/15E148 Safari/604.1"
85.155.190.233 - - [30/Jul/2026:07:27:34 +0000] "POST /wp-cron.php?doing_wp_cron=1785396454.6791400909423828125000 HTTP/1.1" 200 31 "-" "WordPress/7.0; https://moonbloomwalls.com"
66.249.64.225 - - [30/Jul/2026:07:27:34 +0000] "GET /2026/07/30/vodka-onlayn-kazino-sposoby-oplaty/ HTTP/1.1" 200 27773 "-" "Mozilla/5.0 (Linux; Android 6.0.1; Nexus 5X Build/MMB29P) AppleWebKit/537.36 (KHTML, like Gecko) Chrome/150.0.7871.186 Mobile Safari/537.36 (compatible; GoogleOther)"
66.249.64.226 - - [30/Jul/2026:07:27:36 +0000] "POST /?wc-ajax=get_refreshed_fragments HTTP/1.1" 200 1026 "https://moonbloomwalls.com/2026/07/30/vodka-onlayn-kazino-sposoby-oplaty/" "Mozilla/5.0 (Linux; Android 6.0.1; Nexus 5X Build/MMB29P) AppleWebKit/537.36 (KHTML, like Gecko) Chrome/150.0.7871.186 Mobile Safari/537.36 (compatible; GoogleOther)"
85.155.190.233 - - [30/Jul/2026:07:30:07 +0000] "POST /wp-cron.php?doing_wp_cron=1785396607.1493690013885498046875 HTTP/1.1" 200 31 "-" "WordPress/7.0; https://moonbloomwalls.com"
40.77.167.132 - - [30/Jul/2026:07:30:07 +0000] "GET /contact/ HTTP/1.1" 200 23047 "-" "Mozilla/5.0 AppleWebKit/537.36 (KHTML, like Gecko; compatible; bingbot/2.0; +http://www.bing.com/bingbot.htm) Chrome/116.0.1938.76 Safari/537.36"
85.155.190.233 - - [30/Jul/2026:07:31:33 +0000] "POST /wp-cron.php?doing_wp_cron=1785396693.2029399871826171875000 HTTP/1.1" 200 31 "-" "WordPress/7.0; https://moonbloomwalls.com"
43.162.109.249 - - [30/Jul/2026:07:31:33 +0000] "GET / HTTP/1.1" 301 423 "http://www.moonbloomwalls.com" "Mozilla/5.0 (iPhone; CPU iPhone OS 13_2_3 like Mac OS X) AppleWebKit/605.1.15 (KHTML, like Gecko) Version/13.0.3 Mobile/15E148 Safari/604.1"
104.199.40.115 - - [30/Jul/2026:07:31:39 +0000] "GET / HTTP/1.1" 200 37104 "-" "Mozilla/5.0 (Windows NT 10.0; Win64; x64) AppleWebKit/537.36 (KHTML, like Gecko) Chrome/128.0.6613.120 Safari/537.36 Edg/128.0.2739.67"
146.190.63.48 - - [30/Jul/2026:07:32:03 +0000] "LEAKIX" 400 150 "-" "-"
85.155.190.233 - - [30/Jul/2026:07:32:16 +0000] "POST /wp-cron.php?doing_wp_cron=1785396736.2236819267272949218750 HTTP/1.1" 200 31 "-" "WordPress/7.0; https://moonbloomwalls.com"
146.190.63.48 - - [30/Jul/2026:07:32:16 +0000] "GET / HTTP/1.1" 200 187666 "-" "Mozilla/5.0 (l9scan/2.0.333323e2039313e2535313e25383; +https://leakix.net)"
146.190.63.48 - - [30/Jul/2026:07:32:17 +0000] "GET /console/ HTTP/1.1" 404 21281 "-" "Mozilla/5.0 (l9scan/2.0.333323e2039313e2535313e25383; +https://leakix.net)"
146.190.63.48 - - [30/Jul/2026:07:32:18 +0000] "GET /server HTTP/1.1" 404 21281 "-" "Mozilla/5.0 (l9scan/2.0.333323e2039313e2535313e25383; +https://leakix.net)"
146.190.63.48 - - [30/Jul/2026:07:32:19 +0000] "GET /server-status HTTP/1.1" 404 21281 "-" "Mozilla/5.0 (l9scan/2.0.333323e2039313e2535313e25383; +https://leakix.net)"
146.190.63.48 - - [30/Jul/2026:07:32:21 +0000] "GET /about HTTP/1.1" 301 423 "-" "Mozilla/5.0 (l9scan/2.0.333323e2039313e2535313e25383; +https://leakix.net)"
146.190.63.48 - - [30/Jul/2026:07:32:22 +0000] "GET /login.action HTTP/1.1" 404 21281 "-" "Mozilla/5.0 (l9scan/2.0.333323e2039313e2535313e25383; +https://leakix.net)"
146.190.63.48 - - [30/Jul/2026:07:32:23 +0000] "GET / HTTP/1.1" 200 37104 "-" "Mozilla/5.0 (l9scan/2.0.333323e2039313e2535313e25383; +https://leakix.net)"
146.190.63.48 - - [30/Jul/2026:07:32:23 +0000] "GET /___proxy_subdomain_whm/login HTTP/1.1" 404 21281 "-" "Mozilla/5.0 (l9scan/2.0.333323e2039313e2535313e25383; +https://leakix.net)"
146.190.63.48 - - [30/Jul/2026:07:32:24 +0000] "GET /___proxy_subdomain_cpanel HTTP/1.1" 404 21281 "-" "Mozilla/5.0 (l9scan/2.0.333323e2039313e2535313e25383; +https://leakix.net)"
146.190.63.48 - - [30/Jul/2026:07:32:25 +0000] "GET /v2/_catalog HTTP/1.1" 404 21281 "-" "Mozilla/5.0 (l9scan/2.0.333323e2039313e2535313e25383; +https://leakix.net)"
146.190.63.48 - - [30/Jul/2026:07:32:26 +0000] "GET /.DS_Store HTTP/1.1" 404 21281 "-" "Mozilla/5.0 (l9scan/2.0.333323e2039313e2535313e25383; +https://leakix.net)"
146.190.63.48 - - [30/Jul/2026:07:32:27 +0000] "GET /.env HTTP/1.1" 404 21281 "-" "Mozilla/5.0 (l9scan/2.0.333323e2039313e2535313e25383; +https://leakix.net)"
146.190.63.48 - - [30/Jul/2026:07:32:29 +0000] "GET /ecp/Current/exporttool/microsoft.exchange.ediscovery.exporttool.application HTTP/1.1" 404 21281 "-" "Mozilla/5.0 (l9scan/2.0.333323e2039313e2535313e25383; +https://leakix.net)"
146.190.63.48 - - [30/Jul/2026:07:32:31 +0000] "GET /.git/config HTTP/1.1" 404 21281 "-" "Mozilla/5.0 (l9scan/2.0.333323e2039313e2535313e25383; +https://leakix.net)"
146.190.63.48 - - [30/Jul/2026:07:32:32 +0000] "POST /graphql HTTP/1.1" 404 21281 "-" "Mozilla/5.0 (l9scan/2.0.333323e2039313e2535313e25383; +https://leakix.net)"
146.190.63.48 - - [30/Jul/2026:07:32:33 +0000] "POST /api HTTP/1.1" 404 21281 "-" "Mozilla/5.0 (l9scan/2.0.333323e2039313e2535313e25383; +https://leakix.net)"
146.190.63.48 - - [30/Jul/2026:07:32:34 +0000] "POST /api/graphql HTTP/1.1" 404 21281 "-" "Mozilla/5.0 (l9scan/2.0.333323e2039313e2535313e25383; +https://leakix.net)"
146.190.63.48 - - [30/Jul/2026:07:32:35 +0000] "POST /graphql/api HTTP/1.1" 404 21281 "-" "Mozilla/5.0 (l9scan/2.0.333323e2039313e2535313e25383; +https://leakix.net)"
146.190.63.48 - - [30/Jul/2026:07:32:36 +0000] "POST /api/gql HTTP/1.1" 404 21281 "-" "Mozilla/5.0 (l9scan/2.0.333323e2039313e2535313e25383; +https://leakix.net)"
146.190.63.48 - - [30/Jul/2026:07:32:36 +0000] "GET /s/333323e2039313e2535313e25383/_/;/META-INF/maven/com.atlassian.jira/jira-webapp-dist/pom.properties HTTP/1.1" 404 21281 "-" "Mozilla/5.0 (l9scan/2.0.333323e2039313e2535313e25383; +https://leakix.net)"
146.190.63.48 - - [30/Jul/2026:07:32:37 +0000] "GET /config.json HTTP/1.1" 404 21281 "-" "Mozilla/5.0 (l9scan/2.0.333323e2039313e2535313e25383; +https://leakix.net)"
146.190.63.48 - - [30/Jul/2026:07:32:39 +0000] "GET /telescope/requests HTTP/1.1" 404 21281 "-" "Mozilla/5.0 (l9scan/2.0.333323e2039313e2535313e25383; +https://leakix.net)"
146.190.63.48 - - [30/Jul/2026:07:32:40 +0000] "GET /info.php HTTP/1.1" 404 118 "-" "Mozilla/5.0 (l9scan/2.0.333323e2039313e2535313e25383; +https://leakix.net)"
146.190.63.48 - - [30/Jul/2026:07:32:41 +0000] "GET /.well-known/security.txt HTTP/1.1" 404 21281 "-" "Mozilla/5.0 (l9scan/2.0.333323e2039313e2535313e25383; +https://leakix.net)"
146.190.63.48 - - [30/Jul/2026:07:32:42 +0000] "GET /actuator/env HTTP/1.1" 404 21281 "-" "Mozilla/5.0 (l9scan/2.0.333323e2039313e2535313e25383; +https://leakix.net)"
146.190.63.48 - - [30/Jul/2026:07:32:43 +0000] "GET /trace.axd HTTP/1.1" 404 21281 "-" "Mozilla/5.0 (l9scan/2.0.333323e2039313e2535313e25383; +https://leakix.net)"
146.190.63.48 - - [30/Jul/2026:07:32:44 +0000] "GET /@vite/env HTTP/1.1" 404 21281 "-" "Mozilla/5.0 (l9scan/2.0.333323e2039313e2535313e25383; +https://leakix.net)"
146.190.63.48 - - [30/Jul/2026:07:32:45 +0000] "GET /.vscode/sftp.json HTTP/1.1" 404 21281 "-" "Mozilla/5.0 (l9scan/2.0.333323e2039313e2535313e25383; +https://leakix.net)"
146.190.63.48 - - [30/Jul/2026:07:32:46 +0000] "OPTIONS / HTTP/1.1" 405 150 "-" "Mozilla/5.0 (l9scan/2.0.333323e2039313e2535313e25383; +https://leakix.net)"
146.190.63.48 - - [30/Jul/2026:07:32:48 +0000] "POST /?rest_route=/batch/v1 HTTP/1.1" 207 1281 "-" "Mozilla/5.0 (l9scan/2.0.333323e2039313e2535313e25383; +https://leakix.net)"
146.190.63.48 - - [30/Jul/2026:07:32:49 +0000] "POST /?rest_route=/batch/v1 HTTP/1.1" 207 1414 "-" "Mozilla/5.0 (l9scan/2.0.333323e2039313e2535313e25383; +https://leakix.net)"
146.190.63.48 - - [30/Jul/2026:07:32:50 +0000] "POST /wp-json/batch/v1 HTTP/1.1" 207 1281 "-" "Mozilla/5.0 (l9scan/2.0.333323e2039313e2535313e25383; +https://leakix.net)"
146.190.63.48 - - [30/Jul/2026:07:32:52 +0000] "POST /wp-json/batch/v1 HTTP/1.1" 207 1414 "-" "Mozilla/5.0 (l9scan/2.0.333323e2039313e2535313e25383; +https://leakix.net)"
146.190.63.48 - - [30/Jul/2026:07:32:52 +0000] "GET /?rest_route=/wp/v2/users/ HTTP/1.1" 200 2120 "-" "Mozilla/5.0 (l9scan/2.0.333323e2039313e2535313e25383; +https://leakix.net)"
146.190.63.48 - - [30/Jul/2026:07:32:53 +0000] "GET /debug/default/view?panel=config HTTP/1.1" 404 21281 "-" "Mozilla/5.0 (l9scan/2.0.333323e2039313e2535313e25383; +https://leakix.net)"
85.155.190.233 - - [30/Jul/2026:07:36:00 +0000] "POST /wp-cron.php?doing_wp_cron=1785396960.3880920410156250000000 HTTP/1.1" 200 31 "-" "WordPress/7.0; https://moonbloomwalls.com"
43.165.127.225 - - [30/Jul/2026:07:36:00 +0000] "GET /2026/03/21/understanding-the-vibrant-ecosystem-of-play-croco-casino/ HTTP/1.1" 200 26471 "-" "Mozilla/5.0 (iPhone; CPU iPhone OS 13_2_3 like Mac OS X) AppleWebKit/605.1.15 (KHTML, like Gecko) Version/13.0.3 Mobile/15E148 Safari/604.1"
195.63.10.121 - - [30/Jul/2026:07:38:38 +0000] "POST /wp-content/plugins/lock360.php HTTP/1.1" 500 5 "https://moonbloomwalls.com/wp-content/plugins/lock360.php" "Mozilla/5.0 (Android 13; Mobile; rv:114.0) Gecko/114.0 Firefox/114.0"
85.155.190.233 - - [30/Jul/2026:07:42:34 +0000] "POST /wp-cron.php?doing_wp_cron=1785397354.5897300243377685546875 HTTP/1.1" 200 31 "-" "WordPress/7.0; https://moonbloomwalls.com"
66.249.64.226 - - [30/Jul/2026:07:42:34 +0000] "GET /2026/07/29/przyszle-aktualizacje-i-funkcje-aplikacji-mostbet-ktore-musisz-znac/feed/ HTTP/1.1" 200 1351 "-" "Mozilla/5.0 (Linux; Android 6.0.1; Nexus 5X Build/MMB29P) AppleWebKit/537.36 (KHTML, like Gecko) Chrome/150.0.7871.186 Mobile Safari/537.36 (compatible; GoogleOther)"
85.155.190.233 - - [30/Jul/2026:07:44:56 +0000] "POST /wp-cron.php?doing_wp_cron=1785397496.7441530227661132812500 HTTP/1.1" 200 31 "-" "WordPress/7.0; https://moonbloomwalls.com"
43.155.162.41 - - [30/Jul/2026:07:44:56 +0000] "GET /2026/07/29/pochemu-polzovateli-otmechaiut-udobstvo-skorosti-vkhoda-na-pinap-kz/embed/ HTTP/1.1" 200 7454 "-" "Mozilla/5.0 (iPhone; CPU iPhone OS 13_2_3 like Mac OS X) AppleWebKit/605.1.15 (KHTML, like Gecko) Version/13.0.3 Mobile/15E148 Safari/604.1"
103.154.49.91 - - [30/Jul/2026:07:50:44 +0000] "GET /wp-content/plugins/hello.php HTTP/1.1" 200 3193 "-" "Mozilla/5.0 (Macintosh; Intel Mac OS X 10_15_7) AppleWebKit/537.36 (KHTML, like Gecko) Chrome/91.0.4472.114 Safari/537.36"
103.154.49.91 - - [30/Jul/2026:07:51:00 +0000] "GET /wp-content/plugins/dex.php HTTP/1.1" 200 3277 "-" "Mozilla/5.0 (Macintosh; Intel Mac OS X 10_15_7) AppleWebKit/537.36 (KHTML, like Gecko) Chrome/91.0.4472.114 Safari/537.36"
5.230.133.234 - - [30/Jul/2026:07:53:45 +0000] "GET /wp-content/plugins/hello.php HTTP/1.1" 200 27822 "-" "Mozilla/5.0 (Windows NT 10.0; Win64; x64) AppleWebKit/537.36 (KHTML, like Gecko) Chrome/127.0.0.0 Safari/537.36"
3.92.128.229 - - [30/Jul/2026:07:53:49 +0000] "GET /404javascript.js HTTP/1.1" 404 118 "http://moonbloomwalls.com/404javascript.js" "Mozilla/5.0 (Windows NT 6.3; WOW64; Trident/7.0; rv:11.0) like Gecko"
85.155.190.233 - - [30/Jul/2026:07:53:49 +0000] "POST /wp-cron.php?doing_wp_cron=1785398029.5801129341125488281250 HTTP/1.1" 200 31 "-" "WordPress/7.0; https://moonbloomwalls.com"
3.92.128.229 - - [30/Jul/2026:07:53:49 +0000] "GET /.git/HEAD HTTP/1.1" 404 21281 "http://moonbloomwalls.com/.git/HEAD" "Mozilla/5.0 (Windows NT 6.3; WOW64; Trident/7.0; rv:11.0) like Gecko"
3.92.128.229 - - [30/Jul/2026:07:53:49 +0000] "GET /404testpage4525d2fdc HTTP/1.1" 404 21281 "http://moonbloomwalls.com/404testpage4525d2fdc" "Mozilla/5.0 (Windows NT 6.3; WOW64; Trident/7.0; rv:11.0) like Gecko"
3.92.128.229 - - [30/Jul/2026:07:53:49 +0000] "GET / HTTP/1.1" 200 37104 "http://moonbloomwalls.com/" "Mozilla/5.0 (Windows NT 6.3; WOW64; Trident/7.0; rv:11.0) like Gecko"
