216.73.216.31 - - [30/Jul/2026:11:42:01 +0000] "GET /2026/04/26/how-does-candyland-casino-stack-up-against-competitors/feed/ HTTP/1.1" 200 1309 "-" "Mozilla/5.0 AppleWebKit/537.36 (KHTML, like Gecko; compatible; ClaudeBot/1.0; +claudebot@anthropic.com)"
85.155.190.233 - - [30/Jul/2026:11:42:08 +0000] "POST /wp-cron.php?doing_wp_cron=1785411728.1783039569854736328125 HTTP/1.1" 200 31 "-" "WordPress/7.0; https://moonbloomwalls.com"
216.73.216.31 - - [30/Jul/2026:11:42:08 +0000] "GET /2026/01/29/comment-sinscrire-aisement-sur-bet-on-red-casino/feed/ HTTP/1.1" 200 1300 "-" "Mozilla/5.0 AppleWebKit/537.36 (KHTML, like Gecko; compatible; ClaudeBot/1.0; +claudebot@anthropic.com)"
216.73.216.31 - - [30/Jul/2026:11:42:08 +0000] "GET /?p=607 HTTP/1.1" 301 423 "-" "Mozilla/5.0 AppleWebKit/537.36 (KHTML, like Gecko; compatible; ClaudeBot/1.0; +claudebot@anthropic.com)"
216.73.216.31 - - [30/Jul/2026:11:42:09 +0000] "GET /2026/03/13/julius-casino-fiabilite-dans-lunivers-igaming/ HTTP/1.1" 200 27044 "https://moonbloomwalls.com/?p=607" "Mozilla/5.0 AppleWebKit/537.36 (KHTML, like Gecko; compatible; ClaudeBot/1.0; +claudebot@anthropic.com)"
216.73.216.31 - - [30/Jul/2026:11:42:14 +0000] "GET /2026/04/16/exploring-the-world-of-fortuneplay-casino-what-awaits-you/feed/ HTTP/1.1" 200 1319 "-" "Mozilla/5.0 AppleWebKit/537.36 (KHTML, like Gecko; compatible; ClaudeBot/1.0; +claudebot@anthropic.com)"
216.73.216.31 - - [30/Jul/2026:11:43:00 +0000] "GET /?p=532 HTTP/1.1" 301 423 "-" "Mozilla/5.0 AppleWebKit/537.36 (KHTML, like Gecko; compatible; ClaudeBot/1.0; +claudebot@anthropic.com)"
216.73.216.31 - - [30/Jul/2026:11:43:00 +0000] "GET /2026/07/29/mostbet-az-bukmeker-ve-kazino-mostbet-giris-r-smi-sayt/ HTTP/1.1" 200 27858 "https://moonbloomwalls.com/?p=532" "Mozilla/5.0 AppleWebKit/537.36 (KHTML, like Gecko; compatible; ClaudeBot/1.0; +claudebot@anthropic.com)"
130.117.139.66 - - [30/Jul/2026:11:43:13 +0000] "GET /2026/07/29/pin-ap-kazino-oficialnyy-sayt-pin-up-casino-igrat-onlayn-vhod-zerkalo/ HTTP/1.1" 200 29170 "-" "Mozilla/5.0 (Windows NT 10.0; Win64; x64) AppleWebKit/537.36 (KHTML, like Gecko) Chrome/145.0.0.0 Safari/537.36"
130.117.139.66 - - [30/Jul/2026:11:43:14 +0000] "GET /2026/07/29/pin-ap-onlayn-kazino-oficialnyy-sayt-v-rossii-i-stranah-sng/ HTTP/1.1" 200 29800 "-" "Mozilla/5.0 (Windows NT 10.0; Win64; x64) AppleWebKit/537.36 (KHTML, like Gecko) Chrome/145.0.0.0 Safari/537.36"
85.155.190.233 - - [30/Jul/2026:11:43:14 +0000] "POST /wp-cron.php?doing_wp_cron=1785411793.7572109699249267578125 HTTP/1.1" 200 31 "-" "WordPress/7.0; https://moonbloomwalls.com"
130.117.139.66 - - [30/Jul/2026:11:43:14 +0000] "GET /pin-ap-onlayn-kazino-oficialnyy-sayt-v-rossii-i-stranah-sng/ HTTP/1.1" 301 423 "-" "Mozilla/5.0 (Windows NT 10.0; Win64; x64) AppleWebKit/537.36 (KHTML, like Gecko) Chrome/145.0.0.0 Safari/537.36"
130.117.139.66 - - [30/Jul/2026:11:43:14 +0000] "GET /pin-ap-kazino-oficialnyy-sayt-pin-up-casino-igrat-onlayn-vhod-zerkalo/ HTTP/1.1" 301 423 "-" "Mozilla/5.0 (Windows NT 10.0; Win64; x64) AppleWebKit/537.36 (KHTML, like Gecko) Chrome/145.0.0.0 Safari/537.36"
130.117.139.66 - - [30/Jul/2026:11:43:14 +0000] "GET /pin-ap-kazino-oficialnyy-sayt-pin-up-casino-igrat-onlayn-vhod-zerkalo/ HTTP/1.1" 301 423 "-" "Mozilla/5.0 (Windows NT 10.0; Win64; x64) AppleWebKit/537.36 (KHTML, like Gecko) Chrome/145.0.0.0 Safari/537.36"
130.117.139.66 - - [30/Jul/2026:11:43:14 +0000] "GET /pin-up-casino-onlayn-kazino-az-rbaycanda-giris-v-baslama/ HTTP/1.1" 301 423 "-" "Mozilla/5.0 (Windows NT 10.0; Win64; x64) AppleWebKit/537.36 (KHTML, like Gecko) Chrome/145.0.0.0 Safari/537.36"
130.117.139.66 - - [30/Jul/2026:11:43:14 +0000] "GET /2026/07/29/pin-ap-kazino-oficialnyy-sayt-pin-up-casino-igrat-onlayn-vhod-zerkalo/ HTTP/1.1" 200 29141 "-" "Mozilla/5.0 (Windows NT 10.0; Win64; x64) AppleWebKit/537.36 (KHTML, like Gecko) Chrome/145.0.0.0 Safari/537.36"
130.117.139.66 - - [30/Jul/2026:11:43:14 +0000] "GET /2026/07/29/pin-up-casino-onlayn-kazino-az-rbaycanda-giris-v-baslama/ HTTP/1.1" 200 27750 "-" "Mozilla/5.0 (Windows NT 10.0; Win64; x64) AppleWebKit/537.36 (KHTML, like Gecko) Chrome/145.0.0.0 Safari/537.36"
130.117.139.66 - - [30/Jul/2026:11:43:14 +0000] "GET /pin-up-casino-onlayn-kazino-az-rbaycanda-giris-v-baslama/ HTTP/1.1" 301 423 "-" "Mozilla/5.0 (Windows NT 10.0; Win64; x64) AppleWebKit/537.36 (KHTML, like Gecko) Chrome/145.0.0.0 Safari/537.36"
130.117.139.66 - - [30/Jul/2026:11:43:14 +0000] "GET /2026/07/29/pin-up-casino-onlayn-kazino-az-rbaycanda-giris-v-baslama/ HTTP/1.1" 200 27610 "-" "Mozilla/5.0 (Windows NT 10.0; Win64; x64) AppleWebKit/537.36 (KHTML, like Gecko) Chrome/145.0.0.0 Safari/537.36"
216.73.216.31 - - [30/Jul/2026:11:43:17 +0000] "GET /2026/04/10/une-analyse-complete-de-loffre-de-coolzino-casino/feed/ HTTP/1.1" 200 1301 "-" "Mozilla/5.0 AppleWebKit/537.36 (KHTML, like Gecko; compatible; ClaudeBot/1.0; +claudebot@anthropic.com)"
216.73.216.31 - - [30/Jul/2026:11:43:17 +0000] "GET /?p=601 HTTP/1.1" 301 423 "-" "Mozilla/5.0 AppleWebKit/537.36 (KHTML, like Gecko; compatible; ClaudeBot/1.0; +claudebot@anthropic.com)"
216.73.216.31 - - [30/Jul/2026:11:43:18 +0000] "GET /2026/04/16/exploring-the-world-of-fortuneplay-casino-what-awaits-you/ HTTP/1.1" 200 26765 "https://moonbloomwalls.com/?p=601" "Mozilla/5.0 AppleWebKit/537.36 (KHTML, like Gecko; compatible; ClaudeBot/1.0; +claudebot@anthropic.com)"
216.73.216.31 - - [30/Jul/2026:11:43:54 +0000] "GET /2026/01/30/understanding-mafia-casinos-in-game-features/feed/ HTTP/1.1" 200 1285 "-" "Mozilla/5.0 AppleWebKit/537.36 (KHTML, like Gecko; compatible; ClaudeBot/1.0; +claudebot@anthropic.com)"
85.155.190.233 - - [30/Jul/2026:11:44:05 +0000] "POST /wp-cron.php?doing_wp_cron=1785411845.6862130165100097656250 HTTP/1.1" 200 31 "-" "WordPress/7.0; https://moonbloomwalls.com"
216.73.216.31 - - [30/Jul/2026:11:44:05 +0000] "GET /2026/02/22/what-makes-wishwin-casino-a-good-choice-for-newbies/feed/ HTTP/1.1" 200 1300 "-" "Mozilla/5.0 AppleWebKit/537.36 (KHTML, like Gecko; compatible; ClaudeBot/1.0; +claudebot@anthropic.com)"
43.165.2.110 - - [30/Jul/2026:11:44:36 +0000] "GET / HTTP/1.1" 200 37104 "http://moonbloomwalls.com" "Mozilla/5.0 (iPhone; CPU iPhone OS 13_2_3 like Mac OS X) AppleWebKit/605.1.15 (KHTML, like Gecko) Version/13.0.3 Mobile/15E148 Safari/604.1"
216.73.216.31 - - [30/Jul/2026:11:44:59 +0000] "GET /?p=617 HTTP/1.1" 301 423 "-" "Mozilla/5.0 AppleWebKit/537.36 (KHTML, like Gecko; compatible; ClaudeBot/1.0; +claudebot@anthropic.com)"
216.73.216.31 - - [30/Jul/2026:11:45:00 +0000] "GET /2026/01/30/understanding-mafia-casinos-in-game-features/ HTTP/1.1" 200 26864 "https://moonbloomwalls.com/?p=617" "Mozilla/5.0 AppleWebKit/537.36 (KHTML, like Gecko; compatible; ClaudeBot/1.0; +claudebot@anthropic.com)"
85.155.190.233 - - [30/Jul/2026:11:45:25 +0000] "POST /wp-cron.php?doing_wp_cron=1785411925.4297449588775634765625 HTTP/1.1" 200 31 "-" "WordPress/7.0; https://moonbloomwalls.com"
216.73.216.31 - - [30/Jul/2026:11:45:25 +0000] "GET /?p=589 HTTP/1.1" 301 423 "-" "Mozilla/5.0 AppleWebKit/537.36 (KHTML, like Gecko; compatible; ClaudeBot/1.0; +claudebot@anthropic.com)"
216.73.216.31 - - [30/Jul/2026:11:45:25 +0000] "GET /2026/02/22/what-makes-wishwin-casino-a-good-choice-for-newbies/ HTTP/1.1" 200 26920 "https://moonbloomwalls.com/?p=589" "Mozilla/5.0 AppleWebKit/537.36 (KHTML, like Gecko; compatible; ClaudeBot/1.0; +claudebot@anthropic.com)"
101.32.208.70 - - [30/Jul/2026:11:46:01 +0000] "GET /2026/02/16/lengagement-de-talismania-casino-envers-ses-joueurs/ HTTP/1.1" 200 26894 "-" "Mozilla/5.0 (iPhone; CPU iPhone OS 13_2_3 like Mac OS X) AppleWebKit/605.1.15 (KHTML, like Gecko) Version/13.0.3 Mobile/15E148 Safari/604.1"
85.155.190.233 - - [30/Jul/2026:11:46:10 +0000] "POST /wp-cron.php?doing_wp_cron=1785411970.2119328975677490234375 HTTP/1.1" 200 31 "-" "WordPress/7.0; https://moonbloomwalls.com"
216.73.216.31 - - [30/Jul/2026:11:46:10 +0000] "GET /2026/03/10/how-does-fat-pirate-casino-rank-among-competitors/feed/ HTTP/1.1" 200 1294 "-" "Mozilla/5.0 AppleWebKit/537.36 (KHTML, like Gecko; compatible; ClaudeBot/1.0; +claudebot@anthropic.com)"
216.73.216.31 - - [30/Jul/2026:11:46:10 +0000] "GET /2026/03/13/julius-casino-fiabilite-dans-lunivers-igaming/feed/ HTTP/1.1" 200 1291 "-" "Mozilla/5.0 AppleWebKit/537.36 (KHTML, like Gecko; compatible; ClaudeBot/1.0; +claudebot@anthropic.com)"
216.73.216.31 - - [30/Jul/2026:11:46:10 +0000] "GET /?p=588 HTTP/1.1" 301 423 "-" "Mozilla/5.0 AppleWebKit/537.36 (KHTML, like Gecko; compatible; ClaudeBot/1.0; +claudebot@anthropic.com)"
216.73.216.31 - - [30/Jul/2026:11:46:11 +0000] "GET /2026/01/29/comment-sinscrire-aisement-sur-bet-on-red-casino/ HTTP/1.1" 200 26665 "https://moonbloomwalls.com/?p=588" "Mozilla/5.0 AppleWebKit/537.36 (KHTML, like Gecko; compatible; ClaudeBot/1.0; +claudebot@anthropic.com)"
216.73.216.31 - - [30/Jul/2026:11:46:11 +0000] "GET /?p=593 HTTP/1.1" 301 423 "-" "Mozilla/5.0 AppleWebKit/537.36 (KHTML, like Gecko; compatible; ClaudeBot/1.0; +claudebot@anthropic.com)"
216.73.216.31 - - [30/Jul/2026:11:46:11 +0000] "GET /2026/04/26/how-does-candyland-casino-stack-up-against-competitors/ HTTP/1.1" 200 26938 "https://moonbloomwalls.com/?p=593" "Mozilla/5.0 AppleWebKit/537.36 (KHTML, like Gecko; compatible; ClaudeBot/1.0; +claudebot@anthropic.com)"
216.73.216.31 - - [30/Jul/2026:11:46:50 +0000] "GET /?p=568 HTTP/1.1" 301 423 "-" "Mozilla/5.0 AppleWebKit/537.36 (KHTML, like Gecko; compatible; ClaudeBot/1.0; +claudebot@anthropic.com)"
216.73.216.31 - - [30/Jul/2026:11:46:51 +0000] "GET /2026/03/10/how-does-fat-pirate-casino-rank-among-competitors/ HTTP/1.1" 200 27415 "https://moonbloomwalls.com/?p=568" "Mozilla/5.0 AppleWebKit/537.36 (KHTML, like Gecko; compatible; ClaudeBot/1.0; +claudebot@anthropic.com)"
85.155.190.233 - - [30/Jul/2026:11:48:02 +0000] "POST /wp-cron.php?doing_wp_cron=1785412082.9261128902435302734375 HTTP/1.1" 200 31 "-" "WordPress/7.0; https://moonbloomwalls.com"
216.73.216.31 - - [30/Jul/2026:11:48:02 +0000] "GET /?p=564 HTTP/1.1" 301 423 "-" "Mozilla/5.0 AppleWebKit/537.36 (KHTML, like Gecko; compatible; ClaudeBot/1.0; +claudebot@anthropic.com)"
216.73.216.31 - - [30/Jul/2026:11:48:03 +0000] "GET /2026/02/24/les-methodes-de-retrait-les-plus-rapides-sur-boomsbet-casino/ HTTP/1.1" 200 26727 "https://moonbloomwalls.com/?p=564" "Mozilla/5.0 AppleWebKit/537.36 (KHTML, like Gecko; compatible; ClaudeBot/1.0; +claudebot@anthropic.com)"
216.73.216.31 - - [30/Jul/2026:11:48:32 +0000] "GET /2026/02/27/is-asino-casinos-customer-service-up-to-par/feed/ HTTP/1.1" 200 1279 "-" "Mozilla/5.0 AppleWebKit/537.36 (KHTML, like Gecko; compatible; ClaudeBot/1.0; +claudebot@anthropic.com)"
216.73.216.31 - - [30/Jul/2026:11:48:41 +0000] "GET /2026/07/29/mostbet-az-bukmeker-ve-kazino-mostbet-giris-r-smi-sayt/feed/ HTTP/1.1" 200 1326 "-" "Mozilla/5.0 AppleWebKit/537.36 (KHTML, like Gecko; compatible; ClaudeBot/1.0; +claudebot@anthropic.com)"
216.73.216.31 - - [30/Jul/2026:11:48:41 +0000] "GET /?p=566 HTTP/1.1" 301 423 "-" "Mozilla/5.0 AppleWebKit/537.36 (KHTML, like Gecko; compatible; ClaudeBot/1.0; +claudebot@anthropic.com)"
216.73.216.31 - - [30/Jul/2026:11:48:42 +0000] "GET /2026/04/10/une-analyse-complete-de-loffre-de-coolzino-casino/ HTTP/1.1" 200 27098 "https://moonbloomwalls.com/?p=566" "Mozilla/5.0 AppleWebKit/537.36 (KHTML, like Gecko; compatible; ClaudeBot/1.0; +claudebot@anthropic.com)"
216.73.216.31 - - [30/Jul/2026:11:48:42 +0000] "GET /wp-sitemap.xml HTTP/1.1" 200 24774 "-" "Mozilla/5.0 AppleWebKit/537.36 (KHTML, like Gecko; compatible; ClaudeBot/1.0; +claudebot@anthropic.com)"
85.203.44.174 - - [30/Jul/2026:11:48:55 +0000] "POST /xmlrpc.php HTTP/1.1" 403 548 "-" "Mozilla/5.0 (Windows NT 10.0; Win64; x64) AppleWebKit/537.36 (KHTML, like Gecko) Chrome/80.0.3987.132 Safari/537.36"
85.155.190.233 - - [30/Jul/2026:11:49:23 +0000] "POST /wp-cron.php?doing_wp_cron=1785412163.3086349964141845703125 HTTP/1.1" 200 31 "-" "WordPress/7.0; https://moonbloomwalls.com"
216.73.216.31 - - [30/Jul/2026:11:49:23 +0000] "GET /2026/02/24/les-methodes-de-retrait-les-plus-rapides-sur-boomsbet-casino/feed/ HTTP/1.1" 200 1327 "-" "Mozilla/5.0 AppleWebKit/537.36 (KHTML, like Gecko; compatible; ClaudeBot/1.0; +claudebot@anthropic.com)"
85.155.190.233 - - [30/Jul/2026:11:50:05 +0000] "POST /wp-cron.php?doing_wp_cron=1785412205.5668199062347412109375 HTTP/1.1" 200 31 "-" "WordPress/7.0; https://moonbloomwalls.com"
216.73.216.31 - - [30/Jul/2026:11:50:05 +0000] "GET /?p=603 HTTP/1.1" 301 423 "-" "Mozilla/5.0 AppleWebKit/537.36 (KHTML, like Gecko; compatible; ClaudeBot/1.0; +claudebot@anthropic.com)"
216.73.216.31 - - [30/Jul/2026:11:50:05 +0000] "GET /?p=581 HTTP/1.1" 301 423 "-" "Mozilla/5.0 AppleWebKit/537.36 (KHTML, like Gecko; compatible; ClaudeBot/1.0; +claudebot@anthropic.com)"
74.7.244.4 - - [30/Jul/2026:11:50:05 +0000] "GET /robots.txt HTTP/1.1" 200 744 "-" "Mozilla/5.0 (Macintosh; Intel Mac OS X 10_15_7) AppleWebKit/537.36 (KHTML, like Gecko) Chrome/131.0.0.0 Safari/537.36; compatible; OAI-SearchBot/1.4; robots.txt; +https://openai.com/searchbot"
74.7.227.58 - - [30/Jul/2026:11:50:06 +0000] "GET / HTTP/1.1" 200 37104 "-" "Mozilla/5.0 AppleWebKit/537.36 (KHTML, like Gecko; compatible; GPTBot/1.4; +https://openai.com/gptbot)"
216.73.216.31 - - [30/Jul/2026:11:50:06 +0000] "GET /2026/02/14/try-luckywins-casino-why-its-worth-your-time/ HTTP/1.1" 200 27015 "https://moonbloomwalls.com/?p=603" "Mozilla/5.0 AppleWebKit/537.36 (KHTML, like Gecko; compatible; ClaudeBot/1.0; +claudebot@anthropic.com)"
216.73.216.31 - - [30/Jul/2026:11:50:06 +0000] "GET /2026/02/27/is-asino-casinos-customer-service-up-to-par/ HTTP/1.1" 200 27149 "https://moonbloomwalls.com/?p=581" "Mozilla/5.0 AppleWebKit/537.36 (KHTML, like Gecko; compatible; ClaudeBot/1.0; +claudebot@anthropic.com)"
74.7.227.58 - - [30/Jul/2026:11:50:09 +0000] "GET /2026/02/15/join-fortunica-casino-today-an-invitation-to-players/ HTTP/1.1" 200 26570 "https://moonbloomwalls.com/" "Mozilla/5.0 AppleWebKit/537.36 (KHTML, like Gecko; compatible; GPTBot/1.4; +https://openai.com/gptbot)"
74.7.227.58 - - [30/Jul/2026:11:50:12 +0000] "GET /2026/03/12/exploring-live-dealer-options-at-rocketspin-casino/ HTTP/1.1" 200 26915 "https://moonbloomwalls.com/" "Mozilla/5.0 AppleWebKit/537.36 (KHTML, like Gecko; compatible; GPTBot/1.4; +https://openai.com/gptbot)"
74.7.227.58 - - [30/Jul/2026:11:50:16 +0000] "GET /2026/03/21/the-latest-updates-from-god-of-coins-casino/ HTTP/1.1" 200 26937 "https://moonbloomwalls.com/" "Mozilla/5.0 AppleWebKit/537.36 (KHTML, like Gecko; compatible; GPTBot/1.4; +https://openai.com/gptbot)"
85.155.190.233 - - [30/Jul/2026:11:50:19 +0000] "POST /wp-cron.php?doing_wp_cron=1785412219.1264860630035400390625 HTTP/1.1" 200 31 "-" "WordPress/7.0; https://moonbloomwalls.com"
74.7.227.58 - - [30/Jul/2026:11:50:19 +0000] "GET /2026/03/16/how-to-navigate-the-wonaco-casino-platform-smoothly/ HTTP/1.1" 200 26971 "https://moonbloomwalls.com/" "Mozilla/5.0 AppleWebKit/537.36 (KHTML, like Gecko; compatible; GPTBot/1.4; +https://openai.com/gptbot)"
74.7.227.58 - - [30/Jul/2026:11:50:21 +0000] "GET /2026/04/19/what-are-the-best-slots-at-goldwin-casino/ HTTP/1.1" 200 26571 "https://moonbloomwalls.com/" "Mozilla/5.0 AppleWebKit/537.36 (KHTML, like Gecko; compatible; GPTBot/1.4; +https://openai.com/gptbot)"
74.7.227.58 - - [30/Jul/2026:11:50:23 +0000] "GET /2026/02/13/how-do-slots-at-casiny-casino-compare-with-others/ HTTP/1.1" 200 27267 "https://moonbloomwalls.com/" "Mozilla/5.0 AppleWebKit/537.36 (KHTML, like Gecko; compatible; GPTBot/1.4; +https://openai.com/gptbot)"
74.7.227.58 - - [30/Jul/2026:11:50:24 +0000] "GET /2026/03/21/understanding-the-vibrant-ecosystem-of-play-croco-casino/ HTTP/1.1" 200 26657 "https://moonbloomwalls.com/" "Mozilla/5.0 AppleWebKit/537.36 (KHTML, like Gecko; compatible; GPTBot/1.4; +https://openai.com/gptbot)"
74.7.227.58 - - [30/Jul/2026:11:50:26 +0000] "GET /2026/04/23/how-safe-is-your-data-at-orozino-casino/ HTTP/1.1" 200 26939 "https://moonbloomwalls.com/" "Mozilla/5.0 AppleWebKit/537.36 (KHTML, like Gecko; compatible; GPTBot/1.4; +https://openai.com/gptbot)"
74.7.227.58 - - [30/Jul/2026:11:50:27 +0000] "GET /2026/03/21/understanding-the-vibrant-ecosystem-of-play-croco-casino/feed/ HTTP/1.1" 200 1314 "https://moonbloomwalls.com/2026/03/21/understanding-the-vibrant-ecosystem-of-play-croco-casino/" "Mozilla/5.0 AppleWebKit/537.36 (KHTML, like Gecko; compatible; GPTBot/1.4; +https://openai.com/gptbot)"
74.7.227.58 - - [30/Jul/2026:11:50:28 +0000] "GET /?p=616 HTTP/1.1" 301 423 "https://moonbloomwalls.com/2026/03/21/understanding-the-vibrant-ecosystem-of-play-croco-casino/" "Mozilla/5.0 AppleWebKit/537.36 (KHTML, like Gecko; compatible; GPTBot/1.4; +https://openai.com/gptbot)"
74.7.227.58 - - [30/Jul/2026:11:50:29 +0000] "GET /wp-json/wp/v2/posts/616 HTTP/1.1" 200 5742 "https://moonbloomwalls.com/2026/03/21/understanding-the-vibrant-ecosystem-of-play-croco-casino/" "Mozilla/5.0 AppleWebKit/537.36 (KHTML, like Gecko; compatible; GPTBot/1.4; +https://openai.com/gptbot)"
74.7.227.58 - - [30/Jul/2026:11:50:30 +0000] "GET /wp-json/oembed/1.0/embed?format=xml&url=https%3A%2F%2Fmoonbloomwalls.com%2F2026%2F03%2F21%2Funderstanding-the-vibrant-ecosystem-of-play-croco-casino%2F HTTP/1.1" 200 3022 "https://moonbloomwalls.com/2026/03/21/understanding-the-vibrant-ecosystem-of-play-croco-casino/" "Mozilla/5.0 AppleWebKit/537.36 (KHTML, like Gecko; compatible; GPTBot/1.4; +https://openai.com/gptbot)"
74.7.227.58 - - [30/Jul/2026:11:50:31 +0000] "GET /wp-json/oembed/1.0/embed?url=https%3A%2F%2Fmoonbloomwalls.com%2F2026%2F03%2F21%2Funderstanding-the-vibrant-ecosystem-of-play-croco-casino%2F HTTP/1.1" 200 2876 "https://moonbloomwalls.com/2026/03/21/understanding-the-vibrant-ecosystem-of-play-croco-casino/" "Mozilla/5.0 AppleWebKit/537.36 (KHTML, like Gecko; compatible; GPTBot/1.4; +https://openai.com/gptbot)"
74.7.227.58 - - [30/Jul/2026:11:50:32 +0000] "GET /2026/03/30/cazeus-casino-verification-des-methodes-de-paiement-disponibles/ HTTP/1.1" 200 26868 "https://moonbloomwalls.com/" "Mozilla/5.0 AppleWebKit/537.36 (KHTML, like Gecko; compatible; GPTBot/1.4; +https://openai.com/gptbot)"
74.7.227.58 - - [30/Jul/2026:11:50:33 +0000] "GET /2026/03/09/what-can-you-find-in-fafabet9-casinos-lobby/ HTTP/1.1" 200 26810 "https://moonbloomwalls.com/" "Mozilla/5.0 AppleWebKit/537.36 (KHTML, like Gecko; compatible; GPTBot/1.4; +https://openai.com/gptbot)"
74.7.227.58 - - [30/Jul/2026:11:50:33 +0000] "GET /2026/04/28/slotsvil-casino-un-guide-des-bonus-sans-depot/ HTTP/1.1" 200 26927 "https://moonbloomwalls.com/" "Mozilla/5.0 AppleWebKit/537.36 (KHTML, like Gecko; compatible; GPTBot/1.4; +https://openai.com/gptbot)"
74.7.227.58 - - [30/Jul/2026:11:50:34 +0000] "GET /?p=611 HTTP/1.1" 301 423 "https://moonbloomwalls.com/2026/02/15/join-fortunica-casino-today-an-invitation-to-players/" "Mozilla/5.0 AppleWebKit/537.36 (KHTML, like Gecko; compatible; GPTBot/1.4; +https://openai.com/gptbot)"
74.7.227.58 - - [30/Jul/2026:11:50:34 +0000] "GET /?p=587 HTTP/1.1" 301 423 "https://moonbloomwalls.com/2026/03/12/exploring-live-dealer-options-at-rocketspin-casino/" "Mozilla/5.0 AppleWebKit/537.36 (KHTML, like Gecko; compatible; GPTBot/1.4; +https://openai.com/gptbot)"
74.7.227.58 - - [30/Jul/2026:11:50:35 +0000] "GET /?p=618 HTTP/1.1" 301 423 "https://moonbloomwalls.com/2026/03/21/the-latest-updates-from-god-of-coins-casino/" "Mozilla/5.0 AppleWebKit/537.36 (KHTML, like Gecko; compatible; GPTBot/1.4; +https://openai.com/gptbot)"
74.7.227.58 - - [30/Jul/2026:11:50:36 +0000] "GET /?p=572 HTTP/1.1" 301 423 "https://moonbloomwalls.com/2026/03/16/how-to-navigate-the-wonaco-casino-platform-smoothly/" "Mozilla/5.0 AppleWebKit/537.36 (KHTML, like Gecko; compatible; GPTBot/1.4; +https://openai.com/gptbot)"
74.7.227.58 - - [30/Jul/2026:11:50:36 +0000] "GET /?p=583 HTTP/1.1" 301 423 "https://moonbloomwalls.com/2026/04/19/what-are-the-best-slots-at-goldwin-casino/" "Mozilla/5.0 AppleWebKit/537.36 (KHTML, like Gecko; compatible; GPTBot/1.4; +https://openai.com/gptbot)"
74.7.227.58 - - [30/Jul/2026:11:50:37 +0000] "GET /?p=573 HTTP/1.1" 301 423 "https://moonbloomwalls.com/2026/02/13/how-do-slots-at-casiny-casino-compare-with-others/" "Mozilla/5.0 AppleWebKit/537.36 (KHTML, like Gecko; compatible; GPTBot/1.4; +https://openai.com/gptbot)"
74.7.227.58 - - [30/Jul/2026:11:50:37 +0000] "GET /?p=616 HTTP/1.1" 301 423 "https://moonbloomwalls.com/2026/03/21/understanding-the-vibrant-ecosystem-of-play-croco-casino/" "Mozilla/5.0 AppleWebKit/537.36 (KHTML, like Gecko; compatible; GPTBot/1.4; +https://openai.com/gptbot)"
74.7.227.58 - - [30/Jul/2026:11:50:38 +0000] "GET /?p=576 HTTP/1.1" 301 423 "https://moonbloomwalls.com/2026/04/23/how-safe-is-your-data-at-orozino-casino/" "Mozilla/5.0 AppleWebKit/537.36 (KHTML, like Gecko; compatible; GPTBot/1.4; +https://openai.com/gptbot)"
74.7.227.58 - - [30/Jul/2026:11:50:38 +0000] "GET /?p=578 HTTP/1.1" 301 423 "https://moonbloomwalls.com/2026/03/30/cazeus-casino-verification-des-methodes-de-paiement-disponibles/" "Mozilla/5.0 AppleWebKit/537.36 (KHTML, like Gecko; compatible; GPTBot/1.4; +https://openai.com/gptbot)"
74.7.227.58 - - [30/Jul/2026:11:50:39 +0000] "GET /?p=574 HTTP/1.1" 301 423 "https://moonbloomwalls.com/2026/03/09/what-can-you-find-in-fafabet9-casinos-lobby/" "Mozilla/5.0 AppleWebKit/537.36 (KHTML, like Gecko; compatible; GPTBot/1.4; +https://openai.com/gptbot)"
74.7.227.58 - - [30/Jul/2026:11:50:39 +0000] "GET /?p=615 HTTP/1.1" 301 423 "https://moonbloomwalls.com/2026/04/28/slotsvil-casino-un-guide-des-bonus-sans-depot/" "Mozilla/5.0 AppleWebKit/537.36 (KHTML, like Gecko; compatible; GPTBot/1.4; +https://openai.com/gptbot)"
74.7.227.58 - - [30/Jul/2026:11:50:40 +0000] "GET /2026/03/19/what-features-enhance-your-adventure-at-level-up-casino/ HTTP/1.1" 200 26845 "https://moonbloomwalls.com/" "Mozilla/5.0 AppleWebKit/537.36 (KHTML, like Gecko; compatible; GPTBot/1.4; +https://openai.com/gptbot)"
74.7.227.58 - - [30/Jul/2026:11:50:41 +0000] "GET /2026/07/29/mostbet-az-bukmeker-ve-kazino-mostbet-giris-r-smi-sayt/ HTTP/1.1" 200 27839 "https://moonbloomwalls.com/2026/03/21/understanding-the-vibrant-ecosystem-of-play-croco-casino/" "Mozilla/5.0 AppleWebKit/537.36 (KHTML, like Gecko; compatible; GPTBot/1.4; +https://openai.com/gptbot)"
74.7.227.58 - - [30/Jul/2026:11:50:41 +0000] "GET /2026/02/10/midarion-casino-face-aux-concurrents-que-vaut-il-vraiment/ HTTP/1.1" 200 26607 "https://moonbloomwalls.com/" "Mozilla/5.0 AppleWebKit/537.36 (KHTML, like Gecko; compatible; GPTBot/1.4; +https://openai.com/gptbot)"
74.7.227.58 - - [30/Jul/2026:11:50:42 +0000] "GET /2026/04/05/why-players-adore-glitch-spin-casinos-user-experience/ HTTP/1.1" 200 27279 "https://moonbloomwalls.com/" "Mozilla/5.0 AppleWebKit/537.36 (KHTML, like Gecko; compatible; GPTBot/1.4; +https://openai.com/gptbot)"
74.7.227.58 - - [30/Jul/2026:11:50:42 +0000] "GET /2026/04/12/sweet-spin-casino-understanding-the-game-mechanics/ HTTP/1.1" 200 26799 "https://moonbloomwalls.com/" "Mozilla/5.0 AppleWebKit/537.36 (KHTML, like Gecko; compatible; GPTBot/1.4; +https://openai.com/gptbot)"
74.7.227.58 - - [30/Jul/2026:11:50:43 +0000] "GET /2026/04/16/what-features-enhance-your-game-at-lucky-green-casino/ HTTP/1.1" 200 26758 "https://moonbloomwalls.com/" "Mozilla/5.0 AppleWebKit/537.36 (KHTML, like Gecko; compatible; GPTBot/1.4; +https://openai.com/gptbot)"
74.7.227.58 - - [30/Jul/2026:11:50:43 +0000] "GET /2026/01/30/understanding-mafia-casinos-in-game-features/ HTTP/1.1" 200 26968 "https://moonbloomwalls.com/" "Mozilla/5.0 AppleWebKit/537.36 (KHTML, like Gecko; compatible; GPTBot/1.4; +https://openai.com/gptbot)"
74.7.227.58 - - [30/Jul/2026:11:50:44 +0000] "GET /2026/04/09/casino-peaches-et-linnovation-dans-le-jeu-en-ligne/ HTTP/1.1" 200 26809 "https://moonbloomwalls.com/" "Mozilla/5.0 AppleWebKit/537.36 (KHTML, like Gecko; compatible; GPTBot/1.4; +https://openai.com/gptbot)"
74.7.227.58 - - [30/Jul/2026:11:50:44 +0000] "GET /2026/07/29/najlepsze-kasyno-online-blik-czy-tylko-to-co-sam-wybralbys/ HTTP/1.1" 200 28117 "https://moonbloomwalls.com/2026/02/13/how-do-slots-at-casiny-casino-compare-with-others/" "Mozilla/5.0 AppleWebKit/537.36 (KHTML, like Gecko; compatible; GPTBot/1.4; +https://openai.com/gptbot)"
74.7.227.58 - - [30/Jul/2026:11:50:45 +0000] "GET /2026/07/29/kak-nachat-kazino-pin-ap-igrat-na-dengi-s-bonusami-i-aktsiiami/ HTTP/1.1" 200 28030 "https://moonbloomwalls.com/2026/03/16/how-to-navigate-the-wonaco-casino-platform-smoothly/" "Mozilla/5.0 AppleWebKit/537.36 (KHTML, like Gecko; compatible; GPTBot/1.4; +https://openai.com/gptbot)"
74.7.227.58 - - [30/Jul/2026:11:50:45 +0000] "GET /2026/04/10/une-analyse-complete-de-loffre-de-coolzino-casino/ HTTP/1.1" 200 27061 "https://moonbloomwalls.com/" "Mozilla/5.0 AppleWebKit/537.36 (KHTML, like Gecko; compatible; GPTBot/1.4; +https://openai.com/gptbot)"
74.7.227.58 - - [30/Jul/2026:11:50:46 +0000] "GET /?p=608 HTTP/1.1" 301 423 "https://moonbloomwalls.com/2026/03/19/what-features-enhance-your-adventure-at-level-up-casino/" "Mozilla/5.0 AppleWebKit/537.36 (KHTML, like Gecko; compatible; GPTBot/1.4; +https://openai.com/gptbot)"
74.7.227.58 - - [30/Jul/2026:11:50:46 +0000] "GET /?p=532 HTTP/1.1" 301 423 "https://moonbloomwalls.com/2026/07/29/mostbet-az-bukmeker-ve-kazino-mostbet-giris-r-smi-sayt/" "Mozilla/5.0 AppleWebKit/537.36 (KHTML, like Gecko; compatible; GPTBot/1.4; +https://openai.com/gptbot)"
74.7.227.58 - - [30/Jul/2026:11:50:47 +0000] "GET /?p=570 HTTP/1.1" 301 423 "https://moonbloomwalls.com/2026/02/10/midarion-casino-face-aux-concurrents-que-vaut-il-vraiment/" "Mozilla/5.0 AppleWebKit/537.36 (KHTML, like Gecko; compatible; GPTBot/1.4; +https://openai.com/gptbot)"
74.7.227.58 - - [30/Jul/2026:11:50:47 +0000] "GET /?p=600 HTTP/1.1" 301 423 "https://moonbloomwalls.com/2026/04/05/why-players-adore-glitch-spin-casinos-user-experience/" "Mozilla/5.0 AppleWebKit/537.36 (KHTML, like Gecko; compatible; GPTBot/1.4; +https://openai.com/gptbot)"
74.7.227.58 - - [30/Jul/2026:11:50:48 +0000] "GET /?p=620 HTTP/1.1" 301 423 "https://moonbloomwalls.com/2026/04/12/sweet-spin-casino-understanding-the-game-mechanics/" "Mozilla/5.0 AppleWebKit/537.36 (KHTML, like Gecko; compatible; GPTBot/1.4; +https://openai.com/gptbot)"
74.7.227.58 - - [30/Jul/2026:11:50:48 +0000] "GET /?p=594 HTTP/1.1" 301 423 "https://moonbloomwalls.com/2026/04/16/what-features-enhance-your-game-at-lucky-green-casino/" "Mozilla/5.0 AppleWebKit/537.36 (KHTML, like Gecko; compatible; GPTBot/1.4; +https://openai.com/gptbot)"
74.7.227.58 - - [30/Jul/2026:11:50:49 +0000] "GET /?p=617 HTTP/1.1" 301 423 "https://moonbloomwalls.com/2026/01/30/understanding-mafia-casinos-in-game-features/" "Mozilla/5.0 AppleWebKit/537.36 (KHTML, like Gecko; compatible; GPTBot/1.4; +https://openai.com/gptbot)"
74.7.227.58 - - [30/Jul/2026:11:50:49 +0000] "GET /?p=569 HTTP/1.1" 301 423 "https://moonbloomwalls.com/2026/04/09/casino-peaches-et-linnovation-dans-le-jeu-en-ligne/" "Mozilla/5.0 AppleWebKit/537.36 (KHTML, like Gecko; compatible; GPTBot/1.4; +https://openai.com/gptbot)"
74.7.227.58 - - [30/Jul/2026:11:50:50 +0000] "GET /?p=686 HTTP/1.1" 301 423 "https://moonbloomwalls.com/2026/07/29/najlepsze-kasyno-online-blik-czy-tylko-to-co-sam-wybralbys/" "Mozilla/5.0 AppleWebKit/537.36 (KHTML, like Gecko; compatible; GPTBot/1.4; +https://openai.com/gptbot)"
74.7.227.58 - - [30/Jul/2026:11:50:50 +0000] "GET /?p=682 HTTP/1.1" 301 423 "https://moonbloomwalls.com/2026/07/29/kak-nachat-kazino-pin-ap-igrat-na-dengi-s-bonusami-i-aktsiiami/" "Mozilla/5.0 AppleWebKit/537.36 (KHTML, like Gecko; compatible; GPTBot/1.4; +https://openai.com/gptbot)"
74.7.227.58 - - [30/Jul/2026:11:50:51 +0000] "GET /?p=566 HTTP/1.1" 301 423 "https://moonbloomwalls.com/2026/04/10/une-analyse-complete-de-loffre-de-coolzino-casino/" "Mozilla/5.0 AppleWebKit/537.36 (KHTML, like Gecko; compatible; GPTBot/1.4; +https://openai.com/gptbot)"
74.7.227.58 - - [30/Jul/2026:11:50:52 +0000] "GET /2026/07/29/la-tecnologia-dietro-le-esperienze-di-gioco-nei-casino-non-aams/ HTTP/1.1" 200 27985 "https://moonbloomwalls.com/2026/02/10/midarion-casino-face-aux-concurrents-que-vaut-il-vraiment/" "Mozilla/5.0 AppleWebKit/537.36 (KHTML, like Gecko; compatible; GPTBot/1.4; +https://openai.com/gptbot)"
74.7.227.58 - - [30/Jul/2026:11:50:52 +0000] "GET /2026/07/29/inchiesta-sui-casino-italiani-non-aams-qual-e-la-verita/ HTTP/1.1" 200 28165 "https://moonbloomwalls.com/2026/04/09/casino-peaches-et-linnovation-dans-le-jeu-en-ligne/" "Mozilla/5.0 AppleWebKit/537.36 (KHTML, like Gecko; compatible; GPTBot/1.4; +https://openai.com/gptbot)"
74.7.227.58 - - [30/Jul/2026:11:50:53 +0000] "GET /2026/02/20/a-comprehensive-review-of-slotastic-casinos-offerings/ HTTP/1.1" 200 26966 "https://moonbloomwalls.com/" "Mozilla/5.0 AppleWebKit/537.36 (KHTML, like Gecko; compatible; GPTBot/1.4; +https://openai.com/gptbot)"
74.7.227.58 - - [30/Jul/2026:11:50:53 +0000] "GET /2026/02/16/lengagement-de-talismania-casino-envers-ses-joueurs/ HTTP/1.1" 200 26922 "https://moonbloomwalls.com/" "Mozilla/5.0 AppleWebKit/537.36 (KHTML, like Gecko; compatible; GPTBot/1.4; +https://openai.com/gptbot)"
74.7.227.58 - - [30/Jul/2026:11:50:54 +0000] "GET /2026/02/24/les-methodes-de-retrait-les-plus-rapides-sur-boomsbet-casino/ HTTP/1.1" 200 27086 "https://moonbloomwalls.com/" "Mozilla/5.0 AppleWebKit/537.36 (KHTML, like Gecko; compatible; GPTBot/1.4; +https://openai.com/gptbot)"
74.7.227.58 - - [30/Jul/2026:11:50:54 +0000] "GET /2026/02/25/amon-casino-un-casino-fiable-avec-des-jeux-varies/ HTTP/1.1" 200 26727 "https://moonbloomwalls.com/" "Mozilla/5.0 AppleWebKit/537.36 (KHTML, like Gecko; compatible; GPTBot/1.4; +https://openai.com/gptbot)"
74.7.227.58 - - [30/Jul/2026:11:50:55 +0000] "GET /2026/04/22/the-trust-factor-is-spinago-casino-reliable-for-players/ HTTP/1.1" 200 27172 "https://moonbloomwalls.com/" "Mozilla/5.0 AppleWebKit/537.36 (KHTML, like Gecko; compatible; GPTBot/1.4; +https://openai.com/gptbot)"
74.7.227.58 - - [30/Jul/2026:11:50:55 +0000] "GET /2026/04/22/the-world-of-slotozen-a-players-paradise-awaits/ HTTP/1.1" 200 26994 "https://moonbloomwalls.com/" "Mozilla/5.0 AppleWebKit/537.36 (KHTML, like Gecko; compatible; GPTBot/1.4; +https://openai.com/gptbot)"
74.7.227.58 - - [30/Jul/2026:11:50:56 +0000] "GET /2026/07/30/pinco-casino-turkiye-de-sorumlu-oyun-ilkeleri/ HTTP/1.1" 200 26863 "https://moonbloomwalls.com/2026/03/21/the-latest-updates-from-god-of-coins-casino/" "Mozilla/5.0 AppleWebKit/537.36 (KHTML, like Gecko; compatible; GPTBot/1.4; +https://openai.com/gptbot)"
74.7.227.58 - - [30/Jul/2026:11:50:56 +0000] "GET /2026/03/12/une-analyse-approfondie-de-tiki-casino-et-ses-jeux/ HTTP/1.1" 200 26832 "https://moonbloomwalls.com/" "Mozilla/5.0 AppleWebKit/537.36 (KHTML, like Gecko; compatible; GPTBot/1.4; +https://openai.com/gptbot)"
74.7.227.58 - - [30/Jul/2026:11:50:57 +0000] "GET /2026/02/02/pop-molly-casino-bonuses-whats-on-offer-this-season/ HTTP/1.1" 200 26880 "https://moonbloomwalls.com/" "Mozilla/5.0 AppleWebKit/537.36 (KHTML, like Gecko; compatible; GPTBot/1.4; +https://openai.com/gptbot)"
74.7.227.58 - - [30/Jul/2026:11:50:57 +0000] "GET /wp-json/oembed/1.0/embed?format=xml&url=https%3A%2F%2Fmoonbloomwalls.com%2F2026%2F03%2F12%2Fune-analyse-approfondie-de-tiki-casino-et-ses-jeux%2F HTTP/1.1" 200 2992 "https://moonbloomwalls.com/2026/03/12/une-analyse-approfondie-de-tiki-casino-et-ses-jeux/" "Mozilla/5.0 AppleWebKit/537.36 (KHTML, like Gecko; compatible; GPTBot/1.4; +https://openai.com/gptbot)"
74.7.227.58 - - [30/Jul/2026:11:50:58 +0000] "GET /2026/03/12/une-analyse-approfondie-de-tiki-casino-et-ses-jeux/feed/ HTTP/1.1" 200 1296 "https://moonbloomwalls.com/2026/03/12/une-analyse-approfondie-de-tiki-casino-et-ses-jeux/" "Mozilla/5.0 AppleWebKit/537.36 (KHTML, like Gecko; compatible; GPTBot/1.4; +https://openai.com/gptbot)"
74.7.227.58 - - [30/Jul/2026:11:50:58 +0000] "GET /?p=614 HTTP/1.1" 301 423 "https://moonbloomwalls.com/2026/03/12/une-analyse-approfondie-de-tiki-casino-et-ses-jeux/" "Mozilla/5.0 AppleWebKit/537.36 (KHTML, like Gecko; compatible; GPTBot/1.4; +https://openai.com/gptbot)"
74.7.227.58 - - [30/Jul/2026:11:50:59 +0000] "GET /wp-json/wp/v2/posts/614 HTTP/1.1" 200 6705 "https://moonbloomwalls.com/2026/03/12/une-analyse-approfondie-de-tiki-casino-et-ses-jeux/" "Mozilla/5.0 AppleWebKit/537.36 (KHTML, like Gecko; compatible; GPTBot/1.4; +https://openai.com/gptbot)"
74.7.227.58 - - [30/Jul/2026:11:51:00 +0000] "GET /wp-json/oembed/1.0/embed?url=https%3A%2F%2Fmoonbloomwalls.com%2F2026%2F03%2F12%2Fune-analyse-approfondie-de-tiki-casino-et-ses-jeux%2F HTTP/1.1" 200 2846 "https://moonbloomwalls.com/2026/03/12/une-analyse-approfondie-de-tiki-casino-et-ses-jeux/" "Mozilla/5.0 AppleWebKit/537.36 (KHTML, like Gecko; compatible; GPTBot/1.4; +https://openai.com/gptbot)"
74.7.227.58 - - [30/Jul/2026:11:51:00 +0000] "GET /wp-json/wp/v2/posts/668 HTTP/1.1" 200 9059 "https://moonbloomwalls.com/2026/07/29/la-tecnologia-dietro-le-esperienze-di-gioco-nei-casino-non-aams/" "Mozilla/5.0 AppleWebKit/537.36 (KHTML, like Gecko; compatible; GPTBot/1.4; +https://openai.com/gptbot)"
74.7.227.58 - - [30/Jul/2026:11:51:00 +0000] "GET /?p=668 HTTP/1.1" 301 423 "https://moonbloomwalls.com/2026/07/29/la-tecnologia-dietro-le-esperienze-di-gioco-nei-casino-non-aams/" "Mozilla/5.0 AppleWebKit/537.36 (KHTML, like Gecko; compatible; GPTBot/1.4; +https://openai.com/gptbot)"
74.7.227.58 - - [30/Jul/2026:11:51:01 +0000] "GET /?p=591 HTTP/1.1" 301 423 "https://moonbloomwalls.com/2026/02/20/a-comprehensive-review-of-slotastic-casinos-offerings/" "Mozilla/5.0 AppleWebKit/537.36 (KHTML, like Gecko; compatible; GPTBot/1.4; +https://openai.com/gptbot)"
74.7.227.58 - - [30/Jul/2026:11:51:01 +0000] "GET /?p=567 HTTP/1.1" 301 423 "https://moonbloomwalls.com/2026/02/16/lengagement-de-talismania-casino-envers-ses-joueurs/" "Mozilla/5.0 AppleWebKit/537.36 (KHTML, like Gecko; compatible; GPTBot/1.4; +https://openai.com/gptbot)"
74.7.227.58 - - [30/Jul/2026:11:51:02 +0000] "GET /?p=564 HTTP/1.1" 301 423 "https://moonbloomwalls.com/2026/02/24/les-methodes-de-retrait-les-plus-rapides-sur-boomsbet-casino/" "Mozilla/5.0 AppleWebKit/537.36 (KHTML, like Gecko; compatible; GPTBot/1.4; +https://openai.com/gptbot)"
74.7.227.58 - - [30/Jul/2026:11:51:02 +0000] "GET /?p=592 HTTP/1.1" 301 423 "https://moonbloomwalls.com/2026/02/25/amon-casino-un-casino-fiable-avec-des-jeux-varies/" "Mozilla/5.0 AppleWebKit/537.36 (KHTML, like Gecko; compatible; GPTBot/1.4; +https://openai.com/gptbot)"
85.155.190.233 - - [30/Jul/2026:11:51:03 +0000] "POST /wp-cron.php?doing_wp_cron=1785412263.4732980728149414062500 HTTP/1.1" 200 31 "-" "WordPress/7.0; https://moonbloomwalls.com"
74.7.227.58 - - [30/Jul/2026:11:51:03 +0000] "GET /?p=610 HTTP/1.1" 301 423 "https://moonbloomwalls.com/2026/04/22/the-trust-factor-is-spinago-casino-reliable-for-players/" "Mozilla/5.0 AppleWebKit/537.36 (KHTML, like Gecko; compatible; GPTBot/1.4; +https://openai.com/gptbot)"
74.7.227.58 - - [30/Jul/2026:11:51:04 +0000] "GET /?p=579 HTTP/1.1" 301 423 "https://moonbloomwalls.com/2026/04/22/the-world-of-slotozen-a-players-paradise-awaits/" "Mozilla/5.0 AppleWebKit/537.36 (KHTML, like Gecko; compatible; GPTBot/1.4; +https://openai.com/gptbot)"
74.7.227.58 - - [30/Jul/2026:11:51:04 +0000] "GET /?p=753 HTTP/1.1" 301 423 "https://moonbloomwalls.com/2026/07/30/pinco-casino-turkiye-de-sorumlu-oyun-ilkeleri/" "Mozilla/5.0 AppleWebKit/537.36 (KHTML, like Gecko; compatible; GPTBot/1.4; +https://openai.com/gptbot)"
74.7.227.58 - - [30/Jul/2026:11:51:05 +0000] "GET /?p=614 HTTP/1.1" 301 423 "https://moonbloomwalls.com/2026/03/12/une-analyse-approfondie-de-tiki-casino-et-ses-jeux/" "Mozilla/5.0 AppleWebKit/537.36 (KHTML, like Gecko; compatible; GPTBot/1.4; +https://openai.com/gptbot)"
74.7.227.58 - - [30/Jul/2026:11:51:05 +0000] "GET /?p=621 HTTP/1.1" 301 423 "https://moonbloomwalls.com/2026/02/02/pop-molly-casino-bonuses-whats-on-offer-this-season/" "Mozilla/5.0 AppleWebKit/537.36 (KHTML, like Gecko; compatible; GPTBot/1.4; +https://openai.com/gptbot)"
74.7.227.58 - - [30/Jul/2026:11:51:06 +0000] "GET /?p=688 HTTP/1.1" 301 423 "https://moonbloomwalls.com/2026/07/29/inchiesta-sui-casino-italiani-non-aams-qual-e-la-verita/" "Mozilla/5.0 AppleWebKit/537.36 (KHTML, like Gecko; compatible; GPTBot/1.4; +https://openai.com/gptbot)"
74.7.227.58 - - [30/Jul/2026:11:51:06 +0000] "GET /2026/07/29/best-online-casino-canada-real-money-promotions-available-now/ HTTP/1.1" 200 28283 "https://moonbloomwalls.com/2026/07/29/la-tecnologia-dietro-le-esperienze-di-gioco-nei-casino-non-aams/" "Mozilla/5.0 AppleWebKit/537.36 (KHTML, like Gecko; compatible; GPTBot/1.4; +https://openai.com/gptbot)"
74.7.227.58 - - [30/Jul/2026:11:51:07 +0000] "GET /2026/07/28/was-sind-die-wettanbieter-ohne-oasis-fur-sportwetten/ HTTP/1.1" 200 28184 "https://moonbloomwalls.com/2026/03/12/une-analyse-approfondie-de-tiki-casino-et-ses-jeux/" "Mozilla/5.0 AppleWebKit/537.36 (KHTML, like Gecko; compatible; GPTBot/1.4; +https://openai.com/gptbot)"
74.7.227.58 - - [30/Jul/2026:11:51:07 +0000] "GET /2026/07/29/pin-up-casino-onlayn-kazino-az-rbaycanda-giris-v-baslama/ HTTP/1.1" 200 27767 "https://moonbloomwalls.com/2026/07/29/la-tecnologia-dietro-le-esperienze-di-gioco-nei-casino-non-aams/" "Mozilla/5.0 AppleWebKit/537.36 (KHTML, like Gecko; compatible; GPTBot/1.4; +https://openai.com/gptbot)"
74.7.227.58 - - [30/Jul/2026:11:51:08 +0000] "GET /2026/02/22/what-makes-wishwin-casino-a-good-choice-for-newbies/ HTTP/1.1" 200 27064 "https://moonbloomwalls.com/" "Mozilla/5.0 AppleWebKit/537.36 (KHTML, like Gecko; compatible; GPTBot/1.4; +https://openai.com/gptbot)"
74.7.227.58 - - [30/Jul/2026:11:51:08 +0000] "GET /2026/02/25/comprehensive-insights-into-slot-mafia-casinos-profile/ HTTP/1.1" 200 27131 "https://moonbloomwalls.com/" "Mozilla/5.0 AppleWebKit/537.36 (KHTML, like Gecko; compatible; GPTBot/1.4; +https://openai.com/gptbot)"
74.7.227.58 - - [30/Jul/2026:11:51:09 +0000] "GET /2026/02/25/managing-your-funds-tips-for-monsterwin-casino-players/ HTTP/1.1" 200 27299 "https://moonbloomwalls.com/" "Mozilla/5.0 AppleWebKit/537.36 (KHTML, like Gecko; compatible; GPTBot/1.4; +https://openai.com/gptbot)"
74.7.227.58 - - [30/Jul/2026:11:51:10 +0000] "GET /2026/07/29/atrakcyjne-bonusy-czekaja-rejestracja-w-mostbet-krok-po-kroku/ HTTP/1.1" 200 27463 "https://moonbloomwalls.com/2026/04/05/why-players-adore-glitch-spin-casinos-user-experience/" "Mozilla/5.0 AppleWebKit/537.36 (KHTML, like Gecko; compatible; GPTBot/1.4; +https://openai.com/gptbot)"
74.7.227.58 - - [30/Jul/2026:11:51:10 +0000] "GET /2026/04/26/how-does-candyland-casino-stack-up-against-competitors/ HTTP/1.1" 200 26924 "https://moonbloomwalls.com/" "Mozilla/5.0 AppleWebKit/537.36 (KHTML, like Gecko; compatible; GPTBot/1.4; +https://openai.com/gptbot)"
74.7.227.58 - - [30/Jul/2026:11:51:11 +0000] "GET /2026/04/10/pourquoi-bet-on-red-casino-attire-t-il-tant-de-joueurs/ HTTP/1.1" 200 27065 "https://moonbloomwalls.com/" "Mozilla/5.0 AppleWebKit/537.36 (KHTML, like Gecko; compatible; GPTBot/1.4; +https://openai.com/gptbot)"
74.7.227.58 - - [30/Jul/2026:11:51:11 +0000] "GET /2026/04/20/player-experience-at-slotastic-what-to-expect/ HTTP/1.1" 200 27073 "https://moonbloomwalls.com/" "Mozilla/5.0 AppleWebKit/537.36 (KHTML, like Gecko; compatible; GPTBot/1.4; +https://openai.com/gptbot)"
74.7.227.58 - - [30/Jul/2026:11:51:12 +0000] "GET /2024/03/10/epik-star-kazino-istoriia-i-budushchee-azarta/ HTTP/1.1" 200 30612 "https://moonbloomwalls.com/2026/03/12/exploring-live-dealer-options-at-rocketspin-casino/" "Mozilla/5.0 AppleWebKit/537.36 (KHTML, like Gecko; compatible; GPTBot/1.4; +https://openai.com/gptbot)"
74.7.227.58 - - [30/Jul/2026:11:51:12 +0000] "GET /?p=659 HTTP/1.1" 301 423 "https://moonbloomwalls.com/2026/07/29/best-online-casino-canada-real-money-promotions-available-now/" "Mozilla/5.0 AppleWebKit/537.36 (KHTML, like Gecko; compatible; GPTBot/1.4; +https://openai.com/gptbot)"
74.7.227.58 - - [30/Jul/2026:11:51:12 +0000] "GET /?p=467 HTTP/1.1" 301 423 "https://moonbloomwalls.com/2026/07/28/was-sind-die-wettanbieter-ohne-oasis-fur-sportwetten/" "Mozilla/5.0 AppleWebKit/537.36 (KHTML, like Gecko; compatible; GPTBot/1.4; +https://openai.com/gptbot)"
74.7.227.58 - - [30/Jul/2026:11:51:13 +0000] "GET /?p=535 HTTP/1.1" 301 423 "https://moonbloomwalls.com/2026/07/29/pin-up-casino-onlayn-kazino-az-rbaycanda-giris-v-baslama/" "Mozilla/5.0 AppleWebKit/537.36 (KHTML, like Gecko; compatible; GPTBot/1.4; +https://openai.com/gptbot)"
74.7.227.58 - - [30/Jul/2026:11:51:14 +0000] "GET /?p=589 HTTP/1.1" 301 423 "https://moonbloomwalls.com/2026/02/22/what-makes-wishwin-casino-a-good-choice-for-newbies/" "Mozilla/5.0 AppleWebKit/537.36 (KHTML, like Gecko; compatible; GPTBot/1.4; +https://openai.com/gptbot)"
74.7.227.58 - - [30/Jul/2026:11:51:14 +0000] "GET /?p=565 HTTP/1.1" 301 423 "https://moonbloomwalls.com/2026/02/25/comprehensive-insights-into-slot-mafia-casinos-profile/" "Mozilla/5.0 AppleWebKit/537.36 (KHTML, like Gecko; compatible; GPTBot/1.4; +https://openai.com/gptbot)"
74.7.227.58 - - [30/Jul/2026:11:51:15 +0000] "GET /?p=586 HTTP/1.1" 301 423 "https://moonbloomwalls.com/2026/02/25/managing-your-funds-tips-for-monsterwin-casino-players/" "Mozilla/5.0 AppleWebKit/537.36 (KHTML, like Gecko; compatible; GPTBot/1.4; +https://openai.com/gptbot)"
74.7.227.58 - - [30/Jul/2026:11:51:15 +0000] "GET /?p=678 HTTP/1.1" 301 423 "https://moonbloomwalls.com/2026/07/29/atrakcyjne-bonusy-czekaja-rejestracja-w-mostbet-krok-po-kroku/" "Mozilla/5.0 AppleWebKit/537.36 (KHTML, like Gecko; compatible; GPTBot/1.4; +https://openai.com/gptbot)"
74.7.227.58 - - [30/Jul/2026:11:51:16 +0000] "GET /?p=593 HTTP/1.1" 301 423 "https://moonbloomwalls.com/2026/04/26/how-does-candyland-casino-stack-up-against-competitors/" "Mozilla/5.0 AppleWebKit/537.36 (KHTML, like Gecko; compatible; GPTBot/1.4; +https://openai.com/gptbot)"
74.7.227.58 - - [30/Jul/2026:11:51:16 +0000] "GET /?p=575 HTTP/1.1" 301 423 "https://moonbloomwalls.com/2026/04/10/pourquoi-bet-on-red-casino-attire-t-il-tant-de-joueurs/" "Mozilla/5.0 AppleWebKit/537.36 (KHTML, like Gecko; compatible; GPTBot/1.4; +https://openai.com/gptbot)"
74.7.227.58 - - [30/Jul/2026:11:51:17 +0000] "GET /?p=598 HTTP/1.1" 301 423 "https://moonbloomwalls.com/2026/04/20/player-experience-at-slotastic-what-to-expect/" "Mozilla/5.0 AppleWebKit/537.36 (KHTML, like Gecko; compatible; GPTBot/1.4; +https://openai.com/gptbot)"
74.7.227.58 - - [30/Jul/2026:11:51:17 +0000] "GET /?p=541 HTTP/1.1" 301 423 "https://moonbloomwalls.com/2024/03/10/epik-star-kazino-istoriia-i-budushchee-azarta/" "Mozilla/5.0 AppleWebKit/537.36 (KHTML, like Gecko; compatible; GPTBot/1.4; +https://openai.com/gptbot)"
74.7.227.58 - - [30/Jul/2026:11:51:18 +0000] "GET /2026/02/13/casino-infinity-une-plateforme-qui-sadapte-aux-tendances/ HTTP/1.1" 200 26943 "https://moonbloomwalls.com/" "Mozilla/5.0 AppleWebKit/537.36 (KHTML, like Gecko; compatible; GPTBot/1.4; +https://openai.com/gptbot)"
74.7.227.58 - - [30/Jul/2026:11:51:18 +0000] "GET /2026/07/29/pin-ap-onlayn-kazino-oficialnyy-sayt-v-rossii-i-stranah-sng/ HTTP/1.1" 200 29767 "https://moonbloomwalls.com/2026/03/21/understanding-the-vibrant-ecosystem-of-play-croco-casino/" "Mozilla/5.0 AppleWebKit/537.36 (KHTML, like Gecko; compatible; GPTBot/1.4; +https://openai.com/gptbot)"
74.7.227.58 - - [30/Jul/2026:11:51:19 +0000] "GET /2026/02/11/are-loyalty-programs-worth-joining-at-jeetcity-casino/ HTTP/1.1" 200 26904 "https://moonbloomwalls.com/" "Mozilla/5.0 AppleWebKit/537.36 (KHTML, like Gecko; compatible; GPTBot/1.4; +https://openai.com/gptbot)"
74.7.227.58 - - [30/Jul/2026:11:51:19 +0000] "GET /2026/02/27/casino-mates-bonuses-unlocking-the-best-rewards/ HTTP/1.1" 200 26878 "https://moonbloomwalls.com/" "Mozilla/5.0 AppleWebKit/537.36 (KHTML, like Gecko; compatible; GPTBot/1.4; +https://openai.com/gptbot)"
74.7.227.58 - - [30/Jul/2026:11:51:20 +0000] "GET /2026/03/10/how-does-fat-pirate-casino-rank-among-competitors/ HTTP/1.1" 200 27568 "https://moonbloomwalls.com/" "Mozilla/5.0 AppleWebKit/537.36 (KHTML, like Gecko; compatible; GPTBot/1.4; +https://openai.com/gptbot)"
74.7.227.58 - - [30/Jul/2026:11:51:20 +0000] "GET /2026/07/29/pin-ap-kazino-oficialnyy-sayt-pin-up-casino-igrat-onlayn-vhod-zerkalo/ HTTP/1.1" 200 29110 "https://moonbloomwalls.com/2026/07/29/pin-up-casino-onlayn-kazino-az-rbaycanda-giris-v-baslama/" "Mozilla/5.0 AppleWebKit/537.36 (KHTML, like Gecko; compatible; GPTBot/1.4; +https://openai.com/gptbot)"
74.7.227.58 - - [30/Jul/2026:11:51:21 +0000] "GET /2026/02/28/how-do-security-measures-at-betalice-casino-stack-up/ HTTP/1.1" 200 26944 "https://moonbloomwalls.com/" "Mozilla/5.0 AppleWebKit/537.36 (KHTML, like Gecko; compatible; GPTBot/1.4; +https://openai.com/gptbot)"
74.7.227.58 - - [30/Jul/2026:11:51:22 +0000] "GET /2026/07/29/casino-non-aams-regulations-what-you-need-to-know/ HTTP/1.1" 200 27349 "https://moonbloomwalls.com/2026/04/16/what-features-enhance-your-game-at-lucky-green-casino/" "Mozilla/5.0 AppleWebKit/537.36 (KHTML, like Gecko; compatible; GPTBot/1.4; +https://openai.com/gptbot)"
74.7.227.58 - - [30/Jul/2026:11:51:22 +0000] "GET /2026/04/06/deloro-casino-evaluation-de-ses-offres-promotionnelles-actuelles/ HTTP/1.1" 200 26823 "https://moonbloomwalls.com/" "Mozilla/5.0 AppleWebKit/537.36 (KHTML, like Gecko; compatible; GPTBot/1.4; +https://openai.com/gptbot)"
74.7.227.58 - - [30/Jul/2026:11:51:23 +0000] "GET /2026/03/13/julius-casino-fiabilite-dans-lunivers-igaming/ HTTP/1.1" 200 26993 "https://moonbloomwalls.com/" "Mozilla/5.0 AppleWebKit/537.36 (KHTML, like Gecko; compatible; GPTBot/1.4; +https://openai.com/gptbot)"
74.7.227.58 - - [30/Jul/2026:11:51:23 +0000] "GET /2026/04/19/liraspin-casino-visiteurs-reguliers-et-leur-retour-dexperience/ HTTP/1.1" 200 27091 "https://moonbloomwalls.com/" "Mozilla/5.0 AppleWebKit/537.36 (KHTML, like Gecko; compatible; GPTBot/1.4; +https://openai.com/gptbot)"
74.7.227.58 - - [30/Jul/2026:11:51:23 +0000] "GET /?p=606 HTTP/1.1" 301 423 "https://moonbloomwalls.com/2026/02/13/casino-infinity-une-plateforme-qui-sadapte-aux-tendances/" "Mozilla/5.0 AppleWebKit/537.36 (KHTML, like Gecko; compatible; GPTBot/1.4; +https://openai.com/gptbot)"
74.7.227.58 - - [30/Jul/2026:11:51:24 +0000] "GET /?p=533 HTTP/1.1" 301 423 "https://moonbloomwalls.com/2026/07/29/pin-ap-onlayn-kazino-oficialnyy-sayt-v-rossii-i-stranah-sng/" "Mozilla/5.0 AppleWebKit/537.36 (KHTML, like Gecko; compatible; GPTBot/1.4; +https://openai.com/gptbot)"
74.7.227.58 - - [30/Jul/2026:11:51:25 +0000] "GET /?p=563 HTTP/1.1" 301 423 "https://moonbloomwalls.com/2026/02/11/are-loyalty-programs-worth-joining-at-jeetcity-casino/" "Mozilla/5.0 AppleWebKit/537.36 (KHTML, like Gecko; compatible; GPTBot/1.4; +https://openai.com/gptbot)"
74.7.227.58 - - [30/Jul/2026:11:51:25 +0000] "GET /?p=599 HTTP/1.1" 301 423 "https://moonbloomwalls.com/2026/02/27/casino-mates-bonuses-unlocking-the-best-rewards/" "Mozilla/5.0 AppleWebKit/537.36 (KHTML, like Gecko; compatible; GPTBot/1.4; +https://openai.com/gptbot)"
74.7.227.58 - - [30/Jul/2026:11:51:26 +0000] "GET /?p=568 HTTP/1.1" 301 423 "https://moonbloomwalls.com/2026/03/10/how-does-fat-pirate-casino-rank-among-competitors/" "Mozilla/5.0 AppleWebKit/537.36 (KHTML, like Gecko; compatible; GPTBot/1.4; +https://openai.com/gptbot)"
74.7.227.58 - - [30/Jul/2026:11:51:26 +0000] "GET /?p=534 HTTP/1.1" 301 423 "https://moonbloomwalls.com/2026/07/29/pin-ap-kazino-oficialnyy-sayt-pin-up-casino-igrat-onlayn-vhod-zerkalo/" "Mozilla/5.0 AppleWebKit/537.36 (KHTML, like Gecko; compatible; GPTBot/1.4; +https://openai.com/gptbot)"
74.7.227.58 - - [30/Jul/2026:11:51:27 +0000] "GET /?p=622 HTTP/1.1" 301 423 "https://moonbloomwalls.com/2026/02/28/how-do-security-measures-at-betalice-casino-stack-up/" "Mozilla/5.0 AppleWebKit/537.36 (KHTML, like Gecko; compatible; GPTBot/1.4; +https://openai.com/gptbot)"
74.7.227.58 - - [30/Jul/2026:11:51:27 +0000] "GET /?p=670 HTTP/1.1" 301 423 "https://moonbloomwalls.com/2026/07/29/casino-non-aams-regulations-what-you-need-to-know/" "Mozilla/5.0 AppleWebKit/537.36 (KHTML, like Gecko; compatible; GPTBot/1.4; +https://openai.com/gptbot)"
74.7.227.58 - - [30/Jul/2026:11:51:28 +0000] "GET /?p=595 HTTP/1.1" 301 423 "https://moonbloomwalls.com/2026/04/06/deloro-casino-evaluation-de-ses-offres-promotionnelles-actuelles/" "Mozilla/5.0 AppleWebKit/537.36 (KHTML, like Gecko; compatible; GPTBot/1.4; +https://openai.com/gptbot)"
74.7.227.58 - - [30/Jul/2026:11:51:28 +0000] "GET /?p=607 HTTP/1.1" 301 423 "https://moonbloomwalls.com/2026/03/13/julius-casino-fiabilite-dans-lunivers-igaming/" "Mozilla/5.0 AppleWebKit/537.36 (KHTML, like Gecko; compatible; GPTBot/1.4; +https://openai.com/gptbot)"
74.7.227.58 - - [30/Jul/2026:11:51:29 +0000] "GET /?p=605 HTTP/1.1" 301 423 "https://moonbloomwalls.com/2026/04/19/liraspin-casino-visiteurs-reguliers-et-leur-retour-dexperience/" "Mozilla/5.0 AppleWebKit/537.36 (KHTML, like Gecko; compatible; GPTBot/1.4; +https://openai.com/gptbot)"
74.7.227.58 - - [30/Jul/2026:11:51:29 +0000] "GET /2026/02/04/les-bonus-inedits-de-wolfy-casino-a-ne-pas-manquer/ HTTP/1.1" 200 26867 "https://moonbloomwalls.com/" "Mozilla/5.0 AppleWebKit/537.36 (KHTML, like Gecko; compatible; GPTBot/1.4; +https://openai.com/gptbot)"
74.7.227.58 - - [30/Jul/2026:11:51:30 +0000] "GET /2026/07/29/die-besten-zahlungsmethoden-fur-sportwetten-ohne-oasis/ HTTP/1.1" 200 27563 "https://moonbloomwalls.com/2026/03/12/exploring-live-dealer-options-at-rocketspin-casino/" "Mozilla/5.0 AppleWebKit/537.36 (KHTML, like Gecko; compatible; GPTBot/1.4; +https://openai.com/gptbot)"
74.7.227.58 - - [30/Jul/2026:11:51:30 +0000] "GET /2026/04/21/can-you-count-on-fair-gameplay-at-redspin-casino/ HTTP/1.1" 200 27083 "https://moonbloomwalls.com/" "Mozilla/5.0 AppleWebKit/537.36 (KHTML, like Gecko; compatible; GPTBot/1.4; +https://openai.com/gptbot)"
