74.7.227.58 - - [30/Jul/2026:11:55:27 +0000] "GET /wp-json/oembed/1.0/embed?format=xml&url=https%3A%2F%2Fmoonbloomwalls.com%2F2026%2F07%2F29%2Fmostbet-mutmadi-kampaniyalari-hangi-gunlrd-bonuslar-hmiyytlidir%2F HTTP/1.1" 200 3237 "https://moonbloomwalls.com/2026/07/29/mostbet-mutmadi-kampaniyalari-hangi-gunlrd-bonuslar-hmiyytlidir/" "Mozilla/5.0 AppleWebKit/537.36 (KHTML, like Gecko; compatible; GPTBot/1.4; +https://openai.com/gptbot)"
74.7.227.58 - - [30/Jul/2026:11:55:28 +0000] "GET /wp-json/oembed/1.0/embed?format=xml&url=https%3A%2F%2Fmoonbloomwalls.com%2F2026%2F04%2F10%2Fune-analyse-complete-de-loffre-de-coolzino-casino%2F HTTP/1.1" 200 3026 "https://moonbloomwalls.com/2026/04/10/une-analyse-complete-de-loffre-de-coolzino-casino/" "Mozilla/5.0 AppleWebKit/537.36 (KHTML, like Gecko; compatible; GPTBot/1.4; +https://openai.com/gptbot)"
74.7.227.58 - - [30/Jul/2026:11:55:28 +0000] "GET /wp-json/oembed/1.0/embed?format=xml&url=https%3A%2F%2Fmoonbloomwalls.com%2F2026%2F03%2F21%2Fthe-latest-updates-from-god-of-coins-casino%2F HTTP/1.1" 200 2957 "https://moonbloomwalls.com/2026/03/21/the-latest-updates-from-god-of-coins-casino/" "Mozilla/5.0 AppleWebKit/537.36 (KHTML, like Gecko; compatible; GPTBot/1.4; +https://openai.com/gptbot)"
74.7.227.58 - - [30/Jul/2026:11:55:29 +0000] "GET /wp-json/oembed/1.0/embed?format=xml&url=https%3A%2F%2Fmoonbloomwalls.com%2F2026%2F04%2F16%2Fwhat-features-enhance-your-game-at-lucky-green-casino%2F HTTP/1.1" 200 3010 "https://moonbloomwalls.com/2026/04/16/what-features-enhance-your-game-at-lucky-green-casino/" "Mozilla/5.0 AppleWebKit/537.36 (KHTML, like Gecko; compatible; GPTBot/1.4; +https://openai.com/gptbot)"
74.7.227.58 - - [30/Jul/2026:11:55:29 +0000] "GET /wp-json/oembed/1.0/embed?format=xml&url=https%3A%2F%2Fmoonbloomwalls.com%2F2026%2F02%2F27%2Fis-asino-casinos-customer-service-up-to-par%2F HTTP/1.1" 200 2984 "https://moonbloomwalls.com/2026/02/27/is-asino-casinos-customer-service-up-to-par/" "Mozilla/5.0 AppleWebKit/537.36 (KHTML, like Gecko; compatible; GPTBot/1.4; +https://openai.com/gptbot)"
74.7.227.58 - - [30/Jul/2026:11:55:30 +0000] "GET /wp-json/oembed/1.0/embed?format=xml&url=https%3A%2F%2Fmoonbloomwalls.com%2F2026%2F04%2F12%2Fsweet-spin-casino-understanding-the-game-mechanics%2F HTTP/1.1" 200 2995 "https://moonbloomwalls.com/2026/04/12/sweet-spin-casino-understanding-the-game-mechanics/" "Mozilla/5.0 AppleWebKit/537.36 (KHTML, like Gecko; compatible; GPTBot/1.4; +https://openai.com/gptbot)"
74.7.227.58 - - [30/Jul/2026:11:55:30 +0000] "GET /wp-json/oembed/1.0/embed?format=xml&url=https%3A%2F%2Fmoonbloomwalls.com%2F2026%2F07%2F29%2Fla-tecnologia-dietro-le-esperienze-di-gioco-nei-casino-non-aams%2F HTTP/1.1" 200 3057 "https://moonbloomwalls.com/2026/07/29/la-tecnologia-dietro-le-esperienze-di-gioco-nei-casino-non-aams/" "Mozilla/5.0 AppleWebKit/537.36 (KHTML, like Gecko; compatible; GPTBot/1.4; +https://openai.com/gptbot)"
74.7.227.58 - - [30/Jul/2026:11:55:31 +0000] "GET /wp-json/oembed/1.0/embed?format=xml&url=https%3A%2F%2Fmoonbloomwalls.com%2F2026%2F02%2F20%2Fa-comprehensive-review-of-slotastic-casinos-offerings%2F HTTP/1.1" 200 3031 "https://moonbloomwalls.com/2026/02/20/a-comprehensive-review-of-slotastic-casinos-offerings/" "Mozilla/5.0 AppleWebKit/537.36 (KHTML, like Gecko; compatible; GPTBot/1.4; +https://openai.com/gptbot)"
74.7.227.58 - - [30/Jul/2026:11:55:31 +0000] "GET /wp-json/oembed/1.0/embed?format=xml&url=https%3A%2F%2Fmoonbloomwalls.com%2F2026%2F04%2F06%2Fdeloro-casino-evaluation-de-ses-offres-promotionnelles-actuelles%2F HTTP/1.1" 200 3083 "https://moonbloomwalls.com/2026/04/06/deloro-casino-evaluation-de-ses-offres-promotionnelles-actuelles/" "Mozilla/5.0 AppleWebKit/537.36 (KHTML, like Gecko; compatible; GPTBot/1.4; +https://openai.com/gptbot)"
74.7.227.58 - - [30/Jul/2026:11:55:32 +0000] "GET /wp-json/oembed/1.0/embed?format=xml&url=https%3A%2F%2Fmoonbloomwalls.com%2F2026%2F07%2F29%2Frole-blockchainu-v-online-kasinech-cz-a-uk%2F HTTP/1.1" 200 2952 "https://moonbloomwalls.com/2026/07/29/role-blockchainu-v-online-kasinech-cz-a-uk/" "Mozilla/5.0 AppleWebKit/537.36 (KHTML, like Gecko; compatible; GPTBot/1.4; +https://openai.com/gptbot)"
74.7.227.58 - - [30/Jul/2026:11:55:33 +0000] "GET /wp-json/oembed/1.0/embed?format=xml&url=https%3A%2F%2Fmoonbloomwalls.com%2F2026%2F04%2F19%2Fwhat-are-the-best-slots-at-goldwin-casino%2F HTTP/1.1" 200 2950 "https://moonbloomwalls.com/2026/04/19/what-are-the-best-slots-at-goldwin-casino/" "Mozilla/5.0 AppleWebKit/537.36 (KHTML, like Gecko; compatible; GPTBot/1.4; +https://openai.com/gptbot)"
74.7.227.58 - - [30/Jul/2026:11:55:33 +0000] "GET /wp-json/oembed/1.0/embed?format=xml&url=https%3A%2F%2Fmoonbloomwalls.com%2F2026%2F02%2F14%2Ftry-luckywins-casino-why-its-worth-your-time%2F HTTP/1.1" 200 2989 "https://moonbloomwalls.com/2026/02/14/try-luckywins-casino-why-its-worth-your-time/" "Mozilla/5.0 AppleWebKit/537.36 (KHTML, like Gecko; compatible; GPTBot/1.4; +https://openai.com/gptbot)"
74.7.227.58 - - [30/Jul/2026:11:55:34 +0000] "GET /wp-json/oembed/1.0/embed?format=xml&url=https%3A%2F%2Fmoonbloomwalls.com%2F2023%2F11%2F17%2Flogowanie-do-kasyna-vavada-funkcje-i-opcje%2F HTTP/1.1" 200 2979 "https://moonbloomwalls.com/2023/11/17/logowanie-do-kasyna-vavada-funkcje-i-opcje/" "Mozilla/5.0 AppleWebKit/537.36 (KHTML, like Gecko; compatible; GPTBot/1.4; +https://openai.com/gptbot)"
74.7.227.58 - - [30/Jul/2026:11:55:34 +0000] "GET /wp-json/oembed/1.0/embed?format=xml&url=https%3A%2F%2Fmoonbloomwalls.com%2F2026%2F02%2F04%2Fles-bonus-inedits-de-wolfy-casino-a-ne-pas-manquer%2F HTTP/1.1" 200 3022 "https://moonbloomwalls.com/2026/02/04/les-bonus-inedits-de-wolfy-casino-a-ne-pas-manquer/" "Mozilla/5.0 AppleWebKit/537.36 (KHTML, like Gecko; compatible; GPTBot/1.4; +https://openai.com/gptbot)"
74.7.227.58 - - [30/Jul/2026:11:55:35 +0000] "GET /wp-json/oembed/1.0/embed?format=xml&url=https%3A%2F%2Fmoonbloomwalls.com%2F2026%2F07%2F29%2Fpin-ap-onlayn-kazino-oficialnyy-sayt-v-rossii-i-stranah-sng%2F HTTP/1.1" 200 3940 "https://moonbloomwalls.com/2026/07/29/pin-ap-onlayn-kazino-oficialnyy-sayt-v-rossii-i-stranah-sng/" "Mozilla/5.0 AppleWebKit/537.36 (KHTML, like Gecko; compatible; GPTBot/1.4; +https://openai.com/gptbot)"
74.7.227.58 - - [30/Jul/2026:11:55:35 +0000] "GET /wp-json/oembed/1.0/embed?format=xml&url=https%3A%2F%2Fmoonbloomwalls.com%2F2026%2F04%2F25%2Fwhy-trust-reviews-for-rollxo-casino-a-look-at-fair-play%2F HTTP/1.1" 200 3020 "https://moonbloomwalls.com/2026/04/25/why-trust-reviews-for-rollxo-casino-a-look-at-fair-play/" "Mozilla/5.0 AppleWebKit/537.36 (KHTML, like Gecko; compatible; GPTBot/1.4; +https://openai.com/gptbot)"
74.7.227.58 - - [30/Jul/2026:11:55:36 +0000] "GET /wp-json/oembed/1.0/embed?format=xml&url=https%3A%2F%2Fmoonbloomwalls.com%2F2026%2F04%2F10%2Fpourquoi-bet-on-red-casino-attire-t-il-tant-de-joueurs%2F HTTP/1.1" 200 3018 "https://moonbloomwalls.com/2026/04/10/pourquoi-bet-on-red-casino-attire-t-il-tant-de-joueurs/" "Mozilla/5.0 AppleWebKit/537.36 (KHTML, like Gecko; compatible; GPTBot/1.4; +https://openai.com/gptbot)"
74.7.227.58 - - [30/Jul/2026:11:55:36 +0000] "GET /wp-json/oembed/1.0/embed?format=xml&url=https%3A%2F%2Fmoonbloomwalls.com%2F2026%2F07%2F29%2Fodpovedne-herni-praktiky-na-blazebet-pro-bezpecne-sazeni%2F HTTP/1.1" 200 3133 "https://moonbloomwalls.com/2026/07/29/odpovedne-herni-praktiky-na-blazebet-pro-bezpecne-sazeni/" "Mozilla/5.0 AppleWebKit/537.36 (KHTML, like Gecko; compatible; GPTBot/1.4; +https://openai.com/gptbot)"
74.7.227.58 - - [30/Jul/2026:11:55:37 +0000] "GET /wp-json/oembed/1.0/embed?format=xml&url=https%3A%2F%2Fmoonbloomwalls.com%2F2026%2F07%2F28%2Fwas-sind-die-wettanbieter-ohne-oasis-fur-sportwetten%2F HTTP/1.1" 200 3020 "https://moonbloomwalls.com/2026/07/28/was-sind-die-wettanbieter-ohne-oasis-fur-sportwetten/" "Mozilla/5.0 AppleWebKit/537.36 (KHTML, like Gecko; compatible; GPTBot/1.4; +https://openai.com/gptbot)"
74.7.227.58 - - [30/Jul/2026:11:55:37 +0000] "GET /wp-json/oembed/1.0/embed?format=xml&url=https%3A%2F%2Fmoonbloomwalls.com%2F2026%2F04%2F16%2Fexploring-the-world-of-fortuneplay-casino-what-awaits-you%2F HTTP/1.1" 200 3033 "https://moonbloomwalls.com/2026/04/16/exploring-the-world-of-fortuneplay-casino-what-awaits-you/" "Mozilla/5.0 AppleWebKit/537.36 (KHTML, like Gecko; compatible; GPTBot/1.4; +https://openai.com/gptbot)"
74.7.227.58 - - [30/Jul/2026:11:55:38 +0000] "GET /wp-json/oembed/1.0/embed?format=xml&url=https%3A%2F%2Fmoonbloomwalls.com%2F2026%2F02%2F22%2Fwhat-makes-wishwin-casino-a-good-choice-for-newbies%2F HTTP/1.1" 200 3000 "https://moonbloomwalls.com/2026/02/22/what-makes-wishwin-casino-a-good-choice-for-newbies/" "Mozilla/5.0 AppleWebKit/537.36 (KHTML, like Gecko; compatible; GPTBot/1.4; +https://openai.com/gptbot)"
74.7.227.58 - - [30/Jul/2026:11:55:38 +0000] "GET /wp-json/oembed/1.0/embed?format=xml&url=https%3A%2F%2Fmoonbloomwalls.com%2F2026%2F04%2F22%2Fthe-trust-factor-is-spinago-casino-reliable-for-players%2F HTTP/1.1" 200 3023 "https://moonbloomwalls.com/2026/04/22/the-trust-factor-is-spinago-casino-reliable-for-players/" "Mozilla/5.0 AppleWebKit/537.36 (KHTML, like Gecko; compatible; GPTBot/1.4; +https://openai.com/gptbot)"
74.7.227.58 - - [30/Jul/2026:11:55:39 +0000] "GET /wp-json/oembed/1.0/embed?format=xml&url=https%3A%2F%2Fmoonbloomwalls.com%2F2026%2F02%2F28%2Fhow-do-security-measures-at-betalice-casino-stack-up%2F HTTP/1.1" 200 3005 "https://moonbloomwalls.com/2026/02/28/how-do-security-measures-at-betalice-casino-stack-up/" "Mozilla/5.0 AppleWebKit/537.36 (KHTML, like Gecko; compatible; GPTBot/1.4; +https://openai.com/gptbot)"
74.7.227.58 - - [30/Jul/2026:11:55:39 +0000] "GET /wp-json/oembed/1.0/embed?format=xml&url=https%3A%2F%2Fmoonbloomwalls.com%2F2026%2F03%2F19%2Fwhat-features-enhance-your-adventure-at-level-up-casino%2F HTTP/1.1" 200 3020 "https://moonbloomwalls.com/2026/03/19/what-features-enhance-your-adventure-at-level-up-casino/" "Mozilla/5.0 AppleWebKit/537.36 (KHTML, like Gecko; compatible; GPTBot/1.4; +https://openai.com/gptbot)"
74.7.227.58 - - [30/Jul/2026:11:55:40 +0000] "GET /wp-json/oembed/1.0/embed?format=xml&url=https%3A%2F%2Fmoonbloomwalls.com%2F2026%2F03%2F16%2Fhow-to-navigate-the-wonaco-casino-platform-smoothly%2F HTTP/1.1" 200 3000 "https://moonbloomwalls.com/2026/03/16/how-to-navigate-the-wonaco-casino-platform-smoothly/" "Mozilla/5.0 AppleWebKit/537.36 (KHTML, like Gecko; compatible; GPTBot/1.4; +https://openai.com/gptbot)"
74.7.227.58 - - [30/Jul/2026:11:55:40 +0000] "GET /wp-json/oembed/1.0/embed?format=xml&url=https%3A%2F%2Fmoonbloomwalls.com%2F2026%2F07%2F29%2Fpin-up-casino-onlayn-kazino-az-rbaycanda-giris-v-baslama%2F HTTP/1.1" 200 3151 "https://moonbloomwalls.com/2026/07/29/pin-up-casino-onlayn-kazino-az-rbaycanda-giris-v-baslama/" "Mozilla/5.0 AppleWebKit/537.36 (KHTML, like Gecko; compatible; GPTBot/1.4; +https://openai.com/gptbot)"
74.7.227.58 - - [30/Jul/2026:11:55:41 +0000] "GET /wp-json/oembed/1.0/embed?format=xml&url=https%3A%2F%2Fmoonbloomwalls.com%2F2026%2F03%2F12%2Fexploring-live-dealer-options-at-rocketspin-casino%2F HTTP/1.1" 200 2992 "https://moonbloomwalls.com/2026/03/12/exploring-live-dealer-options-at-rocketspin-casino/" "Mozilla/5.0 AppleWebKit/537.36 (KHTML, like Gecko; compatible; GPTBot/1.4; +https://openai.com/gptbot)"
74.7.227.58 - - [30/Jul/2026:11:55:42 +0000] "GET /wp-json/oembed/1.0/embed?format=xml&url=https%3A%2F%2Fmoonbloomwalls.com%2F2026%2F02%2F11%2Fare-loyalty-programs-worth-joining-at-jeetcity-casino%2F HTTP/1.1" 200 3010 "https://moonbloomwalls.com/2026/02/11/are-loyalty-programs-worth-joining-at-jeetcity-casino/" "Mozilla/5.0 AppleWebKit/537.36 (KHTML, like Gecko; compatible; GPTBot/1.4; +https://openai.com/gptbot)"
74.7.227.58 - - [30/Jul/2026:11:55:42 +0000] "GET /wp-json/oembed/1.0/embed?format=xml&url=https%3A%2F%2Fmoonbloomwalls.com%2F2026%2F04%2F26%2Fhow-does-candyland-casino-stack-up-against-competitors%2F HTTP/1.1" 200 3015 "https://moonbloomwalls.com/2026/04/26/how-does-candyland-casino-stack-up-against-competitors/" "Mozilla/5.0 AppleWebKit/537.36 (KHTML, like Gecko; compatible; GPTBot/1.4; +https://openai.com/gptbot)"
74.7.227.58 - - [30/Jul/2026:11:55:43 +0000] "GET /wp-json/oembed/1.0/embed?format=xml&url=https%3A%2F%2Fmoonbloomwalls.com%2F2026%2F02%2F13%2Fcasino-infinity-une-plateforme-qui-sadapte-aux-tendances%2F HTTP/1.1" 200 3046 "https://moonbloomwalls.com/2026/02/13/casino-infinity-une-plateforme-qui-sadapte-aux-tendances/" "Mozilla/5.0 AppleWebKit/537.36 (KHTML, like Gecko; compatible; GPTBot/1.4; +https://openai.com/gptbot)"
74.7.227.58 - - [30/Jul/2026:11:55:43 +0000] "GET /wp-json/oembed/1.0/embed?format=xml&url=https%3A%2F%2Fmoonbloomwalls.com%2F2026%2F02%2F16%2Flengagement-de-talismania-casino-envers-ses-joueurs%2F HTTP/1.1" 200 3021 "https://moonbloomwalls.com/2026/02/16/lengagement-de-talismania-casino-envers-ses-joueurs/" "Mozilla/5.0 AppleWebKit/537.36 (KHTML, like Gecko; compatible; GPTBot/1.4; +https://openai.com/gptbot)"
74.7.227.58 - - [30/Jul/2026:11:55:44 +0000] "GET /wp-json/oembed/1.0/embed?format=xml&url=https%3A%2F%2Fmoonbloomwalls.com%2F2026%2F02%2F25%2Fmanaging-your-funds-tips-for-monsterwin-casino-players%2F HTTP/1.1" 200 3015 "https://moonbloomwalls.com/2026/02/25/managing-your-funds-tips-for-monsterwin-casino-players/" "Mozilla/5.0 AppleWebKit/537.36 (KHTML, like Gecko; compatible; GPTBot/1.4; +https://openai.com/gptbot)"
74.7.227.58 - - [30/Jul/2026:11:55:44 +0000] "GET /wp-json/oembed/1.0/embed?format=xml&url=https%3A%2F%2Fmoonbloomwalls.com%2F2026%2F07%2F29%2Fdie-besten-zahlungsmethoden-fur-sportwetten-ohne-oasis%2F HTTP/1.1" 200 3027 "https://moonbloomwalls.com/2026/07/29/die-besten-zahlungsmethoden-fur-sportwetten-ohne-oasis/" "Mozilla/5.0 AppleWebKit/537.36 (KHTML, like Gecko; compatible; GPTBot/1.4; +https://openai.com/gptbot)"
74.7.227.58 - - [30/Jul/2026:11:55:45 +0000] "GET /wp-json/oembed/1.0/embed?format=xml&url=https%3A%2F%2Fmoonbloomwalls.com%2F2026%2F04%2F29%2Froospin-casino-bonuses-how-to-make-the-most-of-them%2F HTTP/1.1" 200 3000 "https://moonbloomwalls.com/2026/04/29/roospin-casino-bonuses-how-to-make-the-most-of-them/" "Mozilla/5.0 AppleWebKit/537.36 (KHTML, like Gecko; compatible; GPTBot/1.4; +https://openai.com/gptbot)"
74.7.227.58 - - [30/Jul/2026:11:55:45 +0000] "GET /wp-json/oembed/1.0/embed?format=xml&url=https%3A%2F%2Fmoonbloomwalls.com%2F2026%2F04%2F08%2Fis-lizaro-casino-safe-to-play-heres-what-we-found%2F HTTP/1.1" 200 3014 "https://moonbloomwalls.com/2026/04/08/is-lizaro-casino-safe-to-play-heres-what-we-found/" "Mozilla/5.0 AppleWebKit/537.36 (KHTML, like Gecko; compatible; GPTBot/1.4; +https://openai.com/gptbot)"
74.7.227.58 - - [30/Jul/2026:11:55:46 +0000] "GET /wp-json/oembed/1.0/embed?format=xml&url=https%3A%2F%2Fmoonbloomwalls.com%2F2026%2F04%2F23%2Fhow-safe-is-your-data-at-orozino-casino%2F HTTP/1.1" 200 2940 "https://moonbloomwalls.com/2026/04/23/how-safe-is-your-data-at-orozino-casino/" "Mozilla/5.0 AppleWebKit/537.36 (KHTML, like Gecko; compatible; GPTBot/1.4; +https://openai.com/gptbot)"
74.7.227.58 - - [30/Jul/2026:11:55:46 +0000] "GET /wp-json/oembed/1.0/embed?format=xml&url=https%3A%2F%2Fmoonbloomwalls.com%2F2026%2F01%2F31%2Fhow-to-make-the-most-of-your-time-at-casino-lab%2F HTTP/1.1" 200 2980 "https://moonbloomwalls.com/2026/01/31/how-to-make-the-most-of-your-time-at-casino-lab/" "Mozilla/5.0 AppleWebKit/537.36 (KHTML, like Gecko; compatible; GPTBot/1.4; +https://openai.com/gptbot)"
74.7.227.58 - - [30/Jul/2026:11:55:47 +0000] "GET /wp-json/oembed/1.0/embed?format=xml&url=https%3A%2F%2Fmoonbloomwalls.com%2F2026%2F03%2F10%2Fhow-does-fat-pirate-casino-rank-among-competitors%2F HTTP/1.1" 200 2990 "https://moonbloomwalls.com/2026/03/10/how-does-fat-pirate-casino-rank-among-competitors/" "Mozilla/5.0 AppleWebKit/537.36 (KHTML, like Gecko; compatible; GPTBot/1.4; +https://openai.com/gptbot)"
74.7.227.58 - - [30/Jul/2026:11:55:47 +0000] "GET /wp-json/oembed/1.0/embed?format=xml&url=https%3A%2F%2Fmoonbloomwalls.com%2F2026%2F07%2F29%2Fcasino-non-aams-regulations-what-you-need-to-know%2F HTTP/1.1" 200 2990 "https://moonbloomwalls.com/2026/07/29/casino-non-aams-regulations-what-you-need-to-know/" "Mozilla/5.0 AppleWebKit/537.36 (KHTML, like Gecko; compatible; GPTBot/1.4; +https://openai.com/gptbot)"
74.7.227.58 - - [30/Jul/2026:11:55:48 +0000] "GET /wp-json/oembed/1.0/embed?format=xml&url=https%3A%2F%2Fmoonbloomwalls.com%2F2026%2F02%2F13%2Fhow-do-slots-at-casiny-casino-compare-with-others%2F HTTP/1.1" 200 2990 "https://moonbloomwalls.com/2026/02/13/how-do-slots-at-casiny-casino-compare-with-others/" "Mozilla/5.0 AppleWebKit/537.36 (KHTML, like Gecko; compatible; GPTBot/1.4; +https://openai.com/gptbot)"
74.7.227.58 - - [30/Jul/2026:11:55:48 +0000] "GET /wp-json/oembed/1.0/embed?format=xml&url=https%3A%2F%2Fmoonbloomwalls.com%2F2026%2F04%2F13%2Fwhat-security-features-does-goldex-casino-provide%2F HTTP/1.1" 200 2990 "https://moonbloomwalls.com/2026/04/13/what-security-features-does-goldex-casino-provide/" "Mozilla/5.0 AppleWebKit/537.36 (KHTML, like Gecko; compatible; GPTBot/1.4; +https://openai.com/gptbot)"
74.7.227.58 - - [30/Jul/2026:11:55:49 +0000] "GET /wp-json/oembed/1.0/embed?format=xml&url=https%3A%2F%2Fmoonbloomwalls.com%2F2026%2F02%2F05%2Fchoosing-the-right-game-for-your-50-crowns-casino-experience%2F HTTP/1.1" 200 3042 "https://moonbloomwalls.com/2026/02/05/choosing-the-right-game-for-your-50-crowns-casino-experience/" "Mozilla/5.0 AppleWebKit/537.36 (KHTML, like Gecko; compatible; GPTBot/1.4; +https://openai.com/gptbot)"
74.7.227.58 - - [30/Jul/2026:11:55:49 +0000] "GET /wp-json/oembed/1.0/embed?format=xml&url=https%3A%2F%2Fmoonbloomwalls.com%2F2026%2F04%2F21%2Fcan-you-count-on-fair-gameplay-at-redspin-casino%2F HTTP/1.1" 200 2985 "https://moonbloomwalls.com/2026/04/21/can-you-count-on-fair-gameplay-at-redspin-casino/" "Mozilla/5.0 AppleWebKit/537.36 (KHTML, like Gecko; compatible; GPTBot/1.4; +https://openai.com/gptbot)"
74.7.227.58 - - [30/Jul/2026:11:55:50 +0000] "GET /wp-json/oembed/1.0/embed?format=xml&url=https%3A%2F%2Fmoonbloomwalls.com%2F2026%2F04%2F22%2Fthe-world-of-slotozen-a-players-paradise-awaits%2F HTTP/1.1" 200 3004 "https://moonbloomwalls.com/2026/04/22/the-world-of-slotozen-a-players-paradise-awaits/" "Mozilla/5.0 AppleWebKit/537.36 (KHTML, like Gecko; compatible; GPTBot/1.4; +https://openai.com/gptbot)"
74.7.227.58 - - [30/Jul/2026:11:55:51 +0000] "GET /wp-json/oembed/1.0/embed?format=xml&url=https%3A%2F%2Fmoonbloomwalls.com%2F2026%2F02%2F27%2Fcasino-mates-bonuses-unlocking-the-best-rewards%2F HTTP/1.1" 200 3004 "https://moonbloomwalls.com/2026/02/27/casino-mates-bonuses-unlocking-the-best-rewards/" "Mozilla/5.0 AppleWebKit/537.36 (KHTML, like Gecko; compatible; GPTBot/1.4; +https://openai.com/gptbot)"
74.7.227.58 - - [30/Jul/2026:11:55:51 +0000] "GET /wp-json/oembed/1.0/embed?format=xml&url=https%3A%2F%2Fmoonbloomwalls.com%2F2026%2F01%2F29%2Fcomment-sinscrire-aisement-sur-bet-on-red-casino%2F HTTP/1.1" 200 3027 "https://moonbloomwalls.com/2026/01/29/comment-sinscrire-aisement-sur-bet-on-red-casino/" "Mozilla/5.0 AppleWebKit/537.36 (KHTML, like Gecko; compatible; GPTBot/1.4; +https://openai.com/gptbot)"
74.7.227.58 - - [30/Jul/2026:11:55:52 +0000] "GET /wp-json/oembed/1.0/embed?format=xml&url=https%3A%2F%2Fmoonbloomwalls.com%2F2026%2F07%2F29%2Fcasino-sicuri-non-aams-what-players-need-to-know%2F HTTP/1.1" 200 2985 "https://moonbloomwalls.com/2026/07/29/casino-sicuri-non-aams-what-players-need-to-know/" "Mozilla/5.0 AppleWebKit/537.36 (KHTML, like Gecko; compatible; GPTBot/1.4; +https://openai.com/gptbot)"
74.7.227.58 - - [30/Jul/2026:11:55:52 +0000] "GET /wp-json/oembed/1.0/embed?format=xml&url=https%3A%2F%2Fmoonbloomwalls.com%2F2023%2F08%2F09%2Fvavada-vkhod-v-sistemu-i-dostup-k-igram-onlain%2F HTTP/1.1" 200 3635 "https://moonbloomwalls.com/2023/08/09/vavada-vkhod-v-sistemu-i-dostup-k-igram-onlain/" "Mozilla/5.0 AppleWebKit/537.36 (KHTML, like Gecko; compatible; GPTBot/1.4; +https://openai.com/gptbot)"
74.7.227.58 - - [30/Jul/2026:11:55:53 +0000] "GET /wp-json/oembed/1.0/embed?format=xml&url=https%3A%2F%2Fmoonbloomwalls.com%2F2026%2F02%2F10%2Fmidarion-casino-face-aux-concurrents-que-vaut-il-vraiment%2F HTTP/1.1" 200 3039 "https://moonbloomwalls.com/2026/02/10/midarion-casino-face-aux-concurrents-que-vaut-il-vraiment/" "Mozilla/5.0 AppleWebKit/537.36 (KHTML, like Gecko; compatible; GPTBot/1.4; +https://openai.com/gptbot)"
74.7.227.58 - - [30/Jul/2026:11:55:53 +0000] "GET /wp-json/oembed/1.0/embed?format=xml&url=https%3A%2F%2Fmoonbloomwalls.com%2F2023%2F08%2F18%2Fvavada-bonusi-za-vsichki-igrachi-prez-godinata%2F HTTP/1.1" 200 3542 "https://moonbloomwalls.com/2023/08/18/vavada-bonusi-za-vsichki-igrachi-prez-godinata/" "Mozilla/5.0 AppleWebKit/537.36 (KHTML, like Gecko; compatible; GPTBot/1.4; +https://openai.com/gptbot)"
74.7.227.58 - - [30/Jul/2026:11:55:54 +0000] "GET /wp-json/oembed/1.0/embed?format=xml&url=https%3A%2F%2Fmoonbloomwalls.com%2F2026%2F04%2F10%2Fmr-pacho-casino-bonuses-maximizing-your-rewards%2F HTTP/1.1" 200 2980 "https://moonbloomwalls.com/2026/04/10/mr-pacho-casino-bonuses-maximizing-your-rewards/" "Mozilla/5.0 AppleWebKit/537.36 (KHTML, like Gecko; compatible; GPTBot/1.4; +https://openai.com/gptbot)"
74.7.227.58 - - [30/Jul/2026:11:55:54 +0000] "GET /wp-json/oembed/1.0/embed?format=xml&url=https%3A%2F%2Fmoonbloomwalls.com%2F2026%2F07%2F29%2Fodpovedne-herni-praktiky-na-blazebet-pro-bezpecne-sazeni-2%2F HTTP/1.1" 200 3137 "https://moonbloomwalls.com/2026/07/29/odpovedne-herni-praktiky-na-blazebet-pro-bezpecne-sazeni-2/" "Mozilla/5.0 AppleWebKit/537.36 (KHTML, like Gecko; compatible; GPTBot/1.4; +https://openai.com/gptbot)"
74.7.227.58 - - [30/Jul/2026:11:55:55 +0000] "GET /wp-json/oembed/1.0/embed?format=xml&url=https%3A%2F%2Fmoonbloomwalls.com%2F2026%2F07%2F30%2F4rabet-overview-of-the-online-casino-platform-for-players-in-india%2F HTTP/1.1" 200 3099 "https://moonbloomwalls.com/2026/07/30/4rabet-overview-of-the-online-casino-platform-for-players-in-india/" "Mozilla/5.0 AppleWebKit/537.36 (KHTML, like Gecko; compatible; GPTBot/1.4; +https://openai.com/gptbot)"
74.7.227.58 - - [30/Jul/2026:11:55:55 +0000] "GET /wp-json/oembed/1.0/embed?format=xml&url=https%3A%2F%2Fmoonbloomwalls.com%2F2026%2F02%2F16%2Fthe-evolution-of-kangaroo-88-casino-in-the-igaming-scene%2F HTTP/1.1" 200 3022 "https://moonbloomwalls.com/2026/02/16/the-evolution-of-kangaroo-88-casino-in-the-igaming-scene/" "Mozilla/5.0 AppleWebKit/537.36 (KHTML, like Gecko; compatible; GPTBot/1.4; +https://openai.com/gptbot)"
74.7.227.58 - - [30/Jul/2026:11:55:56 +0000] "GET /wp-json/oembed/1.0/embed?format=xml&url=https%3A%2F%2Fmoonbloomwalls.com%2F2026%2F07%2F29%2Fdostepnosc-bonusow-i-promocji-w-mostbet-2026-pelne-zestawienie%2F HTTP/1.1" 200 3166 "https://moonbloomwalls.com/2026/07/29/dostepnosc-bonusow-i-promocji-w-mostbet-2026-pelne-zestawienie/" "Mozilla/5.0 AppleWebKit/537.36 (KHTML, like Gecko; compatible; GPTBot/1.4; +https://openai.com/gptbot)"
74.7.227.58 - - [30/Jul/2026:11:55:56 +0000] "GET /wp-json/oembed/1.0/embed?format=xml&url=https%3A%2F%2Fmoonbloomwalls.com%2F2026%2F07%2F30%2F4rbet-alternative-name-for-the-popular-online-casino-platform%2F HTTP/1.1" 200 3074 "https://moonbloomwalls.com/2026/07/30/4rbet-alternative-name-for-the-popular-online-casino-platform/" "Mozilla/5.0 AppleWebKit/537.36 (KHTML, like Gecko; compatible; GPTBot/1.4; +https://openai.com/gptbot)"
74.7.227.58 - - [30/Jul/2026:11:55:57 +0000] "GET /wp-json/oembed/1.0/embed?url=https%3A%2F%2Fmoonbloomwalls.com%2F2026%2F07%2F29%2Fbetify-casino-en-ligne-jouez-sur-betify-avec-1000-eu%2F HTTP/1.1" 200 2874 "https://moonbloomwalls.com/2026/07/29/betify-casino-en-ligne-jouez-sur-betify-avec-1000-eu/" "Mozilla/5.0 AppleWebKit/537.36 (KHTML, like Gecko; compatible; GPTBot/1.4; +https://openai.com/gptbot)"
74.7.227.58 - - [30/Jul/2026:11:55:57 +0000] "GET /wp-json/oembed/1.0/embed?format=xml&url=https%3A%2F%2Fmoonbloomwalls.com%2F2026%2F07%2F30%2Fmostbet-w-polsce-rejestracja-konta%2F HTTP/1.1" 200 2939 "https://moonbloomwalls.com/2026/07/30/mostbet-w-polsce-rejestracja-konta/" "Mozilla/5.0 AppleWebKit/537.36 (KHTML, like Gecko; compatible; GPTBot/1.4; +https://openai.com/gptbot)"
74.7.227.58 - - [30/Jul/2026:11:55:58 +0000] "GET /wp-json/oembed/1.0/embed?format=xml&url=https%3A%2F%2Fmoonbloomwalls.com%2F2026%2F07%2F30%2Fvodka-onlayn-kazino-sposoby-oplaty%2F HTTP/1.1" 200 3389 "https://moonbloomwalls.com/2026/07/30/vodka-onlayn-kazino-sposoby-oplaty/" "Mozilla/5.0 AppleWebKit/537.36 (KHTML, like Gecko; compatible; GPTBot/1.4; +https://openai.com/gptbot)"
74.7.227.58 - - [30/Jul/2026:11:55:59 +0000] "GET /wp-json/oembed/1.0/embed?format=xml&url=https%3A%2F%2Fmoonbloomwalls.com%2F2026%2F07%2F29%2Fmostbet-mutmadi-kampaniyalari-hangi-gunlrd-bonuslar-hmiyytlidir-2%2F HTTP/1.1" 200 3241 "https://moonbloomwalls.com/2026/07/29/mostbet-mutmadi-kampaniyalari-hangi-gunlrd-bonuslar-hmiyytlidir-2/" "Mozilla/5.0 AppleWebKit/537.36 (KHTML, like Gecko; compatible; GPTBot/1.4; +https://openai.com/gptbot)"
74.7.227.58 - - [30/Jul/2026:11:55:59 +0000] "GET /wp-json/oembed/1.0/embed?format=xml&url=https%3A%2F%2Fmoonbloomwalls.com%2F2026%2F07%2F29%2Finchiesta-sui-casino-italiani-non-aams-qual-e-la-verita%2F HTTP/1.1" 200 3053 "https://moonbloomwalls.com/2026/07/29/inchiesta-sui-casino-italiani-non-aams-qual-e-la-verita/" "Mozilla/5.0 AppleWebKit/537.36 (KHTML, like Gecko; compatible; GPTBot/1.4; +https://openai.com/gptbot)"
74.7.227.58 - - [30/Jul/2026:11:56:00 +0000] "GET /wp-json/oembed/1.0/embed?format=xml&url=https%3A%2F%2Fmoonbloomwalls.com%2F2026%2F07%2F29%2Fjakie-sa-opcje-kontaktu-z-mostbet%2F HTTP/1.1" 200 3021 "https://moonbloomwalls.com/2026/07/29/jakie-sa-opcje-kontaktu-z-mostbet/" "Mozilla/5.0 AppleWebKit/537.36 (KHTML, like Gecko; compatible; GPTBot/1.4; +https://openai.com/gptbot)"
74.7.227.58 - - [30/Jul/2026:11:56:00 +0000] "GET /wp-json/oembed/1.0/embed?format=xml&url=https%3A%2F%2Fmoonbloomwalls.com%2F2024%2F01%2F20%2Fvavada-kazino-ofitsial-nyi-sait%2F HTTP/1.1" 200 3272 "https://moonbloomwalls.com/2024/01/20/vavada-kazino-ofitsial-nyi-sait/" "Mozilla/5.0 AppleWebKit/537.36 (KHTML, like Gecko; compatible; GPTBot/1.4; +https://openai.com/gptbot)"
74.7.227.58 - - [30/Jul/2026:11:56:01 +0000] "GET /wp-json/oembed/1.0/embed?format=xml&url=https%3A%2F%2Fmoonbloomwalls.com%2F2026%2F02%2F15%2Fjoin-fortunica-casino-today-an-invitation-to-players%2F HTTP/1.1" 200 3005 "https://moonbloomwalls.com/2026/02/15/join-fortunica-casino-today-an-invitation-to-players/" "Mozilla/5.0 AppleWebKit/537.36 (KHTML, like Gecko; compatible; GPTBot/1.4; +https://openai.com/gptbot)"
74.7.227.58 - - [30/Jul/2026:11:56:01 +0000] "GET /wp-json/oembed/1.0/embed?format=xml&url=https%3A%2F%2Fmoonbloomwalls.com%2F2026%2F07%2F30%2Fgrandpashabet-canli-casino-bahis%2F HTTP/1.1" 200 2956 "https://moonbloomwalls.com/2026/07/30/grandpashabet-canli-casino-bahis/" "Mozilla/5.0 AppleWebKit/537.36 (KHTML, like Gecko; compatible; GPTBot/1.4; +https://openai.com/gptbot)"
74.7.227.58 - - [30/Jul/2026:11:56:02 +0000] "GET /wp-json/oembed/1.0/embed?format=xml&url=https%3A%2F%2Fmoonbloomwalls.com%2F2026%2F03%2F09%2Fwhat-can-you-find-in-fafabet9-casinos-lobby%2F HTTP/1.1" 200 2984 "https://moonbloomwalls.com/2026/03/09/what-can-you-find-in-fafabet9-casinos-lobby/" "Mozilla/5.0 AppleWebKit/537.36 (KHTML, like Gecko; compatible; GPTBot/1.4; +https://openai.com/gptbot)"
74.7.227.58 - - [30/Jul/2026:11:56:02 +0000] "GET /wp-json/oembed/1.0/embed?format=xml&url=https%3A%2F%2Fmoonbloomwalls.com%2F2026%2F04%2F17%2Fwhat-makes-spinmama-casino-stand-out-in-2023%2F HTTP/1.1" 200 2965 "https://moonbloomwalls.com/2026/04/17/what-makes-spinmama-casino-stand-out-in-2023/" "Mozilla/5.0 AppleWebKit/537.36 (KHTML, like Gecko; compatible; GPTBot/1.4; +https://openai.com/gptbot)"
74.7.227.58 - - [30/Jul/2026:11:56:03 +0000] "GET /wp-json/oembed/1.0/embed?format=xml&url=https%3A%2F%2Fmoonbloomwalls.com%2F2024%2F07%2F26%2Fnowosci-vavada-kasyno-dla-graczy-w-2026-roku%2F HTTP/1.1" 200 2980 "https://moonbloomwalls.com/2024/07/26/nowosci-vavada-kasyno-dla-graczy-w-2026-roku/" "Mozilla/5.0 AppleWebKit/537.36 (KHTML, like Gecko; compatible; GPTBot/1.4; +https://openai.com/gptbot)"
85.155.190.233 - - [30/Jul/2026:11:56:03 +0000] "POST /wp-cron.php?doing_wp_cron=1785412563.2153840065002441406250 HTTP/1.1" 200 31 "-" "WordPress/7.0; https://moonbloomwalls.com"
74.7.227.58 - - [30/Jul/2026:11:56:03 +0000] "GET /wp-json/oembed/1.0/embed?format=xml&url=https%3A%2F%2Fmoonbloomwalls.com%2F2024%2F06%2F09%2Fvavada-besplatne-vrtnje-2026-vodic-za-igrace%2F HTTP/1.1" 200 2998 "https://moonbloomwalls.com/2024/06/09/vavada-besplatne-vrtnje-2026-vodic-za-igrace/" "Mozilla/5.0 AppleWebKit/537.36 (KHTML, like Gecko; compatible; GPTBot/1.4; +https://openai.com/gptbot)"
74.7.227.58 - - [30/Jul/2026:11:56:04 +0000] "GET /wp-json/oembed/1.0/embed?format=xml&url=https%3A%2F%2Fmoonbloomwalls.com%2F2026%2F07%2F30%2Fmostbet-w-polsce-oferty-bonusowe%2F HTTP/1.1" 200 2929 "https://moonbloomwalls.com/2026/07/30/mostbet-w-polsce-oferty-bonusowe/" "Mozilla/5.0 AppleWebKit/537.36 (KHTML, like Gecko; compatible; GPTBot/1.4; +https://openai.com/gptbot)"
74.7.227.58 - - [30/Jul/2026:11:56:04 +0000] "GET /wp-json/oembed/1.0/embed?format=xml&url=https%3A%2F%2Fmoonbloomwalls.com%2F2023%2F09%2F21%2Fonline-casino-trends-and-insights-for-2026%2F HTTP/1.1" 200 2952 "https://moonbloomwalls.com/2023/09/21/online-casino-trends-and-insights-for-2026/" "Mozilla/5.0 AppleWebKit/537.36 (KHTML, like Gecko; compatible; GPTBot/1.4; +https://openai.com/gptbot)"
74.7.227.58 - - [30/Jul/2026:11:56:05 +0000] "GET /wp-json/oembed/1.0/embed?format=xml&url=https%3A%2F%2Fmoonbloomwalls.com%2F2026%2F07%2F29%2Frole-rng-v-hernim-zazitku-vavada%2F HTTP/1.1" 200 2950 "https://moonbloomwalls.com/2026/07/29/role-rng-v-hernim-zazitku-vavada/" "Mozilla/5.0 AppleWebKit/537.36 (KHTML, like Gecko; compatible; GPTBot/1.4; +https://openai.com/gptbot)"
74.7.227.58 - - [30/Jul/2026:11:56:05 +0000] "GET /wp-json/oembed/1.0/embed?format=xml&url=https%3A%2F%2Fmoonbloomwalls.com%2F2026%2F04%2F20%2Fplayer-experience-at-slotastic-what-to-expect%2F HTTP/1.1" 200 2970 "https://moonbloomwalls.com/2026/04/20/player-experience-at-slotastic-what-to-expect/" "Mozilla/5.0 AppleWebKit/537.36 (KHTML, like Gecko; compatible; GPTBot/1.4; +https://openai.com/gptbot)"
74.7.227.58 - - [30/Jul/2026:11:56:06 +0000] "GET /wp-json/oembed/1.0/embed?format=xml&url=https%3A%2F%2Fmoonbloomwalls.com%2F2026%2F03%2F13%2Fjulius-casino-fiabilite-dans-lunivers-igaming%2F HTTP/1.1" 200 3012 "https://moonbloomwalls.com/2026/03/13/julius-casino-fiabilite-dans-lunivers-igaming/" "Mozilla/5.0 AppleWebKit/537.36 (KHTML, like Gecko; compatible; GPTBot/1.4; +https://openai.com/gptbot)"
74.7.227.58 - - [30/Jul/2026:11:56:06 +0000] "GET /wp-json/oembed/1.0/embed?format=xml&url=https%3A%2F%2Fmoonbloomwalls.com%2F2026%2F07%2F30%2Fcasibom-casino-resmi-giris%2F HTTP/1.1" 200 2890 "https://moonbloomwalls.com/2026/07/30/casibom-casino-resmi-giris/" "Mozilla/5.0 AppleWebKit/537.36 (KHTML, like Gecko; compatible; GPTBot/1.4; +https://openai.com/gptbot)"
74.7.227.58 - - [30/Jul/2026:11:56:07 +0000] "GET /wp-json/oembed/1.0/embed?format=xml&url=https%3A%2F%2Fmoonbloomwalls.com%2F2026%2F02%2F25%2Famon-casino-un-casino-fiable-avec-des-jeux-varies%2F HTTP/1.1" 200 3008 "https://moonbloomwalls.com/2026/02/25/amon-casino-un-casino-fiable-avec-des-jeux-varies/" "Mozilla/5.0 AppleWebKit/537.36 (KHTML, like Gecko; compatible; GPTBot/1.4; +https://openai.com/gptbot)"
74.7.227.58 - - [30/Jul/2026:11:56:07 +0000] "GET /wp-json/oembed/1.0/embed?format=xml&url=https%3A%2F%2Fmoonbloomwalls.com%2F2023%2F12%2F26%2Fvavada-kasiino-2026-mangud-ja-boonuste-ulevaade%2F HTTP/1.1" 200 3007 "https://moonbloomwalls.com/2023/12/26/vavada-kasiino-2026-mangud-ja-boonuste-ulevaade/" "Mozilla/5.0 AppleWebKit/537.36 (KHTML, like Gecko; compatible; GPTBot/1.4; +https://openai.com/gptbot)"
74.7.227.58 - - [30/Jul/2026:11:56:08 +0000] "GET /wp-json/oembed/1.0/embed?format=xml&url=https%3A%2F%2Fmoonbloomwalls.com%2F2026%2F04%2F23%2Fplanet-7-casino-la-fusion-entre-technologie-et-jeu%2F HTTP/1.1" 200 2998 "https://moonbloomwalls.com/2026/04/23/planet-7-casino-la-fusion-entre-technologie-et-jeu/" "Mozilla/5.0 AppleWebKit/537.36 (KHTML, like Gecko; compatible; GPTBot/1.4; +https://openai.com/gptbot)"
43.157.52.37 - - [30/Jul/2026:11:56:08 +0000] "GET /2026/07/29/mostbet-mutmadi-kampaniyalari-hangi-gunlrd-bonuslar-hmiyytlidir/ HTTP/1.1" 200 27133 "-" "Mozilla/5.0 (iPhone; CPU iPhone OS 13_2_3 like Mac OS X) AppleWebKit/605.1.15 (KHTML, like Gecko) Version/13.0.3 Mobile/15E148 Safari/604.1"
74.7.227.58 - - [30/Jul/2026:11:56:09 +0000] "GET /wp-json/oembed/1.0/embed?format=xml&url=https%3A%2F%2Fmoonbloomwalls.com%2F2026%2F04%2F05%2Fwhy-players-adore-glitch-spin-casinos-user-experience%2F HTTP/1.1" 200 3034 "https://moonbloomwalls.com/2026/04/05/why-players-adore-glitch-spin-casinos-user-experience/" "Mozilla/5.0 AppleWebKit/537.36 (KHTML, like Gecko; compatible; GPTBot/1.4; +https://openai.com/gptbot)"
74.7.227.58 - - [30/Jul/2026:11:56:09 +0000] "GET /wp-json/oembed/1.0/embed?format=xml&url=https%3A%2F%2Fmoonbloomwalls.com%2F2026%2F07%2F30%2Fpinco-casino-turkiye-de-sorumlu-oyun-ilkeleri%2F HTTP/1.1" 200 3030 "https://moonbloomwalls.com/2026/07/30/pinco-casino-turkiye-de-sorumlu-oyun-ilkeleri/" "Mozilla/5.0 AppleWebKit/537.36 (KHTML, like Gecko; compatible; GPTBot/1.4; +https://openai.com/gptbot)"
74.7.227.58 - - [30/Jul/2026:11:56:10 +0000] "GET /wp-json/oembed/1.0/embed?format=xml&url=https%3A%2F%2Fmoonbloomwalls.com%2F2024%2F03%2F10%2Fepik-star-kazino-istoriia-i-budushchee-azarta%2F HTTP/1.1" 200 3612 "https://moonbloomwalls.com/2024/03/10/epik-star-kazino-istoriia-i-budushchee-azarta/" "Mozilla/5.0 AppleWebKit/537.36 (KHTML, like Gecko; compatible; GPTBot/1.4; +https://openai.com/gptbot)"
74.7.227.58 - - [30/Jul/2026:11:56:10 +0000] "GET /wp-json/oembed/1.0/embed?format=xml&url=https%3A%2F%2Fmoonbloomwalls.com%2F2026%2F07%2F29%2Fmostbet-az-bukmeker-ve-kazino-mostbet-giris-r-smi-sayt%2F HTTP/1.1" 200 3102 "https://moonbloomwalls.com/2026/07/29/mostbet-az-bukmeker-ve-kazino-mostbet-giris-r-smi-sayt/" "Mozilla/5.0 AppleWebKit/537.36 (KHTML, like Gecko; compatible; GPTBot/1.4; +https://openai.com/gptbot)"
74.7.227.58 - - [30/Jul/2026:11:56:11 +0000] "GET /wp-json/oembed/1.0/embed?format=xml&url=https%3A%2F%2Fmoonbloomwalls.com%2F2026%2F07%2F29%2Faviator-oyna-v-qazan-rsmi-sayti-aviator-azerbaycan%2F HTTP/1.1" 200 3085 "https://moonbloomwalls.com/2026/07/29/aviator-oyna-v-qazan-rsmi-sayti-aviator-azerbaycan/" "Mozilla/5.0 AppleWebKit/537.36 (KHTML, like Gecko; compatible; GPTBot/1.4; +https://openai.com/gptbot)"
74.7.227.58 - - [30/Jul/2026:11:56:11 +0000] "GET /wp-json/oembed/1.0/embed?format=xml&url=https%3A%2F%2Fmoonbloomwalls.com%2F2026%2F02%2F02%2Fpop-molly-casino-bonuses-whats-on-offer-this-season%2F HTTP/1.1" 200 3027 "https://moonbloomwalls.com/2026/02/02/pop-molly-casino-bonuses-whats-on-offer-this-season/" "Mozilla/5.0 AppleWebKit/537.36 (KHTML, like Gecko; compatible; GPTBot/1.4; +https://openai.com/gptbot)"
74.7.227.58 - - [30/Jul/2026:11:56:12 +0000] "GET /wp-json/oembed/1.0/embed?format=xml&url=https%3A%2F%2Fmoonbloomwalls.com%2F2026%2F02%2F22%2Fwhat-makes-casino-mate-stand-out-among-online-casinos%2F HTTP/1.1" 200 3010 "https://moonbloomwalls.com/2026/02/22/what-makes-casino-mate-stand-out-among-online-casinos/" "Mozilla/5.0 AppleWebKit/537.36 (KHTML, like Gecko; compatible; GPTBot/1.4; +https://openai.com/gptbot)"
74.7.227.58 - - [30/Jul/2026:11:56:12 +0000] "GET /wp-json/oembed/1.0/embed?format=xml&url=https%3A%2F%2Fmoonbloomwalls.com%2F2026%2F04%2F09%2Fcasino-peaches-et-linnovation-dans-le-jeu-en-ligne%2F HTTP/1.1" 200 3016 "https://moonbloomwalls.com/2026/04/09/casino-peaches-et-linnovation-dans-le-jeu-en-ligne/" "Mozilla/5.0 AppleWebKit/537.36 (KHTML, like Gecko; compatible; GPTBot/1.4; +https://openai.com/gptbot)"
74.7.227.58 - - [30/Jul/2026:11:56:13 +0000] "GET /wp-json/oembed/1.0/embed?format=xml&url=https%3A%2F%2Fmoonbloomwalls.com%2F2026%2F04%2F28%2Fslotsvil-casino-un-guide-des-bonus-sans-depot%2F HTTP/1.1" 200 3003 "https://moonbloomwalls.com/2026/04/28/slotsvil-casino-un-guide-des-bonus-sans-depot/" "Mozilla/5.0 AppleWebKit/537.36 (KHTML, like Gecko; compatible; GPTBot/1.4; +https://openai.com/gptbot)"
74.7.227.58 - - [30/Jul/2026:11:56:13 +0000] "GET /wp-json/oembed/1.0/embed?format=xml&url=https%3A%2F%2Fmoonbloomwalls.com%2F2026%2F04%2F18%2Fdecouvrez-captain-jack-casino-en-toute-confiance%2F HTTP/1.1" 200 2997 "https://moonbloomwalls.com/2026/04/18/decouvrez-captain-jack-casino-en-toute-confiance/" "Mozilla/5.0 AppleWebKit/537.36 (KHTML, like Gecko; compatible; GPTBot/1.4; +https://openai.com/gptbot)"
74.7.227.58 - - [30/Jul/2026:11:56:14 +0000] "GET /wp-json/oembed/1.0/embed?format=xml&url=https%3A%2F%2Fmoonbloomwalls.com%2F2026%2F02%2F25%2Fcomprehensive-insights-into-slot-mafia-casinos-profile%2F HTTP/1.1" 200 3036 "https://moonbloomwalls.com/2026/02/25/comprehensive-insights-into-slot-mafia-casinos-profile/" "Mozilla/5.0 AppleWebKit/537.36 (KHTML, like Gecko; compatible; GPTBot/1.4; +https://openai.com/gptbot)"
74.7.227.58 - - [30/Jul/2026:11:56:14 +0000] "GET /wp-json/oembed/1.0/embed?format=xml&url=https%3A%2F%2Fmoonbloomwalls.com%2F2026%2F07%2F29%2Fbetify-casino-en-ligne-jouez-sur-betify-avec-1000-eu%2F HTTP/1.1" 200 3026 "https://moonbloomwalls.com/2026/07/29/betify-casino-en-ligne-jouez-sur-betify-avec-1000-eu/" "Mozilla/5.0 AppleWebKit/537.36 (KHTML, like Gecko; compatible; GPTBot/1.4; +https://openai.com/gptbot)"
74.7.227.58 - - [30/Jul/2026:11:56:15 +0000] "GET /wp-json/oembed/1.0/embed?format=xml&url=https%3A%2F%2Fmoonbloomwalls.com%2F2026%2F04%2F23%2Fplayer-feedback-trust-and-credibility-of-powerup-casino%2F HTTP/1.1" 200 3020 "https://moonbloomwalls.com/2026/04/23/player-feedback-trust-and-credibility-of-powerup-casino/" "Mozilla/5.0 AppleWebKit/537.36 (KHTML, like Gecko; compatible; GPTBot/1.4; +https://openai.com/gptbot)"
74.7.227.58 - - [30/Jul/2026:11:56:15 +0000] "GET /wp-json/oembed/1.0/embed?format=xml&url=https%3A%2F%2Fmoonbloomwalls.com%2F2026%2F07%2F29%2Fwpps-1785348254343-215871%2F HTTP/1.1" 200 2822 "https://moonbloomwalls.com/2026/07/29/wpps-1785348254343-215871/" "Mozilla/5.0 AppleWebKit/537.36 (KHTML, like Gecko; compatible; GPTBot/1.4; +https://openai.com/gptbot)"
74.7.227.58 - - [30/Jul/2026:11:56:16 +0000] "GET /wp-json/oembed/1.0/embed?format=xml&url=https%3A%2F%2Fmoonbloomwalls.com%2F2026%2F07%2F29%2Ftest123123%2F HTTP/1.1" 200 2792 "https://moonbloomwalls.com/2026/07/29/test123123/" "Mozilla/5.0 AppleWebKit/537.36 (KHTML, like Gecko; compatible; GPTBot/1.4; +https://openai.com/gptbot)"
66.249.64.226 - - [30/Jul/2026:11:56:23 +0000] "GET /2026/04/20/player-experience-at-slotastic-what-to-expect/feed/ HTTP/1.1" 200 1282 "-" "Mozilla/5.0 (Linux; Android 6.0.1; Nexus 5X Build/MMB29P) AppleWebKit/537.36 (KHTML, like Gecko) Chrome/150.0.7871.186 Mobile Safari/537.36 (compatible; GoogleOther)"
66.249.64.226 - - [30/Jul/2026:11:56:25 +0000] "GET /2026/01/31/how-to-make-the-most-of-your-time-at-casino-lab/feed/ HTTP/1.1" 200 1288 "-" "Mozilla/5.0 (Linux; Android 6.0.1; Nexus 5X Build/MMB29P) AppleWebKit/537.36 (KHTML, like Gecko) Chrome/150.0.7871.186 Mobile Safari/537.36 (compatible; GoogleOther)"
43.159.152.187 - - [30/Jul/2026:12:06:04 +0000] "GET /wp-json/oembed/1.0/embed?url=https%3A%2F%2Fmoonbloomwalls.com%2F2026%2F02%2F16%2Flengagement-de-talismania-casino-envers-ses-joueurs%2F HTTP/1.1" 200 2872 "-" "Mozilla/5.0 (iPhone; CPU iPhone OS 13_2_3 like Mac OS X) AppleWebKit/605.1.15 (KHTML, like Gecko) Version/13.0.3 Mobile/15E148 Safari/604.1"
85.155.190.233 - - [30/Jul/2026:12:06:04 +0000] "POST /wp-cron.php?doing_wp_cron=1785413164.1871459484100341796875 HTTP/1.1" 200 31 "-" "WordPress/7.0; https://moonbloomwalls.com"
103.9.105.133 - - [30/Jul/2026:12:07:33 +0000] "POST /xmlrpc.php HTTP/1.1" 403 548 "-" "Mozilla/5.0 (Windows NT 10.0; arm64) AppleWebKit/537.36 (KHTML, like Gecko) Chrome/101.0.0.0 Safari/537.36"
85.155.190.233 - - [30/Jul/2026:12:15:51 +0000] "POST /wp-cron.php?doing_wp_cron=1785413751.3506059646606445312500 HTTP/1.1" 200 31 "-" "WordPress/7.0; https://moonbloomwalls.com"
198.11.177.243 - - [30/Jul/2026:12:15:51 +0000] "GET /2026/03/09/what-can-you-find-in-fafabet9-casinos-lobby/ HTTP/1.1" 200 27062 "-" "Mozilla/5.0 (iPhone; CPU iPhone OS 13_2_3 like Mac OS X) AppleWebKit/605.1.15 (KHTML, like Gecko) Version/13.0.3 Mobile/15E148 Safari/604.1"
85.155.190.233 - - [30/Jul/2026:12:25:40 +0000] "POST /wp-cron.php?doing_wp_cron=1785414340.8529388904571533203125 HTTP/1.1" 200 31 "-" "WordPress/7.0; https://moonbloomwalls.com"
43.163.206.70 - - [30/Jul/2026:12:25:40 +0000] "GET /2026/04/18/decouvrez-captain-jack-casino-en-toute-confiance/ HTTP/1.1" 200 26790 "-" "Mozilla/5.0 (iPhone; CPU iPhone OS 13_2_3 like Mac OS X) AppleWebKit/605.1.15 (KHTML, like Gecko) Version/13.0.3 Mobile/15E148 Safari/604.1"
180.244.132.164 - - [30/Jul/2026:12:25:41 +0000] "GET / HTTP/1.1" 200 37104 "http://moonbloomwalls.com/" "Mozilla/5.0 (iPhone; CPU iPhone OS 17_0 like Mac OS X) AppleWebKit/605.1.15 (KHTML, like Gecko) Version/17.0 Mobile/15E148 Safari/604.1"
180.244.132.164 - - [30/Jul/2026:12:25:43 +0000] "POST /?rest_route=/batch/v1 HTTP/1.1" 400 548 "http://moonbloomwalls.com/?rest_route=/batch/v1" "Mozilla/5.0 (iPhone; CPU iPhone OS 17_0 like Mac OS X) AppleWebKit/605.1.15 (KHTML, like Gecko) Version/17.0 Mobile/15E148 Safari/604.1"
180.244.132.164 - - [30/Jul/2026:12:25:44 +0000] "POST /?rest_route=/batch/v1 HTTP/1.1" 400 548 "https://moonbloomwalls.com/wp-admin/" "Mozilla/5.0 (iPhone; CPU iPhone OS 17_0 like Mac OS X) AppleWebKit/605.1.15 (KHTML, like Gecko) Version/17.0 Mobile/15E148 Safari/604.1"
180.244.132.164 - - [30/Jul/2026:12:25:45 +0000] "POST /?rest_route=/batch/v1 HTTP/1.1" 400 548 "https://moonbloomwalls.com/wp-admin/" "Mozilla/5.0 (Windows NT 10.0; Win64; x64) AppleWebKit/537.36 (KHTML, like Gecko) Chrome/131.0.0.0 Safari/537.36"
180.244.132.164 - - [30/Jul/2026:12:25:47 +0000] "POST /?rest_route=/batch/v1 HTTP/1.1" 400 548 "https://moonbloomwalls.com/wp-admin/edit.php" "Mozilla/5.0 (Windows NT 10.0; Win64; x64; rv:133.0) Gecko/20100101 Firefox/133.0"
180.244.132.164 - - [30/Jul/2026:12:25:48 +0000] "POST /?rest_route=/batch/v1&_ebd=b3b1ad HTTP/1.1" 400 548 "https://moonbloomwalls.com/wp-admin/edit.php" "Mozilla/5.0 (Windows NT 10.0; Win64; x64) AppleWebKit/537.36 (KHTML, like Gecko) Chrome/131.0.0.0 Safari/537.36"
180.244.132.164 - - [30/Jul/2026:12:25:49 +0000] "POST /?rest_route=/batch/v1&_e67=364e71 HTTP/1.1" 400 548 "https://moonbloomwalls.com/wp-admin/edit.php" "Mozilla/5.0 (iPhone; CPU iPhone OS 17_0 like Mac OS X) AppleWebKit/605.1.15 (KHTML, like Gecko) Version/17.0 Mobile/15E148 Safari/604.1"
180.244.132.164 - - [30/Jul/2026:12:25:50 +0000] "POST /?rest_route=/batch/v1&_218=d19f72 HTTP/1.1" 400 548 "https://moonbloomwalls.com/wp-admin/edit.php" "Mozilla/5.0 (Windows NT 10.0; Win64; x64; rv:133.0) Gecko/20100101 Firefox/133.0"
180.244.132.164 - - [30/Jul/2026:12:25:51 +0000] "POST /?rest_route=/batch/v1&_245=90ac65 HTTP/1.1" 400 548 "https://moonbloomwalls.com/wp-admin/edit.php" "Mozilla/5.0 (Macintosh; Intel Mac OS X 10_15_7) AppleWebKit/537.36 (KHTML, like Gecko) Chrome/131.0.0.0 Safari/537.36"
180.244.132.164 - - [30/Jul/2026:12:25:53 +0000] "POST /?rest_route=/batch/v1&_415=cc3621 HTTP/1.1" 400 548 "https://moonbloomwalls.com/wp-admin/edit.php" "Mozilla/5.0 (iPhone; CPU iPhone OS 17_0 like Mac OS X) AppleWebKit/605.1.15 (KHTML, like Gecko) Version/17.0 Mobile/15E148 Safari/604.1"
180.244.132.164 - - [30/Jul/2026:12:25:54 +0000] "POST /?rest_route=/batch/v1&_da3=e9031c HTTP/1.1" 400 548 "https://moonbloomwalls.com/wp-admin/edit.php" "Mozilla/5.0 (Windows NT 10.0; Win64; x64) AppleWebKit/537.36 (KHTML, like Gecko) Chrome/130.0.0.0 Safari/537.36 Edg/130.0.0.0"
180.244.132.164 - - [30/Jul/2026:12:25:55 +0000] "POST /?rest_route=/batch/v1&_aaf=d32c6b HTTP/1.1" 400 548 "https://moonbloomwalls.com/wp-admin/edit.php" "Mozilla/5.0 (iPhone; CPU iPhone OS 17_0 like Mac OS X) AppleWebKit/605.1.15 (KHTML, like Gecko) Version/17.0 Mobile/15E148 Safari/604.1"
85.155.190.233 - - [30/Jul/2026:12:35:16 +0000] "POST /wp-cron.php?doing_wp_cron=1785414916.5855948925018310546875 HTTP/1.1" 200 31 "-" "WordPress/7.0; https://moonbloomwalls.com"
43.164.133.138 - - [30/Jul/2026:12:35:16 +0000] "GET /2026/04/09/casino-peaches-et-linnovation-dans-le-jeu-en-ligne/ HTTP/1.1" 200 26887 "-" "Mozilla/5.0 (iPhone; CPU iPhone OS 13_2_3 like Mac OS X) AppleWebKit/605.1.15 (KHTML, like Gecko) Version/13.0.3 Mobile/15E148 Safari/604.1"
85.155.190.233 - - [30/Jul/2026:12:38:38 +0000] "POST /wp-cron.php?doing_wp_cron=1785415118.2190010547637939453125 HTTP/1.1" 200 31 "-" "WordPress/7.0; https://moonbloomwalls.com"
216.73.216.31 - - [30/Jul/2026:12:38:38 +0000] "GET /robots.txt HTTP/1.1" 200 744 "-" "Mozilla/5.0 AppleWebKit/537.36 (KHTML, like Gecko; compatible; ClaudeBot/1.0; +claudebot@anthropic.com)"
216.73.216.31 - - [30/Jul/2026:12:38:38 +0000] "GET /?p=606 HTTP/1.1" 301 423 "-" "Mozilla/5.0 AppleWebKit/537.36 (KHTML, like Gecko; compatible; ClaudeBot/1.0; +claudebot@anthropic.com)"
216.73.216.31 - - [30/Jul/2026:12:38:38 +0000] "GET /2026/02/13/casino-infinity-une-plateforme-qui-sadapte-aux-tendances/ HTTP/1.1" 200 26866 "https://moonbloomwalls.com/?p=606" "Mozilla/5.0 AppleWebKit/537.36 (KHTML, like Gecko; compatible; ClaudeBot/1.0; +claudebot@anthropic.com)"
85.155.190.233 - - [30/Jul/2026:12:39:37 +0000] "POST /wp-cron.php?doing_wp_cron=1785415177.5944039821624755859375 HTTP/1.1" 200 31 "-" "WordPress/7.0; https://moonbloomwalls.com"
43.173.1.69 - - [30/Jul/2026:12:39:37 +0000] "GET / HTTP/1.1" 301 423 "http://www.moonbloomwalls.com" "Mozilla/5.0 (iPhone; CPU iPhone OS 13_2_3 like Mac OS X) AppleWebKit/605.1.15 (KHTML, like Gecko) Version/13.0.3 Mobile/15E148 Safari/604.1"
43.173.1.69 - - [30/Jul/2026:12:39:39 +0000] "GET / HTTP/1.1" 200 37104 "https://www.moonbloomwalls.com/" "Mozilla/5.0 (iPhone; CPU iPhone OS 13_2_3 like Mac OS X) AppleWebKit/605.1.15 (KHTML, like Gecko) Version/13.0.3 Mobile/15E148 Safari/604.1"
85.155.190.233 - - [30/Jul/2026:12:41:06 +0000] "POST /wp-cron.php?doing_wp_cron=1785415266.1734220981597900390625 HTTP/1.1" 200 31 "-" "WordPress/7.0; https://moonbloomwalls.com"
216.73.216.31 - - [30/Jul/2026:12:41:06 +0000] "GET /wp-sitemap.xml HTTP/1.1" 200 24774 "-" "Mozilla/5.0 AppleWebKit/537.36 (KHTML, like Gecko; compatible; ClaudeBot/1.0; +claudebot@anthropic.com)"
85.155.190.233 - - [30/Jul/2026:12:42:46 +0000] "POST /wp-cron.php?doing_wp_cron=1785415366.2246730327606201171875 HTTP/1.1" 200 31 "-" "WordPress/7.0; https://moonbloomwalls.com"
216.73.216.31 - - [30/Jul/2026:12:42:46 +0000] "GET /2026/02/13/casino-infinity-une-plateforme-qui-sadapte-aux-tendances/feed/ HTTP/1.1" 200 1321 "-" "Mozilla/5.0 AppleWebKit/537.36 (KHTML, like Gecko; compatible; ClaudeBot/1.0; +claudebot@anthropic.com)"
85.155.190.233 - - [30/Jul/2026:12:46:27 +0000] "POST /wp-cron.php?doing_wp_cron=1785415587.4726030826568603515625 HTTP/1.1" 200 31 "-" "WordPress/7.0; https://moonbloomwalls.com"
170.106.181.163 - - [30/Jul/2026:12:46:27 +0000] "GET /2026/02/16/the-evolution-of-kangaroo-88-casino-in-the-igaming-scene/ HTTP/1.1" 200 26651 "-" "Mozilla/5.0 (iPhone; CPU iPhone OS 13_2_3 like Mac OS X) AppleWebKit/605.1.15 (KHTML, like Gecko) Version/13.0.3 Mobile/15E148 Safari/604.1"
85.155.190.233 - - [30/Jul/2026:12:50:52 +0000] "POST /wp-cron.php?doing_wp_cron=1785415852.2777719497680664062500 HTTP/1.1" 200 31 "-" "WordPress/7.0; https://moonbloomwalls.com"
51.68.247.193 - - [30/Jul/2026:12:50:52 +0000] "GET /wp-sitemap.xml HTTP/1.1" 200 24774 "-" "Mozilla/5.0 (compatible; AhrefsBot/7.0; +http://ahrefs.com/robot/)"
85.155.190.233 - - [30/Jul/2026:12:51:44 +0000] "POST /wp-cron.php?doing_wp_cron=1785415904.2916209697723388671875 HTTP/1.1" 200 31 "-" "WordPress/7.0; https://moonbloomwalls.com"
104.23.223.132 - - [30/Jul/2026:12:51:44 +0000] "GET /wp-admin/install.php?step=1 HTTP/1.1" 200 811 "-" "http://moonbloomwalls.com/wp-admin/install.php?step=1"
43.157.38.228 - - [30/Jul/2026:12:55:27 +0000] "GET /wp-json/oembed/1.0/embed?url=https%3A%2F%2Fmoonbloomwalls.com%2F2026%2F07%2F29%2Fmostbet-mutmadi-kampaniyalari-hangi-gunlrd-bonuslar-hmiyytlidir%2F&format=xml HTTP/1.1" 200 3237 "-" "Mozilla/5.0 (iPhone; CPU iPhone OS 13_2_3 like Mac OS X) AppleWebKit/605.1.15 (KHTML, like Gecko) Version/13.0.3 Mobile/15E148 Safari/604.1"
85.155.190.233 - - [30/Jul/2026:12:55:27 +0000] "POST /wp-cron.php?doing_wp_cron=1785416127.5559461116790771484375 HTTP/1.1" 200 31 "-" "WordPress/7.0; https://moonbloomwalls.com"
85.155.190.233 - - [30/Jul/2026:13:05:19 +0000] "POST /wp-cron.php?doing_wp_cron=1785416719.8704171180725097656250 HTTP/1.1" 200 31 "-" "WordPress/7.0; https://moonbloomwalls.com"
101.32.208.70 - - [30/Jul/2026:13:05:19 +0000] "GET / HTTP/1.1" 200 37104 "http://moonbloomwalls.com" "Mozilla/5.0 (iPhone; CPU iPhone OS 13_2_3 like Mac OS X) AppleWebKit/605.1.15 (KHTML, like Gecko) Version/13.0.3 Mobile/15E148 Safari/604.1"
85.155.190.233 - - [30/Jul/2026:13:07:46 +0000] "POST /wp-cron.php?doing_wp_cron=1785416866.4002590179443359375000 HTTP/1.1" 200 31 "-" "WordPress/7.0; https://moonbloomwalls.com"
49.51.50.147 - - [30/Jul/2026:13:07:46 +0000] "GET /faq HTTP/1.1" 301 423 "-" "Mozilla/5.0 (iPhone; CPU iPhone OS 13_2_3 like Mac OS X) AppleWebKit/605.1.15 (KHTML, like Gecko) Version/13.0.3 Mobile/15E148 Safari/604.1"
49.51.50.147 - - [30/Jul/2026:13:07:48 +0000] "GET /faq/ HTTP/1.1" 200 23894 "https://moonbloomwalls.com/faq" "Mozilla/5.0 (iPhone; CPU iPhone OS 13_2_3 like Mac OS X) AppleWebKit/605.1.15 (KHTML, like Gecko) Version/13.0.3 Mobile/15E148 Safari/604.1"
85.155.190.233 - - [30/Jul/2026:13:08:52 +0000] "POST /wp-cron.php?doing_wp_cron=1785416932.1766209602355957031250 HTTP/1.1" 200 31 "-" "WordPress/7.0; https://moonbloomwalls.com"
