130.117.139.143 - wordpress_3481f57911c4 [30/Jul/2026:14:23:46 +0000] "GET /wp-json/wp/v2/posts?context=edit&slug=mostbet-az-bukmeker-ve-kazino-mostbet-giris-r-smi-sayt&per_page=5&_fields=id,link,slug,status,content HTTP/1.1" 200 21726 "-" "Mozilla/5.0 (Windows NT 10.0; Win64; x64; rv:148.0) Gecko/20100101 Firefox/148.0"
130.117.139.143 - wordpress_3481f57911c4 [30/Jul/2026:14:23:47 +0000] "GET /wp-json/wp/v2/posts?context=edit&search=https%3A%2F%2Fsmokingirl.org%2F&per_page=50&_fields=id,link,slug,status,content HTTP/1.1" 200 425 "-" "Mozilla/5.0 (Windows NT 10.0; Win64; x64; rv:148.0) Gecko/20100101 Firefox/148.0"
130.117.139.143 - wordpress_3481f57911c4 [30/Jul/2026:14:23:47 +0000] "POST /wp-json/wp/v2/posts HTTP/1.1" 201 22934 "-" "Mozilla/5.0 (Windows NT 10.0; Win64; x64; rv:148.0) Gecko/20100101 Firefox/148.0"
85.155.190.233 - - [30/Jul/2026:14:23:47 +0000] "POST /wp-cron.php?doing_wp_cron=1785421427.7231199741363525390625 HTTP/1.1" 200 31 "-" "WordPress/7.0; https://moonbloomwalls.com"
130.117.139.143 - - [30/Jul/2026:14:23:47 +0000] "POST /xmlrpc.php HTTP/1.1" 403 118 "-" "Mozilla/5.0 (Windows NT 10.0; Win64; x64; rv:148.0) Gecko/20100101 Firefox/148.0"
130.117.139.143 - wordpress_3481f57911c4 [30/Jul/2026:14:23:48 +0000] "GET /wp-json/wp/v2/pages?context=edit&slug=mostbet-az-bukmeker-ve-kazino-mostbet-giris-r-smi-sayt&per_page=5&_fields=id,link,slug,status,content HTTP/1.1" 200 19474 "-" "Mozilla/5.0 (Windows NT 10.0; Win64; x64; rv:148.0) Gecko/20100101 Firefox/148.0"
130.117.139.143 - wordpress_3481f57911c4 [30/Jul/2026:14:23:48 +0000] "GET /wp-json/wp/v2/pages?context=edit&search=https%3A%2F%2Fsmokingirl.org%2F&per_page=50&_fields=id,link,slug,status,content HTTP/1.1" 200 425 "-" "Mozilla/5.0 (Windows NT 10.0; Win64; x64; rv:148.0) Gecko/20100101 Firefox/148.0"
130.117.139.143 - wordpress_3481f57911c4 [30/Jul/2026:14:23:49 +0000] "POST /wp-json/wp/v2/pages HTTP/1.1" 201 22511 "-" "Mozilla/5.0 (Windows NT 10.0; Win64; x64; rv:148.0) Gecko/20100101 Firefox/148.0"
130.117.139.143 - - [30/Jul/2026:14:23:49 +0000] "POST /xmlrpc.php HTTP/1.1" 403 118 "-" "Mozilla/5.0 (Windows NT 10.0; Win64; x64; rv:148.0) Gecko/20100101 Firefox/148.0"
207.228.201.15 - wordpress_3481f57911c4 [30/Jul/2026:14:23:51 +0000] "GET /wp-json/wp/v2/posts?context=edit&slug=mostbet-az-bukmeker-ve-kazino-mostbet-giris-r-smi-sayt&per_page=5&_fields=id,link,slug,status,content HTTP/1.1" 200 21726 "-" "Mozilla/5.0 (Windows NT 10.0; Win64; x64; rv:148.0) Gecko/20100101 Firefox/148.0"
207.228.201.15 - wordpress_3481f57911c4 [30/Jul/2026:14:23:52 +0000] "GET /wp-json/wp/v2/posts?context=edit&search=https%3A%2F%2Fsmokingirl.org%2F&per_page=50&_fields=id,link,slug,status,content HTTP/1.1" 200 425 "-" "Mozilla/5.0 (Windows NT 10.0; Win64; x64; rv:148.0) Gecko/20100101 Firefox/148.0"
207.228.201.15 - wordpress_3481f57911c4 [30/Jul/2026:14:23:54 +0000] "POST /wp-json/wp/v2/posts HTTP/1.1" 201 22934 "-" "Mozilla/5.0 (Windows NT 10.0; Win64; x64; rv:148.0) Gecko/20100101 Firefox/148.0"
85.155.190.233 - - [30/Jul/2026:14:23:54 +0000] "POST /wp-cron.php?doing_wp_cron=1785421434.2340879440307617187500 HTTP/1.1" 200 31 "-" "WordPress/7.0; https://moonbloomwalls.com"
207.228.201.15 - - [30/Jul/2026:14:23:55 +0000] "POST /xmlrpc.php HTTP/1.1" 403 118 "-" "Mozilla/5.0 (Windows NT 10.0; Win64; x64; rv:148.0) Gecko/20100101 Firefox/148.0"
207.228.201.15 - wordpress_3481f57911c4 [30/Jul/2026:14:23:56 +0000] "GET /wp-json/wp/v2/pages?context=edit&slug=mostbet-az-bukmeker-ve-kazino-mostbet-giris-r-smi-sayt&per_page=5&_fields=id,link,slug,status,content HTTP/1.1" 200 19459 "-" "Mozilla/5.0 (Windows NT 10.0; Win64; x64; rv:148.0) Gecko/20100101 Firefox/148.0"
207.228.201.15 - wordpress_3481f57911c4 [30/Jul/2026:14:23:57 +0000] "GET /wp-json/wp/v2/pages?context=edit&search=https%3A%2F%2Fsmokingirl.org%2F&per_page=50&_fields=id,link,slug,status,content HTTP/1.1" 200 425 "-" "Mozilla/5.0 (Windows NT 10.0; Win64; x64; rv:148.0) Gecko/20100101 Firefox/148.0"
207.228.201.15 - wordpress_3481f57911c4 [30/Jul/2026:14:23:59 +0000] "POST /wp-json/wp/v2/pages HTTP/1.1" 201 22488 "-" "Mozilla/5.0 (Windows NT 10.0; Win64; x64; rv:148.0) Gecko/20100101 Firefox/148.0"
207.228.201.15 - - [30/Jul/2026:14:24:00 +0000] "POST /xmlrpc.php HTTP/1.1" 403 118 "-" "Mozilla/5.0 (Windows NT 10.0; Win64; x64; rv:148.0) Gecko/20100101 Firefox/148.0"
75.75.255.223 - wordpress_3481f57911c4 [30/Jul/2026:14:24:01 +0000] "GET /wp-json/wp/v2/posts?context=edit&slug=mostbet-az-bukmeker-ve-kazino-mostbet-giris-r-smi-sayt&per_page=5&_fields=id,link,slug,status,content HTTP/1.1" 200 21749 "-" "Mozilla/5.0 (Windows NT 10.0; Win64; x64; rv:148.0) Gecko/20100101 Firefox/148.0"
75.75.255.223 - wordpress_3481f57911c4 [30/Jul/2026:14:24:02 +0000] "GET /wp-json/wp/v2/posts?context=edit&search=https%3A%2F%2Fsmokingirl.org%2F&per_page=50&_fields=id,link,slug,status,content HTTP/1.1" 200 425 "-" "Mozilla/5.0 (Windows NT 10.0; Win64; x64; rv:148.0) Gecko/20100101 Firefox/148.0"
75.75.255.223 - wordpress_3481f57911c4 [30/Jul/2026:14:24:03 +0000] "POST /wp-json/wp/v2/posts HTTP/1.1" 201 22957 "-" "Mozilla/5.0 (Windows NT 10.0; Win64; x64; rv:148.0) Gecko/20100101 Firefox/148.0"
85.155.190.233 - - [30/Jul/2026:14:24:03 +0000] "POST /wp-cron.php?doing_wp_cron=1785421443.5346930027008056640625 HTTP/1.1" 200 31 "-" "WordPress/7.0; https://moonbloomwalls.com"
75.75.255.223 - - [30/Jul/2026:14:24:04 +0000] "POST /xmlrpc.php HTTP/1.1" 403 118 "-" "Mozilla/5.0 (Windows NT 10.0; Win64; x64; rv:148.0) Gecko/20100101 Firefox/148.0"
75.75.255.223 - wordpress_3481f57911c4 [30/Jul/2026:14:24:05 +0000] "GET /wp-json/wp/v2/pages?context=edit&slug=mostbet-az-bukmeker-ve-kazino-mostbet-giris-r-smi-sayt&per_page=5&_fields=id,link,slug,status,content HTTP/1.1" 200 19474 "-" "Mozilla/5.0 (Windows NT 10.0; Win64; x64; rv:148.0) Gecko/20100101 Firefox/148.0"
75.75.255.223 - wordpress_3481f57911c4 [30/Jul/2026:14:24:06 +0000] "GET /wp-json/wp/v2/pages?context=edit&search=https%3A%2F%2Fsmokingirl.org%2F&per_page=50&_fields=id,link,slug,status,content HTTP/1.1" 200 425 "-" "Mozilla/5.0 (Windows NT 10.0; Win64; x64; rv:148.0) Gecko/20100101 Firefox/148.0"
75.75.255.223 - wordpress_3481f57911c4 [30/Jul/2026:14:24:06 +0000] "POST /wp-json/wp/v2/pages HTTP/1.1" 201 22488 "-" "Mozilla/5.0 (Windows NT 10.0; Win64; x64; rv:148.0) Gecko/20100101 Firefox/148.0"
75.75.255.223 - - [30/Jul/2026:14:24:07 +0000] "POST /xmlrpc.php HTTP/1.1" 403 118 "-" "Mozilla/5.0 (Windows NT 10.0; Win64; x64; rv:148.0) Gecko/20100101 Firefox/148.0"
130.117.139.228 - wordpress_3481f57911c4 [30/Jul/2026:14:24:08 +0000] "GET /wp-json/wp/v2/posts?context=edit&slug=mostbet-az-bukmeker-ve-kazino-mostbet-giris-r-smi-sayt&per_page=5&_fields=id,link,slug,status,content HTTP/1.1" 200 21726 "-" "Mozilla/5.0 (Windows NT 10.0; Win64; x64; rv:148.0) Gecko/20100101 Firefox/148.0"
130.117.139.228 - wordpress_3481f57911c4 [30/Jul/2026:14:24:08 +0000] "GET /wp-json/wp/v2/posts?context=edit&search=https%3A%2F%2Fsmokingirl.org%2F&per_page=50&_fields=id,link,slug,status,content HTTP/1.1" 200 425 "-" "Mozilla/5.0 (Windows NT 10.0; Win64; x64; rv:148.0) Gecko/20100101 Firefox/148.0"
130.117.139.228 - wordpress_3481f57911c4 [30/Jul/2026:14:24:09 +0000] "POST /wp-json/wp/v2/posts HTTP/1.1" 201 22957 "-" "Mozilla/5.0 (Windows NT 10.0; Win64; x64; rv:148.0) Gecko/20100101 Firefox/148.0"
85.155.190.233 - - [30/Jul/2026:14:24:09 +0000] "POST /wp-cron.php?doing_wp_cron=1785421449.2680919170379638671875 HTTP/1.1" 200 31 "-" "WordPress/7.0; https://moonbloomwalls.com"
130.117.139.228 - - [30/Jul/2026:14:24:09 +0000] "POST /xmlrpc.php HTTP/1.1" 403 118 "-" "Mozilla/5.0 (Windows NT 10.0; Win64; x64; rv:148.0) Gecko/20100101 Firefox/148.0"
130.117.139.228 - wordpress_3481f57911c4 [30/Jul/2026:14:24:09 +0000] "GET /wp-json/wp/v2/pages?context=edit&slug=mostbet-az-bukmeker-ve-kazino-mostbet-giris-r-smi-sayt&per_page=5&_fields=id,link,slug,status,content HTTP/1.1" 200 19459 "-" "Mozilla/5.0 (Windows NT 10.0; Win64; x64; rv:148.0) Gecko/20100101 Firefox/148.0"
130.117.139.228 - wordpress_3481f57911c4 [30/Jul/2026:14:24:10 +0000] "GET /wp-json/wp/v2/pages?context=edit&search=https%3A%2F%2Fsmokingirl.org%2F&per_page=50&_fields=id,link,slug,status,content HTTP/1.1" 200 425 "-" "Mozilla/5.0 (Windows NT 10.0; Win64; x64; rv:148.0) Gecko/20100101 Firefox/148.0"
130.117.139.228 - wordpress_3481f57911c4 [30/Jul/2026:14:24:10 +0000] "POST /wp-json/wp/v2/pages HTTP/1.1" 201 22511 "-" "Mozilla/5.0 (Windows NT 10.0; Win64; x64; rv:148.0) Gecko/20100101 Firefox/148.0"
130.117.139.228 - - [30/Jul/2026:14:24:11 +0000] "POST /xmlrpc.php HTTP/1.1" 403 118 "-" "Mozilla/5.0 (Windows NT 10.0; Win64; x64; rv:148.0) Gecko/20100101 Firefox/148.0"
207.228.200.184 - wordpress_3481f57911c4 [30/Jul/2026:14:24:12 +0000] "GET /wp-json/wp/v2/posts?context=edit&slug=mostbet-az-bukmeker-ve-kazino-mostbet-giris-r-smi-sayt&per_page=5&_fields=id,link,slug,status,content HTTP/1.1" 200 21749 "-" "Mozilla/5.0 (Windows NT 10.0; Win64; x64; rv:148.0) Gecko/20100101 Firefox/148.0"
207.228.200.184 - wordpress_3481f57911c4 [30/Jul/2026:14:24:14 +0000] "GET /wp-json/wp/v2/posts?context=edit&search=https%3A%2F%2Fsmokingirl.org%2F&per_page=50&_fields=id,link,slug,status,content HTTP/1.1" 200 425 "-" "Mozilla/5.0 (Windows NT 10.0; Win64; x64; rv:148.0) Gecko/20100101 Firefox/148.0"
207.228.200.184 - wordpress_3481f57911c4 [30/Jul/2026:14:24:15 +0000] "POST /wp-json/wp/v2/posts HTTP/1.1" 201 22934 "-" "Mozilla/5.0 (Windows NT 10.0; Win64; x64; rv:148.0) Gecko/20100101 Firefox/148.0"
85.155.190.233 - - [30/Jul/2026:14:24:15 +0000] "POST /wp-cron.php?doing_wp_cron=1785421455.6774370670318603515625 HTTP/1.1" 200 31 "-" "WordPress/7.0; https://moonbloomwalls.com"
207.228.200.184 - - [30/Jul/2026:14:24:16 +0000] "POST /xmlrpc.php HTTP/1.1" 403 118 "-" "Mozilla/5.0 (Windows NT 10.0; Win64; x64; rv:148.0) Gecko/20100101 Firefox/148.0"
207.228.200.184 - wordpress_3481f57911c4 [30/Jul/2026:14:24:18 +0000] "GET /wp-json/wp/v2/pages?context=edit&slug=mostbet-az-bukmeker-ve-kazino-mostbet-giris-r-smi-sayt&per_page=5&_fields=id,link,slug,status,content HTTP/1.1" 200 19474 "-" "Mozilla/5.0 (Windows NT 10.0; Win64; x64; rv:148.0) Gecko/20100101 Firefox/148.0"
66.249.64.224 - - [30/Jul/2026:14:24:18 +0000] "GET /robots.txt HTTP/1.1" 200 744 "-" "Mozilla/5.0 (compatible; Googlebot/2.1; +http://www.google.com/bot.html)"
66.249.64.226 - - [30/Jul/2026:14:24:19 +0000] "GET /2026/04/20/player-experience-at-slotastic-what-to-expect/feed/ HTTP/1.1" 200 1282 "-" "Mozilla/5.0 (Linux; Android 6.0.1; Nexus 5X Build/MMB29P) AppleWebKit/537.36 (KHTML, like Gecko) Chrome/150.0.7871.186 Mobile Safari/537.36 (compatible; GoogleOther)"
207.228.200.184 - wordpress_3481f57911c4 [30/Jul/2026:14:24:19 +0000] "GET /wp-json/wp/v2/pages?context=edit&search=https%3A%2F%2Fsmokingirl.org%2F&per_page=50&_fields=id,link,slug,status,content HTTP/1.1" 200 425 "-" "Mozilla/5.0 (Windows NT 10.0; Win64; x64; rv:148.0) Gecko/20100101 Firefox/148.0"
207.228.200.184 - wordpress_3481f57911c4 [30/Jul/2026:14:24:20 +0000] "POST /wp-json/wp/v2/pages HTTP/1.1" 201 22488 "-" "Mozilla/5.0 (Windows NT 10.0; Win64; x64; rv:148.0) Gecko/20100101 Firefox/148.0"
207.228.200.184 - - [30/Jul/2026:14:24:21 +0000] "POST /xmlrpc.php HTTP/1.1" 403 118 "-" "Mozilla/5.0 (Windows NT 10.0; Win64; x64; rv:148.0) Gecko/20100101 Firefox/148.0"
38.101.116.13 - wordpress_3481f57911c4 [30/Jul/2026:14:24:23 +0000] "GET /wp-json/wp/v2/posts?context=edit&slug=mostbet-az-bukmeker-ve-kazino-mostbet-giris-r-smi-sayt&per_page=5&_fields=id,link,slug,status,content HTTP/1.1" 200 21749 "-" "Mozilla/5.0 (Windows NT 10.0; Win64; x64; rv:148.0) Gecko/20100101 Firefox/148.0"
38.101.116.13 - wordpress_3481f57911c4 [30/Jul/2026:14:24:25 +0000] "GET /wp-json/wp/v2/posts?context=edit&search=https%3A%2F%2Fsmokingirl.org%2F&per_page=50&_fields=id,link,slug,status,content HTTP/1.1" 200 425 "-" "Mozilla/5.0 (Windows NT 10.0; Win64; x64; rv:148.0) Gecko/20100101 Firefox/148.0"
38.101.116.13 - wordpress_3481f57911c4 [30/Jul/2026:14:24:26 +0000] "POST /wp-json/wp/v2/posts HTTP/1.1" 201 22957 "-" "Mozilla/5.0 (Windows NT 10.0; Win64; x64; rv:148.0) Gecko/20100101 Firefox/148.0"
85.155.190.233 - - [30/Jul/2026:14:24:26 +0000] "POST /wp-cron.php?doing_wp_cron=1785421466.6721789836883544921875 HTTP/1.1" 200 31 "-" "WordPress/7.0; https://moonbloomwalls.com"
38.101.116.13 - - [30/Jul/2026:14:24:27 +0000] "POST /xmlrpc.php HTTP/1.1" 403 118 "-" "Mozilla/5.0 (Windows NT 10.0; Win64; x64; rv:148.0) Gecko/20100101 Firefox/148.0"
38.101.116.13 - wordpress_3481f57911c4 [30/Jul/2026:14:24:29 +0000] "GET /wp-json/wp/v2/pages?context=edit&slug=mostbet-az-bukmeker-ve-kazino-mostbet-giris-r-smi-sayt&per_page=5&_fields=id,link,slug,status,content HTTP/1.1" 200 19474 "-" "Mozilla/5.0 (Windows NT 10.0; Win64; x64; rv:148.0) Gecko/20100101 Firefox/148.0"
38.101.116.13 - wordpress_3481f57911c4 [30/Jul/2026:14:24:30 +0000] "GET /wp-json/wp/v2/pages?context=edit&search=https%3A%2F%2Fsmokingirl.org%2F&per_page=50&_fields=id,link,slug,status,content HTTP/1.1" 200 425 "-" "Mozilla/5.0 (Windows NT 10.0; Win64; x64; rv:148.0) Gecko/20100101 Firefox/148.0"
38.101.116.13 - wordpress_3481f57911c4 [30/Jul/2026:14:24:31 +0000] "POST /wp-json/wp/v2/pages HTTP/1.1" 201 22488 "-" "Mozilla/5.0 (Windows NT 10.0; Win64; x64; rv:148.0) Gecko/20100101 Firefox/148.0"
38.101.116.13 - - [30/Jul/2026:14:24:33 +0000] "POST /xmlrpc.php HTTP/1.1" 403 118 "-" "Mozilla/5.0 (Windows NT 10.0; Win64; x64; rv:148.0) Gecko/20100101 Firefox/148.0"
204.77.128.225 - wordpress_3481f57911c4 [30/Jul/2026:14:24:34 +0000] "GET /wp-json/wp/v2/posts?context=edit&slug=mostbet-az-bukmeker-ve-kazino-mostbet-giris-r-smi-sayt&per_page=5&_fields=id,link,slug,status,content HTTP/1.1" 200 21749 "-" "Mozilla/5.0 (Windows NT 10.0; Win64; x64; rv:148.0) Gecko/20100101 Firefox/148.0"
204.77.128.225 - wordpress_3481f57911c4 [30/Jul/2026:14:24:36 +0000] "GET /wp-json/wp/v2/posts?context=edit&search=https%3A%2F%2Fsmokingirl.org%2F&per_page=50&_fields=id,link,slug,status,content HTTP/1.1" 200 425 "-" "Mozilla/5.0 (Windows NT 10.0; Win64; x64; rv:148.0) Gecko/20100101 Firefox/148.0"
204.77.128.225 - wordpress_3481f57911c4 [30/Jul/2026:14:24:38 +0000] "POST /wp-json/wp/v2/posts HTTP/1.1" 201 22934 "-" "Mozilla/5.0 (Windows NT 10.0; Win64; x64; rv:148.0) Gecko/20100101 Firefox/148.0"
85.155.190.233 - - [30/Jul/2026:14:24:38 +0000] "POST /wp-cron.php?doing_wp_cron=1785421478.0187160968780517578125 HTTP/1.1" 200 31 "-" "WordPress/7.0; https://moonbloomwalls.com"
204.77.128.225 - - [30/Jul/2026:14:24:38 +0000] "POST /xmlrpc.php HTTP/1.1" 403 118 "-" "Mozilla/5.0 (Windows NT 10.0; Win64; x64; rv:148.0) Gecko/20100101 Firefox/148.0"
204.77.128.225 - wordpress_3481f57911c4 [30/Jul/2026:14:24:39 +0000] "GET /wp-json/wp/v2/pages?context=edit&slug=mostbet-az-bukmeker-ve-kazino-mostbet-giris-r-smi-sayt&per_page=5&_fields=id,link,slug,status,content HTTP/1.1" 200 19459 "-" "Mozilla/5.0 (Windows NT 10.0; Win64; x64; rv:148.0) Gecko/20100101 Firefox/148.0"
204.77.128.225 - wordpress_3481f57911c4 [30/Jul/2026:14:24:40 +0000] "GET /wp-json/wp/v2/pages?context=edit&search=https%3A%2F%2Fsmokingirl.org%2F&per_page=50&_fields=id,link,slug,status,content HTTP/1.1" 200 425 "-" "Mozilla/5.0 (Windows NT 10.0; Win64; x64; rv:148.0) Gecko/20100101 Firefox/148.0"
204.77.128.225 - wordpress_3481f57911c4 [30/Jul/2026:14:24:41 +0000] "POST /wp-json/wp/v2/pages HTTP/1.1" 201 22511 "-" "Mozilla/5.0 (Windows NT 10.0; Win64; x64; rv:148.0) Gecko/20100101 Firefox/148.0"
204.77.128.225 - - [30/Jul/2026:14:24:42 +0000] "POST /xmlrpc.php HTTP/1.1" 403 118 "-" "Mozilla/5.0 (Windows NT 10.0; Win64; x64; rv:148.0) Gecko/20100101 Firefox/148.0"
154.62.174.39 - wordpress_3481f57911c4 [30/Jul/2026:14:24:43 +0000] "GET /wp-json/wp/v2/posts?context=edit&slug=mostbet-az-bukmeker-ve-kazino-mostbet-giris-r-smi-sayt&per_page=5&_fields=id,link,slug,status,content HTTP/1.1" 200 21749 "-" "Mozilla/5.0 (Windows NT 10.0; Win64; x64; rv:148.0) Gecko/20100101 Firefox/148.0"
154.62.174.39 - wordpress_3481f57911c4 [30/Jul/2026:14:24:43 +0000] "GET /wp-json/wp/v2/posts?context=edit&search=https%3A%2F%2Fsmokingirl.org%2F&per_page=50&_fields=id,link,slug,status,content HTTP/1.1" 200 425 "-" "Mozilla/5.0 (Windows NT 10.0; Win64; x64; rv:148.0) Gecko/20100101 Firefox/148.0"
154.62.174.39 - wordpress_3481f57911c4 [30/Jul/2026:14:24:43 +0000] "POST /wp-json/wp/v2/posts HTTP/1.1" 201 22957 "-" "Mozilla/5.0 (Windows NT 10.0; Win64; x64; rv:148.0) Gecko/20100101 Firefox/148.0"
85.155.190.233 - - [30/Jul/2026:14:24:43 +0000] "POST /wp-cron.php?doing_wp_cron=1785421483.8440139293670654296875 HTTP/1.1" 200 31 "-" "WordPress/7.0; https://moonbloomwalls.com"
154.62.174.39 - - [30/Jul/2026:14:24:44 +0000] "POST /xmlrpc.php HTTP/1.1" 403 118 "-" "Mozilla/5.0 (Windows NT 10.0; Win64; x64; rv:148.0) Gecko/20100101 Firefox/148.0"
154.62.174.39 - wordpress_3481f57911c4 [30/Jul/2026:14:24:44 +0000] "GET /wp-json/wp/v2/pages?context=edit&slug=mostbet-az-bukmeker-ve-kazino-mostbet-giris-r-smi-sayt&per_page=5&_fields=id,link,slug,status,content HTTP/1.1" 200 19474 "-" "Mozilla/5.0 (Windows NT 10.0; Win64; x64; rv:148.0) Gecko/20100101 Firefox/148.0"
154.62.174.39 - wordpress_3481f57911c4 [30/Jul/2026:14:24:44 +0000] "GET /wp-json/wp/v2/pages?context=edit&search=https%3A%2F%2Fsmokingirl.org%2F&per_page=50&_fields=id,link,slug,status,content HTTP/1.1" 200 425 "-" "Mozilla/5.0 (Windows NT 10.0; Win64; x64; rv:148.0) Gecko/20100101 Firefox/148.0"
154.62.174.39 - wordpress_3481f57911c4 [30/Jul/2026:14:24:45 +0000] "POST /wp-json/wp/v2/pages HTTP/1.1" 201 22511 "-" "Mozilla/5.0 (Windows NT 10.0; Win64; x64; rv:148.0) Gecko/20100101 Firefox/148.0"
154.62.174.39 - - [30/Jul/2026:14:24:45 +0000] "POST /xmlrpc.php HTTP/1.1" 403 118 "-" "Mozilla/5.0 (Windows NT 10.0; Win64; x64; rv:148.0) Gecko/20100101 Firefox/148.0"
185.230.14.128 - wordpress_3481f57911c4 [30/Jul/2026:14:24:46 +0000] "GET /wp-json/wp/v2/posts?context=edit&slug=mostbet-az-bukmeker-ve-kazino-mostbet-giris-r-smi-sayt&per_page=5&_fields=id,link,slug,status,content HTTP/1.1" 200 21749 "-" "Mozilla/5.0 (Windows NT 10.0; Win64; x64; rv:148.0) Gecko/20100101 Firefox/148.0"
185.230.14.128 - wordpress_3481f57911c4 [30/Jul/2026:14:24:46 +0000] "GET /wp-json/wp/v2/posts?context=edit&search=https%3A%2F%2Fsmokingirl.org%2F&per_page=50&_fields=id,link,slug,status,content HTTP/1.1" 200 425 "-" "Mozilla/5.0 (Windows NT 10.0; Win64; x64; rv:148.0) Gecko/20100101 Firefox/148.0"
185.230.14.128 - wordpress_3481f57911c4 [30/Jul/2026:14:24:46 +0000] "POST /wp-json/wp/v2/posts HTTP/1.1" 201 22957 "-" "Mozilla/5.0 (Windows NT 10.0; Win64; x64; rv:148.0) Gecko/20100101 Firefox/148.0"
85.155.190.233 - - [30/Jul/2026:14:24:46 +0000] "POST /wp-cron.php?doing_wp_cron=1785421486.9357309341430664062500 HTTP/1.1" 200 31 "-" "WordPress/7.0; https://moonbloomwalls.com"
185.230.14.128 - - [30/Jul/2026:14:24:47 +0000] "POST /xmlrpc.php HTTP/1.1" 403 118 "-" "Mozilla/5.0 (Windows NT 10.0; Win64; x64; rv:148.0) Gecko/20100101 Firefox/148.0"
185.230.14.128 - wordpress_3481f57911c4 [30/Jul/2026:14:24:47 +0000] "GET /wp-json/wp/v2/pages?context=edit&slug=mostbet-az-bukmeker-ve-kazino-mostbet-giris-r-smi-sayt&per_page=5&_fields=id,link,slug,status,content HTTP/1.1" 200 19474 "-" "Mozilla/5.0 (Windows NT 10.0; Win64; x64; rv:148.0) Gecko/20100101 Firefox/148.0"
185.230.14.128 - wordpress_3481f57911c4 [30/Jul/2026:14:24:47 +0000] "GET /wp-json/wp/v2/pages?context=edit&search=https%3A%2F%2Fsmokingirl.org%2F&per_page=50&_fields=id,link,slug,status,content HTTP/1.1" 200 425 "-" "Mozilla/5.0 (Windows NT 10.0; Win64; x64; rv:148.0) Gecko/20100101 Firefox/148.0"
185.230.14.128 - wordpress_3481f57911c4 [30/Jul/2026:14:24:48 +0000] "POST /wp-json/wp/v2/pages HTTP/1.1" 201 22511 "-" "Mozilla/5.0 (Windows NT 10.0; Win64; x64; rv:148.0) Gecko/20100101 Firefox/148.0"
185.230.14.128 - - [30/Jul/2026:14:24:48 +0000] "POST /xmlrpc.php HTTP/1.1" 403 118 "-" "Mozilla/5.0 (Windows NT 10.0; Win64; x64; rv:148.0) Gecko/20100101 Firefox/148.0"
185.230.14.218 - wordpress_3481f57911c4 [30/Jul/2026:14:24:49 +0000] "GET /wp-json/wp/v2/posts?context=edit&slug=mostbet-az-bukmeker-ve-kazino-mostbet-giris-r-smi-sayt&per_page=5&_fields=id,link,slug,status,content HTTP/1.1" 200 21749 "-" "Mozilla/5.0 (Windows NT 10.0; Win64; x64; rv:148.0) Gecko/20100101 Firefox/148.0"
185.230.14.218 - wordpress_3481f57911c4 [30/Jul/2026:14:24:49 +0000] "GET /wp-json/wp/v2/posts?context=edit&search=https%3A%2F%2Fsmokingirl.org%2F&per_page=50&_fields=id,link,slug,status,content HTTP/1.1" 200 425 "-" "Mozilla/5.0 (Windows NT 10.0; Win64; x64; rv:148.0) Gecko/20100101 Firefox/148.0"
185.230.14.218 - wordpress_3481f57911c4 [30/Jul/2026:14:24:50 +0000] "POST /wp-json/wp/v2/posts HTTP/1.1" 201 22957 "-" "Mozilla/5.0 (Windows NT 10.0; Win64; x64; rv:148.0) Gecko/20100101 Firefox/148.0"
85.155.190.233 - - [30/Jul/2026:14:24:50 +0000] "POST /wp-cron.php?doing_wp_cron=1785421490.0777359008789062500000 HTTP/1.1" 200 31 "-" "WordPress/7.0; https://moonbloomwalls.com"
185.230.14.218 - - [30/Jul/2026:14:24:50 +0000] "POST /xmlrpc.php HTTP/1.1" 403 118 "-" "Mozilla/5.0 (Windows NT 10.0; Win64; x64; rv:148.0) Gecko/20100101 Firefox/148.0"
185.230.14.218 - wordpress_3481f57911c4 [30/Jul/2026:14:24:50 +0000] "GET /wp-json/wp/v2/pages?context=edit&slug=mostbet-az-bukmeker-ve-kazino-mostbet-giris-r-smi-sayt&per_page=5&_fields=id,link,slug,status,content HTTP/1.1" 200 19474 "-" "Mozilla/5.0 (Windows NT 10.0; Win64; x64; rv:148.0) Gecko/20100101 Firefox/148.0"
185.230.14.218 - wordpress_3481f57911c4 [30/Jul/2026:14:24:51 +0000] "GET /wp-json/wp/v2/pages?context=edit&search=https%3A%2F%2Fsmokingirl.org%2F&per_page=50&_fields=id,link,slug,status,content HTTP/1.1" 200 425 "-" "Mozilla/5.0 (Windows NT 10.0; Win64; x64; rv:148.0) Gecko/20100101 Firefox/148.0"
185.230.14.218 - wordpress_3481f57911c4 [30/Jul/2026:14:24:51 +0000] "POST /wp-json/wp/v2/pages HTTP/1.1" 201 22511 "-" "Mozilla/5.0 (Windows NT 10.0; Win64; x64; rv:148.0) Gecko/20100101 Firefox/148.0"
185.230.14.218 - - [30/Jul/2026:14:24:51 +0000] "POST /xmlrpc.php HTTP/1.1" 403 118 "-" "Mozilla/5.0 (Windows NT 10.0; Win64; x64; rv:148.0) Gecko/20100101 Firefox/148.0"
207.228.203.142 - wordpress_3481f57911c4 [30/Jul/2026:14:24:53 +0000] "GET /wp-json/wp/v2/posts?context=edit&slug=mostbet-az-bukmeker-ve-kazino-mostbet-giris-r-smi-sayt&per_page=5&_fields=id,link,slug,status,content HTTP/1.1" 200 21726 "-" "Mozilla/5.0 (Windows NT 10.0; Win64; x64; rv:148.0) Gecko/20100101 Firefox/148.0"
207.228.203.142 - wordpress_3481f57911c4 [30/Jul/2026:14:24:55 +0000] "GET /wp-json/wp/v2/posts?context=edit&search=https%3A%2F%2Fsmokingirl.org%2F&per_page=50&_fields=id,link,slug,status,content HTTP/1.1" 200 425 "-" "Mozilla/5.0 (Windows NT 10.0; Win64; x64; rv:148.0) Gecko/20100101 Firefox/148.0"
207.228.203.142 - wordpress_3481f57911c4 [30/Jul/2026:14:24:56 +0000] "POST /wp-json/wp/v2/posts HTTP/1.1" 201 22934 "-" "Mozilla/5.0 (Windows NT 10.0; Win64; x64; rv:148.0) Gecko/20100101 Firefox/148.0"
85.155.190.233 - - [30/Jul/2026:14:24:56 +0000] "POST /wp-cron.php?doing_wp_cron=1785421496.3217000961303710937500 HTTP/1.1" 200 31 "-" "WordPress/7.0; https://moonbloomwalls.com"
207.228.203.142 - - [30/Jul/2026:14:24:57 +0000] "POST /xmlrpc.php HTTP/1.1" 403 118 "-" "Mozilla/5.0 (Windows NT 10.0; Win64; x64; rv:148.0) Gecko/20100101 Firefox/148.0"
207.228.203.142 - wordpress_3481f57911c4 [30/Jul/2026:14:24:58 +0000] "GET /wp-json/wp/v2/pages?context=edit&slug=mostbet-az-bukmeker-ve-kazino-mostbet-giris-r-smi-sayt&per_page=5&_fields=id,link,slug,status,content HTTP/1.1" 200 19474 "-" "Mozilla/5.0 (Windows NT 10.0; Win64; x64; rv:148.0) Gecko/20100101 Firefox/148.0"
207.228.203.142 - wordpress_3481f57911c4 [30/Jul/2026:14:25:00 +0000] "GET /wp-json/wp/v2/pages?context=edit&search=https%3A%2F%2Fsmokingirl.org%2F&per_page=50&_fields=id,link,slug,status,content HTTP/1.1" 200 425 "-" "Mozilla/5.0 (Windows NT 10.0; Win64; x64; rv:148.0) Gecko/20100101 Firefox/148.0"
207.228.203.142 - wordpress_3481f57911c4 [30/Jul/2026:14:25:01 +0000] "POST /wp-json/wp/v2/pages HTTP/1.1" 201 22511 "-" "Mozilla/5.0 (Windows NT 10.0; Win64; x64; rv:148.0) Gecko/20100101 Firefox/148.0"
207.228.203.142 - - [30/Jul/2026:14:25:02 +0000] "POST /xmlrpc.php HTTP/1.1" 403 118 "-" "Mozilla/5.0 (Windows NT 10.0; Win64; x64; rv:148.0) Gecko/20100101 Firefox/148.0"
154.62.174.231 - wordpress_3481f57911c4 [30/Jul/2026:14:25:03 +0000] "GET /wp-json/wp/v2/posts?context=edit&slug=mostbet-az-bukmeker-ve-kazino-mostbet-giris-r-smi-sayt&per_page=5&_fields=id,link,slug,status,content HTTP/1.1" 200 21749 "-" "Mozilla/5.0 (Windows NT 10.0; Win64; x64; rv:148.0) Gecko/20100101 Firefox/148.0"
85.155.190.233 - - [30/Jul/2026:14:25:03 +0000] "POST /wp-cron.php?doing_wp_cron=1785421503.1266479492187500000000 HTTP/1.1" 200 31 "-" "WordPress/7.0; https://moonbloomwalls.com"
154.62.174.231 - wordpress_3481f57911c4 [30/Jul/2026:14:25:03 +0000] "GET /wp-json/wp/v2/posts?context=edit&search=https%3A%2F%2Fsmokingirl.org%2F&per_page=50&_fields=id,link,slug,status,content HTTP/1.1" 200 425 "-" "Mozilla/5.0 (Windows NT 10.0; Win64; x64; rv:148.0) Gecko/20100101 Firefox/148.0"
154.62.174.231 - wordpress_3481f57911c4 [30/Jul/2026:14:25:04 +0000] "POST /wp-json/wp/v2/posts HTTP/1.1" 201 22934 "-" "Mozilla/5.0 (Windows NT 10.0; Win64; x64; rv:148.0) Gecko/20100101 Firefox/148.0"
85.155.190.233 - - [30/Jul/2026:14:25:04 +0000] "POST /wp-cron.php?doing_wp_cron=1785421504.0650980472564697265625 HTTP/1.1" 200 31 "-" "WordPress/7.0; https://moonbloomwalls.com"
154.62.174.231 - - [30/Jul/2026:14:25:04 +0000] "POST /xmlrpc.php HTTP/1.1" 403 118 "-" "Mozilla/5.0 (Windows NT 10.0; Win64; x64; rv:148.0) Gecko/20100101 Firefox/148.0"
154.62.174.231 - wordpress_3481f57911c4 [30/Jul/2026:14:25:04 +0000] "GET /wp-json/wp/v2/pages?context=edit&slug=mostbet-az-bukmeker-ve-kazino-mostbet-giris-r-smi-sayt&per_page=5&_fields=id,link,slug,status,content HTTP/1.1" 200 19474 "-" "Mozilla/5.0 (Windows NT 10.0; Win64; x64; rv:148.0) Gecko/20100101 Firefox/148.0"
154.62.174.231 - wordpress_3481f57911c4 [30/Jul/2026:14:25:05 +0000] "GET /wp-json/wp/v2/pages?context=edit&search=https%3A%2F%2Fsmokingirl.org%2F&per_page=50&_fields=id,link,slug,status,content HTTP/1.1" 200 425 "-" "Mozilla/5.0 (Windows NT 10.0; Win64; x64; rv:148.0) Gecko/20100101 Firefox/148.0"
154.62.174.231 - wordpress_3481f57911c4 [30/Jul/2026:14:25:05 +0000] "POST /wp-json/wp/v2/pages HTTP/1.1" 201 22511 "-" "Mozilla/5.0 (Windows NT 10.0; Win64; x64; rv:148.0) Gecko/20100101 Firefox/148.0"
154.62.174.231 - - [30/Jul/2026:14:25:05 +0000] "POST /xmlrpc.php HTTP/1.1" 403 118 "-" "Mozilla/5.0 (Windows NT 10.0; Win64; x64; rv:148.0) Gecko/20100101 Firefox/148.0"
207.228.200.175 - wordpress_3481f57911c4 [30/Jul/2026:14:25:07 +0000] "GET /wp-json/wp/v2/posts?context=edit&slug=mostbet-az-bukmeker-ve-kazino-mostbet-giris-r-smi-sayt&per_page=5&_fields=id,link,slug,status,content HTTP/1.1" 200 21749 "-" "Mozilla/5.0 (Windows NT 10.0; Win64; x64; rv:148.0) Gecko/20100101 Firefox/148.0"
207.228.200.175 - wordpress_3481f57911c4 [30/Jul/2026:14:25:09 +0000] "GET /wp-json/wp/v2/posts?context=edit&search=https%3A%2F%2Fsmokingirl.org%2F&per_page=50&_fields=id,link,slug,status,content HTTP/1.1" 200 425 "-" "Mozilla/5.0 (Windows NT 10.0; Win64; x64; rv:148.0) Gecko/20100101 Firefox/148.0"
207.228.200.175 - wordpress_3481f57911c4 [30/Jul/2026:14:25:10 +0000] "POST /wp-json/wp/v2/posts HTTP/1.1" 201 22957 "-" "Mozilla/5.0 (Windows NT 10.0; Win64; x64; rv:148.0) Gecko/20100101 Firefox/148.0"
85.155.190.233 - - [30/Jul/2026:14:25:10 +0000] "POST /wp-cron.php?doing_wp_cron=1785421510.4979870319366455078125 HTTP/1.1" 200 31 "-" "WordPress/7.0; https://moonbloomwalls.com"
207.228.200.175 - - [30/Jul/2026:14:25:11 +0000] "POST /xmlrpc.php HTTP/1.1" 403 118 "-" "Mozilla/5.0 (Windows NT 10.0; Win64; x64; rv:148.0) Gecko/20100101 Firefox/148.0"
207.228.200.175 - wordpress_3481f57911c4 [30/Jul/2026:14:25:12 +0000] "GET /wp-json/wp/v2/pages?context=edit&slug=mostbet-az-bukmeker-ve-kazino-mostbet-giris-r-smi-sayt&per_page=5&_fields=id,link,slug,status,content HTTP/1.1" 200 19459 "-" "Mozilla/5.0 (Windows NT 10.0; Win64; x64; rv:148.0) Gecko/20100101 Firefox/148.0"
207.228.200.175 - wordpress_3481f57911c4 [30/Jul/2026:14:25:14 +0000] "GET /wp-json/wp/v2/pages?context=edit&search=https%3A%2F%2Fsmokingirl.org%2F&per_page=50&_fields=id,link,slug,status,content HTTP/1.1" 200 425 "-" "Mozilla/5.0 (Windows NT 10.0; Win64; x64; rv:148.0) Gecko/20100101 Firefox/148.0"
207.228.200.175 - wordpress_3481f57911c4 [30/Jul/2026:14:25:15 +0000] "POST /wp-json/wp/v2/pages HTTP/1.1" 201 22488 "-" "Mozilla/5.0 (Windows NT 10.0; Win64; x64; rv:148.0) Gecko/20100101 Firefox/148.0"
207.228.200.175 - - [30/Jul/2026:14:25:16 +0000] "POST /xmlrpc.php HTTP/1.1" 403 118 "-" "Mozilla/5.0 (Windows NT 10.0; Win64; x64; rv:148.0) Gecko/20100101 Firefox/148.0"
206.206.91.82 - wordpress_3481f57911c4 [30/Jul/2026:14:25:22 +0000] "GET /wp-json/wp/v2/posts?context=edit&slug=mostbet-az-bukmeker-ve-kazino-mostbet-giris-r-smi-sayt&per_page=5&_fields=id,link,slug,status,content HTTP/1.1" 200 21726 "-" "Mozilla/5.0 (Windows NT 10.0; Win64; x64; rv:148.0) Gecko/20100101 Firefox/148.0"
206.206.91.82 - wordpress_3481f57911c4 [30/Jul/2026:14:25:28 +0000] "GET /wp-json/wp/v2/posts?context=edit&search=https%3A%2F%2Fsmokingirl.org%2F&per_page=50&_fields=id,link,slug,status,content HTTP/1.1" 200 425 "-" "Mozilla/5.0 (Windows NT 10.0; Win64; x64; rv:148.0) Gecko/20100101 Firefox/148.0"
206.206.91.82 - wordpress_3481f57911c4 [30/Jul/2026:14:25:34 +0000] "POST /wp-json/wp/v2/posts HTTP/1.1" 201 22934 "-" "Mozilla/5.0 (Windows NT 10.0; Win64; x64; rv:148.0) Gecko/20100101 Firefox/148.0"
85.155.190.233 - - [30/Jul/2026:14:25:34 +0000] "POST /wp-cron.php?doing_wp_cron=1785421534.1270070075988769531250 HTTP/1.1" 200 31 "-" "WordPress/7.0; https://moonbloomwalls.com"
206.206.91.82 - - [30/Jul/2026:14:25:39 +0000] "POST /xmlrpc.php HTTP/1.1" 403 118 "-" "Mozilla/5.0 (Windows NT 10.0; Win64; x64; rv:148.0) Gecko/20100101 Firefox/148.0"
54.37.118.78 - - [30/Jul/2026:14:25:42 +0000] "GET /wp-sitemap.xml HTTP/1.1" 200 23450 "-" "Mozilla/5.0 (compatible; AhrefsBot/7.0; +http://ahrefs.com/robot/)"
206.206.91.82 - wordpress_3481f57911c4 [30/Jul/2026:14:25:45 +0000] "GET /wp-json/wp/v2/pages?context=edit&slug=mostbet-az-bukmeker-ve-kazino-mostbet-giris-r-smi-sayt&per_page=5&_fields=id,link,slug,status,content HTTP/1.1" 200 19474 "-" "Mozilla/5.0 (Windows NT 10.0; Win64; x64; rv:148.0) Gecko/20100101 Firefox/148.0"
206.206.91.82 - wordpress_3481f57911c4 [30/Jul/2026:14:25:50 +0000] "GET /wp-json/wp/v2/pages?context=edit&search=https%3A%2F%2Fsmokingirl.org%2F&per_page=50&_fields=id,link,slug,status,content HTTP/1.1" 200 425 "-" "Mozilla/5.0 (Windows NT 10.0; Win64; x64; rv:148.0) Gecko/20100101 Firefox/148.0"
206.206.91.82 - wordpress_3481f57911c4 [30/Jul/2026:14:25:56 +0000] "POST /wp-json/wp/v2/pages HTTP/1.1" 201 22511 "-" "Mozilla/5.0 (Windows NT 10.0; Win64; x64; rv:148.0) Gecko/20100101 Firefox/148.0"
206.206.91.82 - - [30/Jul/2026:14:26:01 +0000] "POST /xmlrpc.php HTTP/1.1" 403 118 "-" "Mozilla/5.0 (Windows NT 10.0; Win64; x64; rv:148.0) Gecko/20100101 Firefox/148.0"
130.117.139.235 - wordpress_3481f57911c4 [30/Jul/2026:14:26:02 +0000] "GET /wp-json/wp/v2/posts?context=edit&slug=mostbet-az-bukmeker-ve-kazino-mostbet-giris-r-smi-sayt&per_page=5&_fields=id,link,slug,status,content HTTP/1.1" 200 21726 "-" "Mozilla/5.0 (Windows NT 10.0; Win64; x64; rv:148.0) Gecko/20100101 Firefox/148.0"
130.117.139.235 - wordpress_3481f57911c4 [30/Jul/2026:14:26:03 +0000] "GET /wp-json/wp/v2/posts?context=edit&search=https%3A%2F%2Fsmokingirl.org%2F&per_page=50&_fields=id,link,slug,status,content HTTP/1.1" 200 425 "-" "Mozilla/5.0 (Windows NT 10.0; Win64; x64; rv:148.0) Gecko/20100101 Firefox/148.0"
85.155.190.233 - - [30/Jul/2026:14:26:03 +0000] "POST /wp-cron.php?doing_wp_cron=1785421563.0133459568023681640625 HTTP/1.1" 200 31 "-" "WordPress/7.0; https://moonbloomwalls.com"
130.117.139.235 - wordpress_3481f57911c4 [30/Jul/2026:14:26:03 +0000] "POST /wp-json/wp/v2/posts HTTP/1.1" 201 22934 "-" "Mozilla/5.0 (Windows NT 10.0; Win64; x64; rv:148.0) Gecko/20100101 Firefox/148.0"
85.155.190.233 - - [30/Jul/2026:14:26:03 +0000] "POST /wp-cron.php?doing_wp_cron=1785421563.4331328868865966796875 HTTP/1.1" 200 31 "-" "WordPress/7.0; https://moonbloomwalls.com"
130.117.139.235 - - [30/Jul/2026:14:26:03 +0000] "POST /xmlrpc.php HTTP/1.1" 403 118 "-" "Mozilla/5.0 (Windows NT 10.0; Win64; x64; rv:148.0) Gecko/20100101 Firefox/148.0"
130.117.139.235 - wordpress_3481f57911c4 [30/Jul/2026:14:26:04 +0000] "GET /wp-json/wp/v2/pages?context=edit&slug=mostbet-az-bukmeker-ve-kazino-mostbet-giris-r-smi-sayt&per_page=5&_fields=id,link,slug,status,content HTTP/1.1" 200 19474 "-" "Mozilla/5.0 (Windows NT 10.0; Win64; x64; rv:148.0) Gecko/20100101 Firefox/148.0"
130.117.139.235 - wordpress_3481f57911c4 [30/Jul/2026:14:26:04 +0000] "GET /wp-json/wp/v2/pages?context=edit&search=https%3A%2F%2Fsmokingirl.org%2F&per_page=50&_fields=id,link,slug,status,content HTTP/1.1" 200 425 "-" "Mozilla/5.0 (Windows NT 10.0; Win64; x64; rv:148.0) Gecko/20100101 Firefox/148.0"
130.117.139.235 - wordpress_3481f57911c4 [30/Jul/2026:14:26:04 +0000] "POST /wp-json/wp/v2/pages HTTP/1.1" 201 22488 "-" "Mozilla/5.0 (Windows NT 10.0; Win64; x64; rv:148.0) Gecko/20100101 Firefox/148.0"
130.117.139.235 - - [30/Jul/2026:14:26:05 +0000] "POST /xmlrpc.php HTTP/1.1" 403 118 "-" "Mozilla/5.0 (Windows NT 10.0; Win64; x64; rv:148.0) Gecko/20100101 Firefox/148.0"
43.166.251.233 - - [30/Jul/2026:14:26:20 +0000] "GET /2026/02/16/the-evolution-of-kangaroo-88-casino-in-the-igaming-scene/embed/ HTTP/1.1" 200 7280 "-" "Mozilla/5.0 (iPhone; CPU iPhone OS 13_2_3 like Mac OS X) AppleWebKit/605.1.15 (KHTML, like Gecko) Version/13.0.3 Mobile/15E148 Safari/604.1"
85.155.190.233 - - [30/Jul/2026:14:29:37 +0000] "POST /wp-cron.php?doing_wp_cron=1785421777.0009529590606689453125 HTTP/1.1" 200 31 "-" "WordPress/7.0; https://moonbloomwalls.com"
216.73.216.31 - - [30/Jul/2026:14:29:37 +0000] "GET /?p=534 HTTP/1.1" 301 423 "-" "Mozilla/5.0 AppleWebKit/537.36 (KHTML, like Gecko; compatible; ClaudeBot/1.0; +claudebot@anthropic.com)"
216.73.216.31 - - [30/Jul/2026:14:29:37 +0000] "GET /2026/07/29/pin-ap-kazino-oficialnyy-sayt-pin-up-casino-igrat-onlayn-vhod-zerkalo/ HTTP/1.1" 200 29107 "https://moonbloomwalls.com/?p=534" "Mozilla/5.0 AppleWebKit/537.36 (KHTML, like Gecko; compatible; ClaudeBot/1.0; +claudebot@anthropic.com)"
85.155.190.233 - - [30/Jul/2026:14:33:42 +0000] "POST /wp-cron.php?doing_wp_cron=1785422022.5465080738067626953125 HTTP/1.1" 200 31 "-" "WordPress/7.0; https://moonbloomwalls.com"
147.182.222.217 - maint [30/Jul/2026:14:33:42 +0000] "GET /maint/modules/home/index.php?lang=english|cat%20/etc/passwd HTTP/1.1" 404 118 "-" "Mozilla/5.0 (Macintosh; Intel Mac OS X 14.5) AppleWebKit/618.3.5 (KHTML, like Gecko) Version/17.4 Safari/618.3.5"
147.182.222.217 - - [30/Jul/2026:14:33:43 +0000] "POST /wp-admin/admin-ajax.php HTTP/1.1" 400 433 "-" "Mozilla/5.0 (Macintosh; Intel Mac OS X 11_12) AppleWebKit/618.17.9 (KHTML, like Gecko) Version/17.4 Safari/618.17.9"
147.182.222.217 - - [30/Jul/2026:14:33:44 +0000] "GET /wp-json/lp/v1/courses/archive-course?template_path=..%2F..%2F..%2Fetc%2Fpasswd&return_type=html HTTP/1.1" 404 537 "-" "Mozilla/5.0 (CentOS; Linux i686) AppleWebKit/537.36 (KHTML, like Gecko) Chrome/126.0.0.0 Safari/537.36"
147.182.222.217 - - [30/Jul/2026:14:33:44 +0000] "POST /wp-content/plugins/seo-local-rank/admin/vendor/datatables/examples/resources/examples.php HTTP/1.1" 404 118 "-" "Mozilla/5.0 (Macintosh; Intel Mac OS X 10_15_7) AppleWebKit/605.1.15 (KHTML, like Gecko) Version/15.5 Safari/605.1.15"
147.182.222.217 - - [30/Jul/2026:14:33:44 +0000] "POST /wp-content/plugins/wsecure/wsecure-config.php HTTP/1.1" 404 118 "-" "Mozilla/5.0 (Macintosh; Intel Mac OS X 10_15_7) AppleWebKit/605.1.15 (KHTML, like Gecko) Version/17.5 Safari/605.5.27"
147.182.222.217 - - [30/Jul/2026:14:33:44 +0000] "POST /wp-content/plugins/wp-file-manager/lib/php/connector.minimal.php HTTP/1.1" 404 118 "-" "Mozilla/5.0 (Macintosh Intel Mac OS X 10.15 rv:91.0) Gecko/20100101 Firefox/91.0;"
147.182.222.217 - - [30/Jul/2026:14:33:44 +0000] "POST /wp-admin/admin-ajax.php HTTP/1.1" 400 433 "-" "Mozilla/5.0 (Windows NT 6.3; Win64; x64; rv:86.0) Gecko/20100101 Firefox/86.0"
147.182.222.217 - - [30/Jul/2026:14:33:45 +0000] "POST /wp-json/buddypress/v1/signup HTTP/1.1" 404 537 "-" "Mozilla/5.0 (Macintosh; Intel Mac OS X 14) AppleWebKit/616.21 (KHTML, like Gecko) Version/17.0 Safari/616.21"
147.182.222.217 - - [30/Jul/2026:14:33:45 +0000] "POST /wp-json/mwai-ui/v1/files/upload HTTP/1.1" 404 537 "-" "Mozilla/5.0 (Windows NT 10.0; Win64; x64) AppleWebKit/537.36 (KHTML, like Gecko) Chrome/78.0.3904.87 Safari/537.36"
147.182.222.217 - - [30/Jul/2026:14:33:45 +0000] "POST /wp-admin/admin-ajax.php HTTP/1.1" 400 433 "-" "Mozilla/5.0 (Kubuntu; Linux x86_64) AppleWebKit/537.36 (KHTML, like Gecko) Chrome/123.0.0.0 Safari/537.36"
147.182.222.217 - - [30/Jul/2026:14:33:45 +0000] "POST /wp-admin/admin-ajax.php HTTP/1.1" 400 433 "-" "Mozilla/5.0 (Knoppix; Linux x86_64; rv:127.0) Gecko/20100101 Firefox/127.0"
147.182.222.217 - - [30/Jul/2026:14:33:45 +0000] "POST /wp-admin/admin-ajax.php HTTP/1.1" 400 433 "-" "Mozilla/5.0 (Macintosh; Intel Mac OS X 10_15_7) AppleWebKit/605.1.15 (KHTML, like Gecko) Version/17.1.2 Safari/605.1.15"
147.182.222.217 - - [30/Jul/2026:14:33:45 +0000] "POST /wp-admin/admin-ajax.php HTTP/1.1" 400 433 "-" "Mozilla/5.0 (Macintosh; Intel Mac OS X 10_15_7) AppleWebKit/605.1.15 (KHTML, like Gecko) Version/17.3 Safari/605.3.25"
147.182.222.217 - - [30/Jul/2026:14:33:45 +0000] "POST /wp-admin/admin-ajax.php HTTP/1.1" 400 433 "-" "Mozilla/5.0 (Macintosh; Intel Mac OS X 10_15_7) AppleWebKit/605.1.15 (KHTML, like Gecko) Version/17.0 Safari/605.1.15"
147.182.222.217 - - [30/Jul/2026:14:33:45 +0000] "POST / HTTP/1.1" 200 37104 "-" "Mozilla/5.0 (Windows NT 10.0; Win64; x64) AppleWebKit/537.36 (KHTML, like Gecko) Chrome/98.0.4758.102 Safari/537.36"
147.182.222.217 - - [30/Jul/2026:14:33:45 +0000] "POST /wp-content/plugins/delightful-downloads/assets/vendor/jqueryFileTree/connectors/jqueryFileTree.php HTTP/1.1" 404 181 "-" "Mozilla/5.0 (Knoppix; Linux x86_64) AppleWebKit/537.36 (KHTML, like Gecko) Chrome/120.0.0.0 Safari/537.36"
147.182.222.217 - - [30/Jul/2026:14:33:46 +0000] "POST / HTTP/1.1" 401 539 "-" "Mozilla/5.0 (Windows NT 10.0; Win64; x64) AppleWebKit/537.36 (KHTML, like Gecko) Chrome/93.0.4577.82 Safari/537.36"
147.182.222.217 - - [30/Jul/2026:14:33:46 +0000] "POST /wp-json/am-member/license HTTP/1.1" 404 537 "-" "Mozilla/5.0 (Knoppix; Linux x86_64; rv:120.0) Gecko/20100101 Firefox/120.0"
147.182.222.217 - - [30/Jul/2026:14:33:46 +0000] "POST /wp-content/plugins/age-verification/age-verification.php HTTP/1.1" 404 181 "-" "Mozilla/5.0 (Kubuntu; Linux i686) AppleWebKit/537.36 (KHTML, like Gecko) Chrome/122.0.0.0 Safari/537.36"
147.182.222.217 - - [30/Jul/2026:14:33:46 +0000] "POST /wp-content/plugins/wp-payeezy-pay/donate.php HTTP/1.1" 404 118 "-" "Mozilla/5.0 (CentOS; Linux x86_64; rv:124.0) Gecko/20100101 Firefox/124.0"
147.182.222.217 - - [30/Jul/2026:14:33:47 +0000] "GET /wp-content/plugins/wp-ecommerce-shop-styling/includes/dompdf/dompdf.php?input_file=php://filter/resource=/etc/passwd HTTP/1.1" 404 118 "-" "Mozilla/5.0 (Macintosh; Intel Mac OS X 10.15; rv:121.0) Gecko/20100101 Firefox/121.0"
147.182.222.217 - - [30/Jul/2026:14:33:47 +0000] "GET /dompdf.php?input_file=php://filter/resource=/etc/passwd HTTP/1.1" 404 181 "-" "Mozilla/5.0 (Macintosh; Intel Mac OS X 10_15_1) AppleWebKit/537.36 (KHTML, like Gecko) Chrome/79.0.3945.88 Safari/537.36"
147.182.222.217 - - [30/Jul/2026:14:33:48 +0000] "GET /PhpSpreadsheet/Writer/PDF/DomPDF.php?input_file=php://filter/resource=/etc/passwd HTTP/1.1" 404 118 "-" "Mozilla/5.0 (Macintosh; Intel Mac OS X 10_15_7) AppleWebKit/605.1.15 (KHTML, like Gecko) LoiLoNote/25.0.1 Version/17.4.1 Safari/605.1.15"
147.182.222.217 - - [30/Jul/2026:14:33:48 +0000] "GET /wp-content/plugins/abstract-submission/dompdf-0.5.1/dompdf.php?input_file=php://filter/resource=/etc/passwd HTTP/1.1" 404 118 "-" "Mozilla/5.0 (SS; Linux x86_64; rv:126.0) Gecko/20100101 Firefox/126.0"
147.182.222.217 - - [30/Jul/2026:14:33:48 +0000] "GET /wp-content/plugins/buddypress-component-stats/lib/dompdf/dompdf.php?input_file=php://filter/resource=/etc/passwd HTTP/1.1" 404 181 "-" "Mozilla/5.0 (Knoppix; Linux x86_64) AppleWebKit/537.36 (KHTML, like Gecko) Chrome/122.0.0.0 Safari/537.36"
147.182.222.217 - - [30/Jul/2026:14:33:48 +0000] "GET /lib/dompdf/dompdf.php?input_file=php://filter/resource=/etc/passwd HTTP/1.1" 404 118 "-" "Mozilla/5.0 (X11; Linux x86_64; rv:70.0) Gecko/20100101 Firefox/70.0"
147.182.222.217 - - [30/Jul/2026:14:33:48 +0000] "GET /includes/dompdf/dompdf.php?input_file=php://filter/resource=/etc/passwd HTTP/1.1" 404 118 "-" "Mozilla/5.0 (Windows NT 10.0; Win64; x64; rv:126.0) Gecko/20100101 Firefox/126.0"
147.182.222.217 - - [30/Jul/2026:14:33:48 +0000] "GET /wp-content/plugins/web-portal-lite-client-portal-secure-file-sharing-private-messaging/includes/libs/pdf/dompdf.php?input_file=php://filter/resource=/etc/passwd HTTP/1.1" 404 118 "-" "Mozilla/5.0 (Ubuntu; Linux i686; rv:123.0) Gecko/20100101 Firefox/123.0"
147.182.222.217 - - [30/Jul/2026:14:33:48 +0000] "GET /wp-content/plugins/post-pdf-export/dompdf/dompdf.php?input_file=php://filter/resource=/etc/passwd HTTP/1.1" 404 118 "-" "Mozilla/5.0 (X11; Linux x86_64; rv:123.0) Gecko/20100101 Firefox/123.0"
147.182.222.217 - - [30/Jul/2026:14:33:48 +0000] "GET /wp-content/plugins/gboutique/library/dompdf/dompdf.php?input_file=php://filter/resource=/etc/passwd HTTP/1.1" 404 181 "-" "Mozilla/5.0 (X11; Linux x86_64) AppleWebKit/537.36 (KHTML, like Gecko) Chrome/126.0.0.0 Safari/537.36"
147.182.222.217 - - [30/Jul/2026:14:33:48 +0000] "GET /wp-content/plugins/blogtopdf/dompdf/dompdf.php?input_file=php://filter/resource=/etc/passwd HTTP/1.1" 404 118 "-" "Mozilla/5.0 (Knoppix; Linux i686; rv:128.0) Gecko/20100101 Firefox/128.0"
147.182.222.217 - - [30/Jul/2026:14:33:48 +0000] "GET / HTTP/1.1" 301 423 "-" "Mozilla/5.0 (Fedora; Linux i686) AppleWebKit/537.36 (KHTML, like Gecko) Chrome/128.0.0.0 Safari/537.36"
147.182.222.217 - - [30/Jul/2026:14:33:48 +0000] "GET /cgi-bin/popen.cgi?command=cat%20/etc/passwd&v=0.1303033443137912 HTTP/1.1" 301 423 "-" "Mozilla/5.0 (Windows NT 10.0; Win64; x64; rv:125.0) Gecko/20100101 Firefox/125.0"
147.182.222.217 - - [30/Jul/2026:14:33:48 +0000] "GET / HTTP/1.1" 301 423 "-" "Mozilla/5.0 (CentOS; Linux i686) AppleWebKit/537.36 (KHTML, like Gecko) Chrome/120.0.0.0 Safari/537.36"
147.182.222.217 - - [30/Jul/2026:14:33:49 +0000] "GET /cgi-bin/popen.cgi?command=type%20C://Windows/win.ini&v=0.1303033443137912 HTTP/1.1" 301 423 "-" "Mozilla/5.0 (Knoppix; Linux x86_64) AppleWebKit/537.36 (KHTML, like Gecko) Chrome/119.0.0.0 Safari/537.36"
85.155.190.233 - - [30/Jul/2026:14:35:00 +0000] "POST /wp-cron.php?doing_wp_cron=1785422100.2987380027770996093750 HTTP/1.1" 200 31 "-" "WordPress/7.0; https://moonbloomwalls.com"
216.73.216.31 - - [30/Jul/2026:14:35:00 +0000] "GET /2026/07/29/pin-ap-kazino-oficialnyy-sayt-pin-up-casino-igrat-onlayn-vhod-zerkalo/feed/ HTTP/1.1" 200 1420 "-" "Mozilla/5.0 AppleWebKit/537.36 (KHTML, like Gecko; compatible; ClaudeBot/1.0; +claudebot@anthropic.com)"
85.155.190.233 - - [30/Jul/2026:14:36:11 +0000] "POST /wp-cron.php?doing_wp_cron=1785422171.4389688968658447265625 HTTP/1.1" 200 31 "-" "WordPress/7.0; https://moonbloomwalls.com"
170.106.72.178 - - [30/Jul/2026:14:36:11 +0000] "GET /2026/07/29/mostbet-mutmadi-kampaniyalari-hangi-gunlrd-bonuslar-hmiyytlidir/ HTTP/1.1" 200 27189 "-" "Mozilla/5.0 (iPhone; CPU iPhone OS 13_2_3 like Mac OS X) AppleWebKit/605.1.15 (KHTML, like Gecko) Version/13.0.3 Mobile/15E148 Safari/604.1"
85.155.190.233 - - [30/Jul/2026:14:39:56 +0000] "POST /wp-cron.php?doing_wp_cron=1785422396.6185290813446044921875 HTTP/1.1" 200 31 "-" "WordPress/7.0; https://moonbloomwalls.com"
172.71.148.168 - - [30/Jul/2026:14:39:56 +0000] "GET /wp-admin/install.php?step=1 HTTP/1.1" 200 811 "-" "http://moonbloomwalls.com/wp-admin/install.php?step=1"
85.155.190.233 - - [30/Jul/2026:14:43:26 +0000] "POST /wp-cron.php?doing_wp_cron=1785422606.7774920463562011718750 HTTP/1.1" 200 31 "-" "WordPress/7.0; https://moonbloomwalls.com"
106.63.26.7 - - [30/Jul/2026:14:43:26 +0000] "GET / HTTP/1.1" 200 187666 "-" "Mozilla/5.0 (Macintosh; Intel Mac OS X 10_15_7) AppleWebKit/537.36 (KHTML, like Gecko) Chrome/120.0.0.0 Safari/537.36 Edg/120.0.0.0"
106.63.26.157 - - [30/Jul/2026:14:43:42 +0000] "GET / HTTP/1.1" 200 37104 "http://moonbloomwalls.com/" "Mozilla/5.0 (Macintosh; Intel Mac OS X 10_15_7) AppleWebKit/537.36 (KHTML, like Gecko) Chrome/120.0.0.0 Safari/537.36 Edg/120.0.0.0"
106.63.26.6 - - [30/Jul/2026:14:43:45 +0000] "GET /favicon.ico HTTP/1.1" 404 181 "http://moonbloomwalls.com/favicon.ico" "Mozilla/5.0 (Macintosh; Intel Mac OS X 10_15_7) AppleWebKit/537.36 (KHTML, like Gecko) Chrome/120.0.0.0 Safari/537.36 Edg/120.0.0.0"
106.63.26.131 - - [30/Jul/2026:14:43:47 +0000] "GET /robots.txt HTTP/1.1" 200 744 "http://moonbloomwalls.com/robots.txt" "Mozilla/5.0 (Macintosh; Intel Mac OS X 10_15_7) AppleWebKit/537.36 (KHTML, like Gecko) Chrome/120.0.0.0 Safari/537.36 Edg/120.0.0.0"
106.63.26.141 - - [30/Jul/2026:14:43:48 +0000] "GET /favicon.ico HTTP/1.1" 400 650 "-" "Mozilla/5.0 (Macintosh; Intel Mac OS X 10_15_7) AppleWebKit/537.36 (KHTML, like Gecko) Chrome/120.0.0.0 Safari/537.36 Edg/120.0.0.0"
106.63.26.28 - - [30/Jul/2026:14:43:49 +0000] "GET /robots.txt HTTP/1.1" 400 650 "-" "Mozilla/5.0 (Macintosh; Intel Mac OS X 10_15_7) AppleWebKit/537.36 (KHTML, like Gecko) Chrome/120.0.0.0 Safari/537.36 Edg/120.0.0.0"
106.63.26.155 - - [30/Jul/2026:14:43:49 +0000] "GET /sitemap.xml HTTP/1.1" 400 650 "-" "Mozilla/5.0 (Macintosh; Intel Mac OS X 10_15_7) AppleWebKit/537.36 (KHTML, like Gecko) Chrome/120.0.0.0 Safari/537.36 Edg/120.0.0.0"
106.63.26.28 - - [30/Jul/2026:14:43:52 +0000] "GET /sitemap.xml HTTP/1.1" 301 423 "http://moonbloomwalls.com/sitemap.xml" "Mozilla/5.0 (Macintosh; Intel Mac OS X 10_15_7) AppleWebKit/537.36 (KHTML, like Gecko) Chrome/120.0.0.0 Safari/537.36 Edg/120.0.0.0"
106.63.26.28 - - [30/Jul/2026:14:43:53 +0000] "GET /wp-sitemap.xml HTTP/1.1" 200 23463 "https://moonbloomwalls.com/sitemap.xml" "Mozilla/5.0 (Macintosh; Intel Mac OS X 10_15_7) AppleWebKit/537.36 (KHTML, like Gecko) Chrome/120.0.0.0 Safari/537.36 Edg/120.0.0.0"
106.63.26.8 - - [30/Jul/2026:14:43:58 +0000] "GET /wp-content/plugins/woocommerce/readme.txt HTTP/1.1" 200 20137 "-" "Mozilla/5.0 (compatible; MSIE 7.0; Windows NT 10.0; Trident/5.1)"
106.63.26.15 - - [30/Jul/2026:14:44:01 +0000] "GET /wp-content/plugins/*\x22,\x22/readme.txt HTTP/1.1" 404 21281 "-" "Mozilla/5.0 (compatible; MSIE 7.0; Windows NT 10.0; Trident/5.1)"
106.63.26.15 - - [30/Jul/2026:14:44:04 +0000] "GET /wp-content/themes/kadence/readme.txt HTTP/1.1" 200 56718 "-" "Mozilla/5.0 (compatible; MSIE 7.0; Windows NT 10.0; Trident/5.1)"
106.63.26.14 - - [30/Jul/2026:14:44:06 +0000] "GET /config.json HTTP/1.1" 400 650 "-" "Mozilla/5.0 (Macintosh; Intel Mac OS X 10_7_0) AppleWebKit/535.11 (KHTML, like Gecko) Chrome/17.0.963.56 Safari/535.11"
85.155.190.233 - - [30/Jul/2026:14:44:06 +0000] "POST /wp-cron.php?doing_wp_cron=1785422646.8673739433288574218750 HTTP/1.1" 200 31 "-" "WordPress/7.0; https://moonbloomwalls.com"
106.63.26.155 - - [30/Jul/2026:14:44:06 +0000] "GET /wp-content/themes/kadence-child/readme.txt HTTP/1.1" 404 21281 "-" "Mozilla/5.0 (compatible; MSIE 7.0; Windows NT 10.0; Trident/5.1)"
106.63.26.141 - - [30/Jul/2026:14:44:09 +0000] "GET /wp-content/plugins/woocommerce/readme.txt HTTP/1.1" 200 20137 "-" "Mozilla/5.0 (compatible; MSIE 7.0; Windows NT 10.0; Trident/5.1)"
106.63.26.157 - - [30/Jul/2026:14:44:11 +0000] "GET /wp-content/plugins/*\x22,\x22/readme.txt HTTP/1.1" 404 21281 "-" "Mozilla/5.0 (compatible; MSIE 7.0; Windows NT 10.0; Trident/5.1)"
106.63.26.155 - - [30/Jul/2026:14:44:13 +0000] "GET /wp-content/themes/kadence/readme.txt HTTP/1.1" 200 56718 "-" "Mozilla/5.0 (compatible; MSIE 7.0; Windows NT 10.0; Trident/5.1)"
106.63.26.155 - - [30/Jul/2026:14:44:17 +0000] "GET /wp-content/themes/kadence-child/readme.txt HTTP/1.1" 404 21281 "-" "Mozilla/5.0 (compatible; MSIE 7.0; Windows NT 10.0; Trident/5.1)"
85.155.190.233 - - [30/Jul/2026:14:45:08 +0000] "POST /wp-cron.php?doing_wp_cron=1785422708.1136689186096191406250 HTTP/1.1" 200 31 "-" "WordPress/7.0; https://moonbloomwalls.com"
43.157.174.69 - - [30/Jul/2026:14:45:08 +0000] "GET /2026/07/29/inchiesta-sui-casino-italiani-non-aams-qual-e-la-verita/ HTTP/1.1" 200 28114 "-" "Mozilla/5.0 (iPhone; CPU iPhone OS 13_2_3 like Mac OS X) AppleWebKit/605.1.15 (KHTML, like Gecko) Version/13.0.3 Mobile/15E148 Safari/604.1"
85.155.190.233 - - [30/Jul/2026:14:46:13 +0000] "POST /wp-cron.php?doing_wp_cron=1785422773.4809749126434326171875 HTTP/1.1" 200 31 "-" "WordPress/7.0; https://moonbloomwalls.com"
216.73.216.31 - - [30/Jul/2026:14:46:13 +0000] "GET /wp-sitemap.xml HTTP/1.1" 200 23463 "-" "Mozilla/5.0 AppleWebKit/537.36 (KHTML, like Gecko; compatible; ClaudeBot/1.0; +claudebot@anthropic.com)"
85.155.190.233 - - [30/Jul/2026:14:48:11 +0000] "POST /wp-cron.php?doing_wp_cron=1785422891.4277451038360595703125 HTTP/1.1" 200 31 "-" "WordPress/7.0; https://moonbloomwalls.com"
147.182.222.217 - - [30/Jul/2026:14:48:13 +0000] "POST /wp-admin/admin-ajax.php HTTP/1.1" 400 433 "-" "Mozilla/5.0 (Debian; Linux x86_64) AppleWebKit/537.36 (KHTML, like Gecko) Chrome/123.0.0.0 Safari/537.36"
147.182.222.217 - - [30/Jul/2026:14:48:13 +0000] "POST /wp-admin/options-general.php?page=smartcode HTTP/1.1" 302 432 "-" "Mozilla/5.0 (Ubuntu; Linux i686) AppleWebKit/537.36 (KHTML, like Gecko) Chrome/128.0.0.0 Safari/537.36"
