74.7.227.58 - - [30/Jul/2026:15:07:42 +0000] "GET /wp-json/wp/v2/posts/824 HTTP/1.1" 200 12344 "https://moonbloomwalls.com/2026/07/30/mostbet-az-bukmeker-ve-kazino-mostbet-giris-r-smi-sayt-26/" "Mozilla/5.0 AppleWebKit/537.36 (KHTML, like Gecko; compatible; GPTBot/1.4; +https://openai.com/gptbot)"
74.7.227.58 - - [30/Jul/2026:15:07:42 +0000] "GET /wp-json/wp/v2/posts/792 HTTP/1.1" 200 12352 "https://moonbloomwalls.com/2026/07/30/mostbet-az-bukmeker-ve-kazino-mostbet-giris-r-smi-sayt-10/" "Mozilla/5.0 AppleWebKit/537.36 (KHTML, like Gecko; compatible; GPTBot/1.4; +https://openai.com/gptbot)"
74.7.227.58 - - [30/Jul/2026:15:07:43 +0000] "GET /wp-json/wp/v2/posts/826 HTTP/1.1" 200 12352 "https://moonbloomwalls.com/2026/07/30/mostbet-az-bukmeker-ve-kazino-mostbet-giris-r-smi-sayt-27/" "Mozilla/5.0 AppleWebKit/537.36 (KHTML, like Gecko; compatible; GPTBot/1.4; +https://openai.com/gptbot)"
74.7.227.58 - - [30/Jul/2026:15:07:43 +0000] "GET /wp-json/wp/v2/posts/818 HTTP/1.1" 200 12344 "https://moonbloomwalls.com/2026/07/30/mostbet-az-bukmeker-ve-kazino-mostbet-giris-r-smi-sayt-23/" "Mozilla/5.0 AppleWebKit/537.36 (KHTML, like Gecko; compatible; GPTBot/1.4; +https://openai.com/gptbot)"
74.7.227.58 - - [30/Jul/2026:15:07:44 +0000] "GET /wp-json/wp/v2/posts/782 HTTP/1.1" 200 12349 "https://moonbloomwalls.com/2026/07/30/mostbet-az-bukmeker-ve-kazino-mostbet-giris-r-smi-sayt-5/" "Mozilla/5.0 AppleWebKit/537.36 (KHTML, like Gecko; compatible; GPTBot/1.4; +https://openai.com/gptbot)"
74.7.227.58 - - [30/Jul/2026:15:07:44 +0000] "GET /wp-json/wp/v2/posts/800 HTTP/1.1" 200 12352 "https://moonbloomwalls.com/2026/07/30/mostbet-az-bukmeker-ve-kazino-mostbet-giris-r-smi-sayt-14/" "Mozilla/5.0 AppleWebKit/537.36 (KHTML, like Gecko; compatible; GPTBot/1.4; +https://openai.com/gptbot)"
74.7.227.58 - - [30/Jul/2026:15:07:45 +0000] "GET /wp-json/wp/v2/posts/812 HTTP/1.1" 200 12352 "https://moonbloomwalls.com/2026/07/30/mostbet-az-bukmeker-ve-kazino-mostbet-giris-r-smi-sayt-20/" "Mozilla/5.0 AppleWebKit/537.36 (KHTML, like Gecko; compatible; GPTBot/1.4; +https://openai.com/gptbot)"
74.7.227.58 - - [30/Jul/2026:15:07:45 +0000] "GET /wp-json/wp/v2/posts/808 HTTP/1.1" 200 12344 "https://moonbloomwalls.com/2026/07/30/mostbet-az-bukmeker-ve-kazino-mostbet-giris-r-smi-sayt-18/" "Mozilla/5.0 AppleWebKit/537.36 (KHTML, like Gecko; compatible; GPTBot/1.4; +https://openai.com/gptbot)"
74.7.227.58 - - [30/Jul/2026:15:07:46 +0000] "GET /wp-json/wp/v2/posts/778 HTTP/1.1" 200 12341 "https://moonbloomwalls.com/2026/07/30/mostbet-az-bukmeker-ve-kazino-mostbet-giris-r-smi-sayt-3/" "Mozilla/5.0 AppleWebKit/537.36 (KHTML, like Gecko; compatible; GPTBot/1.4; +https://openai.com/gptbot)"
74.7.227.58 - - [30/Jul/2026:15:07:46 +0000] "GET /wp-json/wp/v2/posts/773 HTTP/1.1" 200 12718 "https://moonbloomwalls.com/2026/07/30/megapari-casino-emociones-quick-hit-y-ganancias-rapidas-para-el-jugador-moderno/" "Mozilla/5.0 AppleWebKit/537.36 (KHTML, like Gecko; compatible; GPTBot/1.4; +https://openai.com/gptbot)"
74.7.227.58 - - [30/Jul/2026:15:07:47 +0000] "GET /wp-json/oembed/1.0/embed?url=https%3A%2F%2Fmoonbloomwalls.com%2F2026%2F07%2F30%2Fmostbet-az-bukmeker-ve-kazino-mostbet-giris-r-smi-sayt-5%2F HTTP/1.1" 200 2948 "https://moonbloomwalls.com/2026/07/30/mostbet-az-bukmeker-ve-kazino-mostbet-giris-r-smi-sayt-5/" "Mozilla/5.0 AppleWebKit/537.36 (KHTML, like Gecko; compatible; GPTBot/1.4; +https://openai.com/gptbot)"
74.7.227.58 - - [30/Jul/2026:15:07:48 +0000] "GET /wp-json/oembed/1.0/embed?url=https%3A%2F%2Fmoonbloomwalls.com%2F2026%2F07%2F30%2Fmostbet-az-bukmeker-ve-kazino-mostbet-giris-r-smi-sayt-7%2F HTTP/1.1" 200 2948 "https://moonbloomwalls.com/2026/07/30/mostbet-az-bukmeker-ve-kazino-mostbet-giris-r-smi-sayt-7/" "Mozilla/5.0 AppleWebKit/537.36 (KHTML, like Gecko; compatible; GPTBot/1.4; +https://openai.com/gptbot)"
74.7.227.58 - - [30/Jul/2026:15:07:48 +0000] "GET /wp-json/oembed/1.0/embed?url=https%3A%2F%2Fmoonbloomwalls.com%2F2026%2F07%2F30%2Fmostbet-az-bukmeker-ve-kazino-mostbet-giris-r-smi-sayt-2%2F HTTP/1.1" 200 2948 "https://moonbloomwalls.com/2026/07/30/mostbet-az-bukmeker-ve-kazino-mostbet-giris-r-smi-sayt-2/" "Mozilla/5.0 AppleWebKit/537.36 (KHTML, like Gecko; compatible; GPTBot/1.4; +https://openai.com/gptbot)"
74.7.227.58 - - [30/Jul/2026:15:07:49 +0000] "GET /wp-json/oembed/1.0/embed?url=https%3A%2F%2Fmoonbloomwalls.com%2F2026%2F07%2F30%2Fmostbet-az-bukmeker-ve-kazino-mostbet-giris-r-smi-sayt-6%2F HTTP/1.1" 200 2948 "https://moonbloomwalls.com/2026/07/30/mostbet-az-bukmeker-ve-kazino-mostbet-giris-r-smi-sayt-6/" "Mozilla/5.0 AppleWebKit/537.36 (KHTML, like Gecko; compatible; GPTBot/1.4; +https://openai.com/gptbot)"
74.7.227.58 - - [30/Jul/2026:15:07:49 +0000] "GET /wp-json/oembed/1.0/embed?url=https%3A%2F%2Fmoonbloomwalls.com%2F2026%2F07%2F30%2Fmostbet-az-bukmeker-ve-kazino-mostbet-giris-r-smi-sayt-4%2F HTTP/1.1" 200 2948 "https://moonbloomwalls.com/2026/07/30/mostbet-az-bukmeker-ve-kazino-mostbet-giris-r-smi-sayt-4/" "Mozilla/5.0 AppleWebKit/537.36 (KHTML, like Gecko; compatible; GPTBot/1.4; +https://openai.com/gptbot)"
74.7.227.58 - - [30/Jul/2026:15:07:50 +0000] "GET /wp-json/oembed/1.0/embed?url=https%3A%2F%2Fmoonbloomwalls.com%2F2026%2F07%2F30%2Fmostbet-az-bukmeker-ve-kazino-mostbet-giris-r-smi-sayt-8%2F HTTP/1.1" 200 2948 "https://moonbloomwalls.com/2026/07/30/mostbet-az-bukmeker-ve-kazino-mostbet-giris-r-smi-sayt-8/" "Mozilla/5.0 AppleWebKit/537.36 (KHTML, like Gecko; compatible; GPTBot/1.4; +https://openai.com/gptbot)"
74.7.227.58 - - [30/Jul/2026:15:07:50 +0000] "GET /wp-json/oembed/1.0/embed?url=https%3A%2F%2Fmoonbloomwalls.com%2F2026%2F07%2F30%2Fmostbet-az-bukmeker-ve-kazino-mostbet-giris-r-smi-sayt-9%2F HTTP/1.1" 200 2948 "https://moonbloomwalls.com/2026/07/30/mostbet-az-bukmeker-ve-kazino-mostbet-giris-r-smi-sayt-9/" "Mozilla/5.0 AppleWebKit/537.36 (KHTML, like Gecko; compatible; GPTBot/1.4; +https://openai.com/gptbot)"
74.7.227.58 - - [30/Jul/2026:15:07:51 +0000] "GET /wp-json/oembed/1.0/embed?url=https%3A%2F%2Fmoonbloomwalls.com%2F2026%2F07%2F30%2Fmostbet-az-bukmeker-ve-kazino-mostbet-giris-r-smi-sayt-15%2F HTTP/1.1" 200 2950 "https://moonbloomwalls.com/2026/07/30/mostbet-az-bukmeker-ve-kazino-mostbet-giris-r-smi-sayt-15/" "Mozilla/5.0 AppleWebKit/537.36 (KHTML, like Gecko; compatible; GPTBot/1.4; +https://openai.com/gptbot)"
74.7.227.58 - - [30/Jul/2026:15:07:51 +0000] "GET /wp-json/oembed/1.0/embed?url=https%3A%2F%2Fmoonbloomwalls.com%2F2026%2F07%2F30%2Fmostbet-az-bukmeker-ve-kazino-mostbet-giris-r-smi-sayt-27%2F HTTP/1.1" 200 2950 "https://moonbloomwalls.com/2026/07/30/mostbet-az-bukmeker-ve-kazino-mostbet-giris-r-smi-sayt-27/" "Mozilla/5.0 AppleWebKit/537.36 (KHTML, like Gecko; compatible; GPTBot/1.4; +https://openai.com/gptbot)"
74.7.227.58 - - [30/Jul/2026:15:07:52 +0000] "GET /wp-json/oembed/1.0/embed?url=https%3A%2F%2Fmoonbloomwalls.com%2F2026%2F07%2F30%2Fmostbet-az-bukmeker-ve-kazino-mostbet-giris-r-smi-sayt-23%2F HTTP/1.1" 200 2950 "https://moonbloomwalls.com/2026/07/30/mostbet-az-bukmeker-ve-kazino-mostbet-giris-r-smi-sayt-23/" "Mozilla/5.0 AppleWebKit/537.36 (KHTML, like Gecko; compatible; GPTBot/1.4; +https://openai.com/gptbot)"
74.7.227.58 - - [30/Jul/2026:15:07:52 +0000] "GET /wp-json/oembed/1.0/embed?url=https%3A%2F%2Fmoonbloomwalls.com%2F2026%2F07%2F30%2Fmostbet-az-bukmeker-ve-kazino-mostbet-giris-r-smi-sayt-21%2F HTTP/1.1" 200 2950 "https://moonbloomwalls.com/2026/07/30/mostbet-az-bukmeker-ve-kazino-mostbet-giris-r-smi-sayt-21/" "Mozilla/5.0 AppleWebKit/537.36 (KHTML, like Gecko; compatible; GPTBot/1.4; +https://openai.com/gptbot)"
74.7.227.58 - - [30/Jul/2026:15:07:53 +0000] "GET /wp-json/oembed/1.0/embed?url=https%3A%2F%2Fmoonbloomwalls.com%2F2026%2F07%2F30%2Fmostbet-az-bukmeker-ve-kazino-mostbet-giris-r-smi-sayt-12%2F HTTP/1.1" 200 2950 "https://moonbloomwalls.com/2026/07/30/mostbet-az-bukmeker-ve-kazino-mostbet-giris-r-smi-sayt-12/" "Mozilla/5.0 AppleWebKit/537.36 (KHTML, like Gecko; compatible; GPTBot/1.4; +https://openai.com/gptbot)"
74.7.227.58 - - [30/Jul/2026:15:07:53 +0000] "GET /wp-json/oembed/1.0/embed?url=https%3A%2F%2Fmoonbloomwalls.com%2F2026%2F07%2F30%2Fmostbet-az-bukmeker-ve-kazino-mostbet-giris-r-smi-sayt-16%2F HTTP/1.1" 200 2950 "https://moonbloomwalls.com/2026/07/30/mostbet-az-bukmeker-ve-kazino-mostbet-giris-r-smi-sayt-16/" "Mozilla/5.0 AppleWebKit/537.36 (KHTML, like Gecko; compatible; GPTBot/1.4; +https://openai.com/gptbot)"
74.7.227.58 - - [30/Jul/2026:15:07:54 +0000] "GET /wp-json/oembed/1.0/embed?url=https%3A%2F%2Fmoonbloomwalls.com%2F2026%2F07%2F30%2Fmostbet-az-bukmeker-ve-kazino-mostbet-giris-r-smi-sayt-18%2F HTTP/1.1" 200 2950 "https://moonbloomwalls.com/2026/07/30/mostbet-az-bukmeker-ve-kazino-mostbet-giris-r-smi-sayt-18/" "Mozilla/5.0 AppleWebKit/537.36 (KHTML, like Gecko; compatible; GPTBot/1.4; +https://openai.com/gptbot)"
74.7.227.58 - - [30/Jul/2026:15:07:54 +0000] "GET /wp-json/oembed/1.0/embed?url=https%3A%2F%2Fmoonbloomwalls.com%2F2026%2F07%2F30%2Fmostbet-az-bukmeker-ve-kazino-mostbet-giris-r-smi-sayt-10%2F HTTP/1.1" 200 2950 "https://moonbloomwalls.com/2026/07/30/mostbet-az-bukmeker-ve-kazino-mostbet-giris-r-smi-sayt-10/" "Mozilla/5.0 AppleWebKit/537.36 (KHTML, like Gecko; compatible; GPTBot/1.4; +https://openai.com/gptbot)"
74.7.227.58 - - [30/Jul/2026:15:07:55 +0000] "GET /wp-json/oembed/1.0/embed?url=https%3A%2F%2Fmoonbloomwalls.com%2F2026%2F07%2F30%2Fmostbet-az-bukmeker-ve-kazino-mostbet-giris-r-smi-sayt-11%2F HTTP/1.1" 200 2950 "https://moonbloomwalls.com/2026/07/30/mostbet-az-bukmeker-ve-kazino-mostbet-giris-r-smi-sayt-11/" "Mozilla/5.0 AppleWebKit/537.36 (KHTML, like Gecko; compatible; GPTBot/1.4; +https://openai.com/gptbot)"
74.7.227.58 - - [30/Jul/2026:15:07:55 +0000] "GET /wp-json/oembed/1.0/embed?url=https%3A%2F%2Fmoonbloomwalls.com%2F2026%2F07%2F30%2Fmostbet-az-bukmeker-ve-kazino-mostbet-giris-r-smi-sayt-24%2F HTTP/1.1" 200 2950 "https://moonbloomwalls.com/2026/07/30/mostbet-az-bukmeker-ve-kazino-mostbet-giris-r-smi-sayt-24/" "Mozilla/5.0 AppleWebKit/537.36 (KHTML, like Gecko; compatible; GPTBot/1.4; +https://openai.com/gptbot)"
74.7.227.58 - - [30/Jul/2026:15:07:56 +0000] "GET /wp-json/oembed/1.0/embed?url=https%3A%2F%2Fmoonbloomwalls.com%2F2026%2F07%2F30%2Fmostbet-az-bukmeker-ve-kazino-mostbet-giris-r-smi-sayt-26%2F HTTP/1.1" 200 2950 "https://moonbloomwalls.com/2026/07/30/mostbet-az-bukmeker-ve-kazino-mostbet-giris-r-smi-sayt-26/" "Mozilla/5.0 AppleWebKit/537.36 (KHTML, like Gecko; compatible; GPTBot/1.4; +https://openai.com/gptbot)"
74.7.227.58 - - [30/Jul/2026:15:07:56 +0000] "GET /wp-json/oembed/1.0/embed?url=https%3A%2F%2Fmoonbloomwalls.com%2F2026%2F07%2F30%2Fmostbet-az-bukmeker-ve-kazino-mostbet-giris-r-smi-sayt-14%2F HTTP/1.1" 200 2950 "https://moonbloomwalls.com/2026/07/30/mostbet-az-bukmeker-ve-kazino-mostbet-giris-r-smi-sayt-14/" "Mozilla/5.0 AppleWebKit/537.36 (KHTML, like Gecko; compatible; GPTBot/1.4; +https://openai.com/gptbot)"
74.7.227.58 - - [30/Jul/2026:15:07:57 +0000] "GET /wp-json/oembed/1.0/embed?url=https%3A%2F%2Fmoonbloomwalls.com%2F2026%2F07%2F30%2Fmostbet-az-bukmeker-ve-kazino-mostbet-giris-r-smi-sayt-28%2F HTTP/1.1" 200 2950 "https://moonbloomwalls.com/2026/07/30/mostbet-az-bukmeker-ve-kazino-mostbet-giris-r-smi-sayt-28/" "Mozilla/5.0 AppleWebKit/537.36 (KHTML, like Gecko; compatible; GPTBot/1.4; +https://openai.com/gptbot)"
74.7.227.58 - - [30/Jul/2026:15:07:57 +0000] "GET /wp-json/oembed/1.0/embed?url=https%3A%2F%2Fmoonbloomwalls.com%2F2026%2F07%2F30%2Fmostbet-az-bukmeker-ve-kazino-mostbet-giris-r-smi-sayt-17%2F HTTP/1.1" 200 2950 "https://moonbloomwalls.com/2026/07/30/mostbet-az-bukmeker-ve-kazino-mostbet-giris-r-smi-sayt-17/" "Mozilla/5.0 AppleWebKit/537.36 (KHTML, like Gecko; compatible; GPTBot/1.4; +https://openai.com/gptbot)"
74.7.227.58 - - [30/Jul/2026:15:07:58 +0000] "GET /wp-json/oembed/1.0/embed?url=https%3A%2F%2Fmoonbloomwalls.com%2F2026%2F07%2F30%2Fmostbet-az-bukmeker-ve-kazino-mostbet-giris-r-smi-sayt-19%2F HTTP/1.1" 200 2950 "https://moonbloomwalls.com/2026/07/30/mostbet-az-bukmeker-ve-kazino-mostbet-giris-r-smi-sayt-19/" "Mozilla/5.0 AppleWebKit/537.36 (KHTML, like Gecko; compatible; GPTBot/1.4; +https://openai.com/gptbot)"
74.7.227.58 - - [30/Jul/2026:15:07:58 +0000] "GET /wp-json/oembed/1.0/embed?url=https%3A%2F%2Fmoonbloomwalls.com%2F2026%2F07%2F30%2Fmostbet-az-bukmeker-ve-kazino-mostbet-giris-r-smi-sayt-13%2F HTTP/1.1" 200 2950 "https://moonbloomwalls.com/2026/07/30/mostbet-az-bukmeker-ve-kazino-mostbet-giris-r-smi-sayt-13/" "Mozilla/5.0 AppleWebKit/537.36 (KHTML, like Gecko; compatible; GPTBot/1.4; +https://openai.com/gptbot)"
74.7.227.58 - - [30/Jul/2026:15:07:59 +0000] "GET /wp-json/oembed/1.0/embed?url=https%3A%2F%2Fmoonbloomwalls.com%2F2026%2F07%2F30%2Fmostbet-az-bukmeker-ve-kazino-mostbet-giris-r-smi-sayt-20%2F HTTP/1.1" 200 2950 "https://moonbloomwalls.com/2026/07/30/mostbet-az-bukmeker-ve-kazino-mostbet-giris-r-smi-sayt-20/" "Mozilla/5.0 AppleWebKit/537.36 (KHTML, like Gecko; compatible; GPTBot/1.4; +https://openai.com/gptbot)"
74.7.227.58 - - [30/Jul/2026:15:08:00 +0000] "GET /wp-json/oembed/1.0/embed?url=https%3A%2F%2Fmoonbloomwalls.com%2F2026%2F07%2F30%2Fmostbet-az-bukmeker-ve-kazino-mostbet-giris-r-smi-sayt-22%2F HTTP/1.1" 200 2950 "https://moonbloomwalls.com/2026/07/30/mostbet-az-bukmeker-ve-kazino-mostbet-giris-r-smi-sayt-22/" "Mozilla/5.0 AppleWebKit/537.36 (KHTML, like Gecko; compatible; GPTBot/1.4; +https://openai.com/gptbot)"
74.7.227.58 - - [30/Jul/2026:15:08:00 +0000] "GET /wp-json/oembed/1.0/embed?url=https%3A%2F%2Fmoonbloomwalls.com%2F2026%2F07%2F30%2Fmostbet-az-bukmeker-ve-kazino-mostbet-giris-r-smi-sayt-25%2F HTTP/1.1" 200 2950 "https://moonbloomwalls.com/2026/07/30/mostbet-az-bukmeker-ve-kazino-mostbet-giris-r-smi-sayt-25/" "Mozilla/5.0 AppleWebKit/537.36 (KHTML, like Gecko; compatible; GPTBot/1.4; +https://openai.com/gptbot)"
74.7.227.58 - - [30/Jul/2026:15:08:01 +0000] "GET /wp-json/wp/v2/posts/822 HTTP/1.1" 200 12352 "https://moonbloomwalls.com/2026/07/30/mostbet-az-bukmeker-ve-kazino-mostbet-giris-r-smi-sayt-25/" "Mozilla/5.0 AppleWebKit/537.36 (KHTML, like Gecko; compatible; GPTBot/1.4; +https://openai.com/gptbot)"
74.7.227.58 - - [30/Jul/2026:15:08:01 +0000] "GET /wp-json/wp/v2/posts/828 HTTP/1.1" 200 12358 "https://moonbloomwalls.com/2026/07/30/mostbet-az-bukmeker-ve-kazino-mostbet-giris-r-smi-sayt-28/" "Mozilla/5.0 AppleWebKit/537.36 (KHTML, like Gecko; compatible; GPTBot/1.4; +https://openai.com/gptbot)"
74.7.227.58 - - [30/Jul/2026:15:08:02 +0000] "GET /wp-json/oembed/1.0/embed?format=xml&url=https%3A%2F%2Fmoonbloomwalls.com%2F2026%2F07%2F30%2Fmegapari-casino-emociones-quick-hit-y-ganancias-rapidas-para-el-jugador-moderno%2F HTTP/1.1" 200 3176 "https://moonbloomwalls.com/2026/07/30/megapari-casino-emociones-quick-hit-y-ganancias-rapidas-para-el-jugador-moderno/" "Mozilla/5.0 AppleWebKit/537.36 (KHTML, like Gecko; compatible; GPTBot/1.4; +https://openai.com/gptbot)"
74.7.227.58 - - [30/Jul/2026:15:08:02 +0000] "GET /wp-json/oembed/1.0/embed?format=xml&url=https%3A%2F%2Fmoonbloomwalls.com%2F2026%2F07%2F30%2Fmegapari-casino-emociones-quick-hit-y-ganancias-rapidas-para-el-jugador-moderno-3%2F HTTP/1.1" 200 3180 "https://moonbloomwalls.com/2026/07/30/megapari-casino-emociones-quick-hit-y-ganancias-rapidas-para-el-jugador-moderno-3/" "Mozilla/5.0 AppleWebKit/537.36 (KHTML, like Gecko; compatible; GPTBot/1.4; +https://openai.com/gptbot)"
74.7.227.58 - - [30/Jul/2026:15:08:03 +0000] "GET /wp-json/oembed/1.0/embed?format=xml&url=https%3A%2F%2Fmoonbloomwalls.com%2F2026%2F07%2F30%2Fmegapari-casino-emociones-quick-hit-y-ganancias-rapidas-para-el-jugador-moderno-2%2F HTTP/1.1" 200 3180 "https://moonbloomwalls.com/2026/07/30/megapari-casino-emociones-quick-hit-y-ganancias-rapidas-para-el-jugador-moderno-2/" "Mozilla/5.0 AppleWebKit/537.36 (KHTML, like Gecko; compatible; GPTBot/1.4; +https://openai.com/gptbot)"
85.155.190.233 - - [30/Jul/2026:15:08:03 +0000] "POST /wp-cron.php?doing_wp_cron=1785424083.1917159557342529296875 HTTP/1.1" 200 31 "-" "WordPress/7.0; https://moonbloomwalls.com"
74.7.227.58 - - [30/Jul/2026:15:08:03 +0000] "GET /wp-json/oembed/1.0/embed?format=xml&url=https%3A%2F%2Fmoonbloomwalls.com%2F2026%2F07%2F30%2Fmostbet-az-bukmeker-ve-kazino-mostbet-giris-r-smi-sayt-23%2F HTTP/1.1" 200 3108 "https://moonbloomwalls.com/2026/07/30/mostbet-az-bukmeker-ve-kazino-mostbet-giris-r-smi-sayt-23/" "Mozilla/5.0 AppleWebKit/537.36 (KHTML, like Gecko; compatible; GPTBot/1.4; +https://openai.com/gptbot)"
74.7.227.58 - - [30/Jul/2026:15:08:04 +0000] "GET /wp-json/oembed/1.0/embed?format=xml&url=https%3A%2F%2Fmoonbloomwalls.com%2F2026%2F07%2F30%2Fmostbet-az-bukmeker-ve-kazino-mostbet-giris-r-smi-sayt-10%2F HTTP/1.1" 200 3108 "https://moonbloomwalls.com/2026/07/30/mostbet-az-bukmeker-ve-kazino-mostbet-giris-r-smi-sayt-10/" "Mozilla/5.0 AppleWebKit/537.36 (KHTML, like Gecko; compatible; GPTBot/1.4; +https://openai.com/gptbot)"
74.7.227.58 - - [30/Jul/2026:15:08:04 +0000] "GET /wp-json/oembed/1.0/embed?format=xml&url=https%3A%2F%2Fmoonbloomwalls.com%2F2026%2F07%2F30%2Fmostbet-az-bukmeker-ve-kazino-mostbet-giris-r-smi-sayt-22%2F HTTP/1.1" 200 3108 "https://moonbloomwalls.com/2026/07/30/mostbet-az-bukmeker-ve-kazino-mostbet-giris-r-smi-sayt-22/" "Mozilla/5.0 AppleWebKit/537.36 (KHTML, like Gecko; compatible; GPTBot/1.4; +https://openai.com/gptbot)"
74.7.227.58 - - [30/Jul/2026:15:08:05 +0000] "GET /wp-json/oembed/1.0/embed?format=xml&url=https%3A%2F%2Fmoonbloomwalls.com%2F2026%2F07%2F30%2Fmostbet-az-bukmeker-ve-kazino-mostbet-giris-r-smi-sayt-24%2F HTTP/1.1" 200 3108 "https://moonbloomwalls.com/2026/07/30/mostbet-az-bukmeker-ve-kazino-mostbet-giris-r-smi-sayt-24/" "Mozilla/5.0 AppleWebKit/537.36 (KHTML, like Gecko; compatible; GPTBot/1.4; +https://openai.com/gptbot)"
74.7.227.58 - - [30/Jul/2026:15:08:05 +0000] "GET /wp-json/oembed/1.0/embed?format=xml&url=https%3A%2F%2Fmoonbloomwalls.com%2F2026%2F07%2F30%2Fmostbet-az-bukmeker-ve-kazino-mostbet-giris-r-smi-sayt-5%2F HTTP/1.1" 200 3106 "https://moonbloomwalls.com/2026/07/30/mostbet-az-bukmeker-ve-kazino-mostbet-giris-r-smi-sayt-5/" "Mozilla/5.0 AppleWebKit/537.36 (KHTML, like Gecko; compatible; GPTBot/1.4; +https://openai.com/gptbot)"
74.7.227.58 - - [30/Jul/2026:15:08:06 +0000] "GET /wp-json/oembed/1.0/embed?format=xml&url=https%3A%2F%2Fmoonbloomwalls.com%2F2026%2F07%2F30%2Fmostbet-az-bukmeker-ve-kazino-mostbet-giris-r-smi-sayt-16%2F HTTP/1.1" 200 3108 "https://moonbloomwalls.com/2026/07/30/mostbet-az-bukmeker-ve-kazino-mostbet-giris-r-smi-sayt-16/" "Mozilla/5.0 AppleWebKit/537.36 (KHTML, like Gecko; compatible; GPTBot/1.4; +https://openai.com/gptbot)"
74.7.227.58 - - [30/Jul/2026:15:08:06 +0000] "GET /wp-json/oembed/1.0/embed?format=xml&url=https%3A%2F%2Fmoonbloomwalls.com%2F2026%2F07%2F30%2Fmostbet-az-bukmeker-ve-kazino-mostbet-giris-r-smi-sayt-26%2F HTTP/1.1" 200 3108 "https://moonbloomwalls.com/2026/07/30/mostbet-az-bukmeker-ve-kazino-mostbet-giris-r-smi-sayt-26/" "Mozilla/5.0 AppleWebKit/537.36 (KHTML, like Gecko; compatible; GPTBot/1.4; +https://openai.com/gptbot)"
74.7.227.58 - - [30/Jul/2026:15:08:07 +0000] "GET /wp-json/oembed/1.0/embed?format=xml&url=https%3A%2F%2Fmoonbloomwalls.com%2F2026%2F07%2F30%2Fmostbet-az-bukmeker-ve-kazino-mostbet-giris-r-smi-sayt-18%2F HTTP/1.1" 200 3108 "https://moonbloomwalls.com/2026/07/30/mostbet-az-bukmeker-ve-kazino-mostbet-giris-r-smi-sayt-18/" "Mozilla/5.0 AppleWebKit/537.36 (KHTML, like Gecko; compatible; GPTBot/1.4; +https://openai.com/gptbot)"
74.7.227.58 - - [30/Jul/2026:15:08:07 +0000] "GET /wp-json/oembed/1.0/embed?format=xml&url=https%3A%2F%2Fmoonbloomwalls.com%2F2026%2F07%2F30%2Fmostbet-az-bukmeker-ve-kazino-mostbet-giris-r-smi-sayt-4%2F HTTP/1.1" 200 3106 "https://moonbloomwalls.com/2026/07/30/mostbet-az-bukmeker-ve-kazino-mostbet-giris-r-smi-sayt-4/" "Mozilla/5.0 AppleWebKit/537.36 (KHTML, like Gecko; compatible; GPTBot/1.4; +https://openai.com/gptbot)"
74.7.227.58 - - [30/Jul/2026:15:08:08 +0000] "GET /wp-json/oembed/1.0/embed?format=xml&url=https%3A%2F%2Fmoonbloomwalls.com%2F2026%2F07%2F30%2Fmostbet-az-bukmeker-ve-kazino-mostbet-giris-r-smi-sayt-11%2F HTTP/1.1" 200 3108 "https://moonbloomwalls.com/2026/07/30/mostbet-az-bukmeker-ve-kazino-mostbet-giris-r-smi-sayt-11/" "Mozilla/5.0 AppleWebKit/537.36 (KHTML, like Gecko; compatible; GPTBot/1.4; +https://openai.com/gptbot)"
74.7.227.58 - - [30/Jul/2026:15:08:08 +0000] "GET /wp-json/oembed/1.0/embed?format=xml&url=https%3A%2F%2Fmoonbloomwalls.com%2F2026%2F07%2F30%2Fmostbet-az-bukmeker-ve-kazino-mostbet-giris-r-smi-sayt-27%2F HTTP/1.1" 200 3108 "https://moonbloomwalls.com/2026/07/30/mostbet-az-bukmeker-ve-kazino-mostbet-giris-r-smi-sayt-27/" "Mozilla/5.0 AppleWebKit/537.36 (KHTML, like Gecko; compatible; GPTBot/1.4; +https://openai.com/gptbot)"
74.7.227.58 - - [30/Jul/2026:15:08:09 +0000] "GET /wp-json/oembed/1.0/embed?format=xml&url=https%3A%2F%2Fmoonbloomwalls.com%2F2026%2F07%2F30%2Fmostbet-az-bukmeker-ve-kazino-mostbet-giris-r-smi-sayt-15%2F HTTP/1.1" 200 3108 "https://moonbloomwalls.com/2026/07/30/mostbet-az-bukmeker-ve-kazino-mostbet-giris-r-smi-sayt-15/" "Mozilla/5.0 AppleWebKit/537.36 (KHTML, like Gecko; compatible; GPTBot/1.4; +https://openai.com/gptbot)"
74.7.227.58 - - [30/Jul/2026:15:08:10 +0000] "GET /wp-json/oembed/1.0/embed?format=xml&url=https%3A%2F%2Fmoonbloomwalls.com%2F2026%2F07%2F30%2Fmostbet-az-bukmeker-ve-kazino-mostbet-giris-r-smi-sayt-12%2F HTTP/1.1" 200 3108 "https://moonbloomwalls.com/2026/07/30/mostbet-az-bukmeker-ve-kazino-mostbet-giris-r-smi-sayt-12/" "Mozilla/5.0 AppleWebKit/537.36 (KHTML, like Gecko; compatible; GPTBot/1.4; +https://openai.com/gptbot)"
74.7.227.58 - - [30/Jul/2026:15:08:10 +0000] "GET /wp-json/oembed/1.0/embed?format=xml&url=https%3A%2F%2Fmoonbloomwalls.com%2F2026%2F07%2F30%2Fmostbet-az-bukmeker-ve-kazino-mostbet-giris-r-smi-sayt-14%2F HTTP/1.1" 200 3108 "https://moonbloomwalls.com/2026/07/30/mostbet-az-bukmeker-ve-kazino-mostbet-giris-r-smi-sayt-14/" "Mozilla/5.0 AppleWebKit/537.36 (KHTML, like Gecko; compatible; GPTBot/1.4; +https://openai.com/gptbot)"
74.7.227.58 - - [30/Jul/2026:15:08:11 +0000] "GET /wp-json/oembed/1.0/embed?format=xml&url=https%3A%2F%2Fmoonbloomwalls.com%2F2026%2F07%2F30%2Fmostbet-az-bukmeker-ve-kazino-mostbet-giris-r-smi-sayt-17%2F HTTP/1.1" 200 3108 "https://moonbloomwalls.com/2026/07/30/mostbet-az-bukmeker-ve-kazino-mostbet-giris-r-smi-sayt-17/" "Mozilla/5.0 AppleWebKit/537.36 (KHTML, like Gecko; compatible; GPTBot/1.4; +https://openai.com/gptbot)"
74.7.227.58 - - [30/Jul/2026:15:08:11 +0000] "GET /wp-json/oembed/1.0/embed?format=xml&url=https%3A%2F%2Fmoonbloomwalls.com%2F2026%2F07%2F30%2Fmostbet-az-bukmeker-ve-kazino-mostbet-giris-r-smi-sayt-13%2F HTTP/1.1" 200 3108 "https://moonbloomwalls.com/2026/07/30/mostbet-az-bukmeker-ve-kazino-mostbet-giris-r-smi-sayt-13/" "Mozilla/5.0 AppleWebKit/537.36 (KHTML, like Gecko; compatible; GPTBot/1.4; +https://openai.com/gptbot)"
74.7.227.58 - - [30/Jul/2026:15:08:12 +0000] "GET /wp-json/oembed/1.0/embed?format=xml&url=https%3A%2F%2Fmoonbloomwalls.com%2F2026%2F07%2F30%2Fmostbet-az-bukmeker-ve-kazino-mostbet-giris-r-smi-sayt-8%2F HTTP/1.1" 200 3106 "https://moonbloomwalls.com/2026/07/30/mostbet-az-bukmeker-ve-kazino-mostbet-giris-r-smi-sayt-8/" "Mozilla/5.0 AppleWebKit/537.36 (KHTML, like Gecko; compatible; GPTBot/1.4; +https://openai.com/gptbot)"
74.7.227.58 - - [30/Jul/2026:15:08:12 +0000] "GET /wp-json/oembed/1.0/embed?format=xml&url=https%3A%2F%2Fmoonbloomwalls.com%2F2026%2F07%2F30%2Fmostbet-az-bukmeker-ve-kazino-mostbet-giris-r-smi-sayt-21%2F HTTP/1.1" 200 3108 "https://moonbloomwalls.com/2026/07/30/mostbet-az-bukmeker-ve-kazino-mostbet-giris-r-smi-sayt-21/" "Mozilla/5.0 AppleWebKit/537.36 (KHTML, like Gecko; compatible; GPTBot/1.4; +https://openai.com/gptbot)"
74.7.227.58 - - [30/Jul/2026:15:08:13 +0000] "GET /wp-json/oembed/1.0/embed?format=xml&url=https%3A%2F%2Fmoonbloomwalls.com%2F2026%2F07%2F30%2Fmostbet-az-bukmeker-ve-kazino-mostbet-giris-r-smi-sayt-20%2F HTTP/1.1" 200 3108 "https://moonbloomwalls.com/2026/07/30/mostbet-az-bukmeker-ve-kazino-mostbet-giris-r-smi-sayt-20/" "Mozilla/5.0 AppleWebKit/537.36 (KHTML, like Gecko; compatible; GPTBot/1.4; +https://openai.com/gptbot)"
74.7.227.58 - - [30/Jul/2026:15:08:13 +0000] "GET /wp-json/oembed/1.0/embed?format=xml&url=https%3A%2F%2Fmoonbloomwalls.com%2F2026%2F07%2F30%2Fmostbet-az-bukmeker-ve-kazino-mostbet-giris-r-smi-sayt-9%2F HTTP/1.1" 200 3106 "https://moonbloomwalls.com/2026/07/30/mostbet-az-bukmeker-ve-kazino-mostbet-giris-r-smi-sayt-9/" "Mozilla/5.0 AppleWebKit/537.36 (KHTML, like Gecko; compatible; GPTBot/1.4; +https://openai.com/gptbot)"
74.7.227.58 - - [30/Jul/2026:15:08:14 +0000] "GET /wp-json/oembed/1.0/embed?format=xml&url=https%3A%2F%2Fmoonbloomwalls.com%2F2026%2F07%2F30%2Fmostbet-az-bukmeker-ve-kazino-mostbet-giris-r-smi-sayt-7%2F HTTP/1.1" 200 3106 "https://moonbloomwalls.com/2026/07/30/mostbet-az-bukmeker-ve-kazino-mostbet-giris-r-smi-sayt-7/" "Mozilla/5.0 AppleWebKit/537.36 (KHTML, like Gecko; compatible; GPTBot/1.4; +https://openai.com/gptbot)"
74.7.227.58 - - [30/Jul/2026:15:08:14 +0000] "GET /wp-json/oembed/1.0/embed?format=xml&url=https%3A%2F%2Fmoonbloomwalls.com%2F2026%2F07%2F30%2Fmostbet-az-bukmeker-ve-kazino-mostbet-giris-r-smi-sayt-28%2F HTTP/1.1" 200 3108 "https://moonbloomwalls.com/2026/07/30/mostbet-az-bukmeker-ve-kazino-mostbet-giris-r-smi-sayt-28/" "Mozilla/5.0 AppleWebKit/537.36 (KHTML, like Gecko; compatible; GPTBot/1.4; +https://openai.com/gptbot)"
74.7.227.58 - - [30/Jul/2026:15:08:15 +0000] "GET /wp-json/oembed/1.0/embed?format=xml&url=https%3A%2F%2Fmoonbloomwalls.com%2F2026%2F07%2F30%2Fmostbet-az-bukmeker-ve-kazino-mostbet-giris-r-smi-sayt-6%2F HTTP/1.1" 200 3106 "https://moonbloomwalls.com/2026/07/30/mostbet-az-bukmeker-ve-kazino-mostbet-giris-r-smi-sayt-6/" "Mozilla/5.0 AppleWebKit/537.36 (KHTML, like Gecko; compatible; GPTBot/1.4; +https://openai.com/gptbot)"
74.7.227.58 - - [30/Jul/2026:15:08:15 +0000] "GET /wp-json/oembed/1.0/embed?format=xml&url=https%3A%2F%2Fmoonbloomwalls.com%2F2026%2F07%2F30%2Fmostbet-az-bukmeker-ve-kazino-mostbet-giris-r-smi-sayt-19%2F HTTP/1.1" 200 3108 "https://moonbloomwalls.com/2026/07/30/mostbet-az-bukmeker-ve-kazino-mostbet-giris-r-smi-sayt-19/" "Mozilla/5.0 AppleWebKit/537.36 (KHTML, like Gecko; compatible; GPTBot/1.4; +https://openai.com/gptbot)"
74.7.227.58 - - [30/Jul/2026:15:08:16 +0000] "GET /wp-json/oembed/1.0/embed?format=xml&url=https%3A%2F%2Fmoonbloomwalls.com%2F2026%2F07%2F30%2Fmostbet-az-bukmeker-ve-kazino-mostbet-giris-r-smi-sayt-2%2F HTTP/1.1" 200 3106 "https://moonbloomwalls.com/2026/07/30/mostbet-az-bukmeker-ve-kazino-mostbet-giris-r-smi-sayt-2/" "Mozilla/5.0 AppleWebKit/537.36 (KHTML, like Gecko; compatible; GPTBot/1.4; +https://openai.com/gptbot)"
74.7.227.58 - - [30/Jul/2026:15:08:16 +0000] "GET /wp-json/oembed/1.0/embed?format=xml&url=https%3A%2F%2Fmoonbloomwalls.com%2F2026%2F07%2F30%2Fmostbet-az-bukmeker-ve-kazino-mostbet-giris-r-smi-sayt-3%2F HTTP/1.1" 200 3106 "https://moonbloomwalls.com/2026/07/30/mostbet-az-bukmeker-ve-kazino-mostbet-giris-r-smi-sayt-3/" "Mozilla/5.0 AppleWebKit/537.36 (KHTML, like Gecko; compatible; GPTBot/1.4; +https://openai.com/gptbot)"
74.7.227.58 - - [30/Jul/2026:15:08:17 +0000] "GET /wp-json/oembed/1.0/embed?format=xml&url=https%3A%2F%2Fmoonbloomwalls.com%2F2026%2F07%2F30%2Fmostbet-az-bukmeker-ve-kazino-mostbet-giris-r-smi-sayt-25%2F HTTP/1.1" 200 3108 "https://moonbloomwalls.com/2026/07/30/mostbet-az-bukmeker-ve-kazino-mostbet-giris-r-smi-sayt-25/" "Mozilla/5.0 AppleWebKit/537.36 (KHTML, like Gecko; compatible; GPTBot/1.4; +https://openai.com/gptbot)"
43.164.129.191 - - [30/Jul/2026:15:08:58 +0000] "GET / HTTP/1.1" 301 423 "http://www.moonbloomwalls.com" "Mozilla/5.0 (iPhone; CPU iPhone OS 13_2_3 like Mac OS X) AppleWebKit/605.1.15 (KHTML, like Gecko) Version/13.0.3 Mobile/15E148 Safari/604.1"
43.164.129.191 - - [30/Jul/2026:15:08:59 +0000] "GET / HTTP/1.1" 200 37104 "https://www.moonbloomwalls.com/" "Mozilla/5.0 (iPhone; CPU iPhone OS 13_2_3 like Mac OS X) AppleWebKit/605.1.15 (KHTML, like Gecko) Version/13.0.3 Mobile/15E148 Safari/604.1"
85.155.190.233 - - [30/Jul/2026:15:15:17 +0000] "POST /wp-cron.php?doing_wp_cron=1785424517.8110570907592773437500 HTTP/1.1" 200 31 "-" "WordPress/7.0; https://moonbloomwalls.com"
43.157.147.3 - - [30/Jul/2026:15:15:17 +0000] "GET /2026/02/16/the-evolution-of-kangaroo-88-casino-in-the-igaming-scene/ HTTP/1.1" 200 26342 "-" "Mozilla/5.0 (iPhone; CPU iPhone OS 13_2_3 like Mac OS X) AppleWebKit/605.1.15 (KHTML, like Gecko) Version/13.0.3 Mobile/15E148 Safari/604.1"
156.241.191.156 - - [30/Jul/2026:15:16:03 +0000] "GET /?rest_route=/batch/v1 HTTP/1.1" 404 537 "-" "cve-2026-63030/1.0"
85.155.190.233 - - [30/Jul/2026:15:16:03 +0000] "POST /wp-cron.php?doing_wp_cron=1785424563.1250619888305664062500 HTTP/1.1" 200 31 "-" "WordPress/7.0; https://moonbloomwalls.com"
146.148.11.190 - - [30/Jul/2026:15:16:53 +0000] "GET / HTTP/1.1" 301 423 "http://www.moonbloomwalls.com" "Mozilla/5.0 (compatible; CMS-Checker/1.0; +https://example.com)"
146.148.11.190 - - [30/Jul/2026:15:16:55 +0000] "GET / HTTP/1.1" 200 37104 "https://www.moonbloomwalls.com/" "Mozilla/5.0 (compatible; CMS-Checker/1.0; +https://example.com)"
85.155.190.233 - - [30/Jul/2026:15:18:17 +0000] "POST /wp-cron.php?doing_wp_cron=1785424697.4630939960479736328125 HTTP/1.1" 200 31 "-" "WordPress/7.0; https://moonbloomwalls.com"
34.48.129.65 - - [30/Jul/2026:15:18:17 +0000] "GET / HTTP/1.1" 200 37104 "http://moonbloomwalls.com" "Mozilla/5.0 (compatible; CMS-Checker/1.0; +https://example.com)"
147.182.222.217 - - [30/Jul/2026:15:19:29 +0000] "GET /wp-content/plugins/wp-file-upload/wfu_file_downloader.php?file=HjGDAuV8D0SgtzGj&ticket=i9LHK3K3uM2RGjVj&handler=dboption&session_legacy=1&dboption_base=cookies&dboption_useold=0&wfu_cookie=wp_wpfileupload_7GcGcaPTFCuy9VVfK8I1vG4oqUm5esOE HTTP/1.1" 404 118 "-" "Mozilla/5.0 (Macintosh; Intel Mac OS X 10_15_7) AppleWebKit/605.1.15 (KHTML, like Gecko) Version/17.4.1 Safari/605.1.34"
85.155.190.233 - - [30/Jul/2026:15:19:31 +0000] "POST /wp-cron.php?doing_wp_cron=1785424770.9961860179901123046875 HTTP/1.1" 200 31 "-" "WordPress/7.0; https://moonbloomwalls.com"
147.182.222.217 - - [30/Jul/2026:15:19:31 +0000] "GET / HTTP/1.1" 301 423 "-" "Mozilla/5.0 (Macintosh; Intel Mac OS X 14_4_1) AppleWebKit/605.1.15 (KHTML, like Gecko) Version/17.4.1 Safari/605.1.15"
147.182.222.217 - - [30/Jul/2026:15:19:32 +0000] "POST /index.php?rest_route=/wqc/v1/query HTTP/1.1" 404 537 "-" "Mozilla/5.0 (Kubuntu; Linux x86_64; rv:126.0) Gecko/20100101 Firefox/126.0"
147.182.222.217 - - [30/Jul/2026:15:19:32 +0000] "POST /wp-json/wdgpt/v1/purge-error-logs HTTP/1.1" 404 537 "-" "Mozilla/5.0 (ZZ; Linux i686; rv:121.0) Gecko/20100101 Firefox/121.0"
85.155.190.233 - - [30/Jul/2026:15:23:15 +0000] "POST /wp-cron.php?doing_wp_cron=1785424995.2311420440673828125000 HTTP/1.1" 200 31 "-" "WordPress/7.0; https://moonbloomwalls.com"
104.199.40.115 - - [30/Jul/2026:15:23:15 +0000] "GET / HTTP/1.1" 200 37104 "-" "Mozilla/5.0 (Macintosh; Intel Mac OS X 10_15_7) AppleWebKit/537.36 (KHTML, like Gecko) Chrome/131.0.6778.86 Safari/537.36"
85.155.190.233 - - [30/Jul/2026:15:25:35 +0000] "POST /wp-cron.php?doing_wp_cron=1785425135.5095860958099365234375 HTTP/1.1" 200 31 "-" "WordPress/7.0; https://moonbloomwalls.com"
43.156.228.27 - - [30/Jul/2026:15:25:35 +0000] "GET /2026/07/29/mostbet-mutmadi-kampaniyalari-hangi-gunlrd-bonuslar-hmiyytlidir/feed/ HTTP/1.1" 200 1352 "-" "Mozilla/5.0 (iPhone; CPU iPhone OS 13_2_3 like Mac OS X) AppleWebKit/605.1.15 (KHTML, like Gecko) Version/13.0.3 Mobile/15E148 Safari/604.1"
85.155.190.233 - - [30/Jul/2026:15:34:58 +0000] "POST /wp-cron.php?doing_wp_cron=1785425698.7999188899993896484375 HTTP/1.1" 200 31 "-" "WordPress/7.0; https://moonbloomwalls.com"
136.70.143.64 - - [30/Jul/2026:15:34:58 +0000] "GET / HTTP/1.1" 301 423 "http://www.moonbloomwalls.com" "Mozilla/5.0 (compatible; CMS-Checker/1.0; +https://example.com)"
213.218.212.30 - - [30/Jul/2026:15:35:00 +0000] "POST /wp-login.php HTTP/1.1" 200 2632 "-" "Googlebot/2.1 (+http://www.google.com/bot.html)"
213.218.212.30 - - [30/Jul/2026:15:35:00 +0000] "POST /xmlrpc.php HTTP/1.1" 403 118 "-" "Googlebot/2.1 (+http://www.google.com/bot.html)"
136.70.143.64 - - [30/Jul/2026:15:35:01 +0000] "GET / HTTP/1.1" 200 37104 "https://www.moonbloomwalls.com/" "Mozilla/5.0 (compatible; CMS-Checker/1.0; +https://example.com)"
85.155.190.233 - - [30/Jul/2026:15:35:39 +0000] "POST /wp-cron.php?doing_wp_cron=1785425738.9852530956268310546875 HTTP/1.1" 200 31 "-" "WordPress/7.0; https://moonbloomwalls.com"
147.182.222.217 - - [30/Jul/2026:15:35:39 +0000] "GET /wp-content/plugins/quiz-master-next/README.md HTTP/1.1" 301 423 "-" "Mozilla/5.0 (Ubuntu; Linux x86_64) AppleWebKit/537.36 (KHTML, like Gecko) Chrome/125.0.0.0 Safari/537.36"
147.182.222.217 - - [30/Jul/2026:15:35:40 +0000] "POST /wp-admin/admin-ajax.php HTTP/1.1" 400 433 "-" "Mozilla/5.0 (Windows NT 10.0; Win64; x64; rv:127.0) Gecko/20100101 Firefox/127.0"
124.156.225.181 - - [30/Jul/2026:15:35:55 +0000] "GET /?p=690 HTTP/1.1" 301 423 "-" "Mozilla/5.0 (iPhone; CPU iPhone OS 13_2_3 like Mac OS X) AppleWebKit/605.1.15 (KHTML, like Gecko) Version/13.0.3 Mobile/15E148 Safari/604.1"
147.182.222.217 - - [30/Jul/2026:15:35:57 +0000] "GET /wp-content/plugins/quiz-master-next/tests/_support/AcceptanceTester.php HTTP/1.1" 404 118 "-" "Mozilla/5.0 (Macintosh; Intel Mac OS X 10_15_7) AppleWebKit/605.1.15 (KHTML, like Gecko) Version/17.4.1 Safari/605.9.21"
124.156.225.181 - - [30/Jul/2026:15:35:58 +0000] "GET /2026/07/29/mostbet-mutmadi-kampaniyalari-hangi-gunlrd-bonuslar-hmiyytlidir/ HTTP/1.1" 200 27282 "https://moonbloomwalls.com/?p=690" "Mozilla/5.0 (iPhone; CPU iPhone OS 13_2_3 like Mac OS X) AppleWebKit/605.1.15 (KHTML, like Gecko) Version/13.0.3 Mobile/15E148 Safari/604.1"
147.182.222.217 - - [30/Jul/2026:15:35:58 +0000] "GET /wp-admin/admin-ajax.php?action=easync_success_and_save HTTP/1.1" 400 433 "-" "Mozilla/5.0 (Macintosh; Intel Mac OS X 10_15_7) AppleWebKit/605.1.15 (KHTML, like Gecko) Version/17.2 Safari/605.3.17"
85.155.190.233 - - [30/Jul/2026:15:39:32 +0000] "POST /wp-cron.php?doing_wp_cron=1785425972.0827450752258300781250 HTTP/1.1" 200 31 "-" "WordPress/7.0; https://moonbloomwalls.com"
147.182.222.217 - - [30/Jul/2026:15:39:32 +0000] "GET / HTTP/1.1" 301 423 "-" "Mozilla/5.0 (Macintosh; Intel Mac OS X 10_15_7) AppleWebKit/537.36 (KHTML, like Gecko) Chrome/92.0.4515.159 Safari/537.36"
147.182.222.217 - - [30/Jul/2026:15:39:51 +0000] "GET /?__kubio-site-edit-iframe-preview=1&__kubio-site-edit-iframe-classic-template=../../../../../../../../etc/passwd HTTP/1.1" 301 423 "-" "Mozilla/5.0 (Macintosh; Intel Mac OS X 10.13; rv:109.0) Gecko/20100101 Firefox/115.0"
85.155.190.233 - - [30/Jul/2026:15:40:04 +0000] "POST /wp-cron.php?doing_wp_cron=1785426004.4677610397338867187500 HTTP/1.1" 200 31 "-" "WordPress/7.0; https://moonbloomwalls.com"
66.249.64.225 - - [30/Jul/2026:15:40:04 +0000] "GET /2026/04/23/planet-7-casino-la-fusion-entre-technologie-et-jeu/feed/ HTTP/1.1" 200 1298 "-" "Mozilla/5.0 (Linux; Android 6.0.1; Nexus 5X Build/MMB29P) AppleWebKit/537.36 (KHTML, like Gecko) Chrome/150.0.7871.186 Mobile Safari/537.36 (compatible; GoogleOther)"
85.155.190.233 - - [30/Jul/2026:15:42:20 +0000] "POST /wp-cron.php?doing_wp_cron=1785426140.6338980197906494140625 HTTP/1.1" 200 31 "-" "WordPress/7.0; https://moonbloomwalls.com"
216.73.216.31 - - [30/Jul/2026:15:42:20 +0000] "GET /robots.txt HTTP/1.1" 200 744 "-" "Mozilla/5.0 AppleWebKit/537.36 (KHTML, like Gecko; compatible; ClaudeBot/1.0; +claudebot@anthropic.com)"
216.73.216.31 - - [30/Jul/2026:15:42:24 +0000] "GET /wp-sitemap.xml HTTP/1.1" 200 23463 "-" "Mozilla/5.0 AppleWebKit/537.36 (KHTML, like Gecko; compatible; ClaudeBot/1.0; +claudebot@anthropic.com)"
216.73.216.31 - - [30/Jul/2026:15:42:54 +0000] "GET /2026/07/30/mostbet-az-bukmeker-ve-kazino-mostbet-giris-r-smi-sayt-12/ HTTP/1.1" 200 27720 "-" "Mozilla/5.0 AppleWebKit/537.36 (KHTML, like Gecko; compatible; ClaudeBot/1.0; +claudebot@anthropic.com)"
147.182.222.217 - - [30/Jul/2026:15:43:22 +0000] "GET /wp-content/plugins/wpcargo/includes/3HE0ZizYYZqztS2WslyxqUqpsfh.php HTTP/1.1" 404 118 "-" "Mozilla/5.0 (Macintosh; Intel Mac OS X 10.12; rv:109.0) Gecko/20100101 Firefox/115.0"
85.155.190.233 - - [30/Jul/2026:15:43:23 +0000] "POST /wp-cron.php?doing_wp_cron=1785426203.0067179203033447265625 HTTP/1.1" 200 31 "-" "WordPress/7.0; https://moonbloomwalls.com"
147.182.222.217 - - [30/Jul/2026:15:43:23 +0000] "POST /wp-admin/admin-ajax.php HTTP/1.1" 400 433 "https://www.moonbloomwalls.com" "Mozilla/5.0 (Macintosh; Intel Mac OS X 10_15_7) AppleWebKit/605.1.15 (KHTML, like Gecko) Version/17.5 Safari/605.8.19"
147.182.222.217 - - [30/Jul/2026:15:43:23 +0000] "GET /wp-content/plugins/pie-register/readme.txt HTTP/1.1" 301 423 "-" "Mozilla/5.0 (Debian; Linux i686) AppleWebKit/537.36 (KHTML, like Gecko) Chrome/119.0.0.0 Safari/537.36"
147.182.222.217 - - [30/Jul/2026:15:43:40 +0000] "GET /wp-content/plugins/wpcargo/includes/barcode.php?text=x1x1111x1xx1xx111xx11111xx1x111x1x1x1xxx11x1111xx1x11xxxx1xx1xxxxx1x1x1xx1x1x11xx1xxxx1x11xx111xxx1xx1xx1x1x1xxx11x1111xxx1xxx1xx1x111xxx1x1xx1xxx1x1x1xx1x1x11xxx11xx1x11xx111xx1xxx1xx11x1x11x11x1111x1x11111x1x1xxxx&sizefactor=.090909090909&size=1&filepath=3HE0ZizYYZqztS2WslyxqUqpsfh.php HTTP/1.1" 404 118 "-" "Mozilla/5.0 (Macintosh; Intel Mac OS X 10_15_7) AppleWebKit/605.1.15 (KHTML, like Gecko) Version/17.4.1 Safari/605.8.24"
147.182.222.217 - - [30/Jul/2026:15:43:41 +0000] "POST /wp-login.php HTTP/1.1" 200 2588 "https://www.moonbloomwalls.com" "Mozilla/5.0 (Windows NT 10.0; Win64; x64; rv:82.0) Gecko/20100101 Firefox/82.0"
147.182.222.217 - - [30/Jul/2026:15:43:42 +0000] "POST /login/ HTTP/1.1" 302 423 "-" "Mozilla/5.0 (Macintosh; Intel Mac OS X 10_15_7) AppleWebKit/605.1.15 (KHTML, like Gecko) Version/17.2 Safari/605.7.20"
147.182.222.217 - - [30/Jul/2026:15:43:58 +0000] "POST /wp-content/plugins/wpcargo/includes/3HE0ZizYYZqztS2WslyxqUqpsfh.php?1=var_dump HTTP/1.1" 404 181 "-" "Mozilla/5.0 (X11; Linux x86_64) AppleWebKit/537.36 (KHTML, like Gecko) Safari/537.36 HeyTapBrowser/45.11.0.1.1 Chrome/91.0.4472.88"
147.182.222.217 - - [30/Jul/2026:15:43:59 +0000] "GET /wp-admin/ HTTP/1.1" 302 432 "-" "Mozilla/5.0 (Macintosh; Intel Mac OS X 10_15_7) AppleWebKit/605.1.15 (KHTML, like Gecko) Version/15.5 Safari/605.1.15"
147.182.222.217 - - [30/Jul/2026:15:43:59 +0000] "GET /wp-admin/profile.php HTTP/1.1" 302 432 "-" "Mozilla/5.0 (Windows NT 10.0; Win64; x64) AppleWebKit/537.36 (KHTML, like Gecko) Chrome/97.0.4692.71 Safari/537.36"
85.155.190.233 - - [30/Jul/2026:15:46:15 +0000] "POST /wp-cron.php?doing_wp_cron=1785426375.6154880523681640625000 HTTP/1.1" 200 31 "-" "WordPress/7.0; https://moonbloomwalls.com"
43.166.239.145 - - [30/Jul/2026:15:46:15 +0000] "GET /2026/07/30/mostbet-az-bukmeker-ve-kazino-mostbet-giris-r-smi-sayt-16/ HTTP/1.1" 200 27513 "-" "Mozilla/5.0 (iPhone; CPU iPhone OS 13_2_3 like Mac OS X) AppleWebKit/605.1.15 (KHTML, like Gecko) Version/13.0.3 Mobile/15E148 Safari/604.1"
85.155.190.233 - - [30/Jul/2026:15:52:03 +0000] "POST /wp-cron.php?doing_wp_cron=1785426723.6799850463867187500000 HTTP/1.1" 200 31 "-" "WordPress/7.0; https://moonbloomwalls.com"
37.59.204.144 - - [30/Jul/2026:15:52:03 +0000] "GET /wp-sitemap.xml HTTP/1.1" 200 23463 "-" "Mozilla/5.0 (compatible; AhrefsBot/7.0; +http://ahrefs.com/robot/)"
147.182.222.217 - - [30/Jul/2026:15:52:12 +0000] "GET /wp-content/plugins/google-mp3-audio-player/direct_download.php?file=../../wp-config.php HTTP/1.1" 404 181 "-" "Mozilla/5.0 (CentOS; Linux x86_64) AppleWebKit/537.36 (KHTML, like Gecko) Chrome/119.0.0.0 Safari/537.36"
147.182.222.217 - - [30/Jul/2026:15:52:12 +0000] "GET /wp-content/themes/churchope/lib/downloadlink.php?file=../../../../wp-config.php HTTP/1.1" 404 118 "-" "Mozilla/5.0 (Kubuntu; Linux i686; rv:126.0) Gecko/20100101 Firefox/126.0"
147.182.222.217 - - [30/Jul/2026:15:52:27 +0000] "GET /wp-content/plugins/jsmol2wp/php/jsmol.php?isform=true&call=getRawDataFromDatabase&query=php://filter/resource=../../../../wp-config.php HTTP/1.1" 404 181 "-" "Mozilla/5.0 (Debian; Linux i686) AppleWebKit/537.36 (KHTML, like Gecko) Chrome/122.0.0.0 Safari/537.36"
147.182.222.217 - - [30/Jul/2026:15:52:29 +0000] "GET /wp-admin/admin-ajax.php?jvfrm_spot_get_json&fn=../../wp-config.php&callback=jQuery HTTP/1.1" 400 433 "-" "Mozilla/5.0 (Kubuntu; Linux x86_64) AppleWebKit/537.36 (KHTML, like Gecko) Chrome/128.0.0.0 Safari/537.36"
147.182.222.217 - - [30/Jul/2026:15:52:40 +0000] "GET /wp-admin/admin-post.php?swp_debug=load_options&swp_url=<pre>system('cat HTTP/1.1" 200 317 "-" "Mozilla/5.0 (SS; Linux x86_64) AppleWebKit/537.36 (KHTML, like Gecko) Chrome/124.0.0.0 Safari/537.36"
147.182.222.217 - - [30/Jul/2026:15:53:02 +0000] "GET /wp-content/plugins/superstorefinder-wp/ssf-wp-admin/pages/exportAjax.php HTTP/1.1" 404 118 "-" "Mozilla/5.0 (Macintosh; Intel Mac OS X 10_15_7) AppleWebKit/605.1.15 (KHTML, like Gecko) Version/17.1 Safari/605.8.25"
147.182.222.217 - - [30/Jul/2026:15:53:06 +0000] "GET /wp-content/plugins/simple-fields/simple_fields.php?wp_abspath=/etc/passwd%00 HTTP/1.1" 404 118 "-" "Mozilla/5.0 (Windows NT 10.0; Win64; x64; rv:86.0) Gecko/20100101 Firefox/86.0"
85.155.190.233 - - [30/Jul/2026:15:53:09 +0000] "POST /wp-cron.php?doing_wp_cron=1785426788.9895401000976562500000 HTTP/1.1" 200 31 "-" "WordPress/7.0; https://moonbloomwalls.com"
147.182.222.217 - - [30/Jul/2026:15:53:09 +0000] "GET /wp-admin/admin.php?page=wp_ajax_rsvp-form&tribe_tickets_redirect_to=https://interact.sh HTTP/1.1" 302 432 "-" "Mozilla/5.0 (Macintosh; Intel Mac OS X 11_0_0) AppleWebKit/537.36 (KHTML, like Gecko) Chrome/87.0.4280.88 Safari/537.36"
147.182.222.217 - - [30/Jul/2026:15:53:10 +0000] "GET /?noptin_ns=email_click&to=https://interact.sh HTTP/1.1" 301 423 "-" "Mozilla/5.0 (X11; Linux x86_64) AppleWebKit/537.36 (KHTML, like Gecko) Chrome/78.0.3904.108 Safari/537.36"
147.182.222.217 - - [30/Jul/2026:15:53:12 +0000] "GET /wp-json/wp/v2/asked-question HTTP/1.1" 404 537 "-" "Mozilla/5.0 (Macintosh; Intel Mac OS X 10_15_7) AppleWebKit/605.1.15 (KHTML, like Gecko) Version/17.4.1 Mobile/15E148 Safari/604.1"
85.155.190.233 - - [30/Jul/2026:15:54:58 +0000] "POST /wp-cron.php?doing_wp_cron=1785426898.2949628829956054687500 HTTP/1.1" 200 31 "-" "WordPress/7.0; https://moonbloomwalls.com"
146.148.11.190 - - [30/Jul/2026:15:54:58 +0000] "GET / HTTP/1.1" 200 187697 "-" "Mozilla/5.0 (Windows NT 10.0; Win64; x64) AppleWebKit/537.36 (KHTML, like Gecko) Chrome/78.0.3904.108 Safari/537.36"
146.148.11.190 - - [30/Jul/2026:15:54:59 +0000] "GET //wp-includes/wlwmanifest.xml HTTP/1.1" 301 423 "-" "Mozilla/5.0 (Windows NT 10.0; Win64; x64) AppleWebKit/537.36 (KHTML, like Gecko) Chrome/78.0.3904.108 Safari/537.36"
146.148.11.190 - - [30/Jul/2026:15:54:59 +0000] "GET //xmlrpc.php?rsd HTTP/1.1" 403 548 "-" "Mozilla/5.0 (Windows NT 10.0; Win64; x64) AppleWebKit/537.36 (KHTML, like Gecko) Chrome/78.0.3904.108 Safari/537.36"
146.148.11.190 - - [30/Jul/2026:15:55:00 +0000] "GET / HTTP/1.1" 200 187697 "-" "Mozilla/5.0 (Windows NT 10.0; Win64; x64) AppleWebKit/537.36 (KHTML, like Gecko) Chrome/78.0.3904.108 Safari/537.36"
146.148.11.190 - - [30/Jul/2026:15:55:00 +0000] "GET //?author=1 HTTP/1.1" 301 423 "-" "Mozilla/5.0 (Windows NT 10.0; Win64; x64) AppleWebKit/537.36 (KHTML, like Gecko) Chrome/78.0.3904.108 Safari/537.36"
146.148.11.190 - - [30/Jul/2026:15:55:00 +0000] "GET //?author=2 HTTP/1.1" 301 423 "-" "Mozilla/5.0 (Windows NT 10.0; Win64; x64) AppleWebKit/537.36 (KHTML, like Gecko) Chrome/78.0.3904.108 Safari/537.36"
146.148.11.190 - - [30/Jul/2026:15:55:01 +0000] "GET //wp-json/wp/v2/users/ HTTP/1.1" 200 3510 "-" "Mozilla/5.0 (Windows NT 10.0; Win64; x64) AppleWebKit/537.36 (KHTML, like Gecko) Chrome/78.0.3904.108 Safari/537.36"
146.148.11.190 - - [30/Jul/2026:15:55:01 +0000] "POST //xmlrpc.php HTTP/1.1" 403 548 "-" "Mozilla/5.0 (Windows NT 10.0; Win64; x64) AppleWebKit/537.36 (KHTML, like Gecko) Chrome/78.0.3904.108 Safari/537.36"
146.148.11.190 - - [30/Jul/2026:15:55:01 +0000] "POST //xmlrpc.php HTTP/1.1" 403 548 "-" "Mozilla/5.0 (Windows NT 10.0; Win64; x64) AppleWebKit/537.36 (KHTML, like Gecko) Chrome/78.0.3904.108 Safari/537.36"
85.155.190.233 - - [30/Jul/2026:15:55:10 +0000] "POST /wp-cron.php?doing_wp_cron=1785426910.0942139625549316406250 HTTP/1.1" 200 31 "-" "WordPress/7.0; https://moonbloomwalls.com"
43.164.197.117 - - [30/Jul/2026:15:55:10 +0000] "GET /2026/02/22/what-makes-wishwin-casino-a-good-choice-for-newbies/ HTTP/1.1" 200 27162 "-" "Mozilla/5.0 (iPhone; CPU iPhone OS 13_2_3 like Mac OS X) AppleWebKit/605.1.15 (KHTML, like Gecko) Version/13.0.3 Mobile/15E148 Safari/604.1"
85.155.190.233 - - [30/Jul/2026:15:57:28 +0000] "POST /wp-cron.php?doing_wp_cron=1785427048.2042059898376464843750 HTTP/1.1" 200 31 "-" "WordPress/7.0; https://moonbloomwalls.com"
156.59.62.133 - - [30/Jul/2026:15:57:28 +0000] "GET /wp-login.php HTTP/1.1" 200 2473 "-" "Mozilla/5.0 (Macintosh; Intel Mac OS X 10_15_7) AppleWebKit/605.1.15 Version/17.0 Safari/605.1.15"
156.59.62.133 - - [30/Jul/2026:15:57:28 +0000] "GET /?author=1 HTTP/1.1" 404 21281 "-" "Mozilla/5.0 (Windows NT 10.0; Win64; x64) AppleWebKit/537.36 Chrome/129.0.0.0 Safari/537.36"
156.59.62.133 - - [30/Jul/2026:15:57:29 +0000] "GET /?rest_route=/wp/v2/users HTTP/1.1" 200 2120 "-" "Mozilla/5.0 (Windows NT 10.0; Win64; rv:143.0) Gecko/20100101 Firefox/143.0"
85.155.190.233 - - [30/Jul/2026:15:58:11 +0000] "POST /wp-cron.php?doing_wp_cron=1785427091.0103390216827392578125 HTTP/1.1" 200 31 "-" "WordPress/7.0; https://moonbloomwalls.com"
103.86.108.235 - - [30/Jul/2026:15:58:11 +0000] "GET /wp-login.php HTTP/1.1" 200 2473 "-" "Mozilla/5.0 (Macintosh; Intel Mac OS X 10_15_7) AppleWebKit/605.1.15 Version/17.0 Safari/605.1.15"
103.86.108.235 - - [30/Jul/2026:15:58:11 +0000] "GET /?author=1 HTTP/1.1" 404 21281 "-" "Mozilla/5.0 (Windows NT 10.0; Win64; rv:143.0) Gecko/20100101 Firefox/143.0"
103.86.108.235 - - [30/Jul/2026:15:58:11 +0000] "GET /?rest_route=/wp/v2/users HTTP/1.1" 200 2120 "-" "Mozilla/5.0 (Macintosh; Intel Mac OS X 10_15_7) AppleWebKit/605.1.15 Version/17.0 Safari/605.1.15"
85.155.190.233 - - [30/Jul/2026:16:00:17 +0000] "POST /wp-cron.php?doing_wp_cron=1785427217.8745160102844238281250 HTTP/1.1" 200 31 "-" "WordPress/7.0; https://moonbloomwalls.com"
216.73.216.31 - - [30/Jul/2026:16:00:17 +0000] "GET /2026/07/30/mostbet-az-bukmeker-ve-kazino-mostbet-giris-r-smi-sayt-26/ HTTP/1.1" 200 27536 "-" "Mozilla/5.0 AppleWebKit/537.36 (KHTML, like Gecko; compatible; ClaudeBot/1.0; +claudebot@anthropic.com)"
216.73.216.31 - - [30/Jul/2026:16:00:18 +0000] "GET /2026/07/30/mostbet-az-bukmeker-ve-kazino-mostbet-giris-r-smi-sayt-24/ HTTP/1.1" 200 27595 "-" "Mozilla/5.0 AppleWebKit/537.36 (KHTML, like Gecko; compatible; ClaudeBot/1.0; +claudebot@anthropic.com)"
85.155.190.233 - - [30/Jul/2026:16:00:48 +0000] "POST /wp-cron.php?doing_wp_cron=1785427248.3315069675445556640625 HTTP/1.1" 200 31 "-" "WordPress/7.0; https://moonbloomwalls.com"
216.73.216.31 - - [30/Jul/2026:16:00:48 +0000] "GET /2026/07/30/mostbet-az-bukmeker-ve-kazino-mostbet-giris-r-smi-sayt-21/ HTTP/1.1" 200 27674 "-" "Mozilla/5.0 AppleWebKit/537.36 (KHTML, like Gecko; compatible; ClaudeBot/1.0; +claudebot@anthropic.com)"
85.155.190.233 - - [30/Jul/2026:16:01:09 +0000] "POST /wp-cron.php?doing_wp_cron=1785427269.1274020671844482421875 HTTP/1.1" 200 31 "-" "WordPress/7.0; https://moonbloomwalls.com"
216.73.216.31 - - [30/Jul/2026:16:01:09 +0000] "GET /wp-sitemap.xml/page/14/ HTTP/1.1" 404 21281 "-" "Mozilla/5.0 AppleWebKit/537.36 (KHTML, like Gecko; compatible; ClaudeBot/1.0; +claudebot@anthropic.com)"
85.155.190.233 - - [30/Jul/2026:16:02:04 +0000] "POST /wp-cron.php?doing_wp_cron=1785427323.9939060211181640625000 HTTP/1.1" 200 31 "-" "WordPress/7.0; https://moonbloomwalls.com"
216.73.216.31 - - [30/Jul/2026:16:02:04 +0000] "GET /2026/07/30/mostbet-az-bukmeker-ve-kazino-mostbet-giris-r-smi-sayt-22/ HTTP/1.1" 200 27691 "-" "Mozilla/5.0 AppleWebKit/537.36 (KHTML, like Gecko; compatible; ClaudeBot/1.0; +claudebot@anthropic.com)"
147.182.222.217 - - [30/Jul/2026:16:02:55 +0000] "POST /wp-admin/admin-ajax.php?+config-create+/&/<?=base64_decode($_GET[0])?>+/tmp/3HE0ZbmrrGfUlNs8tGSnQ94QPTP.php HTTP/1.1" 400 433 "-" "Mozilla/5.0 (SS; Linux i686) AppleWebKit/537.36 (KHTML, like Gecko) Chrome/118.0.0.0 Safari/537.36"
85.155.190.233 - - [30/Jul/2026:16:03:10 +0000] "POST /wp-cron.php?doing_wp_cron=1785427390.0014140605926513671875 HTTP/1.1" 200 31 "-" "WordPress/7.0; https://moonbloomwalls.com"
147.182.222.217 - - [30/Jul/2026:16:03:10 +0000] "POST /wp-admin/admin-ajax.php?0=M0hFMFpXUWhjcm1aMmZ6ZGVrRk9wbDVhVm9D HTTP/1.1" 400 433 "-" "Mozilla/5.0 (Macintosh; Intel Mac OS X 10_15_7) AppleWebKit/605.1.15 (KHTML, like Gecko) Version/17.5 Safari/605.8.17"
216.73.216.31 - - [30/Jul/2026:16:03:34 +0000] "GET /2026/07/30/mostbet-az-bukmeker-ve-kazino-mostbet-giris-r-smi-sayt-25/ HTTP/1.1" 200 27639 "-" "Mozilla/5.0 AppleWebKit/537.36 (KHTML, like Gecko; compatible; ClaudeBot/1.0; +claudebot@anthropic.com)"
85.155.190.233 - - [30/Jul/2026:16:04:24 +0000] "POST /wp-cron.php?doing_wp_cron=1785427464.6489911079406738281250 HTTP/1.1" 200 31 "-" "WordPress/7.0; https://moonbloomwalls.com"
216.73.216.31 - - [30/Jul/2026:16:04:24 +0000] "GET /2026/07/30/mostbet-az-bukmeker-ve-kazino-mostbet-giris-r-smi-sayt-23/ HTTP/1.1" 200 27509 "-" "Mozilla/5.0 AppleWebKit/537.36 (KHTML, like Gecko; compatible; ClaudeBot/1.0; +claudebot@anthropic.com)"
216.73.216.31 - - [30/Jul/2026:16:04:59 +0000] "GET /2026/07/30/mostbet-az-bukmeker-ve-kazino-mostbet-giris-r-smi-sayt-19/ HTTP/1.1" 200 27754 "-" "Mozilla/5.0 AppleWebKit/537.36 (KHTML, like Gecko; compatible; ClaudeBot/1.0; +claudebot@anthropic.com)"
85.155.190.233 - - [30/Jul/2026:16:05:47 +0000] "POST /wp-cron.php?doing_wp_cron=1785427547.3390290737152099609375 HTTP/1.1" 200 31 "-" "WordPress/7.0; https://moonbloomwalls.com"
