122.246.3.12 - - [30/Jul/2026:21:36:01 +0000] "GET /xmlrpc.php HTTP/1.1" 403 180 "-" "Mozilla/5.0 (Windows NT 10.0; Win64; x64) AppleWebKit/537.36 (KHTML, like Gecko) Chrome/124.0.0.0 Safari/537.36"
47.75.116.41 - - [30/Jul/2026:21:36:20 +0000] "GET /xmlrpc.php HTTP/1.1" 403 180 "-" "Mozilla/5.0 (Windows NT 10.0; Win64; x64) AppleWebKit/537.36 (KHTML, like Gecko) Chrome/124.0.0.0 Safari/537.36"
72.195.34.59 - - [30/Jul/2026:21:36:43 +0000] "GET /xmlrpc.php HTTP/1.1" 403 548 "-" "Mozilla/5.0 (Windows NT 10.0; Win64; x64) AppleWebKit/537.36 (KHTML, like Gecko) Chrome/124.0.0.0 Safari/537.36"
35.235.149.145 - - [30/Jul/2026:21:36:44 +0000] "GET /xmlrpc.php HTTP/1.1" 403 118 "-" "Mozilla/5.0 (Macintosh; Intel Mac OS X 10_15_7) AppleWebKit/605.1.15 (KHTML, like Gecko) Version/18.0 Safari/605.1.15"
192.111.139.163 - - [30/Jul/2026:21:37:04 +0000] "GET /xmlrpc.php HTTP/1.1" 403 146 "-" "Mozilla/5.0 (Windows NT 10.0; Win64; x64; rv:133.0) Gecko/20100101 Firefox/133.0"
185.113.139.149 - - [30/Jul/2026:21:37:12 +0000] "GET /xmlrpc.php HTTP/1.1" 403 180 "-" "Mozilla/5.0 (Windows NT 10.0; Win64; x64) AppleWebKit/537.36 (KHTML, like Gecko) Chrome/124.0.0.0 Safari/537.36"
199.58.185.9 - - [30/Jul/2026:21:37:25 +0000] "GET /xmlrpc.php HTTP/1.1" 403 146 "-" "Mozilla/5.0 (Windows NT 10.0; Win64; x64; rv:133.0) Gecko/20100101 Firefox/133.0"
144.124.227.88 - - [30/Jul/2026:21:37:27 +0000] "GET /xmlrpc.php HTTP/1.1" 403 118 "-" "Mozilla/5.0 (Windows NT 10.0; Win64; x64; rv:133.0) Gecko/20100101 Firefox/133.0"
68.71.249.158 - - [30/Jul/2026:21:37:29 +0000] "GET /xmlrpc.php HTTP/1.1" 403 146 "-" "Mozilla/5.0 (Macintosh; Intel Mac OS X 10_15_7) AppleWebKit/605.1.15 (KHTML, like Gecko) Version/18.0 Safari/605.1.15"
142.54.236.97 - - [30/Jul/2026:21:37:31 +0000] "GET /xmlrpc.php HTTP/1.1" 403 146 "-" "Mozilla/5.0 (Macintosh; Intel Mac OS X 10_15_7) AppleWebKit/605.1.15 (KHTML, like Gecko) Version/18.0 Safari/605.1.15"
98.181.137.80 - - [30/Jul/2026:21:37:32 +0000] "GET /xmlrpc.php HTTP/1.1" 403 548 "-" "Mozilla/5.0 (Windows NT 10.0; Win64; x64) AppleWebKit/537.36 (KHTML, like Gecko) Chrome/124.0.0.0 Safari/537.36"
24.249.199.4 - - [30/Jul/2026:21:37:33 +0000] "GET /xmlrpc.php HTTP/1.1" 403 146 "-" "Mozilla/5.0 (Windows NT 10.0; Win64; x64; rv:133.0) Gecko/20100101 Firefox/133.0"
174.64.199.82 - - [30/Jul/2026:21:37:43 +0000] "GET /xmlrpc.php HTTP/1.1" 403 548 "-" "Mozilla/5.0 (Windows NT 10.0; Win64; x64) AppleWebKit/537.36 (KHTML, like Gecko) Chrome/124.0.0.0 Safari/537.36"
129.226.72.101 - - [30/Jul/2026:21:38:46 +0000] "GET /xmlrpc.php HTTP/1.1" 403 180 "-" "Mozilla/5.0 (Windows NT 10.0; Win64; x64) AppleWebKit/537.36 (KHTML, like Gecko) Chrome/124.0.0.0 Safari/537.36"
2.78.60.10 - - [30/Jul/2026:21:38:49 +0000] "GET /xmlrpc.php HTTP/1.1" 403 180 "-" "Mozilla/5.0 (Windows NT 10.0; Win64; x64) AppleWebKit/537.36 (KHTML, like Gecko) Chrome/124.0.0.0 Safari/537.36"
58.63.243.12 - - [30/Jul/2026:21:39:19 +0000] "GET /xmlrpc.php HTTP/1.1" 403 180 "-" "Mozilla/5.0 (Windows NT 10.0; Win64; x64) AppleWebKit/537.36 (KHTML, like Gecko) Chrome/124.0.0.0 Safari/537.36"
85.155.190.233 - - [30/Jul/2026:21:43:02 +0000] "POST /wp-cron.php?doing_wp_cron=1785447782.3146440982818603515625 HTTP/1.1" 200 31 "-" "WordPress/7.0; https://moonbloomwalls.com"
66.249.64.226 - - [30/Jul/2026:21:43:02 +0000] "GET /2026/03/12/une-analyse-approfondie-de-tiki-casino-et-ses-jeux/ HTTP/1.1" 200 26931 "-" "Mozilla/5.0 (Linux; Android 6.0.1; Nexus 5X Build/MMB29P) AppleWebKit/537.36 (KHTML, like Gecko) Chrome/150.0.7871.186 Mobile Safari/537.36 (compatible; Googlebot/2.1; +http://www.google.com/bot.html)"
85.155.190.233 - - [30/Jul/2026:21:50:24 +0000] "POST /wp-cron.php?doing_wp_cron=1785448224.8812229633331298828125 HTTP/1.1" 200 31 "-" "WordPress/7.0; https://moonbloomwalls.com"
156.59.62.135 - - [30/Jul/2026:21:50:24 +0000] "POST /wp-login.php HTTP/1.1" 200 2637 "-" "Mozilla/5.0 (Windows NT 10.0; Win64; x64) AppleWebKit/537.36 Chrome/129.0.0.0 Safari/537.36"
85.155.190.233 - - [30/Jul/2026:21:50:24 +0000] "POST /wp-cron.php?doing_wp_cron=1785448224.8812229633331298828125 HTTP/1.1" 200 31 "-" "WordPress/7.0; https://moonbloomwalls.com"
156.59.62.135 - - [30/Jul/2026:21:50:24 +0000] "POST /wp-login.php HTTP/1.1" 200 2638 "-" "Mozilla/5.0 (Windows NT 10.0; Win64; rv:143.0) Gecko/20100101 Firefox/143.0"
85.155.190.233 - - [30/Jul/2026:21:53:00 +0000] "POST /wp-cron.php?doing_wp_cron=1785448379.9963281154632568359375 HTTP/1.1" 200 31 "-" "WordPress/7.0; https://moonbloomwalls.com"
51.68.111.203 - - [30/Jul/2026:21:53:00 +0000] "GET /robots.txt HTTP/1.1" 200 744 "-" "Mozilla/5.0 (compatible; MJ12bot/v2.0.5; http://mj12bot.com/)"
51.68.111.203 - - [30/Jul/2026:21:53:00 +0000] "GET / HTTP/1.1" 200 37104 "-" "Mozilla/5.0 (compatible; MJ12bot/v2.0.5; http://mj12bot.com/)"
85.155.190.233 - - [30/Jul/2026:21:56:57 +0000] "POST /wp-cron.php?doing_wp_cron=1785448617.1496520042419433593750 HTTP/1.1" 200 31 "-" "WordPress/7.0; https://moonbloomwalls.com"
216.73.216.31 - - [30/Jul/2026:21:56:57 +0000] "GET /robots.txt HTTP/1.1" 200 744 "-" "Mozilla/5.0 AppleWebKit/537.36 (KHTML, like Gecko; compatible; ClaudeBot/1.0; +claudebot@anthropic.com)"
216.73.216.31 - - [30/Jul/2026:21:56:58 +0000] "GET /wp-sitemap.xml HTTP/1.1" 200 23432 "-" "Mozilla/5.0 AppleWebKit/537.36 (KHTML, like Gecko; compatible; ClaudeBot/1.0; +claudebot@anthropic.com)"
85.155.190.233 - - [30/Jul/2026:21:58:34 +0000] "POST /wp-cron.php?doing_wp_cron=1785448714.1372439861297607421875 HTTP/1.1" 200 31 "-" "WordPress/7.0; https://moonbloomwalls.com"
216.73.216.31 - - [30/Jul/2026:21:58:34 +0000] "GET /2026/07/30/nine-wins-casino-security-guide-for-uk-players-2/ HTTP/1.1" 200 28667 "-" "Mozilla/5.0 AppleWebKit/537.36 (KHTML, like Gecko; compatible; ClaudeBot/1.0; +claudebot@anthropic.com)"
85.155.190.233 - - [30/Jul/2026:21:59:10 +0000] "POST /wp-cron.php?doing_wp_cron=1785448750.2611670494079589843750 HTTP/1.1" 200 31 "-" "WordPress/7.0; https://moonbloomwalls.com"
104.23.239.96 - - [30/Jul/2026:21:59:10 +0000] "GET /wp-admin/install.php?step=1 HTTP/1.1" 200 811 "-" "http://moonbloomwalls.com/wp-admin/install.php?step=1"
85.155.190.233 - - [30/Jul/2026:22:05:01 +0000] "POST /wp-cron.php?doing_wp_cron=1785449101.9296500682830810546875 HTTP/1.1" 200 31 "-" "WordPress/7.0; https://moonbloomwalls.com"
85.154.168.212 - - [30/Jul/2026:22:05:01 +0000] "GET / HTTP/1.1" 200 37104 "-" "Mozilla/5.0 (Windows NT 10.0; Win64; x64) AppleWebKit/537.36 (KHTML, like Gecko) Chrome/120.0.0.0 Safari/537.36"
85.155.190.233 - - [30/Jul/2026:22:05:10 +0000] "POST /wp-cron.php?doing_wp_cron=1785449110.5264809131622314453125 HTTP/1.1" 200 31 "-" "WordPress/7.0; https://moonbloomwalls.com"
102.184.65.155 - - [30/Jul/2026:22:05:10 +0000] "GET /wp-login.php HTTP/1.1" 200 2473 "-" "Mozilla/5.0 (Windows NT 10.0; Win64; x64) AppleWebKit/537.36 (KHTML, like Gecko) Chrome/120.0.0.0 Safari/537.36"
102.184.65.155 - - [30/Jul/2026:22:05:15 +0000] "POST /wp-login.php HTTP/1.1" 302 423 "https://moonbloomwalls.com/wp-login.php" "Mozilla/5.0 (Windows NT 10.0; Win64; x64) AppleWebKit/537.36 (KHTML, like Gecko) Chrome/120.0.0.0 Safari/537.36"
102.184.65.155 - - [30/Jul/2026:22:05:20 +0000] "GET /wp-admin/ HTTP/1.1" 200 61599 "https://moonbloomwalls.com/wp-login.php" "Mozilla/5.0 (Windows NT 10.0; Win64; x64) AppleWebKit/537.36 (KHTML, like Gecko) Chrome/120.0.0.0 Safari/537.36"
177.181.3.175 - - [30/Jul/2026:22:05:31 +0000] "GET /wp-admin/ HTTP/1.1" 200 61579 "-" "Mozilla/5.0 (Windows NT 10.0; Win64; x64) AppleWebKit/537.36 (KHTML, like Gecko) Chrome/120.0.0.0 Safari/537.36"
177.181.3.175 - - [30/Jul/2026:22:05:36 +0000] "GET /wp-admin/post-new.php HTTP/1.1" 200 197588 "-" "Mozilla/5.0 (Windows NT 10.0; Win64; x64) AppleWebKit/537.36 (KHTML, like Gecko) Chrome/120.0.0.0 Safari/537.36"
177.181.3.175 - - [30/Jul/2026:22:05:50 +0000] "POST /xmlrpc.php HTTP/1.1" 403 118 "-" "WordPress/5.0; https://moonbloomwalls.com"
177.181.3.175 - - [30/Jul/2026:22:05:55 +0000] "GET /wp-admin/admin-ajax.php?action=rest-nonce HTTP/1.1" 200 325 "-" "Mozilla/5.0 (Windows NT 10.0; Win64; x64) AppleWebKit/537.36 (KHTML, like Gecko) Chrome/120.0.0.0 Safari/537.36"
177.181.3.175 - - [30/Jul/2026:22:05:59 +0000] "GET /wp-admin/ HTTP/1.1" 200 61579 "-" "Mozilla/5.0 (Windows NT 10.0; Win64; x64) AppleWebKit/537.36 (KHTML, like Gecko) Chrome/120.0.0.0 Safari/537.36"
177.181.3.175 - - [30/Jul/2026:22:06:08 +0000] "POST /wp-json/wp/v2/posts HTTP/1.1" 201 16336 "-" "Mozilla/5.0 (Windows NT 10.0; Win64; x64) AppleWebKit/537.36 (KHTML, like Gecko) Chrome/120.0.0.0 Safari/537.36"
85.155.190.233 - - [30/Jul/2026:22:06:08 +0000] "POST /wp-cron.php?doing_wp_cron=1785449168.6091890335083007812500 HTTP/1.1" 200 31 "-" "WordPress/7.0; https://moonbloomwalls.com"
177.181.3.175 - - [30/Jul/2026:22:06:15 +0000] "GET /2026/07/30/hur-man-registrerar-sig-pa-bettingsidor-utan-svensk-licens/ HTTP/1.1" 200 29465 "-" "Mozilla/5.0 (Windows NT 10.0; Win64; x64) AppleWebKit/537.36 (KHTML, like Gecko) Chrome/120.0.0.0 Safari/537.36"
85.155.190.233 - - [30/Jul/2026:22:08:22 +0000] "POST /wp-cron.php?doing_wp_cron=1785449302.5947430133819580078125 HTTP/1.1" 200 31 "-" "WordPress/7.0; https://moonbloomwalls.com"
216.73.216.31 - - [30/Jul/2026:22:08:22 +0000] "GET /?p=925 HTTP/1.1" 301 423 "-" "Mozilla/5.0 AppleWebKit/537.36 (KHTML, like Gecko; compatible; ClaudeBot/1.0; +claudebot@anthropic.com)"
216.73.216.31 - - [30/Jul/2026:22:08:22 +0000] "GET /?p=893 HTTP/1.1" 301 423 "-" "Mozilla/5.0 AppleWebKit/537.36 (KHTML, like Gecko; compatible; ClaudeBot/1.0; +claudebot@anthropic.com)"
216.73.216.31 - - [30/Jul/2026:22:08:23 +0000] "GET /2026/07/30/nine-wins-casino-security-guide-for-uk-players-17/ HTTP/1.1" 200 29031 "https://moonbloomwalls.com/?p=925" "Mozilla/5.0 AppleWebKit/537.36 (KHTML, like Gecko; compatible; ClaudeBot/1.0; +claudebot@anthropic.com)"
216.73.216.31 - - [30/Jul/2026:22:08:23 +0000] "GET /2026/07/30/nine-wins-casino-security-guide-for-uk-players/ HTTP/1.1" 200 29107 "https://moonbloomwalls.com/?p=893" "Mozilla/5.0 AppleWebKit/537.36 (KHTML, like Gecko; compatible; ClaudeBot/1.0; +claudebot@anthropic.com)"
216.73.216.31 - - [30/Jul/2026:22:09:02 +0000] "GET /?p=897 HTTP/1.1" 301 423 "-" "Mozilla/5.0 AppleWebKit/537.36 (KHTML, like Gecko; compatible; ClaudeBot/1.0; +claudebot@anthropic.com)"
216.73.216.31 - - [30/Jul/2026:22:09:02 +0000] "GET /?p=901 HTTP/1.1" 301 423 "-" "Mozilla/5.0 AppleWebKit/537.36 (KHTML, like Gecko; compatible; ClaudeBot/1.0; +claudebot@anthropic.com)"
216.73.216.31 - - [30/Jul/2026:22:09:02 +0000] "GET /2026/07/30/nine-wins-casino-security-guide-for-uk-players-3/ HTTP/1.1" 200 28927 "https://moonbloomwalls.com/?p=897" "Mozilla/5.0 AppleWebKit/537.36 (KHTML, like Gecko; compatible; ClaudeBot/1.0; +claudebot@anthropic.com)"
216.73.216.31 - - [30/Jul/2026:22:09:02 +0000] "GET /2026/07/30/nine-wins-casino-security-guide-for-uk-players-5/ HTTP/1.1" 200 28899 "https://moonbloomwalls.com/?p=901" "Mozilla/5.0 AppleWebKit/537.36 (KHTML, like Gecko; compatible; ClaudeBot/1.0; +claudebot@anthropic.com)"
85.155.190.233 - - [30/Jul/2026:22:09:10 +0000] "POST /wp-cron.php?doing_wp_cron=1785449350.2593519687652587890625 HTTP/1.1" 200 31 "-" "WordPress/7.0; https://moonbloomwalls.com"
216.73.216.31 - - [30/Jul/2026:22:09:10 +0000] "GET /?p=905 HTTP/1.1" 301 423 "-" "Mozilla/5.0 AppleWebKit/537.36 (KHTML, like Gecko; compatible; ClaudeBot/1.0; +claudebot@anthropic.com)"
216.73.216.31 - - [30/Jul/2026:22:09:10 +0000] "GET /?p=915 HTTP/1.1" 301 423 "-" "Mozilla/5.0 AppleWebKit/537.36 (KHTML, like Gecko; compatible; ClaudeBot/1.0; +claudebot@anthropic.com)"
216.73.216.31 - - [30/Jul/2026:22:09:10 +0000] "GET /2026/07/30/nine-wins-casino-security-guide-for-uk-players-7/ HTTP/1.1" 200 29097 "https://moonbloomwalls.com/?p=905" "Mozilla/5.0 AppleWebKit/537.36 (KHTML, like Gecko; compatible; ClaudeBot/1.0; +claudebot@anthropic.com)"
216.73.216.31 - - [30/Jul/2026:22:09:10 +0000] "GET /2026/07/30/nine-wins-casino-security-guide-for-uk-players-12/ HTTP/1.1" 200 28930 "https://moonbloomwalls.com/?p=915" "Mozilla/5.0 AppleWebKit/537.36 (KHTML, like Gecko; compatible; ClaudeBot/1.0; +claudebot@anthropic.com)"
156.59.62.135 - - [30/Jul/2026:22:09:24 +0000] "POST /wp-login.php HTTP/1.1" 200 2638 "-" "Mozilla/5.0 (Windows NT 10.0; Win64; rv:143.0) Gecko/20100101 Firefox/143.0"
156.59.62.135 - - [30/Jul/2026:22:09:24 +0000] "POST /wp-login.php HTTP/1.1" 200 2637 "-" "Mozilla/5.0 (Windows NT 10.0; Win64; x64) AppleWebKit/537.36 Chrome/129.0.0.0 Safari/537.36"
216.73.216.31 - - [30/Jul/2026:22:09:25 +0000] "GET /?p=933 HTTP/1.1" 301 423 "-" "Mozilla/5.0 AppleWebKit/537.36 (KHTML, like Gecko; compatible; ClaudeBot/1.0; +claudebot@anthropic.com)"
216.73.216.31 - - [30/Jul/2026:22:09:25 +0000] "GET /2026/07/30/nine-wins-casino-security-guide-for-uk-players-21/ HTTP/1.1" 200 28870 "https://moonbloomwalls.com/?p=933" "Mozilla/5.0 AppleWebKit/537.36 (KHTML, like Gecko; compatible; ClaudeBot/1.0; +claudebot@anthropic.com)"
216.73.216.31 - - [30/Jul/2026:22:09:25 +0000] "GET /?p=935 HTTP/1.1" 301 423 "-" "Mozilla/5.0 AppleWebKit/537.36 (KHTML, like Gecko; compatible; ClaudeBot/1.0; +claudebot@anthropic.com)"
216.73.216.31 - - [30/Jul/2026:22:09:26 +0000] "GET /2026/07/30/nine-wins-casino-security-guide-for-uk-players-22/ HTTP/1.1" 200 29036 "https://moonbloomwalls.com/?p=935" "Mozilla/5.0 AppleWebKit/537.36 (KHTML, like Gecko; compatible; ClaudeBot/1.0; +claudebot@anthropic.com)"
216.73.216.31 - - [30/Jul/2026:22:09:32 +0000] "GET /?p=913 HTTP/1.1" 301 423 "-" "Mozilla/5.0 AppleWebKit/537.36 (KHTML, like Gecko; compatible; ClaudeBot/1.0; +claudebot@anthropic.com)"
216.73.216.31 - - [30/Jul/2026:22:09:33 +0000] "GET /2026/07/30/nine-wins-casino-security-guide-for-uk-players-11/ HTTP/1.1" 200 28867 "https://moonbloomwalls.com/?p=913" "Mozilla/5.0 AppleWebKit/537.36 (KHTML, like Gecko; compatible; ClaudeBot/1.0; +claudebot@anthropic.com)"
216.73.216.31 - - [30/Jul/2026:22:09:33 +0000] "GET /?p=939 HTTP/1.1" 301 423 "-" "Mozilla/5.0 AppleWebKit/537.36 (KHTML, like Gecko; compatible; ClaudeBot/1.0; +claudebot@anthropic.com)"
216.73.216.31 - - [30/Jul/2026:22:09:33 +0000] "GET /2026/07/30/nine-wins-casino-security-guide-for-uk-players-24/ HTTP/1.1" 200 28818 "https://moonbloomwalls.com/?p=939" "Mozilla/5.0 AppleWebKit/537.36 (KHTML, like Gecko; compatible; ClaudeBot/1.0; +claudebot@anthropic.com)"
216.73.216.31 - - [30/Jul/2026:22:10:02 +0000] "GET /?p=931 HTTP/1.1" 301 423 "-" "Mozilla/5.0 AppleWebKit/537.36 (KHTML, like Gecko; compatible; ClaudeBot/1.0; +claudebot@anthropic.com)"
216.73.216.31 - - [30/Jul/2026:22:10:02 +0000] "GET /2026/07/30/nine-wins-casino-security-guide-for-uk-players-20/ HTTP/1.1" 200 28964 "https://moonbloomwalls.com/?p=931" "Mozilla/5.0 AppleWebKit/537.36 (KHTML, like Gecko; compatible; ClaudeBot/1.0; +claudebot@anthropic.com)"
85.155.190.233 - - [30/Jul/2026:22:10:16 +0000] "POST /wp-cron.php?doing_wp_cron=1785449416.2202529907226562500000 HTTP/1.1" 200 31 "-" "WordPress/7.0; https://moonbloomwalls.com"
45.148.10.21 - - [30/Jul/2026:22:10:16 +0000] "GET / HTTP/1.1" 200 37104 "-" "Mozilla/5.0 (X11; Linux x86_64) AppleWebKit/537.36 (KHTML, like Gecko) Chrome/126.0.0.0 Safari/537.36"
45.148.10.21 - - [30/Jul/2026:22:10:16 +0000] "POST /wp-json/batch/v1 HTTP/1.1" 207 439 "-" "Mozilla/5.0 (X11; Linux x86_64) AppleWebKit/537.36 (KHTML, like Gecko) Chrome/126.0.0.0 Safari/537.36"
45.148.10.21 - - [30/Jul/2026:22:10:16 +0000] "GET /wp-json/ HTTP/1.1" 200 1308451 "-" "Mozilla/5.0 (X11; Linux x86_64) AppleWebKit/537.36 (KHTML, like Gecko) Chrome/126.0.0.0 Safari/537.36"
45.148.10.21 - - [30/Jul/2026:22:10:16 +0000] "GET /?rest_route=/ HTTP/1.1" 200 1307879 "-" "Mozilla/5.0 (X11; Linux x86_64) AppleWebKit/537.36 (KHTML, like Gecko) Chrome/126.0.0.0 Safari/537.36"
45.148.10.21 - - [30/Jul/2026:22:10:17 +0000] "GET / HTTP/1.1" 200 37104 "-" "Mozilla/5.0 (X11; Linux x86_64) AppleWebKit/537.36 (KHTML, like Gecko) Chrome/126.0.0.0 Safari/537.36"
45.148.10.21 - - [30/Jul/2026:22:10:17 +0000] "POST /wp-json/batch/v1 HTTP/1.1" 207 1042 "-" "Mozilla/5.0 (X11; Linux x86_64) AppleWebKit/537.36 (KHTML, like Gecko) Chrome/126.0.0.0 Safari/537.36"
216.73.216.31 - - [30/Jul/2026:22:10:22 +0000] "GET /wp-sitemap.xml/page/19/ HTTP/1.1" 404 21281 "-" "Mozilla/5.0 AppleWebKit/537.36 (KHTML, like Gecko; compatible; ClaudeBot/1.0; +claudebot@anthropic.com)"
216.73.216.31 - - [30/Jul/2026:22:10:58 +0000] "GET /2026/07/30/nine-wins-casino-security-guide-for-uk-players-21/feed/ HTTP/1.1" 200 1290 "-" "Mozilla/5.0 AppleWebKit/537.36 (KHTML, like Gecko; compatible; ClaudeBot/1.0; +claudebot@anthropic.com)"
85.155.190.233 - - [30/Jul/2026:22:11:03 +0000] "POST /wp-cron.php?doing_wp_cron=1785449463.8419640064239501953125 HTTP/1.1" 200 31 "-" "WordPress/7.0; https://moonbloomwalls.com"
216.73.216.31 - - [30/Jul/2026:22:11:03 +0000] "GET /2026/07/30/nine-wins-casino-security-guide-for-uk-players-13/ HTTP/1.1" 200 28878 "-" "Mozilla/5.0 AppleWebKit/537.36 (KHTML, like Gecko; compatible; ClaudeBot/1.0; +claudebot@anthropic.com)"
216.73.216.31 - - [30/Jul/2026:22:11:12 +0000] "GET /2026/07/30/nine-wins-casino-security-guide-for-uk-players-9/ HTTP/1.1" 200 28937 "-" "Mozilla/5.0 AppleWebKit/537.36 (KHTML, like Gecko; compatible; ClaudeBot/1.0; +claudebot@anthropic.com)"
216.73.216.31 - - [30/Jul/2026:22:11:31 +0000] "GET /2026/07/30/nine-wins-casino-security-guide-for-uk-players-4/ HTTP/1.1" 200 28458 "-" "Mozilla/5.0 AppleWebKit/537.36 (KHTML, like Gecko; compatible; ClaudeBot/1.0; +claudebot@anthropic.com)"
85.155.190.233 - - [30/Jul/2026:22:12:19 +0000] "POST /wp-cron.php?doing_wp_cron=1785449539.9767200946807861328125 HTTP/1.1" 200 31 "-" "WordPress/7.0; https://moonbloomwalls.com"
216.73.216.31 - - [30/Jul/2026:22:12:19 +0000] "GET /2026/07/30/nine-wins-casino-security-guide-for-uk-players-6/ HTTP/1.1" 200 28768 "-" "Mozilla/5.0 AppleWebKit/537.36 (KHTML, like Gecko; compatible; ClaudeBot/1.0; +claudebot@anthropic.com)"
216.73.216.31 - - [30/Jul/2026:22:12:32 +0000] "GET /2026/07/30/nine-wins-casino-security-guide-for-uk-players/feed/ HTTP/1.1" 200 1284 "-" "Mozilla/5.0 AppleWebKit/537.36 (KHTML, like Gecko; compatible; ClaudeBot/1.0; +claudebot@anthropic.com)"
216.73.216.31 - - [30/Jul/2026:22:12:41 +0000] "GET /2026/07/30/nine-wins-casino-security-guide-for-uk-players-16/ HTTP/1.1" 200 28822 "-" "Mozilla/5.0 AppleWebKit/537.36 (KHTML, like Gecko; compatible; ClaudeBot/1.0; +claudebot@anthropic.com)"
216.73.216.31 - - [30/Jul/2026:22:12:47 +0000] "GET /2026/07/30/nine-wins-casino-security-guide-for-uk-players-14/ HTTP/1.1" 200 28630 "-" "Mozilla/5.0 AppleWebKit/537.36 (KHTML, like Gecko; compatible; ClaudeBot/1.0; +claudebot@anthropic.com)"
85.155.190.233 - - [30/Jul/2026:22:13:14 +0000] "POST /wp-cron.php?doing_wp_cron=1785449594.8414440155029296875000 HTTP/1.1" 200 31 "-" "WordPress/7.0; https://moonbloomwalls.com"
216.73.216.31 - - [30/Jul/2026:22:13:14 +0000] "GET /2026/07/30/nine-wins-casino-security-guide-for-uk-players-8/ HTTP/1.1" 200 28971 "-" "Mozilla/5.0 AppleWebKit/537.36 (KHTML, like Gecko; compatible; ClaudeBot/1.0; +claudebot@anthropic.com)"
216.73.216.31 - - [30/Jul/2026:22:14:02 +0000] "GET /2026/07/30/nine-wins-casino-security-guide-for-uk-players-23/ HTTP/1.1" 200 28782 "-" "Mozilla/5.0 AppleWebKit/537.36 (KHTML, like Gecko; compatible; ClaudeBot/1.0; +claudebot@anthropic.com)"
85.155.190.233 - - [30/Jul/2026:22:14:13 +0000] "POST /wp-cron.php?doing_wp_cron=1785449653.8704140186309814453125 HTTP/1.1" 200 31 "-" "WordPress/7.0; https://moonbloomwalls.com"
216.73.216.31 - - [30/Jul/2026:22:14:13 +0000] "GET /2026/07/30/nine-wins-casino-security-guide-for-uk-players-3/feed/ HTTP/1.1" 200 1288 "-" "Mozilla/5.0 AppleWebKit/537.36 (KHTML, like Gecko; compatible; ClaudeBot/1.0; +claudebot@anthropic.com)"
216.73.216.31 - - [30/Jul/2026:22:14:30 +0000] "GET /2026/07/30/nine-wins-casino-security-guide-for-uk-players-15/ HTTP/1.1" 200 28860 "-" "Mozilla/5.0 AppleWebKit/537.36 (KHTML, like Gecko; compatible; ClaudeBot/1.0; +claudebot@anthropic.com)"
216.73.216.31 - - [30/Jul/2026:22:14:42 +0000] "GET /2026/07/30/nine-wins-casino-security-guide-for-uk-players-7/feed/ HTTP/1.1" 200 1288 "-" "Mozilla/5.0 AppleWebKit/537.36 (KHTML, like Gecko; compatible; ClaudeBot/1.0; +claudebot@anthropic.com)"
85.155.190.233 - - [30/Jul/2026:22:15:13 +0000] "POST /wp-cron.php?doing_wp_cron=1785449713.7962470054626464843750 HTTP/1.1" 200 31 "-" "WordPress/7.0; https://moonbloomwalls.com"
216.73.216.31 - - [30/Jul/2026:22:15:13 +0000] "GET /2026/07/30/nine-wins-casino-security-guide-for-uk-players-5/feed/ HTTP/1.1" 200 1288 "-" "Mozilla/5.0 AppleWebKit/537.36 (KHTML, like Gecko; compatible; ClaudeBot/1.0; +claudebot@anthropic.com)"
216.73.216.31 - - [30/Jul/2026:22:15:17 +0000] "GET /2026/07/30/nine-wins-casino-security-guide-for-uk-players-20/feed/ HTTP/1.1" 200 1290 "-" "Mozilla/5.0 AppleWebKit/537.36 (KHTML, like Gecko; compatible; ClaudeBot/1.0; +claudebot@anthropic.com)"
85.155.190.233 - - [30/Jul/2026:22:16:05 +0000] "POST /wp-cron.php?doing_wp_cron=1785449765.4017710685729980468750 HTTP/1.1" 200 31 "-" "WordPress/7.0; https://moonbloomwalls.com"
216.73.216.31 - - [30/Jul/2026:22:16:05 +0000] "GET /2026/07/30/nine-wins-casino-security-guide-for-uk-players-22/feed/ HTTP/1.1" 200 1290 "-" "Mozilla/5.0 AppleWebKit/537.36 (KHTML, like Gecko; compatible; ClaudeBot/1.0; +claudebot@anthropic.com)"
216.73.216.31 - - [30/Jul/2026:22:16:31 +0000] "GET /2026/07/30/nine-wins-casino-security-guide-for-uk-players-17/feed/ HTTP/1.1" 200 1290 "-" "Mozilla/5.0 AppleWebKit/537.36 (KHTML, like Gecko; compatible; ClaudeBot/1.0; +claudebot@anthropic.com)"
216.73.216.31 - - [30/Jul/2026:22:16:37 +0000] "GET /2026/07/30/nine-wins-casino-security-guide-for-uk-players-24/feed/ HTTP/1.1" 200 1290 "-" "Mozilla/5.0 AppleWebKit/537.36 (KHTML, like Gecko; compatible; ClaudeBot/1.0; +claudebot@anthropic.com)"
216.73.216.31 - - [30/Jul/2026:22:17:00 +0000] "GET /2026/07/30/nine-wins-casino-security-guide-for-uk-players-11/feed/ HTTP/1.1" 200 1290 "-" "Mozilla/5.0 AppleWebKit/537.36 (KHTML, like Gecko; compatible; ClaudeBot/1.0; +claudebot@anthropic.com)"
85.155.190.233 - - [30/Jul/2026:22:17:20 +0000] "POST /wp-cron.php?doing_wp_cron=1785449840.2827379703521728515625 HTTP/1.1" 200 31 "-" "WordPress/7.0; https://moonbloomwalls.com"
216.73.216.31 - - [30/Jul/2026:22:17:20 +0000] "GET /2026/07/30/nine-wins-casino-security-guide-for-uk-players-12/feed/ HTTP/1.1" 200 1290 "-" "Mozilla/5.0 AppleWebKit/537.36 (KHTML, like Gecko; compatible; ClaudeBot/1.0; +claudebot@anthropic.com)"
85.155.190.233 - - [30/Jul/2026:22:20:38 +0000] "POST /wp-cron.php?doing_wp_cron=1785450038.9529380798339843750000 HTTP/1.1" 200 31 "-" "WordPress/7.0; https://moonbloomwalls.com"
216.73.216.31 - - [30/Jul/2026:22:20:38 +0000] "GET /?p=927 HTTP/1.1" 301 423 "-" "Mozilla/5.0 AppleWebKit/537.36 (KHTML, like Gecko; compatible; ClaudeBot/1.0; +claudebot@anthropic.com)"
216.73.216.31 - - [30/Jul/2026:22:20:39 +0000] "GET /2026/07/30/nine-wins-casino-security-guide-for-uk-players-18/ HTTP/1.1" 200 28758 "https://moonbloomwalls.com/?p=927" "Mozilla/5.0 AppleWebKit/537.36 (KHTML, like Gecko; compatible; ClaudeBot/1.0; +claudebot@anthropic.com)"
85.155.190.233 - - [30/Jul/2026:22:22:19 +0000] "POST /wp-cron.php?doing_wp_cron=1785450139.8574190139770507812500 HTTP/1.1" 200 31 "-" "WordPress/7.0; https://moonbloomwalls.com"
138.124.22.46 - - [30/Jul/2026:22:22:19 +0000] "POST /wp-login.php HTTP/1.1" 200 2632 "-" "Googlebot/2.1 (+http://www.google.com/bot.html)"
138.124.22.46 - - [30/Jul/2026:22:22:21 +0000] "POST /xmlrpc.php HTTP/1.1" 403 118 "-" "Googlebot/2.1 (+http://www.google.com/bot.html)"
85.155.190.233 - - [30/Jul/2026:22:23:16 +0000] "POST /wp-cron.php?doing_wp_cron=1785450196.3319420814514160156250 HTTP/1.1" 200 31 "-" "WordPress/7.0; https://moonbloomwalls.com"
216.73.216.31 - - [30/Jul/2026:22:23:16 +0000] "GET /2026/07/30/nine-wins-casino-security-guide-for-uk-players-18/feed/ HTTP/1.1" 200 1290 "-" "Mozilla/5.0 AppleWebKit/537.36 (KHTML, like Gecko; compatible; ClaudeBot/1.0; +claudebot@anthropic.com)"
85.155.190.233 - - [30/Jul/2026:22:27:35 +0000] "POST /wp-cron.php?doing_wp_cron=1785450455.4825990200042724609375 HTTP/1.1" 200 31 "-" "WordPress/7.0; https://moonbloomwalls.com"
66.249.64.225 - - [30/Jul/2026:22:27:35 +0000] "GET /2026/07/29/jake-vyhody-nabizi-mostbet-aplikace-pro-sazejici-behem-live-sazeni/ HTTP/1.1" 200 28283 "-" "Mozilla/5.0 (Linux; Android 6.0.1; Nexus 5X Build/MMB29P) AppleWebKit/537.36 (KHTML, like Gecko) Chrome/150.0.7871.186 Mobile Safari/537.36 (compatible; Googlebot/2.1; +http://www.google.com/bot.html)"
85.155.190.233 - - [30/Jul/2026:22:28:35 +0000] "POST /wp-cron.php?doing_wp_cron=1785450515.5187261104583740234375 HTTP/1.1" 200 31 "-" "WordPress/7.0; https://moonbloomwalls.com"
216.73.216.31 - - [30/Jul/2026:22:28:35 +0000] "GET /2026/07/30/nine-wins-casino-security-guide-for-uk-players-19/feed/ HTTP/1.1" 200 1290 "-" "Mozilla/5.0 AppleWebKit/537.36 (KHTML, like Gecko; compatible; ClaudeBot/1.0; +claudebot@anthropic.com)"
156.59.62.135 - - [30/Jul/2026:22:28:50 +0000] "POST /wp-login.php HTTP/1.1" 200 2637 "-" "Mozilla/5.0 (Macintosh; Intel Mac OS X 10_15_7) AppleWebKit/605.1.15 Version/17.0 Safari/605.1.15"
156.59.62.135 - - [30/Jul/2026:22:28:50 +0000] "POST /wp-login.php HTTP/1.1" 200 2638 "-" "Mozilla/5.0 (Macintosh; Intel Mac OS X 10_15_7) AppleWebKit/605.1.15 Version/17.0 Safari/605.1.15"
85.155.190.233 - - [30/Jul/2026:22:30:08 +0000] "POST /wp-cron.php?doing_wp_cron=1785450608.9233689308166503906250 HTTP/1.1" 200 31 "-" "WordPress/7.0; https://moonbloomwalls.com"
216.73.216.31 - - [30/Jul/2026:22:30:08 +0000] "GET /?p=911 HTTP/1.1" 301 423 "-" "Mozilla/5.0 AppleWebKit/537.36 (KHTML, like Gecko; compatible; ClaudeBot/1.0; +claudebot@anthropic.com)"
216.73.216.31 - - [30/Jul/2026:22:30:09 +0000] "GET /2026/07/30/nine-wins-casino-security-guide-for-uk-players-10/ HTTP/1.1" 200 28721 "https://moonbloomwalls.com/?p=911" "Mozilla/5.0 AppleWebKit/537.36 (KHTML, like Gecko; compatible; ClaudeBot/1.0; +claudebot@anthropic.com)"
85.155.190.233 - - [30/Jul/2026:22:32:41 +0000] "POST /wp-cron.php?doing_wp_cron=1785450761.7499780654907226562500 HTTP/1.1" 200 31 "-" "WordPress/7.0; https://moonbloomwalls.com"
216.73.216.31 - - [30/Jul/2026:22:32:41 +0000] "GET /?p=929 HTTP/1.1" 301 423 "-" "Mozilla/5.0 AppleWebKit/537.36 (KHTML, like Gecko; compatible; ClaudeBot/1.0; +claudebot@anthropic.com)"
216.73.216.31 - - [30/Jul/2026:22:32:42 +0000] "GET /2026/07/30/nine-wins-casino-security-guide-for-uk-players-19/ HTTP/1.1" 200 28880 "https://moonbloomwalls.com/?p=929" "Mozilla/5.0 AppleWebKit/537.36 (KHTML, like Gecko; compatible; ClaudeBot/1.0; +claudebot@anthropic.com)"
85.155.190.233 - - [30/Jul/2026:22:33:25 +0000] "POST /wp-cron.php?doing_wp_cron=1785450805.8121519088745117187500 HTTP/1.1" 200 31 "-" "WordPress/7.0; https://moonbloomwalls.com"
216.73.216.31 - - [30/Jul/2026:22:33:25 +0000] "GET /2026/07/30/nine-wins-casino-security-guide-for-uk-players-10/feed/ HTTP/1.1" 200 1290 "-" "Mozilla/5.0 AppleWebKit/537.36 (KHTML, like Gecko; compatible; ClaudeBot/1.0; +claudebot@anthropic.com)"
85.155.190.233 - - [30/Jul/2026:22:34:09 +0000] "POST /wp-cron.php?doing_wp_cron=1785450849.2383480072021484375000 HTTP/1.1" 200 31 "-" "WordPress/7.0; https://moonbloomwalls.com"
138.124.21.210 - - [30/Jul/2026:22:34:09 +0000] "POST /wp-login.php HTTP/1.1" 200 2632 "-" "Googlebot/2.1 (+http://www.google.com/bot.html)"
138.124.21.210 - - [30/Jul/2026:22:34:09 +0000] "POST /xmlrpc.php HTTP/1.1" 403 118 "-" "Googlebot/2.1 (+http://www.google.com/bot.html)"
85.155.190.233 - - [30/Jul/2026:22:48:22 +0000] "POST /wp-cron.php?doing_wp_cron=1785451702.6967198848724365234375 HTTP/1.1" 200 31 "-" "WordPress/7.0; https://moonbloomwalls.com"
156.59.62.135 - - [30/Jul/2026:22:48:22 +0000] "POST /wp-login.php HTTP/1.1" 200 2637 "-" "Mozilla/5.0 (Windows NT 10.0; Win64; rv:143.0) Gecko/20100101 Firefox/143.0"
85.155.190.233 - - [30/Jul/2026:22:48:22 +0000] "POST /wp-cron.php?doing_wp_cron=1785451702.6967198848724365234375 HTTP/1.1" 200 31 "-" "WordPress/7.0; https://moonbloomwalls.com"
156.59.62.135 - - [30/Jul/2026:22:48:22 +0000] "POST /wp-login.php HTTP/1.1" 200 2638 "-" "Mozilla/5.0 (Windows NT 10.0; Win64; rv:143.0) Gecko/20100101 Firefox/143.0"
85.155.190.233 - - [30/Jul/2026:22:50:43 +0000] "POST /wp-cron.php?doing_wp_cron=1785451843.4966080188751220703125 HTTP/1.1" 200 31 "-" "WordPress/7.0; https://moonbloomwalls.com"
216.73.216.31 - - [30/Jul/2026:22:50:43 +0000] "GET /wp-sitemap.xml HTTP/1.1" 200 23432 "-" "Mozilla/5.0 AppleWebKit/537.36 (KHTML, like Gecko; compatible; ClaudeBot/1.0; +claudebot@anthropic.com)"
85.155.190.233 - - [30/Jul/2026:22:53:50 +0000] "POST /wp-cron.php?doing_wp_cron=1785452030.2536399364471435546875 HTTP/1.1" 200 31 "-" "WordPress/7.0; https://moonbloomwalls.com"
198.244.183.229 - - [30/Jul/2026:22:53:50 +0000] "GET /wp-sitemap.xml HTTP/1.1" 200 23432 "-" "Mozilla/5.0 (compatible; AhrefsBot/7.0; +http://ahrefs.com/robot/)"
23.234.100.110 - - [30/Jul/2026:22:55:15 +0000] "GET /wp-json/wp/v2/posts?per_page=30&orderby=date&order=desc&_fields=link,title,date HTTP/1.1" 200 7242 "-" "Mozilla/5.0 (Macintosh; Intel Mac OS X 10_15_7) AppleWebKit/537.36 (KHTML, like Gecko) Chrome/126.0.0.0 Safari/537.36"
85.155.190.233 - - [30/Jul/2026:22:55:15 +0000] "POST /wp-cron.php?doing_wp_cron=1785452115.9030079841613769531250 HTTP/1.1" 200 31 "-" "WordPress/7.0; https://moonbloomwalls.com"
23.234.100.110 - - [30/Jul/2026:22:55:16 +0000] "GET /?rest_route=/wp/v2/posts&per_page=30&orderby=date&order=desc&_fields=link,title,date HTTP/1.1" 200 7242 "-" "Mozilla/5.0 (Macintosh; Intel Mac OS X 10_15_7) AppleWebKit/537.36 (KHTML, like Gecko) Chrome/126.0.0.0 Safari/537.36"
23.234.100.110 - - [30/Jul/2026:22:55:17 +0000] "GET /wp-json/wp/v2/posts?per_page=30&orderby=date&order=desc&_fields=link,title,date HTTP/1.1" 200 7242 "-" "Mozilla/5.0 (Macintosh; Intel Mac OS X 10_15_7) AppleWebKit/537.36 (KHTML, like Gecko) Chrome/126.0.0.0 Safari/537.36"
23.234.100.110 - - [30/Jul/2026:22:55:17 +0000] "GET /post-sitemap.xml HTTP/1.1" 200 23432 "-" "Mozilla/5.0 (Macintosh; Intel Mac OS X 10_15_7) AppleWebKit/537.36 (KHTML, like Gecko) Chrome/126.0.0.0 Safari/537.36"
23.234.100.110 - - [30/Jul/2026:22:55:18 +0000] "GET / HTTP/1.1" 200 37104 "-" "Mozilla/5.0 (Macintosh; Intel Mac OS X 10_15_7) AppleWebKit/537.36 (KHTML, like Gecko) Chrome/126.0.0.0 Safari/537.36"
23.234.100.110 - - [30/Jul/2026:22:55:18 +0000] "GET /robots.txt HTTP/1.1" 200 744 "-" "Mozilla/5.0 (Macintosh; Intel Mac OS X 10_15_7) AppleWebKit/537.36 (KHTML, like Gecko) Chrome/126.0.0.0 Safari/537.36"
23.234.100.110 - - [30/Jul/2026:22:55:19 +0000] "GET /2026/02/11/are-loyalty-programs-worth-joining-at-jeetcity-casino/ HTTP/1.1" 200 27023 "-" "Mozilla/5.0 (Macintosh; Intel Mac OS X 10_15_7) AppleWebKit/537.36 (KHTML, like Gecko) Chrome/126.0.0.0 Safari/537.36"
23.234.100.110 - - [30/Jul/2026:22:55:20 +0000] "GET /2026/02/24/les-methodes-de-retrait-les-plus-rapides-sur-boomsbet-casino/ HTTP/1.1" 200 27000 "-" "Mozilla/5.0 (Macintosh; Intel Mac OS X 10_15_7) AppleWebKit/537.36 (KHTML, like Gecko) Chrome/126.0.0.0 Safari/537.36"
23.234.100.110 - - [30/Jul/2026:22:55:20 +0000] "GET /2026/02/25/comprehensive-insights-into-slot-mafia-casinos-profile/ HTTP/1.1" 200 27013 "-" "Mozilla/5.0 (Macintosh; Intel Mac OS X 10_15_7) AppleWebKit/537.36 (KHTML, like Gecko) Chrome/126.0.0.0 Safari/537.36"
23.234.100.110 - - [30/Jul/2026:22:55:21 +0000] "GET /post-sitemap.xml HTTP/1.1" 200 23432 "-" "Mozilla/5.0 (Macintosh; Intel Mac OS X 10_15_7) AppleWebKit/537.36 (KHTML, like Gecko) Chrome/126.0.0.0 Safari/537.36"
23.234.100.110 - - [30/Jul/2026:22:55:21 +0000] "GET /wp-sitemap-posts-post-1.xml HTTP/1.1" 200 31068 "-" "Mozilla/5.0 (Macintosh; Intel Mac OS X 10_15_7) AppleWebKit/537.36 (KHTML, like Gecko) Chrome/126.0.0.0 Safari/537.36"
23.234.100.110 - - [30/Jul/2026:22:55:22 +0000] "GET / HTTP/1.1" 200 37104 "-" "Mozilla/5.0 (compatible; Googlebot/2.1; +http://www.google.com/bot.html)"
23.234.100.110 - - [30/Jul/2026:22:55:22 +0000] "GET /wp-json/wp/v2/posts?per_page=30&_fields=title HTTP/1.1" 200 2998 "-" "Mozilla/5.0 (compatible; Googlebot/2.1; +http://www.google.com/bot.html)"
23.234.100.110 - - [30/Jul/2026:22:55:23 +0000] "GET /wp-json/wp/v2/pages?per_page=100&_fields=name,title,link,date HTTP/1.1" 200 20841 "-" "Mozilla/5.0 (Macintosh; Intel Mac OS X 10_15_7) AppleWebKit/537.36 (KHTML, like Gecko) Chrome/126.0.0.0 Safari/537.36"
23.234.100.110 - - [30/Jul/2026:22:55:23 +0000] "GET /?rest_route=/wp/v2/pages&per_page=100&_fields=name,title,link,date HTTP/1.1" 200 20864 "-" "Mozilla/5.0 (Macintosh; Intel Mac OS X 10_15_7) AppleWebKit/537.36 (KHTML, like Gecko) Chrome/126.0.0.0 Safari/537.36"
23.234.100.110 - - [30/Jul/2026:22:55:24 +0000] "GET /wp-json/wp/v2/pages?per_page=100&_fields=name,title,link,date HTTP/1.1" 200 20864 "-" "Mozilla/5.0 (Macintosh; Intel Mac OS X 10_15_7) AppleWebKit/537.36 (KHTML, like Gecko) Chrome/126.0.0.0 Safari/537.36"
23.234.100.110 - - [30/Jul/2026:22:55:25 +0000] "GET /wp-json/wp/v2/tags?per_page=100&_fields=name,title,link,date HTTP/1.1" 200 425 "-" "Mozilla/5.0 (Macintosh; Intel Mac OS X 10_15_7) AppleWebKit/537.36 (KHTML, like Gecko) Chrome/126.0.0.0 Safari/537.36"
23.234.100.110 - - [30/Jul/2026:22:55:25 +0000] "GET /?rest_route=/wp/v2/tags&per_page=100&_fields=name,title,link,date HTTP/1.1" 200 425 "-" "Mozilla/5.0 (Macintosh; Intel Mac OS X 10_15_7) AppleWebKit/537.36 (KHTML, like Gecko) Chrome/126.0.0.0 Safari/537.36"
23.234.100.110 - - [30/Jul/2026:22:55:25 +0000] "GET /wp-json/wp/v2/tags?per_page=100&_fields=name,title,link,date HTTP/1.1" 200 425 "-" "Mozilla/5.0 (Macintosh; Intel Mac OS X 10_15_7) AppleWebKit/537.36 (KHTML, like Gecko) Chrome/126.0.0.0 Safari/537.36"
23.234.100.110 - - [30/Jul/2026:22:55:26 +0000] "GET /wp-json/wp/v2/categories?per_page=100&_fields=name,title,link,date HTTP/1.1" 200 738 "-" "Mozilla/5.0 (Macintosh; Intel Mac OS X 10_15_7) AppleWebKit/537.36 (KHTML, like Gecko) Chrome/126.0.0.0 Safari/537.36"
23.234.100.110 - - [30/Jul/2026:22:55:26 +0000] "GET /?rest_route=/wp/v2/categories&per_page=100&_fields=name,title,link,date HTTP/1.1" 200 738 "-" "Mozilla/5.0 (Macintosh; Intel Mac OS X 10_15_7) AppleWebKit/537.36 (KHTML, like Gecko) Chrome/126.0.0.0 Safari/537.36"
23.234.100.110 - - [30/Jul/2026:22:55:26 +0000] "GET /wp-json/wp/v2/categories?per_page=100&_fields=name,title,link,date HTTP/1.1" 200 738 "-" "Mozilla/5.0 (Macintosh; Intel Mac OS X 10_15_7) AppleWebKit/537.36 (KHTML, like Gecko) Chrome/126.0.0.0 Safari/537.36"
85.155.190.233 - - [30/Jul/2026:23:02:55 +0000] "POST /wp-cron.php?doing_wp_cron=1785452575.7593419551849365234375 HTTP/1.1" 200 31 "-" "WordPress/7.0; https://moonbloomwalls.com"
216.73.216.31 - - [30/Jul/2026:23:02:55 +0000] "GET /robots.txt HTTP/1.1" 200 744 "-" "Mozilla/5.0 AppleWebKit/537.36 (KHTML, like Gecko; compatible; ClaudeBot/1.0; +claudebot@anthropic.com)"
216.73.216.31 - - [30/Jul/2026:23:02:55 +0000] "GET /?p=895 HTTP/1.1" 301 423 "-" "Mozilla/5.0 AppleWebKit/537.36 (KHTML, like Gecko; compatible; ClaudeBot/1.0; +claudebot@anthropic.com)"
216.73.216.31 - - [30/Jul/2026:23:02:56 +0000] "GET /2026/07/30/nine-wins-casino-security-guide-for-uk-players-2/ HTTP/1.1" 200 28984 "https://moonbloomwalls.com/?p=895" "Mozilla/5.0 AppleWebKit/537.36 (KHTML, like Gecko; compatible; ClaudeBot/1.0; +claudebot@anthropic.com)"
85.155.190.233 - - [30/Jul/2026:23:05:05 +0000] "POST /wp-cron.php?doing_wp_cron=1785452705.4873509407043457031250 HTTP/1.1" 200 31 "-" "WordPress/7.0; https://moonbloomwalls.com"
66.249.64.224 - - [30/Jul/2026:23:05:05 +0000] "GET /2026/02/15/join-fortunica-casino-today-an-invitation-to-players/ HTTP/1.1" 200 26784 "-" "Mozilla/5.0 (Linux; Android 6.0.1; Nexus 5X Build/MMB29P) AppleWebKit/537.36 (KHTML, like Gecko) Chrome/150.0.7871.186 Mobile Safari/537.36 (compatible; Googlebot/2.1; +http://www.google.com/bot.html)"
85.155.190.233 - - [30/Jul/2026:23:07:23 +0000] "POST /wp-cron.php?doing_wp_cron=1785452843.5226221084594726562500 HTTP/1.1" 200 31 "-" "WordPress/7.0; https://moonbloomwalls.com"
216.73.216.31 - - [30/Jul/2026:23:07:23 +0000] "GET /2026/07/30/nine-wins-casino-security-guide-for-uk-players-2/feed/ HTTP/1.1" 200 1288 "-" "Mozilla/5.0 AppleWebKit/537.36 (KHTML, like Gecko; compatible; ClaudeBot/1.0; +claudebot@anthropic.com)"
156.59.62.135 - - [30/Jul/2026:23:07:54 +0000] "POST /wp-login.php HTTP/1.1" 200 2638 "-" "Mozilla/5.0 (Macintosh; Intel Mac OS X 10_15_7) AppleWebKit/605.1.15 Version/17.0 Safari/605.1.15"
156.59.62.135 - - [30/Jul/2026:23:07:54 +0000] "POST /wp-login.php HTTP/1.1" 200 2637 "-" "Mozilla/5.0 (Macintosh; Intel Mac OS X 10_15_7) AppleWebKit/605.1.15 Version/17.0 Safari/605.1.15"
85.155.190.233 - - [30/Jul/2026:23:16:32 +0000] "POST /wp-cron.php?doing_wp_cron=1785453392.3636670112609863281250 HTTP/1.1" 200 31 "-" "WordPress/7.0; https://moonbloomwalls.com"
216.73.216.31 - - [30/Jul/2026:23:16:32 +0000] "GET /2026/07/30/nine-wins-casino-security-guide-for-uk-players-16/feed/ HTTP/1.1" 200 1290 "-" "Mozilla/5.0 AppleWebKit/537.36 (KHTML, like Gecko; compatible; ClaudeBot/1.0; +claudebot@anthropic.com)"
216.73.216.31 - - [30/Jul/2026:23:16:33 +0000] "GET /?p=909 HTTP/1.1" 301 423 "-" "Mozilla/5.0 AppleWebKit/537.36 (KHTML, like Gecko; compatible; ClaudeBot/1.0; +claudebot@anthropic.com)"
216.73.216.31 - - [30/Jul/2026:23:16:33 +0000] "GET /2026/07/30/nine-wins-casino-security-guide-for-uk-players-9/ HTTP/1.1" 200 28764 "https://moonbloomwalls.com/?p=909" "Mozilla/5.0 AppleWebKit/537.36 (KHTML, like Gecko; compatible; ClaudeBot/1.0; +claudebot@anthropic.com)"
85.155.190.233 - - [30/Jul/2026:23:18:05 +0000] "POST /wp-cron.php?doing_wp_cron=1785453485.3337090015411376953125 HTTP/1.1" 200 31 "-" "WordPress/7.0; https://moonbloomwalls.com"
216.73.216.31 - - [30/Jul/2026:23:18:05 +0000] "GET /2026/07/30/nine-wins-casino-security-guide-for-uk-players-23/feed/ HTTP/1.1" 200 1290 "-" "Mozilla/5.0 AppleWebKit/537.36 (KHTML, like Gecko; compatible; ClaudeBot/1.0; +claudebot@anthropic.com)"
216.73.216.31 - - [30/Jul/2026:23:18:05 +0000] "GET /?p=919 HTTP/1.1" 301 423 "-" "Mozilla/5.0 AppleWebKit/537.36 (KHTML, like Gecko; compatible; ClaudeBot/1.0; +claudebot@anthropic.com)"
216.73.216.31 - - [30/Jul/2026:23:18:05 +0000] "GET /2026/07/30/nine-wins-casino-security-guide-for-uk-players-14/ HTTP/1.1" 200 28848 "https://moonbloomwalls.com/?p=919" "Mozilla/5.0 AppleWebKit/537.36 (KHTML, like Gecko; compatible; ClaudeBot/1.0; +claudebot@anthropic.com)"
216.73.216.31 - - [30/Jul/2026:23:18:48 +0000] "GET /?p=899 HTTP/1.1" 301 423 "-" "Mozilla/5.0 AppleWebKit/537.36 (KHTML, like Gecko; compatible; ClaudeBot/1.0; +claudebot@anthropic.com)"
216.73.216.31 - - [30/Jul/2026:23:18:48 +0000] "GET /2026/07/30/nine-wins-casino-security-guide-for-uk-players-4/ HTTP/1.1" 200 29042 "https://moonbloomwalls.com/?p=899" "Mozilla/5.0 AppleWebKit/537.36 (KHTML, like Gecko; compatible; ClaudeBot/1.0; +claudebot@anthropic.com)"
85.155.190.233 - - [30/Jul/2026:23:19:25 +0000] "POST /wp-cron.php?doing_wp_cron=1785453565.0669050216674804687500 HTTP/1.1" 200 31 "-" "WordPress/7.0; https://moonbloomwalls.com"
216.73.216.31 - - [30/Jul/2026:23:19:25 +0000] "GET /?p=921 HTTP/1.1" 301 423 "-" "Mozilla/5.0 AppleWebKit/537.36 (KHTML, like Gecko; compatible; ClaudeBot/1.0; +claudebot@anthropic.com)"
216.73.216.31 - - [30/Jul/2026:23:19:25 +0000] "GET /2026/07/30/nine-wins-casino-security-guide-for-uk-players-15/ HTTP/1.1" 200 28676 "https://moonbloomwalls.com/?p=921" "Mozilla/5.0 AppleWebKit/537.36 (KHTML, like Gecko; compatible; ClaudeBot/1.0; +claudebot@anthropic.com)"
85.155.190.233 - - [30/Jul/2026:23:20:51 +0000] "POST /wp-cron.php?doing_wp_cron=1785453651.6659231185913085937500 HTTP/1.1" 200 31 "-" "WordPress/7.0; https://moonbloomwalls.com"
216.73.216.31 - - [30/Jul/2026:23:20:51 +0000] "GET /2026/07/30/nine-wins-casino-security-guide-for-uk-players-6/feed/ HTTP/1.1" 200 1288 "-" "Mozilla/5.0 AppleWebKit/537.36 (KHTML, like Gecko; compatible; ClaudeBot/1.0; +claudebot@anthropic.com)"
216.73.216.31 - - [30/Jul/2026:23:20:57 +0000] "GET /2026/07/30/nine-wins-casino-security-guide-for-uk-players-15/feed/ HTTP/1.1" 200 1290 "-" "Mozilla/5.0 AppleWebKit/537.36 (KHTML, like Gecko; compatible; ClaudeBot/1.0; +claudebot@anthropic.com)"
85.155.190.233 - - [30/Jul/2026:23:21:33 +0000] "POST /wp-cron.php?doing_wp_cron=1785453693.4150550365447998046875 HTTP/1.1" 200 31 "-" "WordPress/7.0; https://moonbloomwalls.com"
216.73.216.31 - - [30/Jul/2026:23:21:33 +0000] "GET /?p=923 HTTP/1.1" 301 423 "-" "Mozilla/5.0 AppleWebKit/537.36 (KHTML, like Gecko; compatible; ClaudeBot/1.0; +claudebot@anthropic.com)"
216.73.216.31 - - [30/Jul/2026:23:21:33 +0000] "GET /2026/07/30/nine-wins-casino-security-guide-for-uk-players-16/ HTTP/1.1" 200 28811 "https://moonbloomwalls.com/?p=923" "Mozilla/5.0 AppleWebKit/537.36 (KHTML, like Gecko; compatible; ClaudeBot/1.0; +claudebot@anthropic.com)"
85.155.190.233 - - [30/Jul/2026:23:22:28 +0000] "POST /wp-cron.php?doing_wp_cron=1785453748.7109339237213134765625 HTTP/1.1" 200 31 "-" "WordPress/7.0; https://moonbloomwalls.com"
216.73.216.31 - - [30/Jul/2026:23:22:28 +0000] "GET /2026/07/30/nine-wins-casino-security-guide-for-uk-players-8/feed/ HTTP/1.1" 200 1288 "-" "Mozilla/5.0 AppleWebKit/537.36 (KHTML, like Gecko; compatible; ClaudeBot/1.0; +claudebot@anthropic.com)"
216.73.216.31 - - [30/Jul/2026:23:22:28 +0000] "GET /2026/07/30/nine-wins-casino-security-guide-for-uk-players-13/feed/ HTTP/1.1" 200 1290 "-" "Mozilla/5.0 AppleWebKit/537.36 (KHTML, like Gecko; compatible; ClaudeBot/1.0; +claudebot@anthropic.com)"
216.73.216.31 - - [30/Jul/2026:23:22:46 +0000] "GET /2026/07/30/nine-wins-casino-security-guide-for-uk-players-14/feed/ HTTP/1.1" 200 1290 "-" "Mozilla/5.0 AppleWebKit/537.36 (KHTML, like Gecko; compatible; ClaudeBot/1.0; +claudebot@anthropic.com)"
216.73.216.31 - - [30/Jul/2026:23:22:46 +0000] "GET /2026/07/30/nine-wins-casino-security-guide-for-uk-players-4/feed/ HTTP/1.1" 200 1288 "-" "Mozilla/5.0 AppleWebKit/537.36 (KHTML, like Gecko; compatible; ClaudeBot/1.0; +claudebot@anthropic.com)"
85.155.190.233 - - [30/Jul/2026:23:23:10 +0000] "POST /wp-cron.php?doing_wp_cron=1785453790.2027280330657958984375 HTTP/1.1" 200 31 "-" "WordPress/7.0; https://moonbloomwalls.com"
216.73.216.31 - - [30/Jul/2026:23:23:10 +0000] "GET /?p=937 HTTP/1.1" 301 423 "-" "Mozilla/5.0 AppleWebKit/537.36 (KHTML, like Gecko; compatible; ClaudeBot/1.0; +claudebot@anthropic.com)"
216.73.216.31 - - [30/Jul/2026:23:23:10 +0000] "GET /2026/07/30/nine-wins-casino-security-guide-for-uk-players-23/ HTTP/1.1" 200 28916 "https://moonbloomwalls.com/?p=937" "Mozilla/5.0 AppleWebKit/537.36 (KHTML, like Gecko; compatible; ClaudeBot/1.0; +claudebot@anthropic.com)"
85.155.190.233 - - [30/Jul/2026:23:24:22 +0000] "POST /wp-cron.php?doing_wp_cron=1785453862.6100189685821533203125 HTTP/1.1" 200 31 "-" "WordPress/7.0; https://moonbloomwalls.com"
216.73.216.31 - - [30/Jul/2026:23:24:22 +0000] "GET /?p=917 HTTP/1.1" 301 423 "-" "Mozilla/5.0 AppleWebKit/537.36 (KHTML, like Gecko; compatible; ClaudeBot/1.0; +claudebot@anthropic.com)"
216.73.216.31 - - [30/Jul/2026:23:24:22 +0000] "GET /2026/07/30/nine-wins-casino-security-guide-for-uk-players-13/ HTTP/1.1" 200 28891 "https://moonbloomwalls.com/?p=917" "Mozilla/5.0 AppleWebKit/537.36 (KHTML, like Gecko; compatible; ClaudeBot/1.0; +claudebot@anthropic.com)"
216.73.216.31 - - [30/Jul/2026:23:25:01 +0000] "GET /?p=903 HTTP/1.1" 301 423 "-" "Mozilla/5.0 AppleWebKit/537.36 (KHTML, like Gecko; compatible; ClaudeBot/1.0; +claudebot@anthropic.com)"
216.73.216.31 - - [30/Jul/2026:23:25:01 +0000] "GET /2026/07/30/nine-wins-casino-security-guide-for-uk-players-6/ HTTP/1.1" 200 28856 "https://moonbloomwalls.com/?p=903" "Mozilla/5.0 AppleWebKit/537.36 (KHTML, like Gecko; compatible; ClaudeBot/1.0; +claudebot@anthropic.com)"
216.73.216.31 - - [30/Jul/2026:23:25:01 +0000] "GET /?p=907 HTTP/1.1" 301 423 "-" "Mozilla/5.0 AppleWebKit/537.36 (KHTML, like Gecko; compatible; ClaudeBot/1.0; +claudebot@anthropic.com)"
216.73.216.31 - - [30/Jul/2026:23:25:01 +0000] "GET /2026/07/30/nine-wins-casino-security-guide-for-uk-players-8/ HTTP/1.1" 200 28981 "https://moonbloomwalls.com/?p=907" "Mozilla/5.0 AppleWebKit/537.36 (KHTML, like Gecko; compatible; ClaudeBot/1.0; +claudebot@anthropic.com)"
85.155.190.233 - - [30/Jul/2026:23:25:08 +0000] "POST /wp-cron.php?doing_wp_cron=1785453908.3814749717712402343750 HTTP/1.1" 200 31 "-" "WordPress/7.0; https://moonbloomwalls.com"
216.73.216.31 - - [30/Jul/2026:23:25:08 +0000] "GET /2026/07/30/nine-wins-casino-security-guide-for-uk-players-9/feed/ HTTP/1.1" 200 1288 "-" "Mozilla/5.0 AppleWebKit/537.36 (KHTML, like Gecko; compatible; ClaudeBot/1.0; +claudebot@anthropic.com)"
85.155.190.233 - - [30/Jul/2026:23:26:24 +0000] "POST /wp-cron.php?doing_wp_cron=1785453984.7540891170501708984375 HTTP/1.1" 200 31 "-" "WordPress/7.0; https://moonbloomwalls.com"
34.76.117.34 - - [30/Jul/2026:23:26:24 +0000] "GET / HTTP/1.1" 200 37104 "-" "Mozilla/5.0 (Windows NT 10.0; Win64; x64) AppleWebKit/537.36 (KHTML, like Gecko) Chrome/126.0.6478.127 Safari/537.36"
85.155.190.233 - - [30/Jul/2026:23:27:24 +0000] "POST /wp-cron.php?doing_wp_cron=1785454044.5715351104736328125000 HTTP/1.1" 200 31 "-" "WordPress/7.0; https://moonbloomwalls.com"
156.59.62.135 - - [30/Jul/2026:23:27:24 +0000] "POST /wp-login.php HTTP/1.1" 200 2637 "-" "Mozilla/5.0 (Macintosh; Intel Mac OS X 10_15_7) AppleWebKit/605.1.15 Version/17.0 Safari/605.1.15"
85.155.190.233 - - [30/Jul/2026:23:27:24 +0000] "POST /wp-cron.php?doing_wp_cron=1785454044.5715498924255371093750 HTTP/1.1" 200 31 "-" "WordPress/7.0; https://moonbloomwalls.com"
156.59.62.135 - - [30/Jul/2026:23:27:24 +0000] "POST /wp-login.php HTTP/1.1" 200 2638 "-" "Mozilla/5.0 (Windows NT 10.0; Win64; x64) AppleWebKit/537.36 Chrome/129.0.0.0 Safari/537.36"
85.155.190.233 - - [30/Jul/2026:23:36:31 +0000] "POST /wp-cron.php?doing_wp_cron=1785454591.4167881011962890625000 HTTP/1.1" 200 31 "-" "WordPress/7.0; https://moonbloomwalls.com"
172.216.10.34 - - [30/Jul/2026:23:36:34 +0000] "POST /?rest_route=/batch/v1 HTTP/1.1" 207 2398129 "-" "cve-2026-63030/1.0"
216.73.216.31 - - [30/Jul/2026:23:36:50 +0000] "GET /2026/07/30/hur-man-registrerar-sig-pa-bettingsidor-utan-svensk-licens/ HTTP/1.1" 200 27617 "-" "Mozilla/5.0 AppleWebKit/537.36 (KHTML, like Gecko; compatible; ClaudeBot/1.0; +claudebot@anthropic.com)"
85.155.190.233 - - [30/Jul/2026:23:40:33 +0000] "POST /wp-cron.php?doing_wp_cron=1785454833.3881270885467529296875 HTTP/1.1" 200 31 "-" "WordPress/7.0; https://moonbloomwalls.com"
66.249.64.224 - - [30/Jul/2026:23:40:33 +0000] "GET /2026/03/21/the-latest-updates-from-god-of-coins-casino/feed/ HTTP/1.1" 200 1275 "-" "Mozilla/5.0 (Linux; Android 6.0.1; Nexus 5X Build/MMB29P) AppleWebKit/537.36 (KHTML, like Gecko) Chrome/150.0.7871.186 Mobile Safari/537.36 (compatible; GoogleOther)"
85.155.190.233 - - [30/Jul/2026:23:45:26 +0000] "POST /wp-cron.php?doing_wp_cron=1785455126.7555270195007324218750 HTTP/1.1" 200 31 "-" "WordPress/7.0; https://moonbloomwalls.com"
104.23.217.136 - - [30/Jul/2026:23:45:26 +0000] "GET /wp-admin/install.php?step=1 HTTP/1.1" 200 811 "-" "http://moonbloomwalls.com/wp-admin/install.php?step=1"
85.155.190.233 - - [30/Jul/2026:23:46:39 +0000] "POST /wp-cron.php?doing_wp_cron=1785455199.4623570442199707031250 HTTP/1.1" 200 31 "-" "WordPress/7.0; https://moonbloomwalls.com"
156.59.62.135 - - [30/Jul/2026:23:46:39 +0000] "POST /wp-login.php HTTP/1.1" 200 2638 "-" "Mozilla/5.0 (Macintosh; Intel Mac OS X 10_15_7) AppleWebKit/605.1.15 Version/17.0 Safari/605.1.15"
85.155.190.233 - - [30/Jul/2026:23:46:39 +0000] "POST /wp-cron.php?doing_wp_cron=1785455199.4624199867248535156250 HTTP/1.1" 200 31 "-" "WordPress/7.0; https://moonbloomwalls.com"
156.59.62.135 - - [30/Jul/2026:23:46:39 +0000] "POST /wp-login.php HTTP/1.1" 200 2637 "-" "Mozilla/5.0 (Windows NT 10.0; Win64; rv:143.0) Gecko/20100101 Firefox/143.0"
85.155.190.233 - - [30/Jul/2026:23:55:23 +0000] "POST /wp-cron.php?doing_wp_cron=1785455723.2841169834136962890625 HTTP/1.1" 200 31 "-" "WordPress/7.0; https://moonbloomwalls.com"
216.73.216.31 - - [30/Jul/2026:23:55:23 +0000] "GET /wp-sitemap.xml HTTP/1.1" 200 23432 "-" "Mozilla/5.0 AppleWebKit/537.36 (KHTML, like Gecko; compatible; ClaudeBot/1.0; +claudebot@anthropic.com)"

Youez - 2016 - github.com/yon3zu
LinuXploit