123.6.49.47 - - [30/Jul/2026:17:57:10 +0000] "GET /wp-content/themes/kadence/assets/css/woocommerce.min.css?ver=1.5.0 HTTP/1.1" 200 144116 "https://moonbloomwalls.com/faq/" "Mozilla/5.0 (Linux; U; Android 8.1.0; zh-cn; MI 8 Build/OPM1.171019.011) AppleWebKit/537.36 (KHTML, like Gecko) Version/4.0 Chrome/57.0.2987.108 Mobile Safari/537.36"
123.6.49.50 - - [30/Jul/2026:17:57:10 +0000] "GET /wp-content/themes/kadence/assets/css/footer.min.css?ver=1.5.0 HTTP/1.1" 200 19929 "https://moonbloomwalls.com/faq/" "Mozilla/5.0 (Linux; U; Android 8.1.0; zh-cn; MI 8 Build/OPM1.171019.011) AppleWebKit/537.36 (KHTML, like Gecko) Version/4.0 Chrome/57.0.2987.108 Mobile Safari/537.36"
123.6.49.18 - - [30/Jul/2026:17:57:10 +0000] "GET /wp-includes/js/jquery/jquery-migrate.min.js?ver=3.4.1 HTTP/1.1" 200 13577 "https://moonbloomwalls.com/faq/" "Mozilla/5.0 (Linux; U; Android 8.1.0; zh-cn; MI 8 Build/OPM1.171019.011) AppleWebKit/537.36 (KHTML, like Gecko) Version/4.0 Chrome/57.0.2987.108 Mobile Safari/537.36"
123.6.49.50 - - [30/Jul/2026:17:57:10 +0000] "GET /wp-content/plugins/woocommerce/assets/js/sourcebuster/sourcebuster.min.js?ver=10.8.1 HTTP/1.1" 200 15315 "https://moonbloomwalls.com/faq/" "Mozilla/5.0 (Linux; U; Android 8.1.0; zh-cn; MI 8 Build/OPM1.171019.011) AppleWebKit/537.36 (KHTML, like Gecko) Version/4.0 Chrome/57.0.2987.108 Mobile Safari/537.36"
123.6.49.44 - - [30/Jul/2026:17:57:10 +0000] "GET /wp-content/plugins/woocommerce/assets/js/jquery-blockui/jquery.blockUI.min.js?ver=2.7.0-wc.10.8.1 HTTP/1.1" 200 9636 "https://moonbloomwalls.com/faq/" "Mozilla/5.0 (Linux; U; Android 8.1.0; zh-cn; MI 8 Build/OPM1.171019.011) AppleWebKit/537.36 (KHTML, like Gecko) Version/4.0 Chrome/57.0.2987.108 Mobile Safari/537.36"
123.6.49.44 - - [30/Jul/2026:17:57:10 +0000] "GET /wp-content/plugins/woocommerce/assets/js/js-cookie/js.cookie.min.js?ver=2.1.4-wc.10.8.1 HTTP/1.1" 200 1720 "https://moonbloomwalls.com/faq/" "Mozilla/5.0 (Linux; U; Android 8.1.0; zh-cn; MI 8 Build/OPM1.171019.011) AppleWebKit/537.36 (KHTML, like Gecko) Version/4.0 Chrome/57.0.2987.108 Mobile Safari/537.36"
123.6.49.47 - - [30/Jul/2026:17:57:10 +0000] "GET /wp-content/plugins/woocommerce/assets/js/frontend/order-attribution.min.js?ver=10.8.1 HTTP/1.1" 200 2439 "https://moonbloomwalls.com/faq/" "Mozilla/5.0 (Linux; U; Android 8.1.0; zh-cn; MI 8 Build/OPM1.171019.011) AppleWebKit/537.36 (KHTML, like Gecko) Version/4.0 Chrome/57.0.2987.108 Mobile Safari/537.36"
123.6.49.18 - - [30/Jul/2026:17:57:10 +0000] "GET /wp-content/plugins/woocommerce/assets/js/frontend/add-to-cart.min.js?ver=10.8.1 HTTP/1.1" 200 4350 "https://moonbloomwalls.com/faq/" "Mozilla/5.0 (Linux; U; Android 8.1.0; zh-cn; MI 8 Build/OPM1.171019.011) AppleWebKit/537.36 (KHTML, like Gecko) Version/4.0 Chrome/57.0.2987.108 Mobile Safari/537.36"
123.6.49.16 - - [30/Jul/2026:17:57:10 +0000] "GET /wp-content/plugins/woocommerce/assets/js/frontend/woocommerce.min.js?ver=10.8.1 HTTP/1.1" 200 4270 "https://moonbloomwalls.com/faq/" "Mozilla/5.0 (Linux; U; Android 8.1.0; zh-cn; MI 8 Build/OPM1.171019.011) AppleWebKit/537.36 (KHTML, like Gecko) Version/4.0 Chrome/57.0.2987.108 Mobile Safari/537.36"
123.6.49.44 - - [30/Jul/2026:17:57:10 +0000] "GET /wp-content/themes/kadence/assets/js/shop-spinner.min.js?ver=1.5.0 HTTP/1.1" 200 1265 "https://moonbloomwalls.com/faq/" "Mozilla/5.0 (Linux; U; Android 8.1.0; zh-cn; MI 8 Build/OPM1.171019.011) AppleWebKit/537.36 (KHTML, like Gecko) Version/4.0 Chrome/57.0.2987.108 Mobile Safari/537.36"
123.6.49.50 - - [30/Jul/2026:17:57:10 +0000] "GET /wp-content/themes/kadence/assets/js/navigation.min.js?ver=1.5.0 HTTP/1.1" 200 22428 "https://moonbloomwalls.com/faq/" "Mozilla/5.0 (Linux; U; Android 8.1.0; zh-cn; MI 8 Build/OPM1.171019.011) AppleWebKit/537.36 (KHTML, like Gecko) Version/4.0 Chrome/57.0.2987.108 Mobile Safari/537.36"
123.6.49.47 - - [30/Jul/2026:17:57:10 +0000] "GET /wp-content/plugins/woocommerce/assets/js/frontend/cart-fragments.min.js?ver=10.8.1 HTTP/1.1" 200 2939 "https://moonbloomwalls.com/faq/" "Mozilla/5.0 (Linux; U; Android 8.1.0; zh-cn; MI 8 Build/OPM1.171019.011) AppleWebKit/537.36 (KHTML, like Gecko) Version/4.0 Chrome/57.0.2987.108 Mobile Safari/537.36"
123.6.49.50 - - [30/Jul/2026:17:57:13 +0000] "GET /wp-includes/js/wp-emoji-release.min.js?ver=7.0 HTTP/1.1" 200 22762 "https://moonbloomwalls.com/faq/" "Mozilla/5.0 (Linux; U; Android 8.1.0; zh-cn; MI 8 Build/OPM1.171019.011) AppleWebKit/537.36 (KHTML, like Gecko) Version/4.0 Chrome/57.0.2987.108 Mobile Safari/537.36"
123.6.49.47 - - [30/Jul/2026:17:57:14 +0000] "POST /?wc-ajax=get_refreshed_fragments HTTP/1.1" 200 1026 "https://moonbloomwalls.com/faq/" "Mozilla/5.0 (Linux; U; Android 8.1.0; zh-cn; MI 8 Build/OPM1.171019.011) AppleWebKit/537.36 (KHTML, like Gecko) Version/4.0 Chrome/57.0.2987.108 Mobile Safari/537.36"
123.6.49.12 - - [30/Jul/2026:17:57:17 +0000] "GET /favicon.ico HTTP/1.1" 404 548 "-" "Mozilla/5.0 (Windows NT 10.0; WOW64) AppleWebKit/537.36 (KHTML, like Gecko) Chrome/129.0.3904.108 Safari/537.36"
123.6.49.16 - - [30/Jul/2026:17:57:18 +0000] "GET /favicon.ico HTTP/1.1" 404 548 "-" "Mozilla/5.0 (Windows NT 10.0; WOW64) AppleWebKit/537.36 (KHTML, like Gecko) Chrome/129.0.3904.108 Safari/537.36"
123.6.49.16 - - [30/Jul/2026:17:57:20 +0000] "GET /favicon.ico HTTP/1.1" 404 181 "-" "Mozilla/5.0 (Windows NT 10.0; Win64; x64) AppleWebKit/537.36 (KHTML, like Gecko) Chrome/120.0.0.0 Safari/537.36"
85.155.190.233 - - [30/Jul/2026:18:00:44 +0000] "POST /wp-cron.php?doing_wp_cron=1785434444.1790349483489990234375 HTTP/1.1" 200 31 "-" "WordPress/7.0; https://moonbloomwalls.com"
109.122.18.102 - - [30/Jul/2026:18:00:44 +0000] "GET /wp-login.php HTTP/1.1" 200 2473 "https://moonbloomwalls.com" "Mozilla/5.0 (Windows NT 10.0; WOW64; x64) AppleWebKit/537.36 (KHTML, like Gecko) Chrome/84.0.4147.105 Safari/537.36 OPR/70.0.3728.95"
109.122.18.102 - - [30/Jul/2026:18:00:45 +0000] "POST /wp-login.php HTTP/1.1" 302 423 "https://moonbloomwalls.com" "Mozilla/5.0 (Windows NT 10.0; WOW64; x64) AppleWebKit/537.36 (KHTML, like Gecko) Chrome/84.0.4147.105 Safari/537.36 OPR/70.0.3728.95"
109.122.18.102 - - [30/Jul/2026:18:00:46 +0000] "GET /wp-admin/ HTTP/1.1" 200 61756 "https://moonbloomwalls.com" "Mozilla/5.0 (Windows NT 10.0; WOW64; x64) AppleWebKit/537.36 (KHTML, like Gecko) Chrome/84.0.4147.105 Safari/537.36 OPR/70.0.3728.95"
109.122.18.102 - - [30/Jul/2026:18:00:47 +0000] "GET /wp-admin/ HTTP/1.1" 200 61731 "https://moonbloomwalls.com" "Mozilla/5.0 (Windows NT 10.0; WOW64; x64) AppleWebKit/537.36 (KHTML, like Gecko) Chrome/84.0.4147.105 Safari/537.36 OPR/70.0.3728.95"
109.122.18.102 - - [30/Jul/2026:18:00:48 +0000] "GET /wp-admin/user-new.php HTTP/1.1" 200 55321 "https://moonbloomwalls.com" "Mozilla/5.0 (Windows NT 10.0; WOW64; x64) AppleWebKit/537.36 (KHTML, like Gecko) Chrome/84.0.4147.105 Safari/537.36 OPR/70.0.3728.95"
109.122.18.102 - - [30/Jul/2026:18:00:49 +0000] "POST /wp-admin/user-new.php HTTP/1.1" 200 55386 "https://moonbloomwalls.com" "Mozilla/5.0 (Windows NT 10.0; WOW64; x64) AppleWebKit/537.36 (KHTML, like Gecko) Chrome/84.0.4147.105 Safari/537.36 OPR/70.0.3728.95"
109.122.18.102 - - [30/Jul/2026:18:00:51 +0000] "GET /wp-admin/plugin-install.php?tab=upload HTTP/1.1" 200 55316 "https://moonbloomwalls.com" "Mozilla/5.0 (Windows NT 10.0; WOW64; x64) AppleWebKit/537.36 (KHTML, like Gecko) Chrome/84.0.4147.105 Safari/537.36 OPR/70.0.3728.95"
109.122.18.102 - - [30/Jul/2026:18:00:53 +0000] "POST /wp-admin/update.php?action=upload-plugin HTTP/1.1" 200 52896 "https://moonbloomwalls.com" "Mozilla/5.0 (Windows NT 10.0; WOW64; x64) AppleWebKit/537.36 (KHTML, like Gecko) Chrome/84.0.4147.105 Safari/537.36 OPR/70.0.3728.95"
109.122.18.102 - - [30/Jul/2026:18:00:53 +0000] "GET /wp-content/plugins/waywnkvjnr/up.php HTTP/1.1" 404 181 "https://moonbloomwalls.com" "Mozilla/5.0 (Windows NT 10.0; WOW64; x64) AppleWebKit/537.36 (KHTML, like Gecko) Chrome/84.0.4147.105 Safari/537.36 OPR/70.0.3728.95"
109.122.18.102 - - [30/Jul/2026:18:00:54 +0000] "POST /wp-admin/update.php?action=upload-plugin HTTP/1.1" 200 52895 "https://moonbloomwalls.com" "Mozilla/5.0 (Windows NT 10.0; WOW64; x64) AppleWebKit/537.36 (KHTML, like Gecko) Chrome/84.0.4147.105 Safari/537.36 OPR/70.0.3728.95"
109.122.18.102 - - [30/Jul/2026:18:00:55 +0000] "GET /wp-content/plugins/waywnkvjnr/up.php HTTP/1.1" 404 181 "https://moonbloomwalls.com" "Mozilla/5.0 (Windows NT 10.0; WOW64; x64) AppleWebKit/537.36 (KHTML, like Gecko) Chrome/84.0.4147.105 Safari/537.36 OPR/70.0.3728.95"
109.122.18.102 - - [30/Jul/2026:18:00:56 +0000] "POST /wp-admin/update.php?action=upload-plugin HTTP/1.1" 200 52895 "https://moonbloomwalls.com" "Mozilla/5.0 (Windows NT 10.0; WOW64; x64) AppleWebKit/537.36 (KHTML, like Gecko) Chrome/84.0.4147.105 Safari/537.36 OPR/70.0.3728.95"
109.122.18.102 - - [30/Jul/2026:18:00:57 +0000] "GET /wp-content/plugins/waywnkvjnr/up.php HTTP/1.1" 404 181 "https://moonbloomwalls.com" "Mozilla/5.0 (Windows NT 10.0; WOW64; x64) AppleWebKit/537.36 (KHTML, like Gecko) Chrome/84.0.4147.105 Safari/537.36 OPR/70.0.3728.95"
109.122.18.102 - - [30/Jul/2026:18:00:58 +0000] "GET /wp-admin/media-new.php HTTP/1.1" 200 55013 "https://moonbloomwalls.com" "Mozilla/5.0 (Windows NT 10.0; WOW64; x64) AppleWebKit/537.36 (KHTML, like Gecko) Chrome/84.0.4147.105 Safari/537.36 OPR/70.0.3728.95"
109.122.18.102 - - [30/Jul/2026:18:00:59 +0000] "POST /wp-admin/async-upload.php HTTP/1.1" 200 549 "https://moonbloomwalls.com" "Mozilla/5.0 (Windows NT 10.0; WOW64; x64) AppleWebKit/537.36 (KHTML, like Gecko) Chrome/84.0.4147.105 Safari/537.36 OPR/70.0.3728.95"
109.122.18.102 - - [30/Jul/2026:18:01:00 +0000] "GET /wp-content/uploads/2026/07/jeaeoyca.php HTTP/1.1" 404 181 "https://moonbloomwalls.com" "Mozilla/5.0 (Windows NT 10.0; WOW64; x64) AppleWebKit/537.36 (KHTML, like Gecko) Chrome/84.0.4147.105 Safari/537.36 OPR/70.0.3728.95"
109.122.18.102 - - [30/Jul/2026:18:01:01 +0000] "POST /wp-admin/async-upload.php HTTP/1.1" 200 551 "https://moonbloomwalls.com" "Mozilla/5.0 (Windows NT 10.0; WOW64; x64) AppleWebKit/537.36 (KHTML, like Gecko) Chrome/84.0.4147.105 Safari/537.36 OPR/70.0.3728.95"
109.122.18.102 - - [30/Jul/2026:18:01:02 +0000] "GET /wp-content/uploads/2026/07/jeaeoyca.phtml HTTP/1.1" 404 21281 "https://moonbloomwalls.com" "Mozilla/5.0 (Windows NT 10.0; WOW64; x64) AppleWebKit/537.36 (KHTML, like Gecko) Chrome/84.0.4147.105 Safari/537.36 OPR/70.0.3728.95"
85.155.190.233 - - [30/Jul/2026:18:01:03 +0000] "POST /wp-cron.php?doing_wp_cron=1785434463.9360940456390380859375 HTTP/1.1" 200 31 "-" "WordPress/7.0; https://moonbloomwalls.com"
109.122.18.102 - - [30/Jul/2026:18:01:03 +0000] "POST /wp-admin/async-upload.php HTTP/1.1" 200 550 "https://moonbloomwalls.com" "Mozilla/5.0 (Windows NT 10.0; WOW64; x64) AppleWebKit/537.36 (KHTML, like Gecko) Chrome/84.0.4147.105 Safari/537.36 OPR/70.0.3728.95"
109.122.18.102 - - [30/Jul/2026:18:01:05 +0000] "GET /wp-content/uploads/2026/07/jeaeoyca.phar HTTP/1.1" 404 21281 "https://moonbloomwalls.com" "Mozilla/5.0 (Windows NT 10.0; WOW64; x64) AppleWebKit/537.36 (KHTML, like Gecko) Chrome/84.0.4147.105 Safari/537.36 OPR/70.0.3728.95"
109.122.18.102 - - [30/Jul/2026:18:01:07 +0000] "POST /wp-admin/async-upload.php HTTP/1.1" 200 550 "https://moonbloomwalls.com" "Mozilla/5.0 (Windows NT 10.0; WOW64; x64) AppleWebKit/537.36 (KHTML, like Gecko) Chrome/84.0.4147.105 Safari/537.36 OPR/70.0.3728.95"
109.122.18.102 - - [30/Jul/2026:18:01:08 +0000] "GET /wp-content/uploads/2026/07/jeaeoyca.php5 HTTP/1.1" 404 21281 "https://moonbloomwalls.com" "Mozilla/5.0 (Windows NT 10.0; WOW64; x64) AppleWebKit/537.36 (KHTML, like Gecko) Chrome/84.0.4147.105 Safari/537.36 OPR/70.0.3728.95"
109.122.18.102 - - [30/Jul/2026:18:01:09 +0000] "POST /wp-admin/async-upload.php HTTP/1.1" 200 550 "https://moonbloomwalls.com" "Mozilla/5.0 (Windows NT 10.0; WOW64; x64) AppleWebKit/537.36 (KHTML, like Gecko) Chrome/84.0.4147.105 Safari/537.36 OPR/70.0.3728.95"
109.122.18.102 - - [30/Jul/2026:18:01:10 +0000] "GET /wp-content/uploads/2026/07/jeaeoyca.php7 HTTP/1.1" 404 21281 "https://moonbloomwalls.com" "Mozilla/5.0 (Windows NT 10.0; WOW64; x64) AppleWebKit/537.36 (KHTML, like Gecko) Chrome/84.0.4147.105 Safari/537.36 OPR/70.0.3728.95"
109.122.18.102 - - [30/Jul/2026:18:01:12 +0000] "GET /wp-admin/plugin-install.php?s=file-manager-advanced&tab=search&type=term HTTP/1.1" 200 67234 "https://moonbloomwalls.com" "Mozilla/5.0 (Windows NT 10.0; WOW64; x64) AppleWebKit/537.36 (KHTML, like Gecko) Chrome/84.0.4147.105 Safari/537.36 OPR/70.0.3728.95"
109.122.18.102 - - [30/Jul/2026:18:01:14 +0000] "POST /wp-admin/update.php?action=install-plugin&plugin=file-manager-advanced&_wpnonce=588a85086b HTTP/1.1" 200 53014 "https://moonbloomwalls.com" "Mozilla/5.0 (Windows NT 10.0; WOW64; x64) AppleWebKit/537.36 (KHTML, like Gecko) Chrome/84.0.4147.105 Safari/537.36 OPR/70.0.3728.95"
109.122.18.102 - - [30/Jul/2026:18:01:15 +0000] "GET /wp-admin/plugin-editor.php HTTP/1.1" 200 59646 "https://moonbloomwalls.com" "Mozilla/5.0 (Windows NT 10.0; WOW64; x64) AppleWebKit/537.36 (KHTML, like Gecko) Chrome/84.0.4147.105 Safari/537.36 OPR/70.0.3728.95"
109.122.18.102 - - [30/Jul/2026:18:01:17 +0000] "GET /wp-admin/plugin-editor.php?file=woocommerce/woocommerce.php&plugin=woocommerce/woocommerce.php HTTP/1.1" 200 182440 "https://moonbloomwalls.com" "Mozilla/5.0 (Windows NT 10.0; WOW64; x64) AppleWebKit/537.36 (KHTML, like Gecko) Chrome/84.0.4147.105 Safari/537.36 OPR/70.0.3728.95"
85.155.190.233 - - [30/Jul/2026:18:01:18 +0000] "GET /wp-admin/plugin-editor.php?plugin=woocommerce%2Fwoocommerce.php&file=woocommerce%2Fwoocommerce.php&wp_scrape_key=2fca75033d9b47371f8ce7a187b8108d&wp_scrape_nonce=1511958443 HTTP/1.1" 200 146766 "-" "WordPress/7.0; https://moonbloomwalls.com"
85.155.190.233 - - [30/Jul/2026:18:01:18 +0000] "GET /?wp_scrape_key=2fca75033d9b47371f8ce7a187b8108d&wp_scrape_nonce=1511958443 HTTP/1.1" 500 2328 "-" "WordPress/7.0; https://moonbloomwalls.com"
109.122.18.102 - - [30/Jul/2026:18:01:18 +0000] "POST /wp-admin/admin-ajax.php HTTP/1.1" 200 1619 "https://moonbloomwalls.com" "Mozilla/5.0 (Windows NT 10.0; WOW64; x64) AppleWebKit/537.36 (KHTML, like Gecko) Chrome/84.0.4147.105 Safari/537.36 OPR/70.0.3728.95"
109.122.18.102 - - [30/Jul/2026:18:01:20 +0000] "POST /wp-admin/plugin-editor.php HTTP/1.1" 200 182159 "https://moonbloomwalls.com" "Mozilla/5.0 (Windows NT 10.0; WOW64; x64) AppleWebKit/537.36 (KHTML, like Gecko) Chrome/84.0.4147.105 Safari/537.36 OPR/70.0.3728.95"
109.122.18.102 - - [30/Jul/2026:18:01:21 +0000] "GET /wp-content/plugins/woocommerce/woocommerce.php HTTP/1.1" 200 31 "https://moonbloomwalls.com" "Mozilla/5.0 (Windows NT 10.0; WOW64; x64) AppleWebKit/537.36 (KHTML, like Gecko) Chrome/84.0.4147.105 Safari/537.36 OPR/70.0.3728.95"
156.59.62.133 - - [30/Jul/2026:18:01:58 +0000] "POST /wp-login.php HTTP/1.1" 200 2637 "-" "Mozilla/5.0 (Windows NT 10.0; Win64; x64) AppleWebKit/537.36 Chrome/129.0.0.0 Safari/537.36"
156.59.62.133 - - [30/Jul/2026:18:01:58 +0000] "POST /wp-login.php HTTP/1.1" 200 2638 "-" "Mozilla/5.0 (Macintosh; Intel Mac OS X 10_15_7) AppleWebKit/605.1.15 Version/17.0 Safari/605.1.15"
85.155.190.233 - - [30/Jul/2026:18:06:46 +0000] "POST /wp-cron.php?doing_wp_cron=1785434806.3845529556274414062500 HTTP/1.1" 200 31 "-" "WordPress/7.0; https://moonbloomwalls.com"
43.166.238.12 - - [30/Jul/2026:18:06:46 +0000] "GET /feed/ HTTP/1.1" 200 99386 "-" "Mozilla/5.0 (iPhone; CPU iPhone OS 13_2_3 like Mac OS X) AppleWebKit/605.1.15 (KHTML, like Gecko) Version/13.0.3 Mobile/15E148 Safari/604.1"
85.155.190.233 - - [30/Jul/2026:18:11:52 +0000] "POST /wp-cron.php?doing_wp_cron=1785435112.4594829082489013671875 HTTP/1.1" 200 31 "-" "WordPress/7.0; https://moonbloomwalls.com"
216.73.216.31 - - [30/Jul/2026:18:11:52 +0000] "GET /robots.txt HTTP/1.1" 200 744 "-" "Mozilla/5.0 AppleWebKit/537.36 (KHTML, like Gecko; compatible; ClaudeBot/1.0; +claudebot@anthropic.com)"
216.73.216.31 - - [30/Jul/2026:18:11:53 +0000] "GET /2026/07/30/mostbet-az-bukmeker-ve-kazino-mostbet-giris-r-smi-sayt-11/feed/ HTTP/1.1" 200 1332 "-" "Mozilla/5.0 AppleWebKit/537.36 (KHTML, like Gecko; compatible; ClaudeBot/1.0; +claudebot@anthropic.com)"
85.155.190.233 - - [30/Jul/2026:18:12:37 +0000] "POST /wp-cron.php?doing_wp_cron=1785435157.9141850471496582031250 HTTP/1.1" 200 31 "-" "WordPress/7.0; https://moonbloomwalls.com"
216.73.216.31 - - [30/Jul/2026:18:12:37 +0000] "GET /2026/07/30/megapari-casino-emociones-quick-hit-y-ganancias-rapidas-para-el-jugador-moderno-2/ HTTP/1.1" 200 29416 "-" "Mozilla/5.0 AppleWebKit/537.36 (KHTML, like Gecko; compatible; ClaudeBot/1.0; +claudebot@anthropic.com)"
216.73.216.31 - - [30/Jul/2026:18:12:37 +0000] "GET /?p=794 HTTP/1.1" 301 423 "-" "Mozilla/5.0 AppleWebKit/537.36 (KHTML, like Gecko; compatible; ClaudeBot/1.0; +claudebot@anthropic.com)"
216.73.216.31 - - [30/Jul/2026:18:12:38 +0000] "GET /2026/07/30/mostbet-az-bukmeker-ve-kazino-mostbet-giris-r-smi-sayt-11/ HTTP/1.1" 200 27602 "https://moonbloomwalls.com/?p=794" "Mozilla/5.0 AppleWebKit/537.36 (KHTML, like Gecko; compatible; ClaudeBot/1.0; +claudebot@anthropic.com)"
216.73.216.31 - - [30/Jul/2026:18:13:01 +0000] "GET /2026/07/30/mostbet-az-bukmeker-ve-kazino-mostbet-giris-r-smi-sayt-13/feed/ HTTP/1.1" 200 1332 "-" "Mozilla/5.0 AppleWebKit/537.36 (KHTML, like Gecko; compatible; ClaudeBot/1.0; +claudebot@anthropic.com)"
216.73.216.31 - - [30/Jul/2026:18:13:02 +0000] "GET /2026/07/30/mostbet-az-bukmeker-ve-kazino-mostbet-giris-r-smi-sayt-10/ HTTP/1.1" 200 27552 "-" "Mozilla/5.0 AppleWebKit/537.36 (KHTML, like Gecko; compatible; ClaudeBot/1.0; +claudebot@anthropic.com)"
85.155.190.233 - - [30/Jul/2026:18:13:37 +0000] "POST /wp-cron.php?doing_wp_cron=1785435217.8808550834655761718750 HTTP/1.1" 200 31 "-" "WordPress/7.0; https://moonbloomwalls.com"
216.73.216.31 - - [30/Jul/2026:18:13:37 +0000] "GET /?p=798 HTTP/1.1" 301 423 "-" "Mozilla/5.0 AppleWebKit/537.36 (KHTML, like Gecko; compatible; ClaudeBot/1.0; +claudebot@anthropic.com)"
216.73.216.31 - - [30/Jul/2026:18:13:38 +0000] "GET /2026/07/30/mostbet-az-bukmeker-ve-kazino-mostbet-giris-r-smi-sayt-13/ HTTP/1.1" 200 27760 "https://moonbloomwalls.com/?p=798" "Mozilla/5.0 AppleWebKit/537.36 (KHTML, like Gecko; compatible; ClaudeBot/1.0; +claudebot@anthropic.com)"
216.73.216.31 - - [30/Jul/2026:18:13:48 +0000] "GET /2026/07/30/mostbet-az-bukmeker-ve-kazino-mostbet-giris-r-smi-sayt-14/ HTTP/1.1" 200 27776 "-" "Mozilla/5.0 AppleWebKit/537.36 (KHTML, like Gecko; compatible; ClaudeBot/1.0; +claudebot@anthropic.com)"
85.155.190.233 - - [30/Jul/2026:18:16:50 +0000] "POST /wp-cron.php?doing_wp_cron=1785435410.1711690425872802734375 HTTP/1.1" 200 31 "-" "WordPress/7.0; https://moonbloomwalls.com"
43.155.27.244 - - [30/Jul/2026:18:16:50 +0000] "GET /2026/07/30/mostbet-az-bukmeker-ve-kazino-mostbet-giris-r-smi-sayt-16/ HTTP/1.1" 200 27924 "-" "Mozilla/5.0 (iPhone; CPU iPhone OS 13_2_3 like Mac OS X) AppleWebKit/605.1.15 (KHTML, like Gecko) Version/13.0.3 Mobile/15E148 Safari/604.1"
216.73.216.31 - - [30/Jul/2026:18:16:50 +0000] "GET /2026/07/30/onlyspins-deutschland-schritt-fur-schritt-anleitung-zu-registrierung-bonus-auszahlung-15/ HTTP/1.1" 200 29109 "-" "Mozilla/5.0 AppleWebKit/537.36 (KHTML, like Gecko; compatible; ClaudeBot/1.0; +claudebot@anthropic.com)"
216.73.216.31 - - [30/Jul/2026:18:16:50 +0000] "GET /2026/07/30/onlyspins-deutschland-schritt-fur-schritt-anleitung-zu-registrierung-bonus-auszahlung-17/ HTTP/1.1" 200 28727 "-" "Mozilla/5.0 AppleWebKit/537.36 (KHTML, like Gecko; compatible; ClaudeBot/1.0; +claudebot@anthropic.com)"
85.155.190.233 - - [30/Jul/2026:18:17:41 +0000] "POST /wp-cron.php?doing_wp_cron=1785435461.1309239864349365234375 HTTP/1.1" 200 31 "-" "WordPress/7.0; https://moonbloomwalls.com"
104.23.223.133 - - [30/Jul/2026:18:17:41 +0000] "GET /wp-admin/install.php?step=1 HTTP/1.1" 200 811 "-" "http://moonbloomwalls.com/wp-admin/install.php?step=1"
85.155.190.233 - - [30/Jul/2026:18:20:03 +0000] "POST /wp-cron.php?doing_wp_cron=1785435603.1623580455780029296875 HTTP/1.1" 200 31 "-" "WordPress/7.0; https://moonbloomwalls.com"
216.73.216.31 - - [30/Jul/2026:18:20:03 +0000] "GET /2026/07/30/megapari-casino-emociones-quick-hit-y-ganancias-rapidas-para-el-jugador-moderno-3/ HTTP/1.1" 200 29773 "-" "Mozilla/5.0 AppleWebKit/537.36 (KHTML, like Gecko; compatible; ClaudeBot/1.0; +claudebot@anthropic.com)"
216.73.216.31 - - [30/Jul/2026:18:20:18 +0000] "GET /2026/07/30/onlyspins-deutschland-schritt-fur-schritt-anleitung-zu-registrierung-bonus-auszahlung-16/ HTTP/1.1" 200 28821 "-" "Mozilla/5.0 AppleWebKit/537.36 (KHTML, like Gecko; compatible; ClaudeBot/1.0; +claudebot@anthropic.com)"
216.73.216.31 - - [30/Jul/2026:18:20:53 +0000] "GET /2026/07/30/onlyspins-deutschland-schritt-fur-schritt-anleitung-zu-registrierung-bonus-auszahlung-22/ HTTP/1.1" 200 28695 "-" "Mozilla/5.0 AppleWebKit/537.36 (KHTML, like Gecko; compatible; ClaudeBot/1.0; +claudebot@anthropic.com)"
85.155.190.233 - - [30/Jul/2026:18:22:20 +0000] "POST /wp-cron.php?doing_wp_cron=1785435740.8127019405364990234375 HTTP/1.1" 200 31 "-" "WordPress/7.0; https://moonbloomwalls.com"
216.73.216.31 - - [30/Jul/2026:18:22:20 +0000] "GET /2026/07/30/onlyspins-deutschland-schritt-fur-schritt-anleitung-zu-registrierung-bonus-auszahlung-9/ HTTP/1.1" 200 28951 "-" "Mozilla/5.0 AppleWebKit/537.36 (KHTML, like Gecko; compatible; ClaudeBot/1.0; +claudebot@anthropic.com)"
85.155.190.233 - - [30/Jul/2026:18:23:22 +0000] "POST /wp-cron.php?doing_wp_cron=1785435802.1291129589080810546875 HTTP/1.1" 200 31 "-" "WordPress/7.0; https://moonbloomwalls.com"
74.7.228.60 - - [30/Jul/2026:18:23:22 +0000] "GET /robots.txt HTTP/1.1" 301 423 "-" "Mozilla/5.0 (Macintosh; Intel Mac OS X 10_15_7) AppleWebKit/537.36 (KHTML, like Gecko) Chrome/131.0.0.0 Safari/537.36; compatible; OAI-SearchBot/1.4; robots.txt; +https://openai.com/searchbot"
74.7.242.19 - - [30/Jul/2026:18:23:22 +0000] "GET / HTTP/1.1" 301 423 "-" "Mozilla/5.0 AppleWebKit/537.36 (KHTML, like Gecko; compatible; GPTBot/1.4; +https://openai.com/gptbot)"
74.7.228.60 - - [30/Jul/2026:18:23:22 +0000] "GET /robots.txt HTTP/1.1" 200 744 "https://www.moonbloomwalls.com/robots.txt" "Mozilla/5.0 (Macintosh; Intel Mac OS X 10_15_7) AppleWebKit/537.36 (KHTML, like Gecko) Chrome/131.0.0.0 Safari/537.36; compatible; OAI-SearchBot/1.4; robots.txt; +https://openai.com/searchbot"
216.73.216.31 - - [30/Jul/2026:18:23:44 +0000] "GET /2026/07/30/onlyspins-deutschland-schritt-fur-schritt-anleitung-zu-registrierung-bonus-auszahlung-21/ HTTP/1.1" 200 28963 "-" "Mozilla/5.0 AppleWebKit/537.36 (KHTML, like Gecko; compatible; ClaudeBot/1.0; +claudebot@anthropic.com)"
156.59.62.133 - - [30/Jul/2026:18:24:02 +0000] "POST /wp-login.php HTTP/1.1" 200 2638 "-" "Mozilla/5.0 (Windows NT 10.0; Win64; x64) AppleWebKit/537.36 Chrome/129.0.0.0 Safari/537.36"
156.59.62.133 - - [30/Jul/2026:18:24:02 +0000] "POST /wp-login.php HTTP/1.1" 200 2637 "-" "Mozilla/5.0 (Macintosh; Intel Mac OS X 10_15_7) AppleWebKit/605.1.15 Version/17.0 Safari/605.1.15"
85.155.190.233 - - [30/Jul/2026:18:27:45 +0000] "POST /wp-cron.php?doing_wp_cron=1785436065.5636138916015625000000 HTTP/1.1" 200 31 "-" "WordPress/7.0; https://moonbloomwalls.com"
43.159.140.236 - - [30/Jul/2026:18:27:45 +0000] "GET /contact/ HTTP/1.1" 200 23047 "-" "Mozilla/5.0 (iPhone; CPU iPhone OS 13_2_3 like Mac OS X) AppleWebKit/605.1.15 (KHTML, like Gecko) Version/13.0.3 Mobile/15E148 Safari/604.1"
85.155.190.233 - - [30/Jul/2026:18:30:26 +0000] "POST /wp-cron.php?doing_wp_cron=1785436226.8592350482940673828125 HTTP/1.1" 200 31 "-" "WordPress/7.0; https://moonbloomwalls.com"
216.73.216.31 - - [30/Jul/2026:18:30:26 +0000] "GET /?p=786 HTTP/1.1" 301 423 "-" "Mozilla/5.0 AppleWebKit/537.36 (KHTML, like Gecko; compatible; ClaudeBot/1.0; +claudebot@anthropic.com)"
216.73.216.31 - - [30/Jul/2026:18:30:27 +0000] "GET /2026/07/30/mostbet-az-bukmeker-ve-kazino-mostbet-giris-r-smi-sayt-7/ HTTP/1.1" 200 27431 "https://moonbloomwalls.com/?p=786" "Mozilla/5.0 AppleWebKit/537.36 (KHTML, like Gecko; compatible; ClaudeBot/1.0; +claudebot@anthropic.com)"
216.73.216.31 - - [30/Jul/2026:18:30:33 +0000] "GET /?p=804 HTTP/1.1" 301 423 "-" "Mozilla/5.0 AppleWebKit/537.36 (KHTML, like Gecko; compatible; ClaudeBot/1.0; +claudebot@anthropic.com)"
216.73.216.31 - - [30/Jul/2026:18:30:34 +0000] "GET /2026/07/30/mostbet-az-bukmeker-ve-kazino-mostbet-giris-r-smi-sayt-16/ HTTP/1.1" 200 27784 "https://moonbloomwalls.com/?p=804" "Mozilla/5.0 AppleWebKit/537.36 (KHTML, like Gecko; compatible; ClaudeBot/1.0; +claudebot@anthropic.com)"
85.155.190.233 - - [30/Jul/2026:18:31:07 +0000] "POST /wp-cron.php?doing_wp_cron=1785436267.1666998863220214843750 HTTP/1.1" 200 31 "-" "WordPress/7.0; https://moonbloomwalls.com"
216.73.216.31 - - [30/Jul/2026:18:31:07 +0000] "GET /?p=780 HTTP/1.1" 301 423 "-" "Mozilla/5.0 AppleWebKit/537.36 (KHTML, like Gecko; compatible; ClaudeBot/1.0; +claudebot@anthropic.com)"
216.73.216.31 - - [30/Jul/2026:18:31:07 +0000] "GET /2026/07/30/mostbet-az-bukmeker-ve-kazino-mostbet-giris-r-smi-sayt-4/ HTTP/1.1" 200 27615 "https://moonbloomwalls.com/?p=780" "Mozilla/5.0 AppleWebKit/537.36 (KHTML, like Gecko; compatible; ClaudeBot/1.0; +claudebot@anthropic.com)"
216.73.216.31 - - [30/Jul/2026:18:31:25 +0000] "GET /?p=778 HTTP/1.1" 301 423 "-" "Mozilla/5.0 AppleWebKit/537.36 (KHTML, like Gecko; compatible; ClaudeBot/1.0; +claudebot@anthropic.com)"
216.73.216.31 - - [30/Jul/2026:18:31:26 +0000] "GET /2026/07/30/mostbet-az-bukmeker-ve-kazino-mostbet-giris-r-smi-sayt-3/ HTTP/1.1" 200 27246 "https://moonbloomwalls.com/?p=778" "Mozilla/5.0 AppleWebKit/537.36 (KHTML, like Gecko; compatible; ClaudeBot/1.0; +claudebot@anthropic.com)"
216.73.216.31 - - [30/Jul/2026:18:31:28 +0000] "GET /?p=808 HTTP/1.1" 301 423 "-" "Mozilla/5.0 AppleWebKit/537.36 (KHTML, like Gecko; compatible; ClaudeBot/1.0; +claudebot@anthropic.com)"
216.73.216.31 - - [30/Jul/2026:18:31:28 +0000] "GET /2026/07/30/mostbet-az-bukmeker-ve-kazino-mostbet-giris-r-smi-sayt-18/ HTTP/1.1" 200 27709 "https://moonbloomwalls.com/?p=808" "Mozilla/5.0 AppleWebKit/537.36 (KHTML, like Gecko; compatible; ClaudeBot/1.0; +claudebot@anthropic.com)"
216.73.216.31 - - [30/Jul/2026:18:31:34 +0000] "GET /?p=806 HTTP/1.1" 301 423 "-" "Mozilla/5.0 AppleWebKit/537.36 (KHTML, like Gecko; compatible; ClaudeBot/1.0; +claudebot@anthropic.com)"
216.73.216.31 - - [30/Jul/2026:18:31:34 +0000] "GET /2026/07/30/mostbet-az-bukmeker-ve-kazino-mostbet-giris-r-smi-sayt-17/ HTTP/1.1" 200 27557 "https://moonbloomwalls.com/?p=806" "Mozilla/5.0 AppleWebKit/537.36 (KHTML, like Gecko; compatible; ClaudeBot/1.0; +claudebot@anthropic.com)"
85.155.190.233 - - [30/Jul/2026:18:32:36 +0000] "POST /wp-cron.php?doing_wp_cron=1785436356.3569951057434082031250 HTTP/1.1" 200 31 "-" "WordPress/7.0; https://moonbloomwalls.com"
216.73.216.31 - - [30/Jul/2026:18:32:36 +0000] "GET /2026/07/30/mostbet-az-bukmeker-ve-kazino-mostbet-giris-r-smi-sayt-2/ HTTP/1.1" 200 27497 "-" "Mozilla/5.0 AppleWebKit/537.36 (KHTML, like Gecko; compatible; ClaudeBot/1.0; +claudebot@anthropic.com)"
216.73.216.31 - - [30/Jul/2026:18:32:41 +0000] "GET /2026/07/30/mostbet-az-bukmeker-ve-kazino-mostbet-giris-r-smi-sayt-9/ HTTP/1.1" 200 27593 "-" "Mozilla/5.0 AppleWebKit/537.36 (KHTML, like Gecko; compatible; ClaudeBot/1.0; +claudebot@anthropic.com)"
85.155.190.233 - - [30/Jul/2026:18:33:05 +0000] "POST /wp-cron.php?doing_wp_cron=1785436385.3663311004638671875000 HTTP/1.1" 200 31 "-" "WordPress/7.0; https://moonbloomwalls.com"
216.73.216.31 - - [30/Jul/2026:18:33:05 +0000] "GET /2026/07/30/mostbet-az-bukmeker-ve-kazino-mostbet-giris-r-smi-sayt-5/ HTTP/1.1" 200 27940 "-" "Mozilla/5.0 AppleWebKit/537.36 (KHTML, like Gecko; compatible; ClaudeBot/1.0; +claudebot@anthropic.com)"
216.73.216.31 - - [30/Jul/2026:18:33:09 +0000] "GET /2026/07/30/mostbet-az-bukmeker-ve-kazino-mostbet-giris-r-smi-sayt-8/ HTTP/1.1" 200 27718 "-" "Mozilla/5.0 AppleWebKit/537.36 (KHTML, like Gecko; compatible; ClaudeBot/1.0; +claudebot@anthropic.com)"
216.73.216.31 - - [30/Jul/2026:18:33:40 +0000] "GET /2026/07/30/mostbet-az-bukmeker-ve-kazino-mostbet-giris-r-smi-sayt-6/ HTTP/1.1" 200 27736 "-" "Mozilla/5.0 AppleWebKit/537.36 (KHTML, like Gecko; compatible; ClaudeBot/1.0; +claudebot@anthropic.com)"
216.73.216.31 - - [30/Jul/2026:18:33:49 +0000] "GET /2026/07/30/mostbet-az-bukmeker-ve-kazino-mostbet-giris-r-smi-sayt-3/feed/ HTTP/1.1" 200 1330 "-" "Mozilla/5.0 AppleWebKit/537.36 (KHTML, like Gecko; compatible; ClaudeBot/1.0; +claudebot@anthropic.com)"
85.155.190.233 - - [30/Jul/2026:18:34:27 +0000] "POST /wp-cron.php?doing_wp_cron=1785436466.9875600337982177734375 HTTP/1.1" 200 31 "-" "WordPress/7.0; https://moonbloomwalls.com"
216.73.216.31 - - [30/Jul/2026:18:34:27 +0000] "GET /2026/07/30/mostbet-az-bukmeker-ve-kazino-mostbet-giris-r-smi-sayt-4/feed/ HTTP/1.1" 200 1330 "-" "Mozilla/5.0 AppleWebKit/537.36 (KHTML, like Gecko; compatible; ClaudeBot/1.0; +claudebot@anthropic.com)"
216.73.216.31 - - [30/Jul/2026:18:34:31 +0000] "GET /2026/07/30/mostbet-az-bukmeker-ve-kazino-mostbet-giris-r-smi-sayt-7/feed/ HTTP/1.1" 200 1330 "-" "Mozilla/5.0 AppleWebKit/537.36 (KHTML, like Gecko; compatible; ClaudeBot/1.0; +claudebot@anthropic.com)"
216.73.216.31 - - [30/Jul/2026:18:35:02 +0000] "GET /2026/07/30/mostbet-az-bukmeker-ve-kazino-mostbet-giris-r-smi-sayt-15/ HTTP/1.1" 200 27695 "-" "Mozilla/5.0 AppleWebKit/537.36 (KHTML, like Gecko; compatible; ClaudeBot/1.0; +claudebot@anthropic.com)"
85.155.190.233 - - [30/Jul/2026:18:35:21 +0000] "POST /wp-cron.php?doing_wp_cron=1785436521.4130620956420898437500 HTTP/1.1" 200 31 "-" "WordPress/7.0; https://moonbloomwalls.com"
109.122.18.102 - - [30/Jul/2026:18:35:21 +0000] "GET /wp-login.php HTTP/1.1" 200 2473 "https://moonbloomwalls.com" "Mozilla/5.0 (Windows NT 10.0; Win64; x64; rv:77.0) Gecko/20100101 Firefox/77.0"
109.122.18.102 - - [30/Jul/2026:18:35:22 +0000] "POST /wp-login.php HTTP/1.1" 302 423 "https://moonbloomwalls.com" "Mozilla/5.0 (Windows NT 10.0; Win64; x64; rv:77.0) Gecko/20100101 Firefox/77.0"
216.73.216.31 - - [30/Jul/2026:18:35:22 +0000] "GET /2026/07/30/mostbet-az-bukmeker-ve-kazino-mostbet-giris-r-smi-sayt-18/feed/ HTTP/1.1" 200 1332 "-" "Mozilla/5.0 AppleWebKit/537.36 (KHTML, like Gecko; compatible; ClaudeBot/1.0; +claudebot@anthropic.com)"
109.122.18.102 - - [30/Jul/2026:18:35:24 +0000] "GET /wp-admin/ HTTP/1.1" 200 61667 "https://moonbloomwalls.com" "Mozilla/5.0 (Windows NT 10.0; Win64; x64; rv:77.0) Gecko/20100101 Firefox/77.0"
109.122.18.102 - - [30/Jul/2026:18:35:25 +0000] "GET /wp-admin/ HTTP/1.1" 200 61667 "https://moonbloomwalls.com" "Mozilla/5.0 (Windows NT 10.0; Win64; x64; rv:77.0) Gecko/20100101 Firefox/77.0"
109.122.18.102 - - [30/Jul/2026:18:35:27 +0000] "GET /wp-admin/user-new.php HTTP/1.1" 200 55270 "https://moonbloomwalls.com" "Mozilla/5.0 (Windows NT 10.0; Win64; x64; rv:77.0) Gecko/20100101 Firefox/77.0"
109.122.18.102 - - [30/Jul/2026:18:35:28 +0000] "POST /wp-admin/user-new.php HTTP/1.1" 200 55343 "https://moonbloomwalls.com" "Mozilla/5.0 (Windows NT 10.0; Win64; x64; rv:77.0) Gecko/20100101 Firefox/77.0"
109.122.18.102 - - [30/Jul/2026:18:35:29 +0000] "GET /wp-admin/plugin-install.php?tab=upload HTTP/1.1" 200 55266 "https://moonbloomwalls.com" "Mozilla/5.0 (Windows NT 10.0; Win64; x64; rv:77.0) Gecko/20100101 Firefox/77.0"
109.122.18.102 - - [30/Jul/2026:18:35:31 +0000] "POST /wp-admin/update.php?action=upload-plugin HTTP/1.1" 200 52816 "https://moonbloomwalls.com" "Mozilla/5.0 (Windows NT 10.0; Win64; x64; rv:77.0) Gecko/20100101 Firefox/77.0"
109.122.18.102 - - [30/Jul/2026:18:35:33 +0000] "GET /wp-content/plugins/qrvrwrrjtj/up.php HTTP/1.1" 404 118 "https://moonbloomwalls.com" "Mozilla/5.0 (Windows NT 10.0; Win64; x64; rv:77.0) Gecko/20100101 Firefox/77.0"
109.122.18.102 - - [30/Jul/2026:18:35:34 +0000] "POST /wp-admin/update.php?action=upload-plugin HTTP/1.1" 200 52818 "https://moonbloomwalls.com" "Mozilla/5.0 (Windows NT 10.0; Win64; x64; rv:77.0) Gecko/20100101 Firefox/77.0"
109.122.18.102 - - [30/Jul/2026:18:35:35 +0000] "GET /wp-content/plugins/qrvrwrrjtj/up.php HTTP/1.1" 404 118 "https://moonbloomwalls.com" "Mozilla/5.0 (Windows NT 10.0; Win64; x64; rv:77.0) Gecko/20100101 Firefox/77.0"
109.122.18.102 - - [30/Jul/2026:18:35:36 +0000] "POST /wp-admin/update.php?action=upload-plugin HTTP/1.1" 200 52818 "https://moonbloomwalls.com" "Mozilla/5.0 (Windows NT 10.0; Win64; x64; rv:77.0) Gecko/20100101 Firefox/77.0"
109.122.18.102 - - [30/Jul/2026:18:35:37 +0000] "GET /wp-content/plugins/qrvrwrrjtj/up.php HTTP/1.1" 404 118 "https://moonbloomwalls.com" "Mozilla/5.0 (Windows NT 10.0; Win64; x64; rv:77.0) Gecko/20100101 Firefox/77.0"
109.122.18.102 - - [30/Jul/2026:18:35:39 +0000] "GET /wp-admin/media-new.php HTTP/1.1" 200 54965 "https://moonbloomwalls.com" "Mozilla/5.0 (Windows NT 10.0; Win64; x64; rv:77.0) Gecko/20100101 Firefox/77.0"
109.122.18.102 - - [30/Jul/2026:18:35:41 +0000] "POST /wp-admin/async-upload.php HTTP/1.1" 200 549 "https://moonbloomwalls.com" "Mozilla/5.0 (Windows NT 10.0; Win64; x64; rv:77.0) Gecko/20100101 Firefox/77.0"
109.122.18.102 - - [30/Jul/2026:18:35:41 +0000] "GET /wp-content/uploads/2026/07/tpbvuwgw.php HTTP/1.1" 404 118 "https://moonbloomwalls.com" "Mozilla/5.0 (Windows NT 10.0; Win64; x64; rv:77.0) Gecko/20100101 Firefox/77.0"
109.122.18.102 - - [30/Jul/2026:18:35:42 +0000] "POST /wp-admin/async-upload.php HTTP/1.1" 200 551 "https://moonbloomwalls.com" "Mozilla/5.0 (Windows NT 10.0; Win64; x64; rv:77.0) Gecko/20100101 Firefox/77.0"
109.122.18.102 - - [30/Jul/2026:18:35:43 +0000] "GET /wp-content/uploads/2026/07/tpbvuwgw.phtml HTTP/1.1" 404 21281 "https://moonbloomwalls.com" "Mozilla/5.0 (Windows NT 10.0; Win64; x64; rv:77.0) Gecko/20100101 Firefox/77.0"
109.122.18.102 - - [30/Jul/2026:18:35:45 +0000] "POST /wp-admin/async-upload.php HTTP/1.1" 200 550 "https://moonbloomwalls.com" "Mozilla/5.0 (Windows NT 10.0; Win64; x64; rv:77.0) Gecko/20100101 Firefox/77.0"
109.122.18.102 - - [30/Jul/2026:18:35:46 +0000] "GET /wp-content/uploads/2026/07/tpbvuwgw.phar HTTP/1.1" 404 21281 "https://moonbloomwalls.com" "Mozilla/5.0 (Windows NT 10.0; Win64; x64; rv:77.0) Gecko/20100101 Firefox/77.0"
109.122.18.102 - - [30/Jul/2026:18:35:47 +0000] "POST /wp-admin/async-upload.php HTTP/1.1" 200 550 "https://moonbloomwalls.com" "Mozilla/5.0 (Windows NT 10.0; Win64; x64; rv:77.0) Gecko/20100101 Firefox/77.0"
109.122.18.102 - - [30/Jul/2026:18:35:48 +0000] "GET /wp-content/uploads/2026/07/tpbvuwgw.php5 HTTP/1.1" 404 21281 "https://moonbloomwalls.com" "Mozilla/5.0 (Windows NT 10.0; Win64; x64; rv:77.0) Gecko/20100101 Firefox/77.0"
216.73.216.31 - - [30/Jul/2026:18:35:49 +0000] "GET /2026/07/30/mostbet-az-bukmeker-ve-kazino-mostbet-giris-r-smi-sayt-17/feed/ HTTP/1.1" 200 1332 "-" "Mozilla/5.0 AppleWebKit/537.36 (KHTML, like Gecko; compatible; ClaudeBot/1.0; +claudebot@anthropic.com)"
109.122.18.102 - - [30/Jul/2026:18:35:49 +0000] "POST /wp-admin/async-upload.php HTTP/1.1" 200 550 "https://moonbloomwalls.com" "Mozilla/5.0 (Windows NT 10.0; Win64; x64; rv:77.0) Gecko/20100101 Firefox/77.0"
109.122.18.102 - - [30/Jul/2026:18:35:50 +0000] "GET /wp-content/uploads/2026/07/tpbvuwgw.php7 HTTP/1.1" 404 21281 "https://moonbloomwalls.com" "Mozilla/5.0 (Windows NT 10.0; Win64; x64; rv:77.0) Gecko/20100101 Firefox/77.0"
216.73.216.31 - - [30/Jul/2026:18:35:52 +0000] "GET /2026/07/30/mostbet-az-bukmeker-ve-kazino-mostbet-giris-r-smi-sayt-16/feed/ HTTP/1.1" 200 1332 "-" "Mozilla/5.0 AppleWebKit/537.36 (KHTML, like Gecko; compatible; ClaudeBot/1.0; +claudebot@anthropic.com)"
109.122.18.102 - - [30/Jul/2026:18:35:53 +0000] "GET /wp-admin/plugin-install.php?s=file-manager-advanced&tab=search&type=term HTTP/1.1" 200 67143 "https://moonbloomwalls.com" "Mozilla/5.0 (Windows NT 10.0; Win64; x64; rv:77.0) Gecko/20100101 Firefox/77.0"
109.122.18.102 - - [30/Jul/2026:18:35:54 +0000] "POST /wp-admin/update.php?action=install-plugin&plugin=file-manager-advanced&_wpnonce=1476b5b07e HTTP/1.1" 200 52960 "https://moonbloomwalls.com" "Mozilla/5.0 (Windows NT 10.0; Win64; x64; rv:77.0) Gecko/20100101 Firefox/77.0"
109.122.18.102 - - [30/Jul/2026:18:35:56 +0000] "GET /wp-admin/plugin-editor.php HTTP/1.1" 200 59594 "https://moonbloomwalls.com" "Mozilla/5.0 (Windows NT 10.0; Win64; x64; rv:77.0) Gecko/20100101 Firefox/77.0"
109.122.18.102 - - [30/Jul/2026:18:35:57 +0000] "GET /wp-admin/plugin-editor.php?file=hello.php&plugin=hello.php HTTP/1.1" 200 86257 "https://moonbloomwalls.com" "Mozilla/5.0 (Windows NT 10.0; Win64; x64; rv:77.0) Gecko/20100101 Firefox/77.0"
109.122.18.102 - - [30/Jul/2026:18:35:59 +0000] "POST /wp-admin/admin-ajax.php HTTP/1.1" 200 495 "https://moonbloomwalls.com" "Mozilla/5.0 (Windows NT 10.0; Win64; x64; rv:77.0) Gecko/20100101 Firefox/77.0"
109.122.18.102 - - [30/Jul/2026:18:36:01 +0000] "GET /wp-content/plugins/hello.php HTTP/1.1" 200 300 "https://moonbloomwalls.com" "Mozilla/5.0 (Windows NT 10.0; Win64; x64; rv:77.0) Gecko/20100101 Firefox/77.0"
85.155.190.233 - - [30/Jul/2026:18:36:27 +0000] "POST /wp-cron.php?doing_wp_cron=1785436587.5865030288696289062500 HTTP/1.1" 200 31 "-" "WordPress/7.0; https://moonbloomwalls.com"
216.73.216.31 - - [30/Jul/2026:18:36:27 +0000] "GET /2026/07/30/onlyspins-deutschland-schritt-fur-schritt-anleitung-zu-registrierung-bonus-auszahlung/ HTTP/1.1" 200 28874 "-" "Mozilla/5.0 AppleWebKit/537.36 (KHTML, like Gecko; compatible; ClaudeBot/1.0; +claudebot@anthropic.com)"
216.73.216.31 - - [30/Jul/2026:18:36:30 +0000] "GET /2026/07/30/onlyspins-deutschland-schritt-fur-schritt-anleitung-zu-registrierung-bonus-auszahlung-3/ HTTP/1.1" 200 28969 "-" "Mozilla/5.0 AppleWebKit/537.36 (KHTML, like Gecko; compatible; ClaudeBot/1.0; +claudebot@anthropic.com)"
216.73.216.31 - - [30/Jul/2026:18:36:40 +0000] "GET /2026/07/30/onlyspins-deutschland-schritt-fur-schritt-anleitung-zu-registrierung-bonus-auszahlung-4/ HTTP/1.1" 200 28816 "-" "Mozilla/5.0 AppleWebKit/537.36 (KHTML, like Gecko; compatible; ClaudeBot/1.0; +claudebot@anthropic.com)"
85.155.190.233 - - [30/Jul/2026:18:37:04 +0000] "POST /wp-cron.php?doing_wp_cron=1785436624.8907039165496826171875 HTTP/1.1" 200 31 "-" "WordPress/7.0; https://moonbloomwalls.com"
216.73.216.31 - - [30/Jul/2026:18:37:04 +0000] "GET /2026/07/30/onlyspins-deutschland-schritt-fur-schritt-anleitung-zu-registrierung-bonus-auszahlung-5/ HTTP/1.1" 200 29170 "-" "Mozilla/5.0 AppleWebKit/537.36 (KHTML, like Gecko; compatible; ClaudeBot/1.0; +claudebot@anthropic.com)"
216.73.216.31 - - [30/Jul/2026:18:37:17 +0000] "GET /2026/07/30/onlyspins-deutschland-schritt-fur-schritt-anleitung-zu-registrierung-bonus-auszahlung-14/ HTTP/1.1" 200 28781 "-" "Mozilla/5.0 AppleWebKit/537.36 (KHTML, like Gecko; compatible; ClaudeBot/1.0; +claudebot@anthropic.com)"
216.73.216.31 - - [30/Jul/2026:18:37:22 +0000] "GET /2026/07/30/onlyspins-deutschland-schritt-fur-schritt-anleitung-zu-registrierung-bonus-auszahlung-20/ HTTP/1.1" 200 28951 "-" "Mozilla/5.0 AppleWebKit/537.36 (KHTML, like Gecko; compatible; ClaudeBot/1.0; +claudebot@anthropic.com)"
216.73.216.31 - - [30/Jul/2026:18:37:31 +0000] "GET /2026/07/30/onlyspins-deutschland-schritt-fur-schritt-anleitung-zu-registrierung-bonus-auszahlung-25/ HTTP/1.1" 200 28907 "-" "Mozilla/5.0 AppleWebKit/537.36 (KHTML, like Gecko; compatible; ClaudeBot/1.0; +claudebot@anthropic.com)"
85.155.190.233 - - [30/Jul/2026:18:38:05 +0000] "POST /wp-cron.php?doing_wp_cron=1785436685.6306331157684326171875 HTTP/1.1" 200 31 "-" "WordPress/7.0; https://moonbloomwalls.com"
216.73.216.31 - - [30/Jul/2026:18:38:05 +0000] "GET /2026/07/30/onlyspins-deutschland-schritt-fur-schritt-anleitung-zu-registrierung-bonus-auszahlung-24/ HTTP/1.1" 200 28241 "-" "Mozilla/5.0 AppleWebKit/537.36 (KHTML, like Gecko; compatible; ClaudeBot/1.0; +claudebot@anthropic.com)"
216.73.216.31 - - [30/Jul/2026:18:38:24 +0000] "GET /2026/07/30/onlyspins-deutschland-schritt-fur-schritt-anleitung-zu-registrierung-bonus-auszahlung-27/ HTTP/1.1" 200 29114 "-" "Mozilla/5.0 AppleWebKit/537.36 (KHTML, like Gecko; compatible; ClaudeBot/1.0; +claudebot@anthropic.com)"
85.155.190.233 - - [30/Jul/2026:18:40:13 +0000] "POST /wp-cron.php?doing_wp_cron=1785436813.8499848842620849609375 HTTP/1.1" 200 31 "-" "WordPress/7.0; https://moonbloomwalls.com"
43.159.143.139 - - [30/Jul/2026:18:40:13 +0000] "GET /2026/07/29/aviator-oyna-v-qazan-rsmi-sayti-aviator-azerbaycan/ HTTP/1.1" 200 37518 "-" "Mozilla/5.0 (iPhone; CPU iPhone OS 13_2_3 like Mac OS X) AppleWebKit/605.1.15 (KHTML, like Gecko) Version/13.0.3 Mobile/15E148 Safari/604.1"
156.59.62.133 - - [30/Jul/2026:18:46:25 +0000] "POST /wp-login.php HTTP/1.1" 200 2637 "-" "Mozilla/5.0 (Macintosh; Intel Mac OS X 10_15_7) AppleWebKit/605.1.15 Version/17.0 Safari/605.1.15"
85.155.190.233 - - [30/Jul/2026:18:46:25 +0000] "POST /wp-cron.php?doing_wp_cron=1785437185.2631280422210693359375 HTTP/1.1" 200 31 "-" "WordPress/7.0; https://moonbloomwalls.com"
156.59.62.133 - - [30/Jul/2026:18:46:25 +0000] "POST /wp-login.php HTTP/1.1" 200 2638 "-" "Mozilla/5.0 (Windows NT 10.0; Win64; rv:143.0) Gecko/20100101 Firefox/143.0"
85.155.190.233 - - [30/Jul/2026:18:47:13 +0000] "POST /wp-cron.php?doing_wp_cron=1785437233.4217059612274169921875 HTTP/1.1" 200 31 "-" "WordPress/7.0; https://moonbloomwalls.com"
43.162.95.192 - - [30/Jul/2026:18:47:13 +0000] "GET /2026/07/30/mostbet-az-bukmeker-ve-kazino-mostbet-giris-r-smi-sayt-15/ HTTP/1.1" 200 27905 "-" "Mozilla/5.0 (iPhone; CPU iPhone OS 13_2_3 like Mac OS X) AppleWebKit/605.1.15 (KHTML, like Gecko) Version/13.0.3 Mobile/15E148 Safari/604.1"
85.155.190.233 - - [30/Jul/2026:18:50:51 +0000] "POST /wp-cron.php?doing_wp_cron=1785437451.8051989078521728515625 HTTP/1.1" 200 31 "-" "WordPress/7.0; https://moonbloomwalls.com"
51.68.247.213 - - [30/Jul/2026:18:50:51 +0000] "GET /wp-sitemap.xml HTTP/1.1" 200 23533 "-" "Mozilla/5.0 (compatible; AhrefsBot/7.0; +http://ahrefs.com/robot/)"
85.155.190.233 - - [30/Jul/2026:18:52:07 +0000] "POST /wp-cron.php?doing_wp_cron=1785437527.6718618869781494140625 HTTP/1.1" 200 31 "-" "WordPress/7.0; https://moonbloomwalls.com"
216.73.216.31 - - [30/Jul/2026:18:52:07 +0000] "GET /wp-sitemap.xml HTTP/1.1" 200 23533 "-" "Mozilla/5.0 AppleWebKit/537.36 (KHTML, like Gecko; compatible; ClaudeBot/1.0; +claudebot@anthropic.com)"
85.155.190.233 - - [30/Jul/2026:18:53:46 +0000] "POST /wp-cron.php?doing_wp_cron=1785437626.1287810802459716796875 HTTP/1.1" 200 31 "-" "WordPress/7.0; https://moonbloomwalls.com"
43.159.152.184 - - [30/Jul/2026:18:53:46 +0000] "GET / HTTP/1.1" 301 423 "http://www.moonbloomwalls.com" "Mozilla/5.0 (iPhone; CPU iPhone OS 13_2_3 like Mac OS X) AppleWebKit/605.1.15 (KHTML, like Gecko) Version/13.0.3 Mobile/15E148 Safari/604.1"
43.159.152.184 - - [30/Jul/2026:18:53:47 +0000] "GET / HTTP/1.1" 200 37104 "https://www.moonbloomwalls.com/" "Mozilla/5.0 (iPhone; CPU iPhone OS 13_2_3 like Mac OS X) AppleWebKit/605.1.15 (KHTML, like Gecko) Version/13.0.3 Mobile/15E148 Safari/604.1"
85.155.190.233 - - [30/Jul/2026:18:57:00 +0000] "POST /wp-cron.php?doing_wp_cron=1785437820.1606209278106689453125 HTTP/1.1" 200 31 "-" "WordPress/7.0; https://moonbloomwalls.com"
43.155.129.131 - - [30/Jul/2026:18:57:00 +0000] "GET /2026/02/22/what-makes-wishwin-casino-a-good-choice-for-newbies/ HTTP/1.1" 200 26993 "-" "Mozilla/5.0 (iPhone; CPU iPhone OS 13_2_3 like Mac OS X) AppleWebKit/605.1.15 (KHTML, like Gecko) Version/13.0.3 Mobile/15E148 Safari/604.1"
85.155.190.233 - - [30/Jul/2026:18:57:39 +0000] "POST /wp-cron.php?doing_wp_cron=1785437859.5729360580444335937500 HTTP/1.1" 200 31 "-" "WordPress/7.0; https://moonbloomwalls.com"
66.249.64.226 - - [30/Jul/2026:18:57:39 +0000] "GET /category/vavada/ HTTP/1.1" 200 22540 "-" "Mozilla/5.0 (Linux; Android 6.0.1; Nexus 5X Build/MMB29P) AppleWebKit/537.36 (KHTML, like Gecko) Chrome/150.0.7871.186 Mobile Safari/537.36 (compatible; GoogleOther)"
66.249.64.226 - - [30/Jul/2026:18:57:42 +0000] "POST /?wc-ajax=get_refreshed_fragments HTTP/1.1" 200 1026 "https://moonbloomwalls.com/category/vavada/" "Mozilla/5.0 (Linux; Android 6.0.1; Nexus 5X Build/MMB29P) AppleWebKit/537.36 (KHTML, like Gecko) Chrome/150.0.7871.186 Mobile Safari/537.36 (compatible; GoogleOther)"
216.73.216.31 - - [30/Jul/2026:18:57:56 +0000] "GET /2026/07/30/onlyspins-deutschland-schritt-fur-schritt-anleitung-zu-registrierung-bonus-auszahlung-23/ HTTP/1.1" 200 29032 "-" "Mozilla/5.0 AppleWebKit/537.36 (KHTML, like Gecko; compatible; ClaudeBot/1.0; +claudebot@anthropic.com)"
85.155.190.233 - - [30/Jul/2026:18:58:46 +0000] "POST /wp-cron.php?doing_wp_cron=1785437926.6247611045837402343750 HTTP/1.1" 200 31 "-" "WordPress/7.0; https://moonbloomwalls.com"
216.73.216.31 - - [30/Jul/2026:18:58:46 +0000] "GET /wp-sitemap.xml/page/17/ HTTP/1.1" 404 21281 "-" "Mozilla/5.0 AppleWebKit/537.36 (KHTML, like Gecko; compatible; ClaudeBot/1.0; +claudebot@anthropic.com)"
85.155.190.233 - - [30/Jul/2026:18:59:37 +0000] "POST /wp-cron.php?doing_wp_cron=1785437977.4923460483551025390625 HTTP/1.1" 200 31 "-" "WordPress/7.0; https://moonbloomwalls.com"
216.73.216.31 - - [30/Jul/2026:18:59:37 +0000] "GET /2026/07/30/onlyspins-deutschland-schritt-fur-schritt-anleitung-zu-registrierung-bonus-auszahlung-19/ HTTP/1.1" 200 28778 "-" "Mozilla/5.0 AppleWebKit/537.36 (KHTML, like Gecko; compatible; ClaudeBot/1.0; +claudebot@anthropic.com)"
85.155.190.233 - - [30/Jul/2026:19:00:53 +0000] "POST /wp-cron.php?doing_wp_cron=1785438053.4850239753723144531250 HTTP/1.1" 200 31 "-" "WordPress/7.0; https://moonbloomwalls.com"
216.73.216.31 - - [30/Jul/2026:19:00:53 +0000] "GET /2026/07/30/onlyspins-deutschland-schritt-fur-schritt-anleitung-zu-registrierung-bonus-auszahlung-26/ HTTP/1.1" 200 28916 "-" "Mozilla/5.0 AppleWebKit/537.36 (KHTML, like Gecko; compatible; ClaudeBot/1.0; +claudebot@anthropic.com)"
216.73.216.31 - - [30/Jul/2026:19:00:53 +0000] "GET /2026/07/30/onlyspins-deutschland-schritt-fur-schritt-anleitung-zu-registrierung-bonus-auszahlung-18/ HTTP/1.1" 200 29032 "-" "Mozilla/5.0 AppleWebKit/537.36 (KHTML, like Gecko; compatible; ClaudeBot/1.0; +claudebot@anthropic.com)"
85.155.190.233 - - [30/Jul/2026:19:06:00 +0000] "POST /wp-cron.php?doing_wp_cron=1785438360.6475789546966552734375 HTTP/1.1" 200 31 "-" "WordPress/7.0; https://moonbloomwalls.com"
43.157.50.58 - - [30/Jul/2026:19:06:00 +0000] "GET /2026/07/30/onlyspins-deutschland-schritt-fur-schritt-anleitung-zu-registrierung-bonus-auszahlung-23/ HTTP/1.1" 200 29168 "-" "Mozilla/5.0 (iPhone; CPU iPhone OS 13_2_3 like Mac OS X) AppleWebKit/605.1.15 (KHTML, like Gecko) Version/13.0.3 Mobile/15E148 Safari/604.1"
85.155.190.233 - - [30/Jul/2026:19:08:57 +0000] "POST /wp-cron.php?doing_wp_cron=1785438537.7349259853363037109375 HTTP/1.1" 200 31 "-" "WordPress/7.0; https://moonbloomwalls.com"
156.59.62.133 - - [30/Jul/2026:19:08:57 +0000] "POST /wp-login.php HTTP/1.1" 200 2638 "-" "Mozilla/5.0 (Macintosh; Intel Mac OS X 10_15_7) AppleWebKit/605.1.15 Version/17.0 Safari/605.1.15"
156.59.62.133 - - [30/Jul/2026:19:08:57 +0000] "POST /wp-login.php HTTP/1.1" 200 2637 "-" "Mozilla/5.0 (Windows NT 10.0; Win64; rv:143.0) Gecko/20100101 Firefox/143.0"
85.155.190.233 - - [30/Jul/2026:19:14:38 +0000] "POST /wp-cron.php?doing_wp_cron=1785438878.8487000465393066406250 HTTP/1.1" 200 31 "-" "WordPress/7.0; https://moonbloomwalls.com"
1.15.52.154 - - [30/Jul/2026:19:14:38 +0000] "GET / HTTP/1.1" 200 37104 "http://moonbloomwalls.com" "Mozilla/5.0 (iPhone; CPU iPhone OS 13_2_3 like Mac OS X) AppleWebKit/605.1.15 (KHTML, like Gecko) Version/13.0.3 Mobile/15E148 Safari/604.1"
85.155.190.233 - - [30/Jul/2026:19:16:38 +0000] "POST /wp-cron.php?doing_wp_cron=1785438998.6001079082489013671875 HTTP/1.1" 200 31 "-" "WordPress/7.0; https://moonbloomwalls.com"
45.66.249.29 - - [30/Jul/2026:19:16:38 +0000] "GET /wp-login.php HTTP/1.1" 200 2473 "-" "Mozilla/5.0 (Windows NT 10.0; Win64; x64; rv:145.0) Gecko/20100101 Firefox/145.0"
45.66.249.29 - - [30/Jul/2026:19:16:39 +0000] "POST /wp-login.php HTTP/1.1" 302 423 "https://moonbloomwalls.com/wp-login.php" "Mozilla/5.0 (Windows NT 10.0; Win64; x64; rv:145.0) Gecko/20100101 Firefox/145.0"
45.66.249.29 - - [30/Jul/2026:19:16:39 +0000] "GET /wp-admin/ HTTP/1.1" 200 61671 "-" "Mozilla/5.0 (Windows NT 10.0; Win64; x64; rv:145.0) Gecko/20100101 Firefox/145.0"
45.66.249.29 - - [30/Jul/2026:19:16:40 +0000] "GET /wp-admin/ HTTP/1.1" 200 61652 "-" "Mozilla/5.0 (Windows NT 10.0; Win64; x64; rv:145.0) Gecko/20100101 Firefox/145.0"
45.66.249.29 - - [30/Jul/2026:19:16:40 +0000] "GET /wp-admin/plugin-install.php?tab=upload HTTP/1.1" 200 55235 "-" "Mozilla/5.0 (Windows NT 10.0; Win64; x64; rv:145.0) Gecko/20100101 Firefox/145.0"
45.66.249.29 - - [30/Jul/2026:19:16:41 +0000] "POST /wp-admin/update.php?action=upload-plugin HTTP/1.1" 200 52818 "https://moonbloomwalls.com/wp-admin/plugin-install.php" "Mozilla/5.0 (Windows NT 10.0; Win64; x64; rv:145.0) Gecko/20100101 Firefox/145.0"
45.66.249.29 - - [30/Jul/2026:19:16:42 +0000] "GET /wp-admin/plugins.php HTTP/1.1" 200 60780 "-" "Mozilla/5.0 (Windows NT 10.0; Win64; x64; rv:145.0) Gecko/20100101 Firefox/145.0"
45.66.249.29 - - [30/Jul/2026:19:16:42 +0000] "GET /?nocache=1785439002342 HTTP/1.1" 200 39336 "-" "Mozilla/5.0 (Windows NT 10.0; Win64; x64; rv:145.0) Gecko/20100101 Firefox/145.0"
45.66.249.29 - - [30/Jul/2026:19:16:43 +0000] "GET / HTTP/1.1" 200 39314 "-" "Mozilla/5.0 (Windows NT 10.0; Win64; x64; rv:145.0) Gecko/20100101 Firefox/145.0"
45.66.249.29 - - [30/Jul/2026:19:16:44 +0000] "GET /wp-admin/themes.php HTTP/1.1" 200 62843 "-" "Mozilla/5.0 (Windows NT 10.0; Win64; x64; rv:145.0) Gecko/20100101 Firefox/145.0"
45.66.249.29 - - [30/Jul/2026:19:16:44 +0000] "GET /wp-admin/theme-editor.php HTTP/1.1" 200 57201 "-" "Mozilla/5.0 (Windows NT 10.0; Win64; x64; rv:145.0) Gecko/20100101 Firefox/145.0"
45.66.249.29 - - [30/Jul/2026:19:16:45 +0000] "GET /wp-admin/theme-editor.php?file=functions.php&theme=kadence-child HTTP/1.1" 200 61208 "-" "Mozilla/5.0 (Windows NT 10.0; Win64; x64; rv:145.0) Gecko/20100101 Firefox/145.0"
