45.66.249.29 - - [30/Jul/2026:19:16:46 +0000] "GET /wp-admin/theme-editor.php?file=functions.php&theme=kadence-child HTTP/1.1" 200 61208 "-" "Mozilla/5.0 (Windows NT 10.0; Win64; x64; rv:145.0) Gecko/20100101 Firefox/145.0"
45.66.249.29 - - [30/Jul/2026:19:16:47 +0000] "POST /wp-admin/admin-ajax.php HTTP/1.1" 200 498 "https://moonbloomwalls.com/wp-admin/theme-editor.php?file=functions.php&theme=kadence-child" "Mozilla/5.0 (Windows NT 10.0; Win64; x64; rv:145.0) Gecko/20100101 Firefox/145.0"
23.234.100.244 - - [30/Jul/2026:19:17:59 +0000] "GET /wp-json/wp/v2/posts?per_page=30&orderby=date&order=desc&_fields=link,title,date HTTP/1.1" 200 9643 "-" "Mozilla/5.0 (Macintosh; Intel Mac OS X 10_15_7) AppleWebKit/537.36 (KHTML, like Gecko) Chrome/126.0.0.0 Safari/537.36"
85.155.190.233 - - [30/Jul/2026:19:17:59 +0000] "POST /wp-cron.php?doing_wp_cron=1785439079.8585450649261474609375 HTTP/1.1" 200 31 "-" "WordPress/7.0; https://moonbloomwalls.com"
23.234.100.244 - - [30/Jul/2026:19:18:00 +0000] "GET /?rest_route=/wp/v2/posts&per_page=30&orderby=date&order=desc&_fields=link,title,date HTTP/1.1" 200 9643 "-" "Mozilla/5.0 (Macintosh; Intel Mac OS X 10_15_7) AppleWebKit/537.36 (KHTML, like Gecko) Chrome/126.0.0.0 Safari/537.36"
23.234.100.244 - - [30/Jul/2026:19:18:01 +0000] "GET /wp-json/wp/v2/posts?per_page=30&orderby=date&order=desc&_fields=link,title,date HTTP/1.1" 200 9643 "-" "Mozilla/5.0 (Macintosh; Intel Mac OS X 10_15_7) AppleWebKit/537.36 (KHTML, like Gecko) Chrome/126.0.0.0 Safari/537.36"
23.234.100.244 - - [30/Jul/2026:19:18:02 +0000] "GET /post-sitemap.xml HTTP/1.1" 200 23533 "-" "Mozilla/5.0 (Macintosh; Intel Mac OS X 10_15_7) AppleWebKit/537.36 (KHTML, like Gecko) Chrome/126.0.0.0 Safari/537.36"
23.234.100.244 - - [30/Jul/2026:19:18:02 +0000] "GET / HTTP/1.1" 200 37104 "-" "Mozilla/5.0 (Macintosh; Intel Mac OS X 10_15_7) AppleWebKit/537.36 (KHTML, like Gecko) Chrome/126.0.0.0 Safari/537.36"
85.155.190.233 - - [30/Jul/2026:19:18:03 +0000] "POST /wp-cron.php?doing_wp_cron=1785439083.1691501140594482421875 HTTP/1.1" 200 31 "-" "WordPress/7.0; https://moonbloomwalls.com"
23.234.100.244 - - [30/Jul/2026:19:18:03 +0000] "GET /robots.txt HTTP/1.1" 200 744 "-" "Mozilla/5.0 (Macintosh; Intel Mac OS X 10_15_7) AppleWebKit/537.36 (KHTML, like Gecko) Chrome/126.0.0.0 Safari/537.36"
23.234.100.244 - - [30/Jul/2026:19:18:03 +0000] "GET /post-sitemap.xml HTTP/1.1" 200 23533 "-" "Mozilla/5.0 (Macintosh; Intel Mac OS X 10_15_7) AppleWebKit/537.36 (KHTML, like Gecko) Chrome/126.0.0.0 Safari/537.36"
23.234.100.244 - - [30/Jul/2026:19:18:04 +0000] "GET /wp-sitemap-posts-post-1.xml HTTP/1.1" 200 27212 "-" "Mozilla/5.0 (Macintosh; Intel Mac OS X 10_15_7) AppleWebKit/537.36 (KHTML, like Gecko) Chrome/126.0.0.0 Safari/537.36"
23.234.100.244 - - [30/Jul/2026:19:18:04 +0000] "GET /wp-json/wp/v2/pages?per_page=100&_fields=name,title,link,date HTTP/1.1" 200 16244 "-" "Mozilla/5.0 (Macintosh; Intel Mac OS X 10_15_7) AppleWebKit/537.36 (KHTML, like Gecko) Chrome/126.0.0.0 Safari/537.36"
23.234.100.244 - - [30/Jul/2026:19:18:05 +0000] "GET /?rest_route=/wp/v2/pages&per_page=100&_fields=name,title,link,date HTTP/1.1" 200 16259 "-" "Mozilla/5.0 (Macintosh; Intel Mac OS X 10_15_7) AppleWebKit/537.36 (KHTML, like Gecko) Chrome/126.0.0.0 Safari/537.36"
23.234.100.244 - - [30/Jul/2026:19:18:06 +0000] "GET /wp-json/wp/v2/pages?per_page=100&_fields=name,title,link,date HTTP/1.1" 200 16259 "-" "Mozilla/5.0 (Macintosh; Intel Mac OS X 10_15_7) AppleWebKit/537.36 (KHTML, like Gecko) Chrome/126.0.0.0 Safari/537.36"
23.234.100.244 - - [30/Jul/2026:19:18:06 +0000] "GET /wp-json/wp/v2/tags?per_page=100&_fields=name,title,link,date HTTP/1.1" 200 425 "-" "Mozilla/5.0 (Macintosh; Intel Mac OS X 10_15_7) AppleWebKit/537.36 (KHTML, like Gecko) Chrome/126.0.0.0 Safari/537.36"
23.234.100.244 - - [30/Jul/2026:19:18:07 +0000] "GET /?rest_route=/wp/v2/tags&per_page=100&_fields=name,title,link,date HTTP/1.1" 200 425 "-" "Mozilla/5.0 (Macintosh; Intel Mac OS X 10_15_7) AppleWebKit/537.36 (KHTML, like Gecko) Chrome/126.0.0.0 Safari/537.36"
23.234.100.244 - - [30/Jul/2026:19:18:07 +0000] "GET /wp-json/wp/v2/tags?per_page=100&_fields=name,title,link,date HTTP/1.1" 200 425 "-" "Mozilla/5.0 (Macintosh; Intel Mac OS X 10_15_7) AppleWebKit/537.36 (KHTML, like Gecko) Chrome/126.0.0.0 Safari/537.36"
23.234.100.244 - - [30/Jul/2026:19:18:07 +0000] "GET /wp-json/wp/v2/categories?per_page=100&_fields=name,title,link,date HTTP/1.1" 200 738 "-" "Mozilla/5.0 (Macintosh; Intel Mac OS X 10_15_7) AppleWebKit/537.36 (KHTML, like Gecko) Chrome/126.0.0.0 Safari/537.36"
23.234.100.244 - - [30/Jul/2026:19:18:08 +0000] "GET /?rest_route=/wp/v2/categories&per_page=100&_fields=name,title,link,date HTTP/1.1" 200 738 "-" "Mozilla/5.0 (Macintosh; Intel Mac OS X 10_15_7) AppleWebKit/537.36 (KHTML, like Gecko) Chrome/126.0.0.0 Safari/537.36"
43.166.136.24 - - [30/Jul/2026:19:18:08 +0000] "GET /wp-json/oembed/1.0/embed?url=https%3A%2F%2Fmoonbloomwalls.com%2F2026%2F02%2F22%2Fwhat-makes-wishwin-casino-a-good-choice-for-newbies%2F HTTP/1.1" 200 2854 "-" "Mozilla/5.0 (iPhone; CPU iPhone OS 13_2_3 like Mac OS X) AppleWebKit/605.1.15 (KHTML, like Gecko) Version/13.0.3 Mobile/15E148 Safari/604.1"
23.234.100.244 - - [30/Jul/2026:19:18:08 +0000] "GET /wp-json/wp/v2/categories?per_page=100&_fields=name,title,link,date HTTP/1.1" 200 738 "-" "Mozilla/5.0 (Macintosh; Intel Mac OS X 10_15_7) AppleWebKit/537.36 (KHTML, like Gecko) Chrome/126.0.0.0 Safari/537.36"
85.155.190.233 - - [30/Jul/2026:19:23:27 +0000] "POST /wp-cron.php?doing_wp_cron=1785439407.2953619956970214843750 HTTP/1.1" 200 31 "-" "WordPress/7.0; https://moonbloomwalls.com"
34.76.117.34 - - [30/Jul/2026:19:23:27 +0000] "GET / HTTP/1.1" 200 37104 "-" "Mozilla/5.0 (Windows NT 10.0; Win64; x64; rv:130.0) Gecko/20100101 Firefox/130.0"
85.155.190.233 - - [30/Jul/2026:19:24:25 +0000] "POST /wp-cron.php?doing_wp_cron=1785439465.7636060714721679687500 HTTP/1.1" 200 31 "-" "WordPress/7.0; https://moonbloomwalls.com"
216.73.216.31 - - [30/Jul/2026:19:24:25 +0000] "GET /robots.txt HTTP/1.1" 200 744 "-" "Mozilla/5.0 AppleWebKit/537.36 (KHTML, like Gecko; compatible; ClaudeBot/1.0; +claudebot@anthropic.com)"
216.73.216.31 - - [30/Jul/2026:19:24:25 +0000] "GET /2026/07/30/megapari-casino-emociones-quick-hit-y-ganancias-rapidas-para-el-jugador-moderno-2/feed/ HTTP/1.1" 200 1391 "-" "Mozilla/5.0 AppleWebKit/537.36 (KHTML, like Gecko; compatible; ClaudeBot/1.0; +claudebot@anthropic.com)"
216.73.216.31 - - [30/Jul/2026:19:24:48 +0000] "GET /2026/07/30/onlyspins-deutschland-schritt-fur-schritt-anleitung-zu-registrierung-bonus-auszahlung-13/ HTTP/1.1" 200 28491 "-" "Mozilla/5.0 AppleWebKit/537.36 (KHTML, like Gecko; compatible; ClaudeBot/1.0; +claudebot@anthropic.com)"
216.73.216.31 - - [30/Jul/2026:19:24:48 +0000] "GET /?p=862 HTTP/1.1" 301 423 "-" "Mozilla/5.0 AppleWebKit/537.36 (KHTML, like Gecko; compatible; ClaudeBot/1.0; +claudebot@anthropic.com)"
216.73.216.31 - - [30/Jul/2026:19:24:48 +0000] "GET /2026/07/30/onlyspins-deutschland-schritt-fur-schritt-anleitung-zu-registrierung-bonus-auszahlung-17/ HTTP/1.1" 200 28897 "https://moonbloomwalls.com/?p=862" "Mozilla/5.0 AppleWebKit/537.36 (KHTML, like Gecko; compatible; ClaudeBot/1.0; +claudebot@anthropic.com)"
85.155.190.233 - - [30/Jul/2026:19:25:39 +0000] "POST /wp-cron.php?doing_wp_cron=1785439539.7623600959777832031250 HTTP/1.1" 200 31 "-" "WordPress/7.0; https://moonbloomwalls.com"
216.73.216.31 - - [30/Jul/2026:19:25:39 +0000] "GET /?p=792 HTTP/1.1" 301 423 "-" "Mozilla/5.0 AppleWebKit/537.36 (KHTML, like Gecko; compatible; ClaudeBot/1.0; +claudebot@anthropic.com)"
216.73.216.31 - - [30/Jul/2026:19:25:40 +0000] "GET /2026/07/30/mostbet-az-bukmeker-ve-kazino-mostbet-giris-r-smi-sayt-10/ HTTP/1.1" 200 27873 "https://moonbloomwalls.com/?p=792" "Mozilla/5.0 AppleWebKit/537.36 (KHTML, like Gecko; compatible; ClaudeBot/1.0; +claudebot@anthropic.com)"
216.73.216.31 - - [30/Jul/2026:19:25:46 +0000] "GET /?p=775 HTTP/1.1" 301 423 "-" "Mozilla/5.0 AppleWebKit/537.36 (KHTML, like Gecko; compatible; ClaudeBot/1.0; +claudebot@anthropic.com)"
216.73.216.31 - - [30/Jul/2026:19:25:47 +0000] "GET /2026/07/30/megapari-casino-emociones-quick-hit-y-ganancias-rapidas-para-el-jugador-moderno-3/ HTTP/1.1" 200 29485 "https://moonbloomwalls.com/?p=775" "Mozilla/5.0 AppleWebKit/537.36 (KHTML, like Gecko; compatible; ClaudeBot/1.0; +claudebot@anthropic.com)"
216.73.216.31 - - [30/Jul/2026:19:25:56 +0000] "GET /2026/07/30/onlyspins-deutschland-schritt-fur-schritt-anleitung-zu-registrierung-bonus-auszahlung-16/feed/ HTTP/1.1" 200 1424 "-" "Mozilla/5.0 AppleWebKit/537.36 (KHTML, like Gecko; compatible; ClaudeBot/1.0; +claudebot@anthropic.com)"
216.73.216.31 - - [30/Jul/2026:19:25:56 +0000] "GET /2026/07/30/megapari-casino-emociones-quick-hit-y-ganancias-rapidas-para-el-jugador-moderno-3/feed/ HTTP/1.1" 200 1391 "-" "Mozilla/5.0 AppleWebKit/537.36 (KHTML, like Gecko; compatible; ClaudeBot/1.0; +claudebot@anthropic.com)"
85.155.190.233 - - [30/Jul/2026:19:26:30 +0000] "POST /wp-cron.php?doing_wp_cron=1785439590.4658110141754150390625 HTTP/1.1" 200 31 "-" "WordPress/7.0; https://moonbloomwalls.com"
216.73.216.31 - - [30/Jul/2026:19:26:30 +0000] "GET /2026/07/30/mostbet-az-bukmeker-ve-kazino-mostbet-giris-r-smi-sayt-10/feed/ HTTP/1.1" 200 1332 "-" "Mozilla/5.0 AppleWebKit/537.36 (KHTML, like Gecko; compatible; ClaudeBot/1.0; +claudebot@anthropic.com)"
216.73.216.31 - - [30/Jul/2026:19:26:35 +0000] "GET /?p=860 HTTP/1.1" 301 423 "-" "Mozilla/5.0 AppleWebKit/537.36 (KHTML, like Gecko; compatible; ClaudeBot/1.0; +claudebot@anthropic.com)"
216.73.216.31 - - [30/Jul/2026:19:26:35 +0000] "GET /2026/07/30/onlyspins-deutschland-schritt-fur-schritt-anleitung-zu-registrierung-bonus-auszahlung-16/ HTTP/1.1" 200 29048 "https://moonbloomwalls.com/?p=860" "Mozilla/5.0 AppleWebKit/537.36 (KHTML, like Gecko; compatible; ClaudeBot/1.0; +claudebot@anthropic.com)"
43.160.219.138 - - [30/Jul/2026:19:26:39 +0000] "GET /wp-json/wp/v2/posts/589 HTTP/1.1" 200 6863 "-" "Mozilla/5.0 (iPhone; CPU iPhone OS 13_2_3 like Mac OS X) AppleWebKit/605.1.15 (KHTML, like Gecko) Version/13.0.3 Mobile/15E148 Safari/604.1"
216.73.216.31 - - [30/Jul/2026:19:26:50 +0000] "GET /?p=872 HTTP/1.1" 301 423 "-" "Mozilla/5.0 AppleWebKit/537.36 (KHTML, like Gecko; compatible; ClaudeBot/1.0; +claudebot@anthropic.com)"
216.73.216.31 - - [30/Jul/2026:19:26:51 +0000] "GET /2026/07/30/onlyspins-deutschland-schritt-fur-schritt-anleitung-zu-registrierung-bonus-auszahlung-22/ HTTP/1.1" 200 28972 "https://moonbloomwalls.com/?p=872" "Mozilla/5.0 AppleWebKit/537.36 (KHTML, like Gecko; compatible; ClaudeBot/1.0; +claudebot@anthropic.com)"
85.155.190.233 - - [30/Jul/2026:19:28:16 +0000] "POST /wp-cron.php?doing_wp_cron=1785439696.0178349018096923828125 HTTP/1.1" 200 31 "-" "WordPress/7.0; https://moonbloomwalls.com"
216.73.216.31 - - [30/Jul/2026:19:28:16 +0000] "GET /2026/07/30/mostbet-az-bukmeker-ve-kazino-mostbet-giris-r-smi-sayt-14/feed/ HTTP/1.1" 200 1332 "-" "Mozilla/5.0 AppleWebKit/537.36 (KHTML, like Gecko; compatible; ClaudeBot/1.0; +claudebot@anthropic.com)"
216.73.216.31 - - [30/Jul/2026:19:28:38 +0000] "GET /2026/07/30/onlyspins-deutschland-schritt-fur-schritt-anleitung-zu-registrierung-bonus-auszahlung-17/feed/ HTTP/1.1" 200 1424 "-" "Mozilla/5.0 AppleWebKit/537.36 (KHTML, like Gecko; compatible; ClaudeBot/1.0; +claudebot@anthropic.com)"
85.155.190.233 - - [30/Jul/2026:19:29:39 +0000] "POST /wp-cron.php?doing_wp_cron=1785439779.3668379783630371093750 HTTP/1.1" 200 31 "-" "WordPress/7.0; https://moonbloomwalls.com"
216.73.216.31 - - [30/Jul/2026:19:29:39 +0000] "GET /2026/07/30/megapari-casino-emociones-quick-hit-y-ganancias-rapidas-para-el-jugador-moderno/ HTTP/1.1" 200 29665 "-" "Mozilla/5.0 AppleWebKit/537.36 (KHTML, like Gecko; compatible; ClaudeBot/1.0; +claudebot@anthropic.com)"
85.155.190.233 - - [30/Jul/2026:19:30:19 +0000] "POST /wp-cron.php?doing_wp_cron=1785439819.2668550014495849609375 HTTP/1.1" 200 31 "-" "WordPress/7.0; https://moonbloomwalls.com"
216.73.216.31 - - [30/Jul/2026:19:30:19 +0000] "GET /?p=800 HTTP/1.1" 301 423 "-" "Mozilla/5.0 AppleWebKit/537.36 (KHTML, like Gecko; compatible; ClaudeBot/1.0; +claudebot@anthropic.com)"
216.73.216.31 - - [30/Jul/2026:19:30:19 +0000] "GET /2026/07/30/mostbet-az-bukmeker-ve-kazino-mostbet-giris-r-smi-sayt-14/ HTTP/1.1" 200 27425 "https://moonbloomwalls.com/?p=800" "Mozilla/5.0 AppleWebKit/537.36 (KHTML, like Gecko; compatible; ClaudeBot/1.0; +claudebot@anthropic.com)"
216.73.216.31 - - [30/Jul/2026:19:30:23 +0000] "GET /?p=774 HTTP/1.1" 301 423 "-" "Mozilla/5.0 AppleWebKit/537.36 (KHTML, like Gecko; compatible; ClaudeBot/1.0; +claudebot@anthropic.com)"
216.73.216.31 - - [30/Jul/2026:19:30:24 +0000] "GET /2026/07/30/megapari-casino-emociones-quick-hit-y-ganancias-rapidas-para-el-jugador-moderno-2/ HTTP/1.1" 200 29606 "https://moonbloomwalls.com/?p=774" "Mozilla/5.0 AppleWebKit/537.36 (KHTML, like Gecko; compatible; ClaudeBot/1.0; +claudebot@anthropic.com)"
85.155.190.233 - - [30/Jul/2026:19:31:19 +0000] "POST /wp-cron.php?doing_wp_cron=1785439879.1172590255737304687500 HTTP/1.1" 200 31 "-" "WordPress/7.0; https://moonbloomwalls.com"
156.59.62.133 - - [30/Jul/2026:19:31:19 +0000] "POST /wp-login.php HTTP/1.1" 200 2637 "-" "Mozilla/5.0 (Macintosh; Intel Mac OS X 10_15_7) AppleWebKit/605.1.15 Version/17.0 Safari/605.1.15"
85.155.190.233 - - [30/Jul/2026:19:31:19 +0000] "POST /wp-cron.php?doing_wp_cron=1785439879.1170759201049804687500 HTTP/1.1" 200 31 "-" "WordPress/7.0; https://moonbloomwalls.com"
156.59.62.133 - - [30/Jul/2026:19:31:19 +0000] "POST /wp-login.php HTTP/1.1" 200 2638 "-" "Mozilla/5.0 (Windows NT 10.0; Win64; rv:143.0) Gecko/20100101 Firefox/143.0"
216.73.216.31 - - [30/Jul/2026:19:31:19 +0000] "GET /?p=858 HTTP/1.1" 301 423 "-" "Mozilla/5.0 AppleWebKit/537.36 (KHTML, like Gecko; compatible; ClaudeBot/1.0; +claudebot@anthropic.com)"
216.73.216.31 - - [30/Jul/2026:19:31:20 +0000] "GET /2026/07/30/onlyspins-deutschland-schritt-fur-schritt-anleitung-zu-registrierung-bonus-auszahlung-15/ HTTP/1.1" 200 29004 "https://moonbloomwalls.com/?p=858" "Mozilla/5.0 AppleWebKit/537.36 (KHTML, like Gecko; compatible; ClaudeBot/1.0; +claudebot@anthropic.com)"
216.73.216.31 - - [30/Jul/2026:19:31:30 +0000] "GET /2026/07/30/onlyspins-deutschland-schritt-fur-schritt-anleitung-zu-registrierung-bonus-auszahlung-22/feed/ HTTP/1.1" 200 1424 "-" "Mozilla/5.0 AppleWebKit/537.36 (KHTML, like Gecko; compatible; ClaudeBot/1.0; +claudebot@anthropic.com)"
85.155.190.233 - - [30/Jul/2026:19:32:24 +0000] "POST /wp-cron.php?doing_wp_cron=1785439944.4507260322570800781250 HTTP/1.1" 200 31 "-" "WordPress/7.0; https://moonbloomwalls.com"
216.73.216.31 - - [30/Jul/2026:19:32:24 +0000] "GET /2026/07/30/onlyspins-deutschland-schritt-fur-schritt-anleitung-zu-registrierung-bonus-auszahlung-7/ HTTP/1.1" 200 28950 "-" "Mozilla/5.0 AppleWebKit/537.36 (KHTML, like Gecko; compatible; ClaudeBot/1.0; +claudebot@anthropic.com)"
85.155.190.233 - - [30/Jul/2026:19:33:12 +0000] "POST /wp-cron.php?doing_wp_cron=1785439992.6429519653320312500000 HTTP/1.1" 200 31 "-" "WordPress/7.0; https://moonbloomwalls.com"
216.73.216.31 - - [30/Jul/2026:19:33:12 +0000] "GET /2026/07/30/onlyspins-deutschland-schritt-fur-schritt-anleitung-zu-registrierung-bonus-auszahlung-15/feed/ HTTP/1.1" 200 1424 "-" "Mozilla/5.0 AppleWebKit/537.36 (KHTML, like Gecko; compatible; ClaudeBot/1.0; +claudebot@anthropic.com)"
207.228.201.15 - wordpress_3481f57911c4 [30/Jul/2026:19:34:08 +0000] "GET /wp-json/wp/v2/posts?context=edit&slug=nine-wins-casino-security-guide-for-uk-players&per_page=5&_fields=id,link,slug,status,content HTTP/1.1" 200 425 "-" "Mozilla/5.0 (Macintosh; Intel Mac OS X 10_15_7) AppleWebKit/537.36 (KHTML, like Gecko) Chrome/145.0.0.0 Safari/537.36"
85.155.190.233 - - [30/Jul/2026:19:34:08 +0000] "POST /wp-cron.php?doing_wp_cron=1785440048.6156790256500244140625 HTTP/1.1" 200 31 "-" "WordPress/7.0; https://moonbloomwalls.com"
207.228.201.15 - wordpress_3481f57911c4 [30/Jul/2026:19:34:09 +0000] "GET /wp-json/wp/v2/posts?context=edit&search=https%3A%2F%2Fninewincasino.it.com&per_page=50&_fields=id,link,slug,status,content HTTP/1.1" 200 425 "-" "Mozilla/5.0 (Macintosh; Intel Mac OS X 10_15_7) AppleWebKit/537.36 (KHTML, like Gecko) Chrome/145.0.0.0 Safari/537.36"
207.228.201.15 - wordpress_3481f57911c4 [30/Jul/2026:19:34:11 +0000] "POST /wp-json/wp/v2/posts HTTP/1.1" 201 22061 "-" "Mozilla/5.0 (Macintosh; Intel Mac OS X 10_15_7) AppleWebKit/537.36 (KHTML, like Gecko) Chrome/145.0.0.0 Safari/537.36"
85.155.190.233 - - [30/Jul/2026:19:34:11 +0000] "POST /wp-cron.php?doing_wp_cron=1785440051.0947830677032470703125 HTTP/1.1" 200 31 "-" "WordPress/7.0; https://moonbloomwalls.com"
207.228.201.15 - - [30/Jul/2026:19:34:12 +0000] "POST /xmlrpc.php HTTP/1.1" 403 180 "-" "Mozilla/5.0 (Macintosh; Intel Mac OS X 10_15_7) AppleWebKit/537.36 (KHTML, like Gecko) Chrome/145.0.0.0 Safari/537.36"
207.228.201.15 - wordpress_3481f57911c4 [30/Jul/2026:19:34:13 +0000] "GET /wp-json/wp/v2/pages?context=edit&slug=nine-wins-casino-security-guide-for-uk-players&per_page=5&_fields=id,link,slug,status,content HTTP/1.1" 200 425 "-" "Mozilla/5.0 (Macintosh; Intel Mac OS X 10_15_7) AppleWebKit/537.36 (KHTML, like Gecko) Chrome/145.0.0.0 Safari/537.36"
207.228.201.15 - wordpress_3481f57911c4 [30/Jul/2026:19:34:14 +0000] "GET /wp-json/wp/v2/pages?context=edit&search=https%3A%2F%2Fninewincasino.it.com&per_page=50&_fields=id,link,slug,status,content HTTP/1.1" 200 425 "-" "Mozilla/5.0 (Macintosh; Intel Mac OS X 10_15_7) AppleWebKit/537.36 (KHTML, like Gecko) Chrome/145.0.0.0 Safari/537.36"
207.228.201.15 - wordpress_3481f57911c4 [30/Jul/2026:19:34:16 +0000] "POST /wp-json/wp/v2/pages HTTP/1.1" 201 21453 "-" "Mozilla/5.0 (Macintosh; Intel Mac OS X 10_15_7) AppleWebKit/537.36 (KHTML, like Gecko) Chrome/145.0.0.0 Safari/537.36"
207.228.201.15 - - [30/Jul/2026:19:34:17 +0000] "POST /xmlrpc.php HTTP/1.1" 403 180 "-" "Mozilla/5.0 (Macintosh; Intel Mac OS X 10_15_7) AppleWebKit/537.36 (KHTML, like Gecko) Chrome/145.0.0.0 Safari/537.36"
130.117.139.235 - wordpress_3481f57911c4 [30/Jul/2026:19:34:17 +0000] "GET /wp-json/wp/v2/posts?context=edit&slug=nine-wins-casino-security-guide-for-uk-players&per_page=5&_fields=id,link,slug,status,content HTTP/1.1" 200 18723 "-" "Mozilla/5.0 (Macintosh; Intel Mac OS X 10_15_7) AppleWebKit/537.36 (KHTML, like Gecko) Chrome/145.0.0.0 Safari/537.36"
130.117.139.235 - wordpress_3481f57911c4 [30/Jul/2026:19:34:18 +0000] "GET /wp-json/wp/v2/posts?context=edit&search=https%3A%2F%2Fninewincasino.it.com&per_page=50&_fields=id,link,slug,status,content HTTP/1.1" 200 18738 "-" "Mozilla/5.0 (Macintosh; Intel Mac OS X 10_15_7) AppleWebKit/537.36 (KHTML, like Gecko) Chrome/145.0.0.0 Safari/537.36"
130.117.139.235 - wordpress_3481f57911c4 [30/Jul/2026:19:34:18 +0000] "POST /wp-json/wp/v2/posts HTTP/1.1" 201 22071 "-" "Mozilla/5.0 (Macintosh; Intel Mac OS X 10_15_7) AppleWebKit/537.36 (KHTML, like Gecko) Chrome/145.0.0.0 Safari/537.36"
85.155.190.233 - - [30/Jul/2026:19:34:18 +0000] "POST /wp-cron.php?doing_wp_cron=1785440058.7018320560455322265625 HTTP/1.1" 200 31 "-" "WordPress/7.0; https://moonbloomwalls.com"
130.117.139.235 - - [30/Jul/2026:19:34:18 +0000] "POST /xmlrpc.php HTTP/1.1" 403 180 "-" "Mozilla/5.0 (Macintosh; Intel Mac OS X 10_15_7) AppleWebKit/537.36 (KHTML, like Gecko) Chrome/145.0.0.0 Safari/537.36"
130.117.139.235 - wordpress_3481f57911c4 [30/Jul/2026:19:34:19 +0000] "GET /wp-json/wp/v2/pages?context=edit&slug=nine-wins-casino-security-guide-for-uk-players&per_page=5&_fields=id,link,slug,status,content HTTP/1.1" 200 18724 "-" "Mozilla/5.0 (Macintosh; Intel Mac OS X 10_15_7) AppleWebKit/537.36 (KHTML, like Gecko) Chrome/145.0.0.0 Safari/537.36"
130.117.139.235 - wordpress_3481f57911c4 [30/Jul/2026:19:34:19 +0000] "GET /wp-json/wp/v2/pages?context=edit&search=https%3A%2F%2Fninewincasino.it.com&per_page=50&_fields=id,link,slug,status,content HTTP/1.1" 200 18709 "-" "Mozilla/5.0 (Macintosh; Intel Mac OS X 10_15_7) AppleWebKit/537.36 (KHTML, like Gecko) Chrome/145.0.0.0 Safari/537.36"
130.117.139.235 - wordpress_3481f57911c4 [30/Jul/2026:19:34:20 +0000] "POST /wp-json/wp/v2/pages HTTP/1.1" 201 21463 "-" "Mozilla/5.0 (Macintosh; Intel Mac OS X 10_15_7) AppleWebKit/537.36 (KHTML, like Gecko) Chrome/145.0.0.0 Safari/537.36"
130.117.139.235 - - [30/Jul/2026:19:34:20 +0000] "POST /xmlrpc.php HTTP/1.1" 403 180 "-" "Mozilla/5.0 (Macintosh; Intel Mac OS X 10_15_7) AppleWebKit/537.36 (KHTML, like Gecko) Chrome/145.0.0.0 Safari/537.36"
206.206.91.82 - wordpress_3481f57911c4 [30/Jul/2026:19:34:26 +0000] "GET /wp-json/wp/v2/posts?context=edit&slug=nine-wins-casino-security-guide-for-uk-players&per_page=5&_fields=id,link,slug,status,content HTTP/1.1" 200 18738 "-" "Mozilla/5.0 (Macintosh; Intel Mac OS X 10_15_7) AppleWebKit/537.36 (KHTML, like Gecko) Chrome/145.0.0.0 Safari/537.36"
206.206.91.82 - wordpress_3481f57911c4 [30/Jul/2026:19:34:32 +0000] "GET /wp-json/wp/v2/posts?context=edit&search=https%3A%2F%2Fninewincasino.it.com&per_page=50&_fields=id,link,slug,status,content HTTP/1.1" 200 37064 "-" "Mozilla/5.0 (Macintosh; Intel Mac OS X 10_15_7) AppleWebKit/537.36 (KHTML, like Gecko) Chrome/145.0.0.0 Safari/537.36"
206.206.91.82 - wordpress_3481f57911c4 [30/Jul/2026:19:34:38 +0000] "POST /wp-json/wp/v2/posts HTTP/1.1" 201 22048 "-" "Mozilla/5.0 (Macintosh; Intel Mac OS X 10_15_7) AppleWebKit/537.36 (KHTML, like Gecko) Chrome/145.0.0.0 Safari/537.36"
85.155.190.233 - - [30/Jul/2026:19:34:38 +0000] "POST /wp-cron.php?doing_wp_cron=1785440078.0872681140899658203125 HTTP/1.1" 200 31 "-" "WordPress/7.0; https://moonbloomwalls.com"
206.206.91.82 - - [30/Jul/2026:19:34:43 +0000] "POST /xmlrpc.php HTTP/1.1" 403 180 "-" "Mozilla/5.0 (Macintosh; Intel Mac OS X 10_15_7) AppleWebKit/537.36 (KHTML, like Gecko) Chrome/145.0.0.0 Safari/537.36"
206.206.91.82 - wordpress_3481f57911c4 [30/Jul/2026:19:34:49 +0000] "GET /wp-json/wp/v2/pages?context=edit&slug=nine-wins-casino-security-guide-for-uk-players&per_page=5&_fields=id,link,slug,status,content HTTP/1.1" 200 18709 "-" "Mozilla/5.0 (Macintosh; Intel Mac OS X 10_15_7) AppleWebKit/537.36 (KHTML, like Gecko) Chrome/145.0.0.0 Safari/537.36"
206.206.91.82 - wordpress_3481f57911c4 [30/Jul/2026:19:34:54 +0000] "GET /wp-json/wp/v2/pages?context=edit&search=https%3A%2F%2Fninewincasino.it.com&per_page=50&_fields=id,link,slug,status,content HTTP/1.1" 200 37036 "-" "Mozilla/5.0 (Macintosh; Intel Mac OS X 10_15_7) AppleWebKit/537.36 (KHTML, like Gecko) Chrome/145.0.0.0 Safari/537.36"
206.206.91.82 - wordpress_3481f57911c4 [30/Jul/2026:19:35:00 +0000] "POST /wp-json/wp/v2/pages HTTP/1.1" 201 21463 "-" "Mozilla/5.0 (Macintosh; Intel Mac OS X 10_15_7) AppleWebKit/537.36 (KHTML, like Gecko) Chrome/145.0.0.0 Safari/537.36"
206.206.91.82 - - [30/Jul/2026:19:35:06 +0000] "POST /xmlrpc.php HTTP/1.1" 403 180 "-" "Mozilla/5.0 (Macintosh; Intel Mac OS X 10_15_7) AppleWebKit/537.36 (KHTML, like Gecko) Chrome/145.0.0.0 Safari/537.36"
207.228.202.109 - wordpress_3481f57911c4 [30/Jul/2026:19:35:08 +0000] "GET /wp-json/wp/v2/posts?context=edit&slug=nine-wins-casino-security-guide-for-uk-players&per_page=5&_fields=id,link,slug,status,content HTTP/1.1" 200 18738 "-" "Mozilla/5.0 (Macintosh; Intel Mac OS X 10_15_7) AppleWebKit/537.36 (KHTML, like Gecko) Chrome/145.0.0.0 Safari/537.36"
85.155.190.233 - - [30/Jul/2026:19:35:08 +0000] "POST /wp-cron.php?doing_wp_cron=1785440108.8936500549316406250000 HTTP/1.1" 200 31 "-" "WordPress/7.0; https://moonbloomwalls.com"
207.228.202.109 - wordpress_3481f57911c4 [30/Jul/2026:19:35:11 +0000] "GET /wp-json/wp/v2/posts?context=edit&search=https%3A%2F%2Fninewincasino.it.com&per_page=50&_fields=id,link,slug,status,content HTTP/1.1" 200 55382 "-" "Mozilla/5.0 (Macintosh; Intel Mac OS X 10_15_7) AppleWebKit/537.36 (KHTML, like Gecko) Chrome/145.0.0.0 Safari/537.36"
207.228.202.109 - wordpress_3481f57911c4 [30/Jul/2026:19:35:12 +0000] "POST /wp-json/wp/v2/posts HTTP/1.1" 201 22071 "-" "Mozilla/5.0 (Macintosh; Intel Mac OS X 10_15_7) AppleWebKit/537.36 (KHTML, like Gecko) Chrome/145.0.0.0 Safari/537.36"
85.155.190.233 - - [30/Jul/2026:19:35:12 +0000] "POST /wp-cron.php?doing_wp_cron=1785440112.8184640407562255859375 HTTP/1.1" 200 31 "-" "WordPress/7.0; https://moonbloomwalls.com"
207.228.202.109 - - [30/Jul/2026:19:35:14 +0000] "POST /xmlrpc.php HTTP/1.1" 403 180 "-" "Mozilla/5.0 (Macintosh; Intel Mac OS X 10_15_7) AppleWebKit/537.36 (KHTML, like Gecko) Chrome/145.0.0.0 Safari/537.36"
207.228.202.109 - wordpress_3481f57911c4 [30/Jul/2026:19:35:15 +0000] "GET /wp-json/wp/v2/pages?context=edit&slug=nine-wins-casino-security-guide-for-uk-players&per_page=5&_fields=id,link,slug,status,content HTTP/1.1" 200 18724 "-" "Mozilla/5.0 (Macintosh; Intel Mac OS X 10_15_7) AppleWebKit/537.36 (KHTML, like Gecko) Chrome/145.0.0.0 Safari/537.36"
207.228.202.109 - wordpress_3481f57911c4 [30/Jul/2026:19:35:16 +0000] "GET /wp-json/wp/v2/pages?context=edit&search=https%3A%2F%2Fninewincasino.it.com&per_page=50&_fields=id,link,slug,status,content HTTP/1.1" 200 55340 "-" "Mozilla/5.0 (Macintosh; Intel Mac OS X 10_15_7) AppleWebKit/537.36 (KHTML, like Gecko) Chrome/145.0.0.0 Safari/537.36"
207.228.202.109 - wordpress_3481f57911c4 [30/Jul/2026:19:35:17 +0000] "POST /wp-json/wp/v2/pages HTTP/1.1" 201 21440 "-" "Mozilla/5.0 (Macintosh; Intel Mac OS X 10_15_7) AppleWebKit/537.36 (KHTML, like Gecko) Chrome/145.0.0.0 Safari/537.36"
207.228.202.109 - - [30/Jul/2026:19:35:19 +0000] "POST /xmlrpc.php HTTP/1.1" 403 180 "-" "Mozilla/5.0 (Macintosh; Intel Mac OS X 10_15_7) AppleWebKit/537.36 (KHTML, like Gecko) Chrome/145.0.0.0 Safari/537.36"
207.228.202.37 - wordpress_3481f57911c4 [30/Jul/2026:19:35:21 +0000] "GET /wp-json/wp/v2/posts?context=edit&slug=nine-wins-casino-security-guide-for-uk-players&per_page=5&_fields=id,link,slug,status,content HTTP/1.1" 200 18738 "-" "Mozilla/5.0 (Macintosh; Intel Mac OS X 10_15_7) AppleWebKit/537.36 (KHTML, like Gecko) Chrome/145.0.0.0 Safari/537.36"
207.228.202.37 - wordpress_3481f57911c4 [30/Jul/2026:19:35:23 +0000] "GET /wp-json/wp/v2/posts?context=edit&search=https%3A%2F%2Fninewincasino.it.com&per_page=50&_fields=id,link,slug,status,content HTTP/1.1" 200 73708 "-" "Mozilla/5.0 (Macintosh; Intel Mac OS X 10_15_7) AppleWebKit/537.36 (KHTML, like Gecko) Chrome/145.0.0.0 Safari/537.36"
207.228.202.37 - wordpress_3481f57911c4 [30/Jul/2026:19:35:25 +0000] "POST /wp-json/wp/v2/posts HTTP/1.1" 201 22071 "-" "Mozilla/5.0 (Macintosh; Intel Mac OS X 10_15_7) AppleWebKit/537.36 (KHTML, like Gecko) Chrome/145.0.0.0 Safari/537.36"
85.155.190.233 - - [30/Jul/2026:19:35:25 +0000] "POST /wp-cron.php?doing_wp_cron=1785440125.0910480022430419921875 HTTP/1.1" 200 31 "-" "WordPress/7.0; https://moonbloomwalls.com"
207.228.202.37 - - [30/Jul/2026:19:35:27 +0000] "POST /xmlrpc.php HTTP/1.1" 403 180 "-" "Mozilla/5.0 (Macintosh; Intel Mac OS X 10_15_7) AppleWebKit/537.36 (KHTML, like Gecko) Chrome/145.0.0.0 Safari/537.36"
207.228.202.37 - wordpress_3481f57911c4 [30/Jul/2026:19:35:28 +0000] "GET /wp-json/wp/v2/pages?context=edit&slug=nine-wins-casino-security-guide-for-uk-players&per_page=5&_fields=id,link,slug,status,content HTTP/1.1" 200 18724 "-" "Mozilla/5.0 (Macintosh; Intel Mac OS X 10_15_7) AppleWebKit/537.36 (KHTML, like Gecko) Chrome/145.0.0.0 Safari/537.36"
207.228.202.37 - wordpress_3481f57911c4 [30/Jul/2026:19:35:29 +0000] "GET /wp-json/wp/v2/pages?context=edit&search=https%3A%2F%2Fninewincasino.it.com&per_page=50&_fields=id,link,slug,status,content HTTP/1.1" 200 73652 "-" "Mozilla/5.0 (Macintosh; Intel Mac OS X 10_15_7) AppleWebKit/537.36 (KHTML, like Gecko) Chrome/145.0.0.0 Safari/537.36"
207.228.202.37 - wordpress_3481f57911c4 [30/Jul/2026:19:35:31 +0000] "POST /wp-json/wp/v2/pages HTTP/1.1" 201 21440 "-" "Mozilla/5.0 (Macintosh; Intel Mac OS X 10_15_7) AppleWebKit/537.36 (KHTML, like Gecko) Chrome/145.0.0.0 Safari/537.36"
207.228.202.37 - - [30/Jul/2026:19:35:32 +0000] "POST /xmlrpc.php HTTP/1.1" 403 180 "-" "Mozilla/5.0 (Macintosh; Intel Mac OS X 10_15_7) AppleWebKit/537.36 (KHTML, like Gecko) Chrome/145.0.0.0 Safari/537.36"
107.158.18.63 - wordpress_3481f57911c4 [30/Jul/2026:19:35:33 +0000] "GET /wp-json/wp/v2/posts?context=edit&slug=nine-wins-casino-security-guide-for-uk-players&per_page=5&_fields=id,link,slug,status,content HTTP/1.1" 200 18723 "-" "Mozilla/5.0 (Macintosh; Intel Mac OS X 10_15_7) AppleWebKit/537.36 (KHTML, like Gecko) Chrome/145.0.0.0 Safari/537.36"
107.158.18.63 - wordpress_3481f57911c4 [30/Jul/2026:19:35:34 +0000] "GET /wp-json/wp/v2/posts?context=edit&search=https%3A%2F%2Fninewincasino.it.com&per_page=50&_fields=id,link,slug,status,content HTTP/1.1" 200 92026 "-" "Mozilla/5.0 (Macintosh; Intel Mac OS X 10_15_7) AppleWebKit/537.36 (KHTML, like Gecko) Chrome/145.0.0.0 Safari/537.36"
107.158.18.63 - wordpress_3481f57911c4 [30/Jul/2026:19:35:35 +0000] "POST /wp-json/wp/v2/posts HTTP/1.1" 201 22071 "-" "Mozilla/5.0 (Macintosh; Intel Mac OS X 10_15_7) AppleWebKit/537.36 (KHTML, like Gecko) Chrome/145.0.0.0 Safari/537.36"
85.155.190.233 - - [30/Jul/2026:19:35:35 +0000] "POST /wp-cron.php?doing_wp_cron=1785440135.9562621116638183593750 HTTP/1.1" 200 31 "-" "WordPress/7.0; https://moonbloomwalls.com"
107.158.18.63 - - [30/Jul/2026:19:35:36 +0000] "POST /xmlrpc.php HTTP/1.1" 403 180 "-" "Mozilla/5.0 (Macintosh; Intel Mac OS X 10_15_7) AppleWebKit/537.36 (KHTML, like Gecko) Chrome/145.0.0.0 Safari/537.36"
107.158.18.63 - wordpress_3481f57911c4 [30/Jul/2026:19:35:37 +0000] "GET /wp-json/wp/v2/pages?context=edit&slug=nine-wins-casino-security-guide-for-uk-players&per_page=5&_fields=id,link,slug,status,content HTTP/1.1" 200 18724 "-" "Mozilla/5.0 (Macintosh; Intel Mac OS X 10_15_7) AppleWebKit/537.36 (KHTML, like Gecko) Chrome/145.0.0.0 Safari/537.36"
107.158.18.63 - wordpress_3481f57911c4 [30/Jul/2026:19:35:38 +0000] "GET /wp-json/wp/v2/pages?context=edit&search=https%3A%2F%2Fninewincasino.it.com&per_page=50&_fields=id,link,slug,status,content HTTP/1.1" 200 91941 "-" "Mozilla/5.0 (Macintosh; Intel Mac OS X 10_15_7) AppleWebKit/537.36 (KHTML, like Gecko) Chrome/145.0.0.0 Safari/537.36"
107.158.18.63 - wordpress_3481f57911c4 [30/Jul/2026:19:35:39 +0000] "POST /wp-json/wp/v2/pages HTTP/1.1" 201 21440 "-" "Mozilla/5.0 (Macintosh; Intel Mac OS X 10_15_7) AppleWebKit/537.36 (KHTML, like Gecko) Chrome/145.0.0.0 Safari/537.36"
107.158.18.63 - - [30/Jul/2026:19:35:40 +0000] "POST /xmlrpc.php HTTP/1.1" 403 180 "-" "Mozilla/5.0 (Macintosh; Intel Mac OS X 10_15_7) AppleWebKit/537.36 (KHTML, like Gecko) Chrome/145.0.0.0 Safari/537.36"
151.244.191.95 - wordpress_3481f57911c4 [30/Jul/2026:19:35:41 +0000] "GET /wp-json/wp/v2/posts?context=edit&slug=nine-wins-casino-security-guide-for-uk-players&per_page=5&_fields=id,link,slug,status,content HTTP/1.1" 200 18723 "-" "Mozilla/5.0 (Macintosh; Intel Mac OS X 10_15_7) AppleWebKit/537.36 (KHTML, like Gecko) Chrome/145.0.0.0 Safari/537.36"
151.244.191.95 - wordpress_3481f57911c4 [30/Jul/2026:19:35:41 +0000] "GET /wp-json/wp/v2/posts?context=edit&search=https%3A%2F%2Fninewincasino.it.com&per_page=50&_fields=id,link,slug,status,content HTTP/1.1" 200 110352 "-" "Mozilla/5.0 (Macintosh; Intel Mac OS X 10_15_7) AppleWebKit/537.36 (KHTML, like Gecko) Chrome/145.0.0.0 Safari/537.36"
151.244.191.95 - wordpress_3481f57911c4 [30/Jul/2026:19:35:42 +0000] "POST /wp-json/wp/v2/posts HTTP/1.1" 201 22048 "-" "Mozilla/5.0 (Macintosh; Intel Mac OS X 10_15_7) AppleWebKit/537.36 (KHTML, like Gecko) Chrome/145.0.0.0 Safari/537.36"
85.155.190.233 - - [30/Jul/2026:19:35:42 +0000] "POST /wp-cron.php?doing_wp_cron=1785440142.2952430248260498046875 HTTP/1.1" 200 31 "-" "WordPress/7.0; https://moonbloomwalls.com"
151.244.191.95 - - [30/Jul/2026:19:35:47 +0000] "POST /xmlrpc.php HTTP/1.1" 403 180 "-" "Mozilla/5.0 (Macintosh; Intel Mac OS X 10_15_7) AppleWebKit/537.36 (KHTML, like Gecko) Chrome/145.0.0.0 Safari/537.36"
151.244.191.95 - wordpress_3481f57911c4 [30/Jul/2026:19:35:48 +0000] "GET /wp-json/wp/v2/pages?context=edit&slug=nine-wins-casino-security-guide-for-uk-players&per_page=5&_fields=id,link,slug,status,content HTTP/1.1" 200 18724 "-" "Mozilla/5.0 (Macintosh; Intel Mac OS X 10_15_7) AppleWebKit/537.36 (KHTML, like Gecko) Chrome/145.0.0.0 Safari/537.36"
151.244.191.95 - wordpress_3481f57911c4 [30/Jul/2026:19:35:48 +0000] "GET /wp-json/wp/v2/pages?context=edit&search=https%3A%2F%2Fninewincasino.it.com&per_page=50&_fields=id,link,slug,status,content HTTP/1.1" 200 110267 "-" "Mozilla/5.0 (Macintosh; Intel Mac OS X 10_15_7) AppleWebKit/537.36 (KHTML, like Gecko) Chrome/145.0.0.0 Safari/537.36"
151.244.191.95 - wordpress_3481f57911c4 [30/Jul/2026:19:35:49 +0000] "POST /wp-json/wp/v2/pages HTTP/1.1" 201 21463 "-" "Mozilla/5.0 (Macintosh; Intel Mac OS X 10_15_7) AppleWebKit/537.36 (KHTML, like Gecko) Chrome/145.0.0.0 Safari/537.36"
151.244.191.95 - - [30/Jul/2026:19:35:49 +0000] "POST /xmlrpc.php HTTP/1.1" 403 180 "-" "Mozilla/5.0 (Macintosh; Intel Mac OS X 10_15_7) AppleWebKit/537.36 (KHTML, like Gecko) Chrome/145.0.0.0 Safari/537.36"
107.158.93.149 - wordpress_3481f57911c4 [30/Jul/2026:19:35:50 +0000] "GET /wp-json/wp/v2/posts?context=edit&slug=nine-wins-casino-security-guide-for-uk-players&per_page=5&_fields=id,link,slug,status,content HTTP/1.1" 200 18723 "-" "Mozilla/5.0 (Macintosh; Intel Mac OS X 10_15_7) AppleWebKit/537.36 (KHTML, like Gecko) Chrome/145.0.0.0 Safari/537.36"
107.158.93.149 - wordpress_3481f57911c4 [30/Jul/2026:19:35:51 +0000] "GET /wp-json/wp/v2/posts?context=edit&search=https%3A%2F%2Fninewincasino.it.com&per_page=50&_fields=id,link,slug,status,content HTTP/1.1" 200 128655 "-" "Mozilla/5.0 (Macintosh; Intel Mac OS X 10_15_7) AppleWebKit/537.36 (KHTML, like Gecko) Chrome/145.0.0.0 Safari/537.36"
107.158.93.149 - wordpress_3481f57911c4 [30/Jul/2026:19:35:52 +0000] "POST /wp-json/wp/v2/posts HTTP/1.1" 201 22071 "-" "Mozilla/5.0 (Macintosh; Intel Mac OS X 10_15_7) AppleWebKit/537.36 (KHTML, like Gecko) Chrome/145.0.0.0 Safari/537.36"
85.155.190.233 - - [30/Jul/2026:19:35:52 +0000] "POST /wp-cron.php?doing_wp_cron=1785440152.9428009986877441406250 HTTP/1.1" 200 31 "-" "WordPress/7.0; https://moonbloomwalls.com"
107.158.93.149 - - [30/Jul/2026:19:35:53 +0000] "POST /xmlrpc.php HTTP/1.1" 403 180 "-" "Mozilla/5.0 (Macintosh; Intel Mac OS X 10_15_7) AppleWebKit/537.36 (KHTML, like Gecko) Chrome/145.0.0.0 Safari/537.36"
107.158.93.149 - wordpress_3481f57911c4 [30/Jul/2026:19:35:54 +0000] "GET /wp-json/wp/v2/pages?context=edit&slug=nine-wins-casino-security-guide-for-uk-players&per_page=5&_fields=id,link,slug,status,content HTTP/1.1" 200 18724 "-" "Mozilla/5.0 (Macintosh; Intel Mac OS X 10_15_7) AppleWebKit/537.36 (KHTML, like Gecko) Chrome/145.0.0.0 Safari/537.36"
107.158.93.149 - wordpress_3481f57911c4 [30/Jul/2026:19:35:55 +0000] "GET /wp-json/wp/v2/pages?context=edit&search=https%3A%2F%2Fninewincasino.it.com&per_page=50&_fields=id,link,slug,status,content HTTP/1.1" 200 128572 "-" "Mozilla/5.0 (Macintosh; Intel Mac OS X 10_15_7) AppleWebKit/537.36 (KHTML, like Gecko) Chrome/145.0.0.0 Safari/537.36"
107.158.93.149 - wordpress_3481f57911c4 [30/Jul/2026:19:35:56 +0000] "POST /wp-json/wp/v2/pages HTTP/1.1" 201 21463 "-" "Mozilla/5.0 (Macintosh; Intel Mac OS X 10_15_7) AppleWebKit/537.36 (KHTML, like Gecko) Chrome/145.0.0.0 Safari/537.36"
107.158.93.149 - - [30/Jul/2026:19:35:57 +0000] "POST /xmlrpc.php HTTP/1.1" 403 180 "-" "Mozilla/5.0 (Macintosh; Intel Mac OS X 10_15_7) AppleWebKit/537.36 (KHTML, like Gecko) Chrome/145.0.0.0 Safari/537.36"
207.228.200.175 - wordpress_3481f57911c4 [30/Jul/2026:19:35:59 +0000] "GET /wp-json/wp/v2/posts?context=edit&slug=nine-wins-casino-security-guide-for-uk-players&per_page=5&_fields=id,link,slug,status,content HTTP/1.1" 200 18738 "-" "Mozilla/5.0 (Macintosh; Intel Mac OS X 10_15_7) AppleWebKit/537.36 (KHTML, like Gecko) Chrome/145.0.0.0 Safari/537.36"
207.228.200.175 - wordpress_3481f57911c4 [30/Jul/2026:19:36:00 +0000] "GET /wp-json/wp/v2/posts?context=edit&search=https%3A%2F%2Fninewincasino.it.com&per_page=50&_fields=id,link,slug,status,content HTTP/1.1" 200 146995 "-" "Mozilla/5.0 (Macintosh; Intel Mac OS X 10_15_7) AppleWebKit/537.36 (KHTML, like Gecko) Chrome/145.0.0.0 Safari/537.36"
207.228.200.175 - wordpress_3481f57911c4 [30/Jul/2026:19:36:02 +0000] "POST /wp-json/wp/v2/posts HTTP/1.1" 201 22071 "-" "Mozilla/5.0 (Macintosh; Intel Mac OS X 10_15_7) AppleWebKit/537.36 (KHTML, like Gecko) Chrome/145.0.0.0 Safari/537.36"
85.155.190.233 - - [30/Jul/2026:19:36:02 +0000] "POST /wp-cron.php?doing_wp_cron=1785440162.2669999599456787109375 HTTP/1.1" 200 31 "-" "WordPress/7.0; https://moonbloomwalls.com"
207.228.200.175 - - [30/Jul/2026:19:36:03 +0000] "POST /xmlrpc.php HTTP/1.1" 403 180 "-" "Mozilla/5.0 (Macintosh; Intel Mac OS X 10_15_7) AppleWebKit/537.36 (KHTML, like Gecko) Chrome/145.0.0.0 Safari/537.36"
207.228.200.175 - wordpress_3481f57911c4 [30/Jul/2026:19:36:04 +0000] "GET /wp-json/wp/v2/pages?context=edit&slug=nine-wins-casino-security-guide-for-uk-players&per_page=5&_fields=id,link,slug,status,content HTTP/1.1" 200 18724 "-" "Mozilla/5.0 (Macintosh; Intel Mac OS X 10_15_7) AppleWebKit/537.36 (KHTML, like Gecko) Chrome/145.0.0.0 Safari/537.36"
85.155.190.233 - - [30/Jul/2026:19:36:04 +0000] "POST /wp-cron.php?doing_wp_cron=1785440164.5394079685211181640625 HTTP/1.1" 200 31 "-" "WordPress/7.0; https://moonbloomwalls.com"
207.228.200.175 - wordpress_3481f57911c4 [30/Jul/2026:19:36:05 +0000] "GET /wp-json/wp/v2/pages?context=edit&search=https%3A%2F%2Fninewincasino.it.com&per_page=50&_fields=id,link,slug,status,content HTTP/1.1" 200 146876 "-" "Mozilla/5.0 (Macintosh; Intel Mac OS X 10_15_7) AppleWebKit/537.36 (KHTML, like Gecko) Chrome/145.0.0.0 Safari/537.36"
207.228.200.175 - wordpress_3481f57911c4 [30/Jul/2026:19:36:07 +0000] "POST /wp-json/wp/v2/pages HTTP/1.1" 201 21440 "-" "Mozilla/5.0 (Macintosh; Intel Mac OS X 10_15_7) AppleWebKit/537.36 (KHTML, like Gecko) Chrome/145.0.0.0 Safari/537.36"
207.228.200.175 - - [30/Jul/2026:19:36:08 +0000] "POST /xmlrpc.php HTTP/1.1" 403 180 "-" "Mozilla/5.0 (Macintosh; Intel Mac OS X 10_15_7) AppleWebKit/537.36 (KHTML, like Gecko) Chrome/145.0.0.0 Safari/537.36"
207.228.201.70 - wordpress_3481f57911c4 [30/Jul/2026:19:36:10 +0000] "GET /wp-json/wp/v2/posts?context=edit&slug=nine-wins-casino-security-guide-for-uk-players&per_page=5&_fields=id,link,slug,status,content HTTP/1.1" 200 18738 "-" "Mozilla/5.0 (Macintosh; Intel Mac OS X 10_15_7) AppleWebKit/537.36 (KHTML, like Gecko) Chrome/145.0.0.0 Safari/537.36"
207.228.201.70 - wordpress_3481f57911c4 [30/Jul/2026:19:36:11 +0000] "GET /wp-json/wp/v2/posts?context=edit&search=https%3A%2F%2Fninewincasino.it.com&per_page=50&_fields=id,link,slug,status,content HTTP/1.1" 200 165299 "-" "Mozilla/5.0 (Macintosh; Intel Mac OS X 10_15_7) AppleWebKit/537.36 (KHTML, like Gecko) Chrome/145.0.0.0 Safari/537.36"
207.228.201.70 - wordpress_3481f57911c4 [30/Jul/2026:19:36:13 +0000] "POST /wp-json/wp/v2/posts HTTP/1.1" 201 22076 "-" "Mozilla/5.0 (Macintosh; Intel Mac OS X 10_15_7) AppleWebKit/537.36 (KHTML, like Gecko) Chrome/145.0.0.0 Safari/537.36"
85.155.190.233 - - [30/Jul/2026:19:36:13 +0000] "POST /wp-cron.php?doing_wp_cron=1785440173.4414830207824707031250 HTTP/1.1" 200 31 "-" "WordPress/7.0; https://moonbloomwalls.com"
207.228.201.70 - - [30/Jul/2026:19:36:14 +0000] "POST /xmlrpc.php HTTP/1.1" 403 180 "-" "Mozilla/5.0 (Macintosh; Intel Mac OS X 10_15_7) AppleWebKit/537.36 (KHTML, like Gecko) Chrome/145.0.0.0 Safari/537.36"
207.228.201.70 - wordpress_3481f57911c4 [30/Jul/2026:19:36:15 +0000] "GET /wp-json/wp/v2/pages?context=edit&slug=nine-wins-casino-security-guide-for-uk-players&per_page=5&_fields=id,link,slug,status,content HTTP/1.1" 200 18724 "-" "Mozilla/5.0 (Macintosh; Intel Mac OS X 10_15_7) AppleWebKit/537.36 (KHTML, like Gecko) Chrome/145.0.0.0 Safari/537.36"
207.228.201.70 - wordpress_3481f57911c4 [30/Jul/2026:19:36:16 +0000] "GET /wp-json/wp/v2/pages?context=edit&search=https%3A%2F%2Fninewincasino.it.com&per_page=50&_fields=id,link,slug,status,content HTTP/1.1" 200 165173 "-" "Mozilla/5.0 (Macintosh; Intel Mac OS X 10_15_7) AppleWebKit/537.36 (KHTML, like Gecko) Chrome/145.0.0.0 Safari/537.36"
207.228.201.70 - wordpress_3481f57911c4 [30/Jul/2026:19:36:18 +0000] "POST /wp-json/wp/v2/pages HTTP/1.1" 201 21468 "-" "Mozilla/5.0 (Macintosh; Intel Mac OS X 10_15_7) AppleWebKit/537.36 (KHTML, like Gecko) Chrome/145.0.0.0 Safari/537.36"
207.228.201.70 - - [30/Jul/2026:19:36:19 +0000] "POST /xmlrpc.php HTTP/1.1" 403 180 "-" "Mozilla/5.0 (Macintosh; Intel Mac OS X 10_15_7) AppleWebKit/537.36 (KHTML, like Gecko) Chrome/145.0.0.0 Safari/537.36"
204.77.128.225 - wordpress_3481f57911c4 [30/Jul/2026:19:36:20 +0000] "GET /wp-json/wp/v2/posts?context=edit&slug=nine-wins-casino-security-guide-for-uk-players&per_page=5&_fields=id,link,slug,status,content HTTP/1.1" 200 18738 "-" "Mozilla/5.0 (Macintosh; Intel Mac OS X 10_15_7) AppleWebKit/537.36 (KHTML, like Gecko) Chrome/145.0.0.0 Safari/537.36"
204.77.128.225 - wordpress_3481f57911c4 [30/Jul/2026:19:36:21 +0000] "GET /wp-json/wp/v2/posts?context=edit&search=https%3A%2F%2Fninewincasino.it.com&per_page=50&_fields=id,link,slug,status,content HTTP/1.1" 200 183611 "-" "Mozilla/5.0 (Macintosh; Intel Mac OS X 10_15_7) AppleWebKit/537.36 (KHTML, like Gecko) Chrome/145.0.0.0 Safari/537.36"
204.77.128.225 - wordpress_3481f57911c4 [30/Jul/2026:19:36:23 +0000] "POST /wp-json/wp/v2/posts HTTP/1.1" 201 22076 "-" "Mozilla/5.0 (Macintosh; Intel Mac OS X 10_15_7) AppleWebKit/537.36 (KHTML, like Gecko) Chrome/145.0.0.0 Safari/537.36"
85.155.190.233 - - [30/Jul/2026:19:36:23 +0000] "POST /wp-cron.php?doing_wp_cron=1785440183.4194049835205078125000 HTTP/1.1" 200 31 "-" "WordPress/7.0; https://moonbloomwalls.com"
204.77.128.225 - - [30/Jul/2026:19:36:24 +0000] "POST /xmlrpc.php HTTP/1.1" 403 180 "-" "Mozilla/5.0 (Macintosh; Intel Mac OS X 10_15_7) AppleWebKit/537.36 (KHTML, like Gecko) Chrome/145.0.0.0 Safari/537.36"
204.77.128.225 - wordpress_3481f57911c4 [30/Jul/2026:19:36:24 +0000] "GET /wp-json/wp/v2/pages?context=edit&slug=nine-wins-casino-security-guide-for-uk-players&per_page=5&_fields=id,link,slug,status,content HTTP/1.1" 200 18724 "-" "Mozilla/5.0 (Macintosh; Intel Mac OS X 10_15_7) AppleWebKit/537.36 (KHTML, like Gecko) Chrome/145.0.0.0 Safari/537.36"
204.77.128.225 - wordpress_3481f57911c4 [30/Jul/2026:19:36:25 +0000] "GET /wp-json/wp/v2/pages?context=edit&search=https%3A%2F%2Fninewincasino.it.com&per_page=50&_fields=id,link,slug,status,content HTTP/1.1" 200 183494 "-" "Mozilla/5.0 (Macintosh; Intel Mac OS X 10_15_7) AppleWebKit/537.36 (KHTML, like Gecko) Chrome/145.0.0.0 Safari/537.36"
204.77.128.225 - wordpress_3481f57911c4 [30/Jul/2026:19:36:27 +0000] "POST /wp-json/wp/v2/pages HTTP/1.1" 201 21468 "-" "Mozilla/5.0 (Macintosh; Intel Mac OS X 10_15_7) AppleWebKit/537.36 (KHTML, like Gecko) Chrome/145.0.0.0 Safari/537.36"
204.77.128.225 - - [30/Jul/2026:19:36:28 +0000] "POST /xmlrpc.php HTTP/1.1" 403 180 "-" "Mozilla/5.0 (Macintosh; Intel Mac OS X 10_15_7) AppleWebKit/537.36 (KHTML, like Gecko) Chrome/145.0.0.0 Safari/537.36"
107.158.19.245 - wordpress_3481f57911c4 [30/Jul/2026:19:36:29 +0000] "GET /wp-json/wp/v2/posts?context=edit&slug=nine-wins-casino-security-guide-for-uk-players&per_page=5&_fields=id,link,slug,status,content HTTP/1.1" 200 18723 "-" "Mozilla/5.0 (Macintosh; Intel Mac OS X 10_15_7) AppleWebKit/537.36 (KHTML, like Gecko) Chrome/145.0.0.0 Safari/537.36"
107.158.19.245 - wordpress_3481f57911c4 [30/Jul/2026:19:36:30 +0000] "GET /wp-json/wp/v2/posts?context=edit&search=https%3A%2F%2Fninewincasino.it.com&per_page=50&_fields=id,link,slug,status,content HTTP/1.1" 200 201915 "-" "Mozilla/5.0 (Macintosh; Intel Mac OS X 10_15_7) AppleWebKit/537.36 (KHTML, like Gecko) Chrome/145.0.0.0 Safari/537.36"
107.158.19.245 - wordpress_3481f57911c4 [30/Jul/2026:19:36:31 +0000] "POST /wp-json/wp/v2/posts HTTP/1.1" 201 22076 "-" "Mozilla/5.0 (Macintosh; Intel Mac OS X 10_15_7) AppleWebKit/537.36 (KHTML, like Gecko) Chrome/145.0.0.0 Safari/537.36"
85.155.190.233 - - [30/Jul/2026:19:36:31 +0000] "POST /wp-cron.php?doing_wp_cron=1785440191.9232261180877685546875 HTTP/1.1" 200 31 "-" "WordPress/7.0; https://moonbloomwalls.com"
107.158.19.245 - - [30/Jul/2026:19:36:32 +0000] "POST /xmlrpc.php HTTP/1.1" 403 180 "-" "Mozilla/5.0 (Macintosh; Intel Mac OS X 10_15_7) AppleWebKit/537.36 (KHTML, like Gecko) Chrome/145.0.0.0 Safari/537.36"
107.158.19.245 - wordpress_3481f57911c4 [30/Jul/2026:19:36:33 +0000] "GET /wp-json/wp/v2/pages?context=edit&slug=nine-wins-casino-security-guide-for-uk-players&per_page=5&_fields=id,link,slug,status,content HTTP/1.1" 200 18724 "-" "Mozilla/5.0 (Macintosh; Intel Mac OS X 10_15_7) AppleWebKit/537.36 (KHTML, like Gecko) Chrome/145.0.0.0 Safari/537.36"
107.158.19.245 - wordpress_3481f57911c4 [30/Jul/2026:19:36:34 +0000] "GET /wp-json/wp/v2/pages?context=edit&search=https%3A%2F%2Fninewincasino.it.com&per_page=50&_fields=id,link,slug,status,content HTTP/1.1" 200 201793 "-" "Mozilla/5.0 (Macintosh; Intel Mac OS X 10_15_7) AppleWebKit/537.36 (KHTML, like Gecko) Chrome/145.0.0.0 Safari/537.36"
107.158.19.245 - wordpress_3481f57911c4 [30/Jul/2026:19:36:35 +0000] "POST /wp-json/wp/v2/pages HTTP/1.1" 201 21445 "-" "Mozilla/5.0 (Macintosh; Intel Mac OS X 10_15_7) AppleWebKit/537.36 (KHTML, like Gecko) Chrome/145.0.0.0 Safari/537.36"
107.158.19.245 - - [30/Jul/2026:19:36:36 +0000] "POST /xmlrpc.php HTTP/1.1" 403 180 "-" "Mozilla/5.0 (Macintosh; Intel Mac OS X 10_15_7) AppleWebKit/537.36 (KHTML, like Gecko) Chrome/145.0.0.0 Safari/537.36"
107.158.93.63 - wordpress_3481f57911c4 [30/Jul/2026:19:36:37 +0000] "GET /wp-json/wp/v2/posts?context=edit&slug=nine-wins-casino-security-guide-for-uk-players&per_page=5&_fields=id,link,slug,status,content HTTP/1.1" 200 18738 "-" "Mozilla/5.0 (Macintosh; Intel Mac OS X 10_15_7) AppleWebKit/537.36 (KHTML, like Gecko) Chrome/145.0.0.0 Safari/537.36"
107.158.93.63 - wordpress_3481f57911c4 [30/Jul/2026:19:36:39 +0000] "GET /wp-json/wp/v2/posts?context=edit&search=https%3A%2F%2Fninewincasino.it.com&per_page=50&_fields=id,link,slug,status,content HTTP/1.1" 200 220227 "-" "Mozilla/5.0 (Macintosh; Intel Mac OS X 10_15_7) AppleWebKit/537.36 (KHTML, like Gecko) Chrome/145.0.0.0 Safari/537.36"
107.158.93.63 - wordpress_3481f57911c4 [30/Jul/2026:19:36:40 +0000] "POST /wp-json/wp/v2/posts HTTP/1.1" 201 22053 "-" "Mozilla/5.0 (Macintosh; Intel Mac OS X 10_15_7) AppleWebKit/537.36 (KHTML, like Gecko) Chrome/145.0.0.0 Safari/537.36"
85.155.190.233 - - [30/Jul/2026:19:36:40 +0000] "POST /wp-cron.php?doing_wp_cron=1785440200.5082950592041015625000 HTTP/1.1" 200 31 "-" "WordPress/7.0; https://moonbloomwalls.com"
107.158.93.63 - - [30/Jul/2026:19:36:41 +0000] "POST /xmlrpc.php HTTP/1.1" 403 180 "-" "Mozilla/5.0 (Macintosh; Intel Mac OS X 10_15_7) AppleWebKit/537.36 (KHTML, like Gecko) Chrome/145.0.0.0 Safari/537.36"
107.158.93.63 - wordpress_3481f57911c4 [30/Jul/2026:19:36:42 +0000] "GET /wp-json/wp/v2/pages?context=edit&slug=nine-wins-casino-security-guide-for-uk-players&per_page=5&_fields=id,link,slug,status,content HTTP/1.1" 200 18724 "-" "Mozilla/5.0 (Macintosh; Intel Mac OS X 10_15_7) AppleWebKit/537.36 (KHTML, like Gecko) Chrome/145.0.0.0 Safari/537.36"
107.158.93.63 - wordpress_3481f57911c4 [30/Jul/2026:19:36:43 +0000] "GET /wp-json/wp/v2/pages?context=edit&search=https%3A%2F%2Fninewincasino.it.com&per_page=50&_fields=id,link,slug,status,content HTTP/1.1" 200 220114 "-" "Mozilla/5.0 (Macintosh; Intel Mac OS X 10_15_7) AppleWebKit/537.36 (KHTML, like Gecko) Chrome/145.0.0.0 Safari/537.36"
107.158.93.63 - wordpress_3481f57911c4 [30/Jul/2026:19:36:44 +0000] "POST /wp-json/wp/v2/pages HTTP/1.1" 201 21445 "-" "Mozilla/5.0 (Macintosh; Intel Mac OS X 10_15_7) AppleWebKit/537.36 (KHTML, like Gecko) Chrome/145.0.0.0 Safari/537.36"
107.158.93.63 - - [30/Jul/2026:19:36:45 +0000] "POST /xmlrpc.php HTTP/1.1" 403 180 "-" "Mozilla/5.0 (Macintosh; Intel Mac OS X 10_15_7) AppleWebKit/537.36 (KHTML, like Gecko) Chrome/145.0.0.0 Safari/537.36"
107.158.18.79 - wordpress_3481f57911c4 [30/Jul/2026:19:36:46 +0000] "GET /wp-json/wp/v2/posts?context=edit&slug=nine-wins-casino-security-guide-for-uk-players&per_page=5&_fields=id,link,slug,status,content HTTP/1.1" 200 18738 "-" "Mozilla/5.0 (Macintosh; Intel Mac OS X 10_15_7) AppleWebKit/537.36 (KHTML, like Gecko) Chrome/145.0.0.0 Safari/537.36"
107.158.18.79 - wordpress_3481f57911c4 [30/Jul/2026:19:36:47 +0000] "GET /wp-json/wp/v2/posts?context=edit&search=https%3A%2F%2Fninewincasino.it.com&per_page=50&_fields=id,link,slug,status,content HTTP/1.1" 200 238531 "-" "Mozilla/5.0 (Macintosh; Intel Mac OS X 10_15_7) AppleWebKit/537.36 (KHTML, like Gecko) Chrome/145.0.0.0 Safari/537.36"
107.158.18.79 - wordpress_3481f57911c4 [30/Jul/2026:19:36:49 +0000] "POST /wp-json/wp/v2/posts HTTP/1.1" 201 22076 "-" "Mozilla/5.0 (Macintosh; Intel Mac OS X 10_15_7) AppleWebKit/537.36 (KHTML, like Gecko) Chrome/145.0.0.0 Safari/537.36"
85.155.190.233 - - [30/Jul/2026:19:36:49 +0000] "POST /wp-cron.php?doing_wp_cron=1785440209.1041650772094726562500 HTTP/1.1" 200 31 "-" "WordPress/7.0; https://moonbloomwalls.com"
107.158.18.79 - - [30/Jul/2026:19:36:49 +0000] "POST /xmlrpc.php HTTP/1.1" 403 180 "-" "Mozilla/5.0 (Macintosh; Intel Mac OS X 10_15_7) AppleWebKit/537.36 (KHTML, like Gecko) Chrome/145.0.0.0 Safari/537.36"
107.158.18.79 - wordpress_3481f57911c4 [30/Jul/2026:19:36:50 +0000] "GET /wp-json/wp/v2/pages?context=edit&slug=nine-wins-casino-security-guide-for-uk-players&per_page=5&_fields=id,link,slug,status,content HTTP/1.1" 200 18724 "-" "Mozilla/5.0 (Macintosh; Intel Mac OS X 10_15_7) AppleWebKit/537.36 (KHTML, like Gecko) Chrome/145.0.0.0 Safari/537.36"
107.158.18.79 - wordpress_3481f57911c4 [30/Jul/2026:19:36:51 +0000] "GET /wp-json/wp/v2/pages?context=edit&search=https%3A%2F%2Fninewincasino.it.com&per_page=50&_fields=id,link,slug,status,content HTTP/1.1" 200 238428 "-" "Mozilla/5.0 (Macintosh; Intel Mac OS X 10_15_7) AppleWebKit/537.36 (KHTML, like Gecko) Chrome/145.0.0.0 Safari/537.36"
