176.29.229.47 - - [30/Jul/2026:03:43:44 +0000] "GET / HTTP/1.1" 200 37591 "-" "Mozilla/5.0 (Windows NT 10.0; Win64; x64) AppleWebKit/537.36 (KHTML, like Gecko) Chrome/120.0.0.0 Safari/537.36"
185.137.49.14 - - [30/Jul/2026:03:43:46 +0000] "GET /wp-login.php HTTP/1.1" 200 2240 "-" "Mozilla/5.0 (Windows NT 10.0; Win64; x64) AppleWebKit/537.36 (KHTML, like Gecko) Chrome/120.0.0.0 Safari/537.36"
185.137.49.14 - - [30/Jul/2026:03:43:47 +0000] "POST /wp-login.php HTTP/1.1" 302 5 "https://moonbloomwalls.com/wp-login.php" "Mozilla/5.0 (Windows NT 10.0; Win64; x64) AppleWebKit/537.36 (KHTML, like Gecko) Chrome/120.0.0.0 Safari/537.36"
185.137.49.14 - - [30/Jul/2026:03:43:48 +0000] "GET /wp-admin/ HTTP/1.1" 200 67320 "https://moonbloomwalls.com/wp-login.php" "Mozilla/5.0 (Windows NT 10.0; Win64; x64) AppleWebKit/537.36 (KHTML, like Gecko) Chrome/120.0.0.0 Safari/537.36"
201.221.114.32 - - [30/Jul/2026:03:43:50 +0000] "GET /wp-admin/ HTTP/1.1" 200 67319 "-" "Mozilla/5.0 (Windows NT 10.0; Win64; x64) AppleWebKit/537.36 (KHTML, like Gecko) Chrome/120.0.0.0 Safari/537.36"
201.221.114.32 - - [30/Jul/2026:03:43:53 +0000] "GET /wp-admin/post-new.php HTTP/1.1" 200 223998 "-" "Mozilla/5.0 (Windows NT 10.0; Win64; x64) AppleWebKit/537.36 (KHTML, like Gecko) Chrome/120.0.0.0 Safari/537.36"
201.221.114.32 - - [30/Jul/2026:03:43:57 +0000] "POST /xmlrpc.php HTTP/1.1" 403 118 "-" "WordPress/5.0; https://moonbloomwalls.com"
201.221.114.32 - - [30/Jul/2026:03:43:58 +0000] "GET /wp-admin/admin-ajax.php?action=rest-nonce HTTP/1.1" 200 41 "-" "Mozilla/5.0 (Windows NT 10.0; Win64; x64) AppleWebKit/537.36 (KHTML, like Gecko) Chrome/120.0.0.0 Safari/537.36"
201.221.114.32 - - [30/Jul/2026:03:43:58 +0000] "GET /wp-json/wp/v2/plugins HTTP/1.1" 200 5925 "-" "Mozilla/5.0 (Windows NT 10.0; Win64; x64) AppleWebKit/537.36 (KHTML, like Gecko) Chrome/120.0.0.0 Safari/537.36"
201.221.114.32 - - [30/Jul/2026:03:44:00 +0000] "GET / HTTP/1.1" 200 41262 "-" "Mozilla/5.0 (Windows NT 10.0; Win64; x64) AppleWebKit/537.36 (KHTML, like Gecko) Chrome/120.0.0.0 Safari/537.36"
201.221.114.32 - - [30/Jul/2026:03:44:01 +0000] "GET /wp-json/wp/v2/settings HTTP/1.1" 200 839 "-" "Mozilla/5.0 (Windows NT 10.0; Win64; x64) AppleWebKit/537.36 (KHTML, like Gecko) Chrome/120.0.0.0 Safari/537.36"
201.221.114.32 - - [30/Jul/2026:03:44:03 +0000] "GET /wp-json/wp/v2/pages/50 HTTP/1.1" 200 104290 "-" "Mozilla/5.0 (Windows NT 10.0; Win64; x64) AppleWebKit/537.36 (KHTML, like Gecko) Chrome/120.0.0.0 Safari/537.36"
85.155.190.233 - - [30/Jul/2026:03:44:03 +0000] "POST /wp-cron.php?doing_wp_cron=1785383043.5472769737243652343750 HTTP/1.1" 200 31 "-" "WordPress/7.0; https://moonbloomwalls.com"
201.221.114.32 - - [30/Jul/2026:03:44:06 +0000] "POST /wp-json/wp/v2/pages/50 HTTP/1.1" 200 207315 "-" "Mozilla/5.0 (Windows NT 10.0; Win64; x64) AppleWebKit/537.36 (KHTML, like Gecko) Chrome/120.0.0.0 Safari/537.36"
153.67.183.0 - - [30/Jul/2026:03:44:18 +0000] "GET /?page_id=50 HTTP/1.1" 301 5 "-" "Mozilla/5.0 (Windows NT 10.0; Win64; x64) AppleWebKit/537.36 (KHTML, like Gecko) Chrome/120.0.0.0 Safari/537.36"
153.67.183.0 - - [30/Jul/2026:03:44:19 +0000] "GET / HTTP/1.1" 200 41290 "-" "Mozilla/5.0 (Windows NT 10.0; Win64; x64) AppleWebKit/537.36 (KHTML, like Gecko) Chrome/120.0.0.0 Safari/537.36"
156.216.226.99 - - [30/Jul/2026:03:44:49 +0000] "GET / HTTP/1.1" 200 37620 "-" "Mozilla/5.0 (Windows NT 10.0; Win64; x64) AppleWebKit/537.36 (KHTML, like Gecko) Chrome/120.0.0.0 Safari/537.36"
131.221.231.12 - - [30/Jul/2026:03:44:56 +0000] "GET /wp-login.php HTTP/1.1" 200 2240 "-" "Mozilla/5.0 (Windows NT 10.0; Win64; x64) AppleWebKit/537.36 (KHTML, like Gecko) Chrome/120.0.0.0 Safari/537.36"
131.221.231.12 - - [30/Jul/2026:03:44:57 +0000] "POST /wp-login.php HTTP/1.1" 302 5 "https://moonbloomwalls.com/wp-login.php" "Mozilla/5.0 (Windows NT 10.0; Win64; x64) AppleWebKit/537.36 (KHTML, like Gecko) Chrome/120.0.0.0 Safari/537.36"
131.221.231.12 - - [30/Jul/2026:03:44:58 +0000] "GET /wp-admin/ HTTP/1.1" 200 67333 "https://moonbloomwalls.com/wp-login.php" "Mozilla/5.0 (Windows NT 10.0; Win64; x64) AppleWebKit/537.36 (KHTML, like Gecko) Chrome/120.0.0.0 Safari/537.36"
212.47.150.85 - - [30/Jul/2026:03:45:01 +0000] "GET /wp-admin/ HTTP/1.1" 200 67329 "-" "Mozilla/5.0 (Windows NT 10.0; Win64; x64) AppleWebKit/537.36 (KHTML, like Gecko) Chrome/120.0.0.0 Safari/537.36"
85.155.190.233 - - [30/Jul/2026:03:45:03 +0000] "POST /wp-cron.php?doing_wp_cron=1785383103.1425290107727050781250 HTTP/1.1" 200 31 "-" "WordPress/7.0; https://moonbloomwalls.com"
212.47.150.85 - - [30/Jul/2026:03:45:03 +0000] "GET /wp-admin/post-new.php HTTP/1.1" 200 223999 "-" "Mozilla/5.0 (Windows NT 10.0; Win64; x64) AppleWebKit/537.36 (KHTML, like Gecko) Chrome/120.0.0.0 Safari/537.36"
212.47.150.85 - - [30/Jul/2026:03:45:04 +0000] "POST /xmlrpc.php HTTP/1.1" 403 118 "-" "WordPress/5.0; https://moonbloomwalls.com"
212.47.150.85 - - [30/Jul/2026:03:45:05 +0000] "GET /wp-admin/admin-ajax.php?action=rest-nonce HTTP/1.1" 200 41 "-" "Mozilla/5.0 (Windows NT 10.0; Win64; x64) AppleWebKit/537.36 (KHTML, like Gecko) Chrome/120.0.0.0 Safari/537.36"
212.47.150.85 - - [30/Jul/2026:03:45:05 +0000] "GET /wp-json/wp/v2/plugins HTTP/1.1" 200 5925 "-" "Mozilla/5.0 (Windows NT 10.0; Win64; x64) AppleWebKit/537.36 (KHTML, like Gecko) Chrome/120.0.0.0 Safari/537.36"
212.47.150.85 - - [30/Jul/2026:03:45:06 +0000] "GET / HTTP/1.1" 200 41289 "-" "Mozilla/5.0 (Windows NT 10.0; Win64; x64) AppleWebKit/537.36 (KHTML, like Gecko) Chrome/120.0.0.0 Safari/537.36"
212.47.150.85 - - [30/Jul/2026:03:45:07 +0000] "GET /wp-json/wp/v2/settings HTTP/1.1" 200 839 "-" "Mozilla/5.0 (Windows NT 10.0; Win64; x64) AppleWebKit/537.36 (KHTML, like Gecko) Chrome/120.0.0.0 Safari/537.36"
66.249.64.224 - - [30/Jul/2026:03:45:07 +0000] "POST /?wc-ajax=get_refreshed_fragments HTTP/1.1" 200 615 "https://moonbloomwalls.com/" "Mozilla/5.0 (Linux; Android 6.0.1; Nexus 5X Build/MMB29P) AppleWebKit/537.36 (KHTML, like Gecko) Chrome/150.0.7871.186 Mobile Safari/537.36 (compatible; GoogleOther)"
212.47.150.85 - - [30/Jul/2026:03:45:08 +0000] "GET /wp-json/wp/v2/pages/50 HTTP/1.1" 200 104442 "-" "Mozilla/5.0 (Windows NT 10.0; Win64; x64) AppleWebKit/537.36 (KHTML, like Gecko) Chrome/120.0.0.0 Safari/537.36"
212.47.150.85 - - [30/Jul/2026:03:45:10 +0000] "POST /wp-json/wp/v2/pages/50 HTTP/1.1" 200 207701 "-" "Mozilla/5.0 (Windows NT 10.0; Win64; x64) AppleWebKit/537.36 (KHTML, like Gecko) Chrome/120.0.0.0 Safari/537.36"
118.179.183.161 - - [30/Jul/2026:03:45:17 +0000] "GET /?page_id=50 HTTP/1.1" 301 5 "-" "Mozilla/5.0 (Windows NT 10.0; Win64; x64) AppleWebKit/537.36 (KHTML, like Gecko) Chrome/120.0.0.0 Safari/537.36"
118.179.183.161 - - [30/Jul/2026:03:45:18 +0000] "GET / HTTP/1.1" 200 41309 "-" "Mozilla/5.0 (Windows NT 10.0; Win64; x64) AppleWebKit/537.36 (KHTML, like Gecko) Chrome/120.0.0.0 Safari/537.36"
43.134.54.246 - - [30/Jul/2026:03:45:35 +0000] "GET /2026/07/29/najlepsze-kasyno-online-blik-czy-tylko-to-co-sam-wybralbys/ HTTP/1.1" 200 28918 "-" "Mozilla/5.0 (iPhone; CPU iPhone OS 13_2_3 like Mac OS X) AppleWebKit/605.1.15 (KHTML, like Gecko) Version/13.0.3 Mobile/15E148 Safari/604.1"
85.155.190.233 - - [30/Jul/2026:03:46:03 +0000] "POST /wp-cron.php?doing_wp_cron=1785383163.9860379695892333984375 HTTP/1.1" 200 31 "-" "WordPress/7.0; https://moonbloomwalls.com"
51.158.145.165 - - [30/Jul/2026:03:46:03 +0000] "GET /index.php?author=1 HTTP/1.1" 502 552 "-" "Mozilla/5.0 (Windows NT 10.0; Win64; x64) AppleWebKit/537.36 (KHTML, like Gecko) Chrome/148.0.0.0 Safari/537.36"
85.155.190.233 - - [30/Jul/2026:03:50:33 +0000] "POST /wp-cron.php?doing_wp_cron=1785383433.4924519062042236328125 HTTP/1.1" 200 31 "-" "WordPress/7.0; https://moonbloomwalls.com"
66.249.64.226 - - [30/Jul/2026:03:50:33 +0000] "POST /?wc-ajax=get_refreshed_fragments HTTP/1.1" 200 615 "https://moonbloomwalls.com/2024/01/20/vavada-kazino-ofitsial-nyi-sait/" "Mozilla/5.0 (Linux; Android 6.0.1; Nexus 5X Build/MMB29P) AppleWebKit/537.36 (KHTML, like Gecko) Chrome/150.0.7871.186 Mobile Safari/537.36 (compatible; Googlebot/2.1; +http://www.google.com/bot.html)"
104.28.156.139 - - [30/Jul/2026:03:50:50 +0000] "POST /wp-login.php HTTP/1.1" 200 2399 "-" "Mozilla/5.0 (Windows NT 10.0; Win64; x64) AppleWebKit/537.36 Chrome/129.0.0.0 Safari/537.36"
185.8.107.160 - - [30/Jul/2026:03:53:09 +0000] "GET /wp-json/gravitysmtp/v1/tests/mock-data?page=gravitysmtp-settings HTTP/1.1" 404 125 "http://moonbloomwalls.com/wp-json/gravitysmtp/v1/tests/mock-data?page=gravitysmtp-settings" "vuln_scanner/3.1.0 (CVE-2026-4020)"
85.155.190.233 - - [30/Jul/2026:03:53:09 +0000] "POST /wp-cron.php?doing_wp_cron=1785383589.6637148857116699218750 HTTP/1.1" 200 31 "-" "WordPress/7.0; https://moonbloomwalls.com"
185.8.107.160 - - [30/Jul/2026:03:53:10 +0000] "GET /?rest_route=/gravitysmtp/v1/tests/mock-data&page=gravitysmtp-settings HTTP/1.1" 404 125 "http://moonbloomwalls.com/?rest_route=/gravitysmtp/v1/tests/mock-data&page=gravitysmtp-settings" "vuln_scanner/3.1.0 (CVE-2026-4020)"
185.8.107.160 - - [30/Jul/2026:03:53:10 +0000] "GET /wp-json/gravitysmtp/v1/tests/mock-data HTTP/1.1" 404 125 "http://moonbloomwalls.com/wp-json/gravitysmtp/v1/tests/mock-data" "vuln_scanner/3.1.0 (CVE-2026-4020)"
186.251.14.235 - - [30/Jul/2026:03:53:44 +0000] "GET / HTTP/1.1" 200 37644 "-" "Mozilla/5.0 (Windows NT 10.0; Win64; x64) AppleWebKit/537.36 (KHTML, like Gecko) Chrome/120.0.0.0 Safari/537.36"
192.141.86.188 - - [30/Jul/2026:03:53:47 +0000] "GET /wp-login.php HTTP/1.1" 200 2240 "-" "Mozilla/5.0 (Windows NT 10.0; Win64; x64) AppleWebKit/537.36 (KHTML, like Gecko) Chrome/120.0.0.0 Safari/537.36"
192.141.86.188 - - [30/Jul/2026:03:53:47 +0000] "POST /wp-login.php HTTP/1.1" 302 5 "https://moonbloomwalls.com/wp-login.php" "Mozilla/5.0 (Windows NT 10.0; Win64; x64) AppleWebKit/537.36 (KHTML, like Gecko) Chrome/120.0.0.0 Safari/537.36"
192.141.86.188 - - [30/Jul/2026:03:53:49 +0000] "GET /wp-admin/ HTTP/1.1" 200 67333 "https://moonbloomwalls.com/wp-login.php" "Mozilla/5.0 (Windows NT 10.0; Win64; x64) AppleWebKit/537.36 (KHTML, like Gecko) Chrome/120.0.0.0 Safari/537.36"
38.255.86.11 - - [30/Jul/2026:03:53:53 +0000] "GET /wp-admin/ HTTP/1.1" 200 67330 "-" "Mozilla/5.0 (Windows NT 10.0; Win64; x64) AppleWebKit/537.36 (KHTML, like Gecko) Chrome/120.0.0.0 Safari/537.36"
38.255.86.11 - - [30/Jul/2026:03:53:55 +0000] "GET /wp-admin/post-new.php HTTP/1.1" 200 224005 "-" "Mozilla/5.0 (Windows NT 10.0; Win64; x64) AppleWebKit/537.36 (KHTML, like Gecko) Chrome/120.0.0.0 Safari/537.36"
38.255.86.11 - - [30/Jul/2026:03:53:55 +0000] "POST /xmlrpc.php HTTP/1.1" 403 118 "-" "WordPress/5.0; https://moonbloomwalls.com"
38.255.86.11 - - [30/Jul/2026:03:53:56 +0000] "GET /wp-admin/admin-ajax.php?action=rest-nonce HTTP/1.1" 200 41 "-" "Mozilla/5.0 (Windows NT 10.0; Win64; x64) AppleWebKit/537.36 (KHTML, like Gecko) Chrome/120.0.0.0 Safari/537.36"
38.255.86.11 - - [30/Jul/2026:03:53:57 +0000] "GET /wp-json/wp/v2/plugins HTTP/1.1" 200 5931 "-" "Mozilla/5.0 (Windows NT 10.0; Win64; x64) AppleWebKit/537.36 (KHTML, like Gecko) Chrome/120.0.0.0 Safari/537.36"
38.255.86.11 - - [30/Jul/2026:03:53:58 +0000] "GET / HTTP/1.1" 200 41312 "-" "Mozilla/5.0 (Windows NT 10.0; Win64; x64) AppleWebKit/537.36 (KHTML, like Gecko) Chrome/120.0.0.0 Safari/537.36"
38.255.86.11 - - [30/Jul/2026:03:53:58 +0000] "GET /wp-json/wp/v2/settings HTTP/1.1" 200 839 "-" "Mozilla/5.0 (Windows NT 10.0; Win64; x64) AppleWebKit/537.36 (KHTML, like Gecko) Chrome/120.0.0.0 Safari/537.36"
38.255.86.11 - - [30/Jul/2026:03:53:59 +0000] "GET /wp-json/wp/v2/pages/50 HTTP/1.1" 200 104637 "-" "Mozilla/5.0 (Windows NT 10.0; Win64; x64) AppleWebKit/537.36 (KHTML, like Gecko) Chrome/120.0.0.0 Safari/537.36"
38.255.86.11 - - [30/Jul/2026:03:54:01 +0000] "POST /wp-json/wp/v2/pages/50 HTTP/1.1" 200 208111 "-" "Mozilla/5.0 (Windows NT 10.0; Win64; x64) AppleWebKit/537.36 (KHTML, like Gecko) Chrome/120.0.0.0 Safari/537.36"
85.155.190.233 - - [30/Jul/2026:03:54:06 +0000] "POST /wp-cron.php?doing_wp_cron=1785383646.1242809295654296875000 HTTP/1.1" 200 31 "-" "WordPress/7.0; https://moonbloomwalls.com"
208.138.38.154 - - [30/Jul/2026:03:54:06 +0000] "GET /?page_id=50 HTTP/1.1" 301 5 "-" "Mozilla/5.0 (Windows NT 10.0; Win64; x64) AppleWebKit/537.36 (KHTML, like Gecko) Chrome/120.0.0.0 Safari/537.36"
208.138.38.154 - - [30/Jul/2026:03:54:07 +0000] "GET / HTTP/1.1" 200 41326 "-" "Mozilla/5.0 (Windows NT 10.0; Win64; x64) AppleWebKit/537.36 (KHTML, like Gecko) Chrome/120.0.0.0 Safari/537.36"
170.106.180.139 - - [30/Jul/2026:03:55:37 +0000] "GET /wp-json/oembed/1.0/embed?url=https%3A%2F%2Fmoonbloomwalls.com%2F2026%2F02%2F27%2Fis-asino-casinos-customer-service-up-to-par%2F HTTP/1.1" 200 2421 "-" "Mozilla/5.0 (iPhone; CPU iPhone OS 13_2_3 like Mac OS X) AppleWebKit/605.1.15 (KHTML, like Gecko) Version/13.0.3 Mobile/15E148 Safari/604.1"
85.155.190.233 - - [30/Jul/2026:03:55:37 +0000] "POST /wp-cron.php?doing_wp_cron=1785383737.4536349773406982421875 HTTP/1.1" 200 31 "-" "WordPress/7.0; https://moonbloomwalls.com"
85.155.190.233 - - [30/Jul/2026:03:57:04 +0000] "POST /wp-cron.php?doing_wp_cron=1785383824.2800450325012207031250 HTTP/1.1" 200 31 "-" "WordPress/7.0; https://moonbloomwalls.com"
171.225.208.133 - - [30/Jul/2026:03:57:04 +0000] "GET / HTTP/1.1" 200 37659 "-" "Mozilla/5.0 (Windows NT 10.0; Win64; x64) AppleWebKit/537.36 (KHTML, like Gecko) Chrome/120.0.0.0 Safari/537.36"
103.54.37.227 - - [30/Jul/2026:03:57:10 +0000] "GET /wp-login.php HTTP/1.1" 200 2240 "-" "Mozilla/5.0 (Windows NT 10.0; Win64; x64) AppleWebKit/537.36 (KHTML, like Gecko) Chrome/120.0.0.0 Safari/537.36"
103.54.37.227 - - [30/Jul/2026:03:57:11 +0000] "POST /wp-login.php HTTP/1.1" 302 5 "https://moonbloomwalls.com/wp-login.php" "Mozilla/5.0 (Windows NT 10.0; Win64; x64) AppleWebKit/537.36 (KHTML, like Gecko) Chrome/120.0.0.0 Safari/537.36"
103.54.37.227 - - [30/Jul/2026:03:57:12 +0000] "GET /wp-admin/ HTTP/1.1" 200 67336 "https://moonbloomwalls.com/wp-login.php" "Mozilla/5.0 (Windows NT 10.0; Win64; x64) AppleWebKit/537.36 (KHTML, like Gecko) Chrome/120.0.0.0 Safari/537.36"
31.145.251.99 - - [30/Jul/2026:03:57:15 +0000] "GET /wp-admin/ HTTP/1.1" 200 67325 "-" "Mozilla/5.0 (Windows NT 10.0; Win64; x64) AppleWebKit/537.36 (KHTML, like Gecko) Chrome/120.0.0.0 Safari/537.36"
31.145.251.99 - - [30/Jul/2026:03:57:16 +0000] "GET /wp-admin/post-new.php HTTP/1.1" 200 223752 "-" "Mozilla/5.0 (Windows NT 10.0; Win64; x64) AppleWebKit/537.36 (KHTML, like Gecko) Chrome/120.0.0.0 Safari/537.36"
31.145.251.99 - - [30/Jul/2026:03:57:17 +0000] "POST /xmlrpc.php HTTP/1.1" 403 118 "-" "WordPress/5.0; https://moonbloomwalls.com"
31.145.251.99 - - [30/Jul/2026:03:57:18 +0000] "GET /wp-admin/admin-ajax.php?action=rest-nonce HTTP/1.1" 200 41 "-" "Mozilla/5.0 (Windows NT 10.0; Win64; x64) AppleWebKit/537.36 (KHTML, like Gecko) Chrome/120.0.0.0 Safari/537.36"
31.145.251.99 - - [30/Jul/2026:03:57:19 +0000] "GET /wp-json/wp/v2/plugins HTTP/1.1" 200 5925 "-" "Mozilla/5.0 (Windows NT 10.0; Win64; x64) AppleWebKit/537.36 (KHTML, like Gecko) Chrome/120.0.0.0 Safari/537.36"
31.145.251.99 - - [30/Jul/2026:03:57:20 +0000] "GET / HTTP/1.1" 200 41324 "-" "Mozilla/5.0 (Windows NT 10.0; Win64; x64) AppleWebKit/537.36 (KHTML, like Gecko) Chrome/120.0.0.0 Safari/537.36"
31.145.251.99 - - [30/Jul/2026:03:57:20 +0000] "GET /wp-json/wp/v2/settings HTTP/1.1" 200 839 "-" "Mozilla/5.0 (Windows NT 10.0; Win64; x64) AppleWebKit/537.36 (KHTML, like Gecko) Chrome/120.0.0.0 Safari/537.36"
31.145.251.99 - - [30/Jul/2026:03:57:21 +0000] "GET /wp-json/wp/v2/pages/50 HTTP/1.1" 200 104844 "-" "Mozilla/5.0 (Windows NT 10.0; Win64; x64) AppleWebKit/537.36 (KHTML, like Gecko) Chrome/120.0.0.0 Safari/537.36"
31.145.251.99 - - [30/Jul/2026:03:57:23 +0000] "POST /wp-json/wp/v2/pages/50 HTTP/1.1" 200 208678 "-" "Mozilla/5.0 (Windows NT 10.0; Win64; x64) AppleWebKit/537.36 (KHTML, like Gecko) Chrome/120.0.0.0 Safari/537.36"
152.156.173.2 - - [30/Jul/2026:03:57:31 +0000] "GET /?page_id=50 HTTP/1.1" 301 5 "-" "Mozilla/5.0 (Windows NT 10.0; Win64; x64) AppleWebKit/537.36 (KHTML, like Gecko) Chrome/120.0.0.0 Safari/537.36"
152.156.173.2 - - [30/Jul/2026:03:57:33 +0000] "GET / HTTP/1.1" 200 41397 "-" "Mozilla/5.0 (Windows NT 10.0; Win64; x64) AppleWebKit/537.36 (KHTML, like Gecko) Chrome/120.0.0.0 Safari/537.36"
85.155.190.233 - - [30/Jul/2026:03:58:25 +0000] "POST /wp-cron.php?doing_wp_cron=1785383905.5625939369201660156250 HTTP/1.1" 200 31 "-" "WordPress/7.0; https://moonbloomwalls.com"
156.59.62.149 - - [30/Jul/2026:03:58:25 +0000] "GET /wp-login.php HTTP/1.1" 200 2240 "-" "Mozilla/5.0 (Macintosh; Intel Mac OS X 10_15_7) AppleWebKit/605.1.15 (KHTML, like Gecko) Version/17.0 Safari/605.1.15"
156.59.62.149 - - [30/Jul/2026:03:58:26 +0000] "GET /?author=1 HTTP/1.1" 502 552 "-" "Mozilla/5.0 (X11; Linux x86_64) AppleWebKit/537.36 (KHTML, like Gecko) Chrome/129.0.0.0 Safari/537.36"
156.59.62.149 - - [30/Jul/2026:03:58:26 +0000] "GET /?rest_route=/wp/v2/users HTTP/1.1" 200 1709 "-" "Mozilla/5.0 (Windows NT 10.0; Win64; rv:143.0) Gecko/20100101 Firefox/143.0"
66.249.64.224 - - [30/Jul/2026:03:58:49 +0000] "GET /2024/06/09/vavada-besplatne-vrtnje-2026-vodic-za-igrace/ HTTP/1.1" 200 29330 "-" "Mozilla/5.0 (Linux; Android 6.0.1; Nexus 5X Build/MMB29P) AppleWebKit/537.36 (KHTML, like Gecko) Chrome/150.0.7871.186 Mobile Safari/537.36 (compatible; Googlebot/2.1; +http://www.google.com/bot.html)"
85.155.190.233 - - [30/Jul/2026:04:00:40 +0000] "POST /wp-cron.php?doing_wp_cron=1785384040.2978479862213134765625 HTTP/1.1" 200 31 "-" "WordPress/7.0; https://moonbloomwalls.com"
138.246.253.24 - - [30/Jul/2026:04:00:40 +0000] "GET /robots.txt HTTP/1.1" 301 5 "-" "Mozilla/5.0 (Windows NT 10.0; Win64; x64) AppleWebKit/537.36 (KHTML, like Gecko) Chrome/103.0.5060.134 Safari/537.36"
85.155.190.233 - - [30/Jul/2026:04:04:35 +0000] "POST /wp-cron.php?doing_wp_cron=1785384275.3969209194183349609375 HTTP/1.1" 200 31 "-" "WordPress/7.0; https://moonbloomwalls.com"
103.115.117.169 - - [30/Jul/2026:04:04:35 +0000] "GET / HTTP/1.1" 200 37723 "-" "Mozilla/5.0 (Windows NT 10.0; Win64; x64) AppleWebKit/537.36 (KHTML, like Gecko) Chrome/120.0.0.0 Safari/537.36"
168.90.57.169 - - [30/Jul/2026:04:04:38 +0000] "GET /wp-login.php HTTP/1.1" 200 2240 "-" "Mozilla/5.0 (Windows NT 10.0; Win64; x64) AppleWebKit/537.36 (KHTML, like Gecko) Chrome/120.0.0.0 Safari/537.36"
168.90.57.169 - - [30/Jul/2026:04:04:39 +0000] "POST /wp-login.php HTTP/1.1" 302 5 "https://moonbloomwalls.com/wp-login.php" "Mozilla/5.0 (Windows NT 10.0; Win64; x64) AppleWebKit/537.36 (KHTML, like Gecko) Chrome/120.0.0.0 Safari/537.36"
168.90.57.169 - - [30/Jul/2026:04:04:40 +0000] "GET /wp-admin/ HTTP/1.1" 200 67338 "https://moonbloomwalls.com/wp-login.php" "Mozilla/5.0 (Windows NT 10.0; Win64; x64) AppleWebKit/537.36 (KHTML, like Gecko) Chrome/120.0.0.0 Safari/537.36"
123.50.89.228 - - [30/Jul/2026:04:04:44 +0000] "GET /wp-admin/ HTTP/1.1" 200 67334 "-" "Mozilla/5.0 (Windows NT 10.0; Win64; x64) AppleWebKit/537.36 (KHTML, like Gecko) Chrome/120.0.0.0 Safari/537.36"
123.50.89.228 - - [30/Jul/2026:04:04:46 +0000] "GET /wp-admin/post-new.php HTTP/1.1" 200 224001 "-" "Mozilla/5.0 (Windows NT 10.0; Win64; x64) AppleWebKit/537.36 (KHTML, like Gecko) Chrome/120.0.0.0 Safari/537.36"
123.50.89.228 - - [30/Jul/2026:04:04:47 +0000] "POST /xmlrpc.php HTTP/1.1" 403 118 "-" "WordPress/5.0; https://moonbloomwalls.com"
123.50.89.228 - - [30/Jul/2026:04:04:48 +0000] "GET /wp-admin/admin-ajax.php?action=rest-nonce HTTP/1.1" 200 41 "-" "Mozilla/5.0 (Windows NT 10.0; Win64; x64) AppleWebKit/537.36 (KHTML, like Gecko) Chrome/120.0.0.0 Safari/537.36"
123.50.89.228 - - [30/Jul/2026:04:04:49 +0000] "GET /wp-json/wp/v2/plugins HTTP/1.1" 200 5925 "-" "Mozilla/5.0 (Windows NT 10.0; Win64; x64) AppleWebKit/537.36 (KHTML, like Gecko) Chrome/120.0.0.0 Safari/537.36"
103.86.108.235 - - [30/Jul/2026:04:04:50 +0000] "POST /wp-login.php HTTP/1.1" 200 2400 "-" "Mozilla/5.0 (Windows NT 10.0; Win64; rv:143.0) Gecko/20100101 Firefox/143.0"
103.86.108.235 - - [30/Jul/2026:04:04:50 +0000] "POST /wp-login.php HTTP/1.1" 200 2399 "-" "Mozilla/5.0 (Windows NT 10.0; Win64; rv:143.0) Gecko/20100101 Firefox/143.0"
123.50.89.228 - - [30/Jul/2026:04:04:50 +0000] "GET / HTTP/1.1" 200 41397 "-" "Mozilla/5.0 (Windows NT 10.0; Win64; x64) AppleWebKit/537.36 (KHTML, like Gecko) Chrome/120.0.0.0 Safari/537.36"
123.50.89.228 - - [30/Jul/2026:04:04:51 +0000] "GET /wp-json/wp/v2/settings HTTP/1.1" 200 839 "-" "Mozilla/5.0 (Windows NT 10.0; Win64; x64) AppleWebKit/537.36 (KHTML, like Gecko) Chrome/120.0.0.0 Safari/537.36"
123.50.89.228 - - [30/Jul/2026:04:04:52 +0000] "GET /wp-json/wp/v2/pages/50 HTTP/1.1" 200 105125 "-" "Mozilla/5.0 (Windows NT 10.0; Win64; x64) AppleWebKit/537.36 (KHTML, like Gecko) Chrome/120.0.0.0 Safari/537.36"
123.50.89.228 - - [30/Jul/2026:04:04:54 +0000] "POST /wp-json/wp/v2/pages/50 HTTP/1.1" 200 208983 "-" "Mozilla/5.0 (Windows NT 10.0; Win64; x64) AppleWebKit/537.36 (KHTML, like Gecko) Chrome/120.0.0.0 Safari/537.36"
85.155.190.233 - - [30/Jul/2026:04:05:04 +0000] "POST /wp-cron.php?doing_wp_cron=1785384304.1155440807342529296875 HTTP/1.1" 200 31 "-" "WordPress/7.0; https://moonbloomwalls.com"
27.72.230.74 - - [30/Jul/2026:04:05:04 +0000] "GET /?page_id=50 HTTP/1.1" 301 5 "-" "Mozilla/5.0 (Windows NT 10.0; Win64; x64) AppleWebKit/537.36 (KHTML, like Gecko) Chrome/120.0.0.0 Safari/537.36"
27.72.230.74 - - [30/Jul/2026:04:05:05 +0000] "GET / HTTP/1.1" 200 41401 "-" "Mozilla/5.0 (Windows NT 10.0; Win64; x64) AppleWebKit/537.36 (KHTML, like Gecko) Chrome/120.0.0.0 Safari/537.36"
85.155.190.233 - - [30/Jul/2026:04:05:12 +0000] "POST /wp-cron.php?doing_wp_cron=1785384312.6436660289764404296875 HTTP/1.1" 200 31 "-" "WordPress/7.0; https://moonbloomwalls.com"
66.249.64.225 - - [30/Jul/2026:04:05:12 +0000] "POST /?wc-ajax=get_refreshed_fragments HTTP/1.1" 200 615 "https://moonbloomwalls.com/2024/06/09/vavada-besplatne-vrtnje-2026-vodic-za-igrace/" "Mozilla/5.0 (Linux; Android 6.0.1; Nexus 5X Build/MMB29P) AppleWebKit/537.36 (KHTML, like Gecko) Chrome/150.0.7871.186 Mobile Safari/537.36 (compatible; Googlebot/2.1; +http://www.google.com/bot.html)"
192.178.4.130 - - [30/Jul/2026:04:05:18 +0000] "GET /robots.txt HTTP/1.1" 301 5 "-" "Mozilla/5.0 (compatible; Googlebot/2.1; +http://www.google.com/bot.html)"
66.249.64.224 - - [30/Jul/2026:04:05:18 +0000] "GET /robots.txt HTTP/1.1" 200 336 "-" "Mozilla/5.0 (compatible; Googlebot/2.1; +http://www.google.com/bot.html)"
192.178.4.130 - - [30/Jul/2026:04:05:19 +0000] "GET / HTTP/1.1" 301 5 "-" "Mozilla/5.0 (Linux; Android 6.0.1; Nexus 5X Build/MMB29P) AppleWebKit/537.36 (KHTML, like Gecko) Chrome/150.0.7871.186 Mobile Safari/537.36 (compatible; Googlebot/2.1; +http://www.google.com/bot.html)"
66.249.64.225 - - [30/Jul/2026:04:05:19 +0000] "GET / HTTP/1.1" 200 37739 "-" "Mozilla/5.0 (Linux; Android 6.0.1; Nexus 5X Build/MMB29P) AppleWebKit/537.36 (KHTML, like Gecko) Chrome/150.0.7871.186 Mobile Safari/537.36 (compatible; Googlebot/2.1; +http://www.google.com/bot.html)"
43.134.100.175 - - [30/Jul/2026:04:05:41 +0000] "GET /2026/04/17/what-makes-spinmama-casino-stand-out-in-2023/ HTTP/1.1" 200 27699 "-" "Mozilla/5.0 (iPhone; CPU iPhone OS 13_2_3 like Mac OS X) AppleWebKit/605.1.15 (KHTML, like Gecko) Version/13.0.3 Mobile/15E148 Safari/604.1"
103.86.108.235 - - [30/Jul/2026:04:06:22 +0000] "POST /wp-login.php HTTP/1.1" 200 2400 "-" "Mozilla/5.0 (Windows NT 10.0; Win64; x64) AppleWebKit/537.36 Chrome/129.0.0.0 Safari/537.36"
85.155.190.233 - - [30/Jul/2026:04:06:22 +0000] "POST /wp-cron.php?doing_wp_cron=1785384382.0317699909210205078125 HTTP/1.1" 200 31 "-" "WordPress/7.0; https://moonbloomwalls.com"
103.86.108.235 - - [30/Jul/2026:04:06:22 +0000] "POST /wp-login.php HTTP/1.1" 200 2399 "-" "Mozilla/5.0 (Windows NT 10.0; Win64; rv:143.0) Gecko/20100101 Firefox/143.0"
85.155.190.233 - - [30/Jul/2026:04:07:12 +0000] "POST /wp-cron.php?doing_wp_cron=1785384432.4799270629882812500000 HTTP/1.1" 200 31 "-" "WordPress/7.0; https://moonbloomwalls.com"
88.203.7.245 - - [30/Jul/2026:04:07:12 +0000] "GET / HTTP/1.1" 200 37739 "-" "Mozilla/5.0 (Windows NT 10.0; Win64; x64) AppleWebKit/537.36 (KHTML, like Gecko) Chrome/120.0.0.0 Safari/537.36"
96.55.246.171 - - [30/Jul/2026:04:07:15 +0000] "GET /wp-login.php HTTP/1.1" 200 2240 "-" "Mozilla/5.0 (Windows NT 10.0; Win64; x64) AppleWebKit/537.36 (KHTML, like Gecko) Chrome/120.0.0.0 Safari/537.36"
96.55.246.171 - - [30/Jul/2026:04:07:16 +0000] "POST /wp-login.php HTTP/1.1" 302 5 "https://moonbloomwalls.com/wp-login.php" "Mozilla/5.0 (Windows NT 10.0; Win64; x64) AppleWebKit/537.36 (KHTML, like Gecko) Chrome/120.0.0.0 Safari/537.36"
96.55.246.171 - - [30/Jul/2026:04:07:17 +0000] "GET /wp-admin/ HTTP/1.1" 200 67331 "https://moonbloomwalls.com/wp-login.php" "Mozilla/5.0 (Windows NT 10.0; Win64; x64) AppleWebKit/537.36 (KHTML, like Gecko) Chrome/120.0.0.0 Safari/537.36"
194.46.246.169 - - [30/Jul/2026:04:07:21 +0000] "GET /wp-admin/ HTTP/1.1" 200 67326 "-" "Mozilla/5.0 (Windows NT 10.0; Win64; x64) AppleWebKit/537.36 (KHTML, like Gecko) Chrome/120.0.0.0 Safari/537.36"
194.46.246.169 - - [30/Jul/2026:04:07:23 +0000] "GET /wp-admin/post-new.php HTTP/1.1" 200 224009 "-" "Mozilla/5.0 (Windows NT 10.0; Win64; x64) AppleWebKit/537.36 (KHTML, like Gecko) Chrome/120.0.0.0 Safari/537.36"
194.46.246.169 - - [30/Jul/2026:04:07:26 +0000] "POST /xmlrpc.php HTTP/1.1" 403 118 "-" "WordPress/5.0; https://moonbloomwalls.com"
194.46.246.169 - - [30/Jul/2026:04:07:28 +0000] "GET /wp-admin/admin-ajax.php?action=rest-nonce HTTP/1.1" 200 41 "-" "Mozilla/5.0 (Windows NT 10.0; Win64; x64) AppleWebKit/537.36 (KHTML, like Gecko) Chrome/120.0.0.0 Safari/537.36"
194.46.246.169 - - [30/Jul/2026:04:07:29 +0000] "GET /wp-json/wp/v2/plugins HTTP/1.1" 200 5925 "-" "Mozilla/5.0 (Windows NT 10.0; Win64; x64) AppleWebKit/537.36 (KHTML, like Gecko) Chrome/120.0.0.0 Safari/537.36"
194.46.246.169 - - [30/Jul/2026:04:07:31 +0000] "GET / HTTP/1.1" 200 41402 "-" "Mozilla/5.0 (Windows NT 10.0; Win64; x64) AppleWebKit/537.36 (KHTML, like Gecko) Chrome/120.0.0.0 Safari/537.36"
194.46.246.169 - - [30/Jul/2026:04:07:32 +0000] "GET /wp-json/wp/v2/settings HTTP/1.1" 200 839 "-" "Mozilla/5.0 (Windows NT 10.0; Win64; x64) AppleWebKit/537.36 (KHTML, like Gecko) Chrome/120.0.0.0 Safari/537.36"
194.46.246.169 - - [30/Jul/2026:04:07:34 +0000] "GET /wp-json/wp/v2/pages/50 HTTP/1.1" 200 105278 "-" "Mozilla/5.0 (Windows NT 10.0; Win64; x64) AppleWebKit/537.36 (KHTML, like Gecko) Chrome/120.0.0.0 Safari/537.36"
66.249.64.226 - - [30/Jul/2026:04:07:34 +0000] "GET /2026/07/29/la-tecnologia-dietro-le-esperienze-di-gioco-nei-casino-non-aams/ HTTP/1.1" 200 28447 "-" "Mozilla/5.0 (Linux; Android 6.0.1; Nexus 5X Build/MMB29P) AppleWebKit/537.36 (KHTML, like Gecko) Chrome/150.0.7871.186 Mobile Safari/537.36 (compatible; GoogleOther)"
66.249.64.225 - - [30/Jul/2026:04:07:37 +0000] "POST /?wc-ajax=get_refreshed_fragments HTTP/1.1" 200 615 "https://moonbloomwalls.com/2026/07/29/la-tecnologia-dietro-le-esperienze-di-gioco-nei-casino-non-aams/" "Mozilla/5.0 (Linux; Android 6.0.1; Nexus 5X Build/MMB29P) AppleWebKit/537.36 (KHTML, like Gecko) Chrome/150.0.7871.186 Mobile Safari/537.36 (compatible; GoogleOther)"
194.46.246.169 - - [30/Jul/2026:04:07:37 +0000] "POST /wp-json/wp/v2/pages/50 HTTP/1.1" 200 209435 "-" "Mozilla/5.0 (Windows NT 10.0; Win64; x64) AppleWebKit/537.36 (KHTML, like Gecko) Chrome/120.0.0.0 Safari/537.36"
201.174.105.253 - - [30/Jul/2026:04:07:49 +0000] "GET /?page_id=50 HTTP/1.1" 301 5 "-" "Mozilla/5.0 (Windows NT 10.0; Win64; x64) AppleWebKit/537.36 (KHTML, like Gecko) Chrome/120.0.0.0 Safari/537.36"
201.174.105.253 - - [30/Jul/2026:04:07:52 +0000] "GET / HTTP/1.1" 200 41421 "-" "Mozilla/5.0 (Windows NT 10.0; Win64; x64) AppleWebKit/537.36 (KHTML, like Gecko) Chrome/120.0.0.0 Safari/537.36"
85.155.190.233 - - [30/Jul/2026:04:09:37 +0000] "POST /wp-cron.php?doing_wp_cron=1785384577.5068099498748779296875 HTTP/1.1" 200 31 "-" "WordPress/7.0; https://moonbloomwalls.com"
78.243.104.58 - - [30/Jul/2026:04:09:37 +0000] "GET / HTTP/1.1" 200 37760 "-" "Mozilla/5.0 (Windows NT 10.0; Win64; x64) AppleWebKit/537.36 (KHTML, like Gecko) Chrome/120.0.0.0 Safari/537.36"
45.71.154.49 - - [30/Jul/2026:04:09:41 +0000] "GET /wp-login.php HTTP/1.1" 200 2240 "-" "Mozilla/5.0 (Windows NT 10.0; Win64; x64) AppleWebKit/537.36 (KHTML, like Gecko) Chrome/120.0.0.0 Safari/537.36"
45.71.154.49 - - [30/Jul/2026:04:09:42 +0000] "POST /wp-login.php HTTP/1.1" 302 5 "https://moonbloomwalls.com/wp-login.php" "Mozilla/5.0 (Windows NT 10.0; Win64; x64) AppleWebKit/537.36 (KHTML, like Gecko) Chrome/120.0.0.0 Safari/537.36"
45.71.154.49 - - [30/Jul/2026:04:09:44 +0000] "GET /wp-admin/ HTTP/1.1" 200 67334 "https://moonbloomwalls.com/wp-login.php" "Mozilla/5.0 (Windows NT 10.0; Win64; x64) AppleWebKit/537.36 (KHTML, like Gecko) Chrome/120.0.0.0 Safari/537.36"
85.155.190.233 - - [30/Jul/2026:04:10:03 +0000] "POST /wp-cron.php?doing_wp_cron=1785384603.7002999782562255859375 HTTP/1.1" 200 31 "-" "WordPress/7.0; https://moonbloomwalls.com"
103.204.209.58 - - [30/Jul/2026:04:10:04 +0000] "GET /wp-admin/post-new.php HTTP/1.1" 200 224002 "-" "Mozilla/5.0 (Windows NT 10.0; Win64; x64) AppleWebKit/537.36 (KHTML, like Gecko) Chrome/120.0.0.0 Safari/537.36"
103.204.209.58 - - [30/Jul/2026:04:10:06 +0000] "POST /xmlrpc.php HTTP/1.1" 403 118 "-" "WordPress/5.0; https://moonbloomwalls.com"
103.204.209.58 - - [30/Jul/2026:04:10:07 +0000] "GET /wp-admin/admin-ajax.php?action=rest-nonce HTTP/1.1" 200 41 "-" "Mozilla/5.0 (Windows NT 10.0; Win64; x64) AppleWebKit/537.36 (KHTML, like Gecko) Chrome/120.0.0.0 Safari/537.36"
103.204.209.58 - - [30/Jul/2026:04:10:08 +0000] "GET /wp-json/wp/v2/plugins HTTP/1.1" 200 5931 "-" "Mozilla/5.0 (Windows NT 10.0; Win64; x64) AppleWebKit/537.36 (KHTML, like Gecko) Chrome/120.0.0.0 Safari/537.36"
103.204.209.58 - - [30/Jul/2026:04:10:10 +0000] "GET / HTTP/1.1" 200 41420 "-" "Mozilla/5.0 (Windows NT 10.0; Win64; x64) AppleWebKit/537.36 (KHTML, like Gecko) Chrome/120.0.0.0 Safari/537.36"
103.204.209.58 - - [30/Jul/2026:04:10:12 +0000] "GET /wp-json/wp/v2/settings HTTP/1.1" 200 839 "-" "Mozilla/5.0 (Windows NT 10.0; Win64; x64) AppleWebKit/537.36 (KHTML, like Gecko) Chrome/120.0.0.0 Safari/537.36"
103.204.209.58 - - [30/Jul/2026:04:10:14 +0000] "GET /wp-json/wp/v2/pages/50 HTTP/1.1" 200 105475 "-" "Mozilla/5.0 (Windows NT 10.0; Win64; x64) AppleWebKit/537.36 (KHTML, like Gecko) Chrome/120.0.0.0 Safari/537.36"
103.204.209.58 - - [30/Jul/2026:04:10:18 +0000] "POST /wp-json/wp/v2/pages/50 HTTP/1.1" 200 209818 "-" "Mozilla/5.0 (Windows NT 10.0; Win64; x64) AppleWebKit/537.36 (KHTML, like Gecko) Chrome/120.0.0.0 Safari/537.36"
45.181.45.46 - - [30/Jul/2026:04:10:24 +0000] "GET /?page_id=50 HTTP/1.1" 301 5 "-" "Mozilla/5.0 (Windows NT 10.0; Win64; x64) AppleWebKit/537.36 (KHTML, like Gecko) Chrome/120.0.0.0 Safari/537.36"
45.181.45.46 - - [30/Jul/2026:04:10:25 +0000] "GET / HTTP/1.1" 200 41433 "-" "Mozilla/5.0 (Windows NT 10.0; Win64; x64) AppleWebKit/537.36 (KHTML, like Gecko) Chrome/120.0.0.0 Safari/537.36"
85.155.190.233 - - [30/Jul/2026:04:11:12 +0000] "POST /wp-cron.php?doing_wp_cron=1785384672.3912909030914306640625 HTTP/1.1" 200 31 "-" "WordPress/7.0; https://moonbloomwalls.com"
86.98.188.90 - - [30/Jul/2026:04:11:12 +0000] "GET / HTTP/1.1" 200 37777 "-" "Mozilla/5.0 (Windows NT 10.0; Win64; x64) AppleWebKit/537.36 (KHTML, like Gecko) Chrome/120.0.0.0 Safari/537.36"
201.238.125.95 - - [30/Jul/2026:04:11:14 +0000] "GET /wp-login.php HTTP/1.1" 200 2240 "-" "Mozilla/5.0 (Windows NT 10.0; Win64; x64) AppleWebKit/537.36 (KHTML, like Gecko) Chrome/120.0.0.0 Safari/537.36"
201.238.125.95 - - [30/Jul/2026:04:11:15 +0000] "POST /wp-login.php HTTP/1.1" 302 5 "https://moonbloomwalls.com/wp-login.php" "Mozilla/5.0 (Windows NT 10.0; Win64; x64) AppleWebKit/537.36 (KHTML, like Gecko) Chrome/120.0.0.0 Safari/537.36"
201.238.125.95 - - [30/Jul/2026:04:11:16 +0000] "GET /wp-admin/ HTTP/1.1" 200 67328 "https://moonbloomwalls.com/wp-login.php" "Mozilla/5.0 (Windows NT 10.0; Win64; x64) AppleWebKit/537.36 (KHTML, like Gecko) Chrome/120.0.0.0 Safari/537.36"
104.205.194.184 - - [30/Jul/2026:04:11:19 +0000] "GET /wp-admin/ HTTP/1.1" 200 67326 "-" "Mozilla/5.0 (Windows NT 10.0; Win64; x64) AppleWebKit/537.36 (KHTML, like Gecko) Chrome/120.0.0.0 Safari/537.36"
104.205.194.184 - - [30/Jul/2026:04:11:21 +0000] "GET /wp-admin/post-new.php HTTP/1.1" 200 223998 "-" "Mozilla/5.0 (Windows NT 10.0; Win64; x64) AppleWebKit/537.36 (KHTML, like Gecko) Chrome/120.0.0.0 Safari/537.36"
104.205.194.184 - - [30/Jul/2026:04:11:24 +0000] "POST /xmlrpc.php HTTP/1.1" 403 118 "-" "WordPress/5.0; https://moonbloomwalls.com"
104.205.194.184 - - [30/Jul/2026:04:11:25 +0000] "GET /wp-admin/admin-ajax.php?action=rest-nonce HTTP/1.1" 200 41 "-" "Mozilla/5.0 (Windows NT 10.0; Win64; x64) AppleWebKit/537.36 (KHTML, like Gecko) Chrome/120.0.0.0 Safari/537.36"
104.205.194.184 - - [30/Jul/2026:04:11:26 +0000] "GET /wp-json/wp/v2/plugins HTTP/1.1" 200 5925 "-" "Mozilla/5.0 (Windows NT 10.0; Win64; x64) AppleWebKit/537.36 (KHTML, like Gecko) Chrome/120.0.0.0 Safari/537.36"
104.205.194.184 - - [30/Jul/2026:04:11:28 +0000] "GET / HTTP/1.1" 200 41434 "-" "Mozilla/5.0 (Windows NT 10.0; Win64; x64) AppleWebKit/537.36 (KHTML, like Gecko) Chrome/120.0.0.0 Safari/537.36"
104.205.194.184 - - [30/Jul/2026:04:11:29 +0000] "GET /wp-json/wp/v2/settings HTTP/1.1" 200 839 "-" "Mozilla/5.0 (Windows NT 10.0; Win64; x64) AppleWebKit/537.36 (KHTML, like Gecko) Chrome/120.0.0.0 Safari/537.36"
104.205.194.184 - - [30/Jul/2026:04:11:31 +0000] "GET /wp-json/wp/v2/pages/50 HTTP/1.1" 200 105678 "-" "Mozilla/5.0 (Windows NT 10.0; Win64; x64) AppleWebKit/537.36 (KHTML, like Gecko) Chrome/120.0.0.0 Safari/537.36"
104.205.194.184 - - [30/Jul/2026:04:11:34 +0000] "POST /wp-json/wp/v2/pages/50 HTTP/1.1" 200 210247 "-" "Mozilla/5.0 (Windows NT 10.0; Win64; x64) AppleWebKit/537.36 (KHTML, like Gecko) Chrome/120.0.0.0 Safari/537.36"
42.115.249.34 - - [30/Jul/2026:04:11:39 +0000] "GET /?page_id=50 HTTP/1.1" 301 5 "-" "Mozilla/5.0 (Windows NT 10.0; Win64; x64) AppleWebKit/537.36 (KHTML, like Gecko) Chrome/120.0.0.0 Safari/537.36"
42.115.249.34 - - [30/Jul/2026:04:11:40 +0000] "GET / HTTP/1.1" 200 41446 "-" "Mozilla/5.0 (Windows NT 10.0; Win64; x64) AppleWebKit/537.36 (KHTML, like Gecko) Chrome/120.0.0.0 Safari/537.36"
85.155.190.233 - - [30/Jul/2026:04:12:52 +0000] "POST /wp-cron.php?doing_wp_cron=1785384772.0406389236450195312500 HTTP/1.1" 200 31 "-" "WordPress/7.0; https://moonbloomwalls.com"
103.168.66.101 - - [30/Jul/2026:04:12:52 +0000] "GET / HTTP/1.1" 200 190832 "-" "Mozilla/5.0 (Windows NT 10.0; Win64; x64) AppleWebKit/537.36 (KHTML, like Gecko) Chrome/124.0.0.0 Safari/537.36"
103.168.66.101 - - [30/Jul/2026:04:13:02 +0000] "GET / HTTP/1.1" 200 190832 "http://moonbloomwalls.com" "Mozilla/5.0 (Windows NT 10.0; Win64; x64) AppleWebKit/537.36 (KHTML, like Gecko) Chrome/124.0.0.0 Safari/537.36"
85.155.190.233 - - [30/Jul/2026:04:15:08 +0000] "POST /wp-cron.php?doing_wp_cron=1785384908.4776029586791992187500 HTTP/1.1" 200 31 "-" "WordPress/7.0; https://moonbloomwalls.com"
66.249.64.226 - - [30/Jul/2026:04:15:08 +0000] "GET /2026/02/05/choosing-the-right-game-for-your-50-crowns-casino-experience/ HTTP/1.1" 200 27796 "-" "Mozilla/5.0 (Linux; Android 6.0.1; Nexus 5X Build/MMB29P) AppleWebKit/537.36 (KHTML, like Gecko) Chrome/150.0.7871.186 Mobile Safari/537.36 (compatible; Googlebot/2.1; +http://www.google.com/bot.html)"
49.51.141.76 - - [30/Jul/2026:04:15:52 +0000] "GET /2026/04/22/the-trust-factor-is-spinago-casino-reliable-for-players/ HTTP/1.1" 200 27559 "-" "Mozilla/5.0 (iPhone; CPU iPhone OS 13_2_3 like Mac OS X) AppleWebKit/605.1.15 (KHTML, like Gecko) Version/13.0.3 Mobile/15E148 Safari/604.1"
85.155.190.233 - - [30/Jul/2026:04:16:26 +0000] "POST /wp-cron.php?doing_wp_cron=1785384986.2482080459594726562500 HTTP/1.1" 200 31 "-" "WordPress/7.0; https://moonbloomwalls.com"
173.208.148.34 - - [30/Jul/2026:04:16:26 +0000] "GET / HTTP/1.1" 200 190832 "-" "Mozilla/5.0 (Windows NT 10.0; Win64; x64) AppleWebKit/537.36 (KHTML, like Gecko) Chrome/131.0.0.0 Safari/537.36"
173.208.148.34 - - [30/Jul/2026:04:16:27 +0000] "GET / HTTP/1.1" 200 190832 "-" "Mozilla/5.0 (compatible; Googlebot/2.1; +http://www.google.com/bot.html)"
173.208.148.34 - - [30/Jul/2026:04:16:28 +0000] "GET /index.php?params=1 HTTP/1.1" 502 552 "-" "Mozilla/5.0 (Windows NT 10.0; Win64; x64) AppleWebKit/537.36 (KHTML, like Gecko) Chrome/131.0.0.0 Safari/537.36"
85.155.190.233 - - [30/Jul/2026:04:21:23 +0000] "POST /wp-cron.php?doing_wp_cron=1785385283.4409039020538330078125 HTTP/1.1" 200 31 "-" "WordPress/7.0; https://moonbloomwalls.com"
156.59.62.149 - - [30/Jul/2026:04:21:23 +0000] "POST /wp-login.php HTTP/1.1" 200 2400 "-" "Mozilla/5.0 (X11; Linux x86_64) AppleWebKit/537.36 (KHTML, like Gecko) Chrome/129.0.0.0 Safari/537.36"
156.59.62.149 - - [30/Jul/2026:04:21:23 +0000] "POST /wp-login.php HTTP/1.1" 200 2399 "-" "Mozilla/5.0 (Linux; Android 12; SM-G991B) AppleWebKit/537.36 (KHTML, like Gecko) Chrome/129.0.0.0 Mobile Safari/537.36"
85.155.190.233 - - [30/Jul/2026:04:22:17 +0000] "POST /wp-cron.php?doing_wp_cron=1785385337.8482789993286132812500 HTTP/1.1" 200 31 "-" "WordPress/7.0; https://moonbloomwalls.com"
104.28.156.139 - - [30/Jul/2026:04:22:17 +0000] "POST /wp-login.php HTTP/1.1" 200 2400 "-" "Mozilla/5.0 (Windows NT 10.0; Win64; x64) AppleWebKit/537.36 Chrome/129.0.0.0 Safari/537.36"
85.155.190.233 - - [30/Jul/2026:04:22:17 +0000] "POST /wp-cron.php?doing_wp_cron=1785385337.8482799530029296875000 HTTP/1.1" 200 31 "-" "WordPress/7.0; https://moonbloomwalls.com"
104.28.156.139 - - [30/Jul/2026:04:22:17 +0000] "POST /wp-login.php HTTP/1.1" 200 2399 "-" "Mozilla/5.0 (Windows NT 10.0; Win64; x64) AppleWebKit/537.36 Chrome/129.0.0.0 Safari/537.36"
66.249.64.224 - - [30/Jul/2026:04:22:34 +0000] "GET /2026/07/29/mostbet-mutmadi-kampaniyalari-hangi-gunlrd-bonuslar-hmiyytlidir/ HTTP/1.1" 200 27989 "-" "Mozilla/5.0 (Linux; Android 6.0.1; Nexus 5X Build/MMB29P) AppleWebKit/537.36 (KHTML, like Gecko) Chrome/150.0.7871.186 Mobile Safari/537.36 (compatible; GoogleOther)"
66.249.64.224 - - [30/Jul/2026:04:22:37 +0000] "POST /?wc-ajax=get_refreshed_fragments HTTP/1.1" 200 615 "https://moonbloomwalls.com/2026/07/29/mostbet-mutmadi-kampaniyalari-hangi-gunlrd-bonuslar-hmiyytlidir/" "Mozilla/5.0 (Linux; Android 6.0.1; Nexus 5X Build/MMB29P) AppleWebKit/537.36 (KHTML, like Gecko) Chrome/150.0.7871.186 Mobile Safari/537.36 (compatible; GoogleOther)"
85.155.190.233 - - [30/Jul/2026:04:23:53 +0000] "POST /wp-cron.php?doing_wp_cron=1785385433.6242699623107910156250 HTTP/1.1" 200 31 "-" "WordPress/7.0; https://moonbloomwalls.com"
104.28.156.139 - - [30/Jul/2026:04:23:53 +0000] "POST /wp-login.php HTTP/1.1" 200 2399 "-" "Mozilla/5.0 (Windows NT 10.0; Win64; x64) AppleWebKit/537.36 Chrome/129.0.0.0 Safari/537.36"
85.155.190.233 - - [30/Jul/2026:04:23:53 +0000] "POST /wp-cron.php?doing_wp_cron=1785385433.7591209411621093750000 HTTP/1.1" 200 31 "-" "WordPress/7.0; https://moonbloomwalls.com"
104.28.156.139 - - [30/Jul/2026:04:23:53 +0000] "POST /wp-login.php HTTP/1.1" 200 2400 "-" "Mozilla/5.0 (Macintosh; Intel Mac OS X 10_15_7) AppleWebKit/605.1.15 Version/17.0 Safari/605.1.15"
178.156.227.97 - - [30/Jul/2026:04:25:09 +0000] "GET /2023/11/17/logowanie-do-kasyna-vavada-funkcje-i-opcje/ HTTP/1.1" 200 28770 "-" "Mozilla/5.0 (Macintosh; Intel Mac OS X 10_15_7) AppleWebKit/605.1.15 (KHTML, like Gecko) Version/26.0.1 Safari/605.1.15"
85.155.190.233 - - [30/Jul/2026:04:25:09 +0000] "POST /wp-cron.php?doing_wp_cron=1785385508.6600100994110107421875 HTTP/1.1" 200 31 "-" "WordPress/7.0; https://moonbloomwalls.com"
5.161.225.78 - - [30/Jul/2026:04:25:09 +0000] "GET /2024/07/26/nowosci-vavada-kasyno-dla-graczy-w-2026-roku/ HTTP/1.1" 200 29267 "-" "Mozilla/5.0 (Macintosh; Intel Mac OS X 10_15_7) AppleWebKit/605.1.15 (KHTML, like Gecko) Version/26.0.1 Safari/605.1.15"
85.155.190.233 - - [30/Jul/2026:04:25:09 +0000] "POST /wp-cron.php?doing_wp_cron=1785385508.6474170684814453125000 HTTP/1.1" 200 31 "-" "WordPress/7.0; https://moonbloomwalls.com"
178.156.239.42 - - [30/Jul/2026:04:25:09 +0000] "GET /category/allgemein/ HTTP/1.1" 200 25096 "-" "Mozilla/5.0 (Macintosh; Intel Mac OS X 10_15_7) AppleWebKit/605.1.15 (KHTML, like Gecko) Version/26.0.1 Safari/605.1.15"
85.155.190.233 - - [30/Jul/2026:04:25:09 +0000] "POST /wp-cron.php?doing_wp_cron=1785385508.7392280101776123046875 HTTP/1.1" 200 31 "-" "WordPress/7.0; https://moonbloomwalls.com"
5.78.207.34 - - [30/Jul/2026:04:25:09 +0000] "GET / HTTP/1.1" 200 37782 "-" "Mozilla/5.0 (Macintosh; Intel Mac OS X 10_15_7) AppleWebKit/605.1.15 (KHTML, like Gecko) Version/26.0.1 Safari/605.1.15"
178.156.227.97 - - [30/Jul/2026:04:25:10 +0000] "GET /contact/ HTTP/1.1" 200 23547 "-" "Mozilla/5.0 (Macintosh; Intel Mac OS X 10_15_7) AppleWebKit/605.1.15 (KHTML, like Gecko) Version/26.0.1 Safari/605.1.15"
178.156.227.97 - - [30/Jul/2026:04:25:10 +0000] "GET /2023/08/09/vavada-vkhod-v-sistemu-i-dostup-k-igram-onlain/ HTTP/1.1" 200 29822 "-" "Mozilla/5.0 (Macintosh; Intel Mac OS X 10_15_7) AppleWebKit/605.1.15 (KHTML, like Gecko) Version/26.0.1 Safari/605.1.15"
178.156.227.97 - - [30/Jul/2026:04:25:10 +0000] "GET /2023/12/26/vavada-kasiino-2026-mangud-ja-boonuste-ulevaade/ HTTP/1.1" 200 29350 "-" "Mozilla/5.0 (Macintosh; Intel Mac OS X 10_15_7) AppleWebKit/605.1.15 (KHTML, like Gecko) Version/26.0.1 Safari/605.1.15"
178.156.227.97 - - [30/Jul/2026:04:25:10 +0000] "GET /2023/08/18/vavada-bonusi-za-vsichki-igrachi-prez-godinata/ HTTP/1.1" 200 30232 "-" "Mozilla/5.0 (Macintosh; Intel Mac OS X 10_15_7) AppleWebKit/605.1.15 (KHTML, like Gecko) Version/26.0.1 Safari/605.1.15"
43.159.34.167 - - [30/Jul/2026:04:25:10 +0000] "GET /2026/07/28/was-sind-die-wettanbieter-ohne-oasis-fur-sportwetten/ HTTP/1.1" 200 29001 "-" "Mozilla/5.0 (iPhone; CPU iPhone OS 13_2_3 like Mac OS X) AppleWebKit/605.1.15 (KHTML, like Gecko) Version/13.0.3 Mobile/15E148 Safari/604.1"
103.154.49.91 - - [30/Jul/2026:04:25:52 +0000] "GET /wp-login.php HTTP/1.1" 200 2240 "https://moonbloomwalls.com" "Mozilla/5.0 (Windows NT 10.0; WOW64) AppleWebKit/537.36 (KHTML, like Gecko) Chrome/72.0.3626.121 Safari/537.36"
103.154.49.91 - - [30/Jul/2026:04:25:53 +0000] "POST /wp-login.php HTTP/1.1" 302 5 "https://moonbloomwalls.com" "Mozilla/5.0 (Windows NT 10.0; WOW64) AppleWebKit/537.36 (KHTML, like Gecko) Chrome/72.0.3626.121 Safari/537.36"
103.154.49.91 - - [30/Jul/2026:04:25:54 +0000] "GET /wp-admin/ HTTP/1.1" 200 67350 "https://moonbloomwalls.com" "Mozilla/5.0 (Windows NT 10.0; WOW64) AppleWebKit/537.36 (KHTML, like Gecko) Chrome/72.0.3626.121 Safari/537.36"
103.154.49.91 - - [30/Jul/2026:04:25:56 +0000] "GET /wp-admin/ HTTP/1.1" 200 67348 "https://moonbloomwalls.com" "Mozilla/5.0 (Windows NT 10.0; WOW64) AppleWebKit/537.36 (KHTML, like Gecko) Chrome/72.0.3626.121 Safari/537.36"
103.154.49.91 - - [30/Jul/2026:04:25:57 +0000] "GET /wp-admin/plugin-install.php?tab=upload HTTP/1.1" 200 59975 "https://moonbloomwalls.com" "Mozilla/5.0 (Windows NT 10.0; WOW64) AppleWebKit/537.36 (KHTML, like Gecko) Chrome/72.0.3626.121 Safari/537.36"
103.154.49.91 - - [30/Jul/2026:04:25:59 +0000] "POST /wp-admin/update.php?action=upload-plugin HTTP/1.1" 200 57528 "https://moonbloomwalls.com" "Mozilla/5.0 (Windows NT 10.0; WOW64) AppleWebKit/537.36 (KHTML, like Gecko) Chrome/72.0.3626.121 Safari/537.36"
103.154.49.91 - - [30/Jul/2026:04:26:00 +0000] "GET /wp-content/plugins/zqmpintjsf/index.php HTTP/1.1" 404 181 "https://moonbloomwalls.com" "Mozilla/5.0 (Windows NT 10.0; WOW64) AppleWebKit/537.36 (KHTML, like Gecko) Chrome/72.0.3626.121 Safari/537.36"
103.154.49.91 - - [30/Jul/2026:04:26:02 +0000] "POST /wp-admin/update.php?action=upload-plugin HTTP/1.1" 200 57527 "https://moonbloomwalls.com" "Mozilla/5.0 (Windows NT 10.0; WOW64) AppleWebKit/537.36 (KHTML, like Gecko) Chrome/72.0.3626.121 Safari/537.36"
103.154.49.91 - - [30/Jul/2026:04:26:02 +0000] "GET /wp-content/plugins/zqmpintjsf/index.php HTTP/1.1" 404 181 "https://moonbloomwalls.com" "Mozilla/5.0 (Windows NT 10.0; WOW64) AppleWebKit/537.36 (KHTML, like Gecko) Chrome/72.0.3626.121 Safari/537.36"
85.155.190.233 - - [30/Jul/2026:04:26:04 +0000] "POST /wp-cron.php?doing_wp_cron=1785385564.8069388866424560546875 HTTP/1.1" 200 31 "-" "WordPress/7.0; https://moonbloomwalls.com"
103.154.49.91 - - [30/Jul/2026:04:26:04 +0000] "POST /wp-admin/update.php?action=upload-plugin HTTP/1.1" 200 57528 "https://moonbloomwalls.com" "Mozilla/5.0 (Windows NT 10.0; WOW64) AppleWebKit/537.36 (KHTML, like Gecko) Chrome/72.0.3626.121 Safari/537.36"
103.154.49.91 - - [30/Jul/2026:04:26:05 +0000] "GET /wp-content/plugins/zqmpintjsf/index.php HTTP/1.1" 404 181 "https://moonbloomwalls.com" "Mozilla/5.0 (Windows NT 10.0; WOW64) AppleWebKit/537.36 (KHTML, like Gecko) Chrome/72.0.3626.121 Safari/537.36"
103.154.49.91 - - [30/Jul/2026:04:26:06 +0000] "GET /wp-admin/media-new.php HTTP/1.1" 200 59614 "https://moonbloomwalls.com" "Mozilla/5.0 (Windows NT 10.0; WOW64) AppleWebKit/537.36 (KHTML, like Gecko) Chrome/72.0.3626.121 Safari/537.36"
103.154.49.91 - - [30/Jul/2026:04:26:08 +0000] "POST /wp-admin/async-upload.php HTTP/1.1" 200 128 "https://moonbloomwalls.com" "Mozilla/5.0 (Windows NT 10.0; WOW64) AppleWebKit/537.36 (KHTML, like Gecko) Chrome/72.0.3626.121 Safari/537.36"
103.154.49.91 - - [30/Jul/2026:04:26:09 +0000] "GET /wp-content/uploads/2026/07/krkdxvio.php HTTP/1.1" 404 181 "https://moonbloomwalls.com" "Mozilla/5.0 (Windows NT 10.0; WOW64) AppleWebKit/537.36 (KHTML, like Gecko) Chrome/72.0.3626.121 Safari/537.36"
103.154.49.91 - - [30/Jul/2026:04:26:10 +0000] "POST /wp-admin/async-upload.php HTTP/1.1" 200 130 "https://moonbloomwalls.com" "Mozilla/5.0 (Windows NT 10.0; WOW64) AppleWebKit/537.36 (KHTML, like Gecko) Chrome/72.0.3626.121 Safari/537.36"
103.154.49.91 - - [30/Jul/2026:04:26:11 +0000] "GET /wp-content/uploads/2026/07/krkdxvio.phtml HTTP/1.1" 404 21385 "https://moonbloomwalls.com" "Mozilla/5.0 (Windows NT 10.0; WOW64) AppleWebKit/537.36 (KHTML, like Gecko) Chrome/72.0.3626.121 Safari/537.36"
103.154.49.91 - - [30/Jul/2026:04:26:13 +0000] "POST /wp-admin/async-upload.php HTTP/1.1" 200 129 "https://moonbloomwalls.com" "Mozilla/5.0 (Windows NT 10.0; WOW64) AppleWebKit/537.36 (KHTML, like Gecko) Chrome/72.0.3626.121 Safari/537.36"
103.154.49.91 - - [30/Jul/2026:04:26:13 +0000] "GET /wp-content/uploads/2026/07/krkdxvio.phar HTTP/1.1" 404 21385 "https://moonbloomwalls.com" "Mozilla/5.0 (Windows NT 10.0; WOW64) AppleWebKit/537.36 (KHTML, like Gecko) Chrome/72.0.3626.121 Safari/537.36"
103.154.49.91 - - [30/Jul/2026:04:26:15 +0000] "POST /wp-admin/async-upload.php HTTP/1.1" 200 129 "https://moonbloomwalls.com" "Mozilla/5.0 (Windows NT 10.0; WOW64) AppleWebKit/537.36 (KHTML, like Gecko) Chrome/72.0.3626.121 Safari/537.36"
103.154.49.91 - - [30/Jul/2026:04:26:16 +0000] "GET /wp-content/uploads/2026/07/krkdxvio.php5 HTTP/1.1" 404 21385 "https://moonbloomwalls.com" "Mozilla/5.0 (Windows NT 10.0; WOW64) AppleWebKit/537.36 (KHTML, like Gecko) Chrome/72.0.3626.121 Safari/537.36"
103.154.49.91 - - [30/Jul/2026:04:26:18 +0000] "POST /wp-admin/async-upload.php HTTP/1.1" 200 129 "https://moonbloomwalls.com" "Mozilla/5.0 (Windows NT 10.0; WOW64) AppleWebKit/537.36 (KHTML, like Gecko) Chrome/72.0.3626.121 Safari/537.36"
103.154.49.91 - - [30/Jul/2026:04:26:19 +0000] "GET /wp-content/uploads/2026/07/krkdxvio.php7 HTTP/1.1" 404 21385 "https://moonbloomwalls.com" "Mozilla/5.0 (Windows NT 10.0; WOW64) AppleWebKit/537.36 (KHTML, like Gecko) Chrome/72.0.3626.121 Safari/537.36"
66.249.64.224 - - [30/Jul/2026:04:26:20 +0000] "GET /2026/04/16/exploring-the-world-of-fortuneplay-casino-what-awaits-you/feed/ HTTP/1.1" 200 908 "-" "Mozilla/5.0 (Linux; Android 6.0.1; Nexus 5X Build/MMB29P) AppleWebKit/537.36 (KHTML, like Gecko) Chrome/150.0.7871.186 Mobile Safari/537.36 (compatible; GoogleOther)"
103.154.49.91 - - [30/Jul/2026:04:26:21 +0000] "GET /wp-admin/plugin-install.php?s=file-manager-advanced&tab=search&type=term HTTP/1.1" 200 72262 "https://moonbloomwalls.com" "Mozilla/5.0 (Windows NT 10.0; WOW64) AppleWebKit/537.36 (KHTML, like Gecko) Chrome/72.0.3626.121 Safari/537.36"
103.154.49.91 - - [30/Jul/2026:04:26:22 +0000] "POST /wp-admin/update.php?action=install-plugin&plugin=file-manager-advanced&_wpnonce=548a587a91 HTTP/1.1" 200 57626 "https://moonbloomwalls.com" "Mozilla/5.0 (Windows NT 10.0; WOW64) AppleWebKit/537.36 (KHTML, like Gecko) Chrome/72.0.3626.121 Safari/537.36"
103.154.49.91 - - [30/Jul/2026:04:26:24 +0000] "GET /wp-admin/plugin-editor.php HTTP/1.1" 200 64837 "https://moonbloomwalls.com" "Mozilla/5.0 (Windows NT 10.0; WOW64) AppleWebKit/537.36 (KHTML, like Gecko) Chrome/72.0.3626.121 Safari/537.36"
103.154.49.91 - - [30/Jul/2026:04:26:25 +0000] "GET /wp-admin/plugin-editor.php?file=hello.php&plugin=hello.php HTTP/1.1" 200 63323 "https://moonbloomwalls.com" "Mozilla/5.0 (Windows NT 10.0; WOW64) AppleWebKit/537.36 (KHTML, like Gecko) Chrome/72.0.3626.121 Safari/537.36"
103.154.49.91 - - [30/Jul/2026:04:26:27 +0000] "POST /wp-admin/admin-ajax.php HTTP/1.1" 200 74 "https://moonbloomwalls.com" "Mozilla/5.0 (Windows NT 10.0; WOW64) AppleWebKit/537.36 (KHTML, like Gecko) Chrome/72.0.3626.121 Safari/537.36"
103.154.49.91 - - [30/Jul/2026:04:26:29 +0000] "GET /wp-content/plugins/hello.php HTTP/1.1" 200 2699 "https://moonbloomwalls.com" "Mozilla/5.0 (Windows NT 10.0; WOW64) AppleWebKit/537.36 (KHTML, like Gecko) Chrome/72.0.3626.121 Safari/537.36"
103.86.108.235 - - [30/Jul/2026:04:29:41 +0000] "POST /wp-login.php HTTP/1.1" 200 2399 "-" "Mozilla/5.0 (Windows NT 10.0; Win64; rv:143.0) Gecko/20100101 Firefox/143.0"
85.155.190.233 - - [30/Jul/2026:04:29:41 +0000] "POST /wp-cron.php?doing_wp_cron=1785385781.1641058921813964843750 HTTP/1.1" 200 31 "-" "WordPress/7.0; https://moonbloomwalls.com"
103.86.108.235 - - [30/Jul/2026:04:29:41 +0000] "POST /wp-login.php HTTP/1.1" 200 2400 "-" "Mozilla/5.0 (Windows NT 10.0; Win64; x64) AppleWebKit/537.36 Chrome/129.0.0.0 Safari/537.36"
