| Server IP : 85.155.190.233 / Your IP : 216.73.216.103 Web Server : nginx/1.24.0 System : Linux antigravity-cli 6.8.0-31-generic #31-Ubuntu SMP PREEMPT_DYNAMIC Sat Apr 20 00:40:06 UTC 2024 x86_64 User : wp-moonbloom ( 1001) PHP Version : 8.3.6 Disable Function : NONE MySQL : OFF | cURL : ON | WGET : ON | Perl : ON | Python : OFF | Sudo : ON | Pkexec : OFF Directory : /var/log/nginx/ |
Upload File : |
66.249.64.129 - - [30/Jul/2026:00:07:30 +0000] "GET /robots.txt HTTP/1.1" 200 507 "-" "Mozilla/5.0 (compatible; Googlebot/2.1; +http://www.google.com/bot.html)"
85.155.190.233 - - [30/Jul/2026:00:10:32 +0000] "POST /wp-cron.php?doing_wp_cron=1785370232.3481121063232421875000 HTTP/1.1" 200 31 "-" "WordPress/7.0.2; https://proimport-shop.ru"
52.167.144.232 - - [30/Jul/2026:00:10:32 +0000] "GET /v-zug/ HTTP/1.1" 200 47473 "-" "Mozilla/5.0 AppleWebKit/537.36 (KHTML, like Gecko; compatible; bingbot/2.0; +http://www.bing.com/bingbot.htm) Chrome/116.0.1938.76 Safari/537.36"
145.239.69.44 - - [30/Jul/2026:00:41:31 +0000] "GET /robots.txt HTTP/1.1" 200 507 "-" "Mozilla/5.0 (compatible; MJ12bot/v1.4.8; http://mj12bot.com/)"
85.155.190.233 - - [30/Jul/2026:00:41:33 +0000] "POST /wp-cron.php?doing_wp_cron=1785372093.3654000759124755859375 HTTP/1.1" 200 31 "-" "WordPress/7.0.2; https://proimport-shop.ru"
145.239.69.44 - - [30/Jul/2026:00:41:33 +0000] "GET /category/%D0%B1%D0%B5%D0%B7-%D1%80%D1%83%D0%B1%D1%80%D0%B8%D0%BA%D0%B8/ HTTP/1.1" 200 233602 "-" "Mozilla/5.0 (compatible; MJ12bot/v1.4.8; http://mj12bot.com/)"
216.73.216.51 - - [30/Jul/2026:01:30:14 +0000] "GET /robots.txt HTTP/1.1" 200 507 "-" "Mozilla/5.0 AppleWebKit/537.36 (KHTML, like Gecko; compatible; ClaudeBot/1.0; +claudebot@anthropic.com)"
85.155.190.233 - - [30/Jul/2026:01:30:14 +0000] "POST /wp-cron.php?doing_wp_cron=1785375014.7822780609130859375000 HTTP/1.1" 200 31 "-" "WordPress/7.0.2; https://proimport-shop.ru"
216.73.216.51 - - [30/Jul/2026:01:30:14 +0000] "GET /wp-sitemap.xml HTTP/1.1" 200 481 "-" "Mozilla/5.0 AppleWebKit/537.36 (KHTML, like Gecko; compatible; ClaudeBot/1.0; +claudebot@anthropic.com)"
185.239.247.2 - - [30/Jul/2026:01:35:59 +0000] "GET / HTTP/1.1" 301 5 "-" "Mozilla/5.0 (Macintosh; Intel Mac OS X 10_14_6) AppleWebKit/537.36 (KHTML, like Gecko) Chrome/87.0.4280.88 Safari/537.36"
207.32.158.184 - - [30/Jul/2026:01:36:03 +0000] "GET / HTTP/1.1" 200 25855 "-" "Mozilla/5.0 (Macintosh; Intel Mac OS X 10_14_6) AppleWebKit/537.36 (KHTML, like Gecko) Chrome/87.0.4280.88 Safari/537.36"
152.232.58.6 - - [30/Jul/2026:01:36:24 +0000] "GET / HTTP/1.1" 301 5 "-" "Mozilla/5.0 (Macintosh; Intel Mac OS X 10.14; rv:82.0) Gecko/20100101 Firefox/82.0"
104.194.209.15 - - [30/Jul/2026:01:36:29 +0000] "GET / HTTP/1.1" 200 25855 "-" "Mozilla/5.0 (Macintosh; Intel Mac OS X 10.14; rv:82.0) Gecko/20100101 Firefox/82.0"
85.155.190.233 - - [30/Jul/2026:01:48:09 +0000] "POST /wp-cron.php?doing_wp_cron=1785376089.4339590072631835937500 HTTP/1.1" 200 31 "-" "WordPress/7.0.2; https://proimport-shop.ru"
172.68.195.201 - - [30/Jul/2026:01:48:09 +0000] "GET /wp-admin/install.php?step=1 HTTP/1.1" 200 658 "-" "http://proimport-shop.ru/wp-admin/install.php?step=1"
85.155.190.233 - - [30/Jul/2026:01:53:46 +0000] "POST /wp-cron.php?doing_wp_cron=1785376426.8258280754089355468750 HTTP/1.1" 200 31 "-" "WordPress/7.0.2; https://proimport-shop.ru"
40.77.167.48 - - [30/Jul/2026:01:53:46 +0000] "GET /wp-sitemap-taxonomies-category-1.xml HTTP/1.1" 200 324 "-" "Mozilla/5.0 AppleWebKit/537.36 (KHTML, like Gecko; compatible; bingbot/2.0; +http://www.bing.com/bingbot.htm) Chrome/116.0.1938.76 Safari/537.36"
85.155.190.233 - - [30/Jul/2026:03:03:20 +0000] "POST /wp-cron.php?doing_wp_cron=1785380600.0125648975372314453125 HTTP/1.1" 200 31 "-" "WordPress/7.0.2; https://proimport-shop.ru"
45.154.230.181 - - [30/Jul/2026:03:03:20 +0000] "GET / HTTP/1.1" 200 25855 "-" "Mozilla/5.0 (Windows NT 10.0; Win64; x64) AppleWebKit/537.36 (KHTML, like Gecko) Chrome/112.0.0.0 Safari/537.36"
81.167.26.57 - - [30/Jul/2026:03:08:05 +0000] "GET /robots.txt HTTP/1.1" 200 507 "-" "Mozilla/5.0 (compatible; MJ12bot/v1.4.8; http://mj12bot.com/)"
81.167.26.57 - - [30/Jul/2026:03:08:06 +0000] "GET /category/%D0%B1%D0%B5%D0%B7-%D1%80%D1%83%D0%B1%D1%80%D0%B8%D0%BA%D0%B8/page/3/ HTTP/1.1" 200 32596 "-" "Mozilla/5.0 (compatible; MJ12bot/v1.4.8; http://mj12bot.com/)"
216.73.216.51 - - [30/Jul/2026:03:28:45 +0000] "GET /robots.txt HTTP/1.1" 200 507 "-" "Mozilla/5.0 AppleWebKit/537.36 (KHTML, like Gecko; compatible; ClaudeBot/1.0; +claudebot@anthropic.com)"
85.155.190.233 - - [30/Jul/2026:03:28:45 +0000] "POST /wp-cron.php?doing_wp_cron=1785382125.2520639896392822265625 HTTP/1.1" 200 31 "-" "WordPress/7.0.2; https://proimport-shop.ru"
216.73.216.51 - - [30/Jul/2026:03:28:45 +0000] "GET /wp-sitemap.xml HTTP/1.1" 200 481 "-" "Mozilla/5.0 AppleWebKit/537.36 (KHTML, like Gecko; compatible; ClaudeBot/1.0; +claudebot@anthropic.com)"
172.68.194.149 - - [30/Jul/2026:03:39:21 +0000] "GET /wp-admin/install.php?step=1 HTTP/1.1" 200 658 "-" "http://proimport-shop.ru/wp-admin/install.php?step=1"
85.155.190.233 - - [30/Jul/2026:04:01:38 +0000] "POST /wp-cron.php?doing_wp_cron=1785384098.7530810832977294921875 HTTP/1.1" 200 31 "-" "WordPress/7.0.2; https://proimport-shop.ru"
162.216.148.0 - - [30/Jul/2026:04:01:38 +0000] "GET / HTTP/1.1" 200 25855 "-" "Mozilla/5.0 (Macintosh; Intel Mac OS X 10_15_7) AppleWebKit/537.36 (KHTML, like Gecko) Chrome/131.0.0.0 Safari/537.36"
162.216.148.0 - - [30/Jul/2026:04:01:45 +0000] "GET /robots.txt HTTP/1.1" 200 507 "-" "python-requests/2.32.5"
162.216.148.0 - - [30/Jul/2026:04:01:50 +0000] "GET / HTTP/1.1" 200 89338 "-" "Mozilla/5.0 (X11; Linux x86_64; rv:131.0) Gecko/20100101 Firefox/131.0"
162.216.148.0 - - [30/Jul/2026:04:01:50 +0000] "GET /wp-includes/js/wp-emoji-loader.min.js HTTP/1.1" 200 2890 "-" "Mozilla/5.0 (X11; Linux x86_64; rv:131.0) Gecko/20100101 Firefox/131.0"
162.216.148.0 - - [30/Jul/2026:04:01:50 +0000] "GET /wp-includes/js/wp-emoji-release.min.js?ver=7.0.2 HTTP/1.1" 200 22752 "-" "Mozilla/5.0 (X11; Linux x86_64; rv:131.0) Gecko/20100101 Firefox/131.0"
162.216.148.0 - - [30/Jul/2026:04:01:52 +0000] "GET /wp-includes/js/wp-emoji-loader.min.js HTTP/1.1" 200 2890 "-" "Mozilla/5.0 (X11; Linux x86_64; rv:131.0) Gecko/20100101 Firefox/131.0"
162.216.148.0 - - [30/Jul/2026:04:01:53 +0000] "GET /wp-includes/js/wp-emoji-release.min.js?ver=7.0.2 HTTP/1.1" 200 22752 "-" "Mozilla/5.0 (X11; Linux x86_64; rv:131.0) Gecko/20100101 Firefox/131.0"
162.216.148.0 - - [30/Jul/2026:04:01:54 +0000] "GET /robots.txt HTTP/1.1" 200 507 "-" "Mozilla/5.0 (X11; Linux x86_64; rv:131.0) Gecko/20100101 Firefox/131.0"
85.208.96.206 - - [30/Jul/2026:04:32:18 +0000] "GET /robots.txt HTTP/1.1" 200 507 "-" "Mozilla/5.0 (compatible; SemrushBot/7~bl; +http://www.semrush.com/bot.html)"
85.155.190.233 - - [30/Jul/2026:04:32:28 +0000] "POST /wp-cron.php?doing_wp_cron=1785385948.2086079120635986328125 HTTP/1.1" 200 31 "-" "WordPress/7.0.2; https://proimport-shop.ru"
185.191.171.5 - - [30/Jul/2026:04:32:28 +0000] "GET /dizayn-kuhni-current/ HTTP/1.1" 404 16336 "-" "Mozilla/5.0 (compatible; SemrushBot/7~bl; +http://www.semrush.com/bot.html)"
51.158.145.165 - - [30/Jul/2026:04:35:05 +0000] "GET /index.php?author=1 HTTP/1.1" 301 5 "-" "Mozilla/5.0 (Windows NT 10.0; Win64; x64) AppleWebKit/537.36 (KHTML, like Gecko) Chrome/148.0.0.0 Safari/537.36"
51.158.145.165 - - [30/Jul/2026:04:35:05 +0000] "GET /author/pro_import/ HTTP/1.1" 200 16068 "https://proimport-shop.ru/index.php?author=1" "Mozilla/5.0 (Windows NT 10.0; Win64; x64) AppleWebKit/537.36 (KHTML, like Gecko) Chrome/148.0.0.0 Safari/537.36"
85.155.190.233 - - [30/Jul/2026:05:06:29 +0000] "POST /wp-cron.php?doing_wp_cron=1785387989.8585889339447021484375 HTTP/1.1" 200 31 "-" "WordPress/7.0.2; https://proimport-shop.ru"
40.77.167.14 - - [30/Jul/2026:05:06:29 +0000] "GET /wp-sitemap-posts-page-1.xml HTTP/1.1" 200 503 "-" "Mozilla/5.0 AppleWebKit/537.36 (KHTML, like Gecko; compatible; bingbot/2.0; +http://www.bing.com/bingbot.htm) Chrome/116.0.1938.76 Safari/537.36"
216.73.216.51 - - [30/Jul/2026:05:25:38 +0000] "GET /robots.txt HTTP/1.1" 200 507 "-" "Mozilla/5.0 AppleWebKit/537.36 (KHTML, like Gecko; compatible; ClaudeBot/1.0; +claudebot@anthropic.com)"
216.73.216.51 - - [30/Jul/2026:05:25:38 +0000] "GET /wp-sitemap.xml HTTP/1.1" 200 481 "-" "Mozilla/5.0 AppleWebKit/537.36 (KHTML, like Gecko; compatible; ClaudeBot/1.0; +claudebot@anthropic.com)"
104.23.239.17 - - [30/Jul/2026:05:27:26 +0000] "GET /wp-admin/install.php?step=1 HTTP/1.1" 200 658 "-" "http://proimport-shop.ru/wp-admin/install.php?step=1"
91.98.185.79 - - [30/Jul/2026:05:47:41 +0000] "GET /robots.txt HTTP/1.1" 200 507 "-" "Mozilla/5.0 (compatible; SERankingBacklinksBot/1.0; +https://seranking.com/backlinks-crawler)"
85.155.190.233 - - [30/Jul/2026:05:47:41 +0000] "POST /wp-cron.php?doing_wp_cron=1785390461.7765359878540039062500 HTTP/1.1" 200 31 "-" "WordPress/7.0.2; https://proimport-shop.ru"
91.98.185.79 - - [30/Jul/2026:05:47:41 +0000] "GET /wp-sitemap-posts-page-1.xml HTTP/1.1" 200 503 "-" "Mozilla/5.0 (compatible; SERankingBacklinksBot/1.0; +https://seranking.com/backlinks-crawler)"
91.98.185.79 - - [30/Jul/2026:05:47:44 +0000] "GET /wp-sitemap-posts-post-1.xml HTTP/1.1" 200 2688 "-" "Mozilla/5.0 (compatible; SERankingBacklinksBot/1.0; +https://seranking.com/backlinks-crawler)"
91.98.185.79 - - [30/Jul/2026:05:47:47 +0000] "GET /wp-sitemap-taxonomies-category-1.xml HTTP/1.1" 200 324 "-" "Mozilla/5.0 (compatible; SERankingBacklinksBot/1.0; +https://seranking.com/backlinks-crawler)"
91.98.185.79 - - [30/Jul/2026:05:47:51 +0000] "GET /v-zug/ HTTP/1.1" 200 47473 "-" "Mozilla/5.0 (compatible; SERankingBacklinksBot/1.0; +https://seranking.com/backlinks-crawler)"
91.98.185.79 - - [30/Jul/2026:05:47:54 +0000] "GET /miele-km-8000/ HTTP/1.1" 200 26463 "-" "Mozilla/5.0 (compatible; SERankingBacklinksBot/1.0; +https://seranking.com/backlinks-crawler)"
91.98.185.79 - - [30/Jul/2026:05:47:57 +0000] "GET /bosch-hbg974lm1/ HTTP/1.1" 200 22765 "-" "Mozilla/5.0 (compatible; SERankingBacklinksBot/1.0; +https://seranking.com/backlinks-crawler)"
91.98.185.79 - - [30/Jul/2026:05:48:00 +0000] "GET /miele-tq-1000-wp/ HTTP/1.1" 200 28117 "-" "Mozilla/5.0 (compatible; SERankingBacklinksBot/1.0; +https://seranking.com/backlinks-crawler)"
91.98.185.79 - - [30/Jul/2026:05:48:03 +0000] "GET /miele-wq-1000-wps/ HTTP/1.1" 200 26604 "-" "Mozilla/5.0 (compatible; SERankingBacklinksBot/1.0; +https://seranking.com/backlinks-crawler)"
91.98.185.79 - - [30/Jul/2026:05:48:06 +0000] "GET /vytjazhki-miele-2026/ HTTP/1.1" 200 28086 "-" "Mozilla/5.0 (compatible; SERankingBacklinksBot/1.0; +https://seranking.com/backlinks-crawler)"
91.98.185.79 - - [30/Jul/2026:05:48:09 +0000] "GET /stiralnye-mashiny-miele/ HTTP/1.1" 200 33520 "-" "Mozilla/5.0 (compatible; SERankingBacklinksBot/1.0; +https://seranking.com/backlinks-crawler)"
91.98.185.79 - - [30/Jul/2026:05:48:12 +0000] "GET /bosch-vs-siemens-sravnenie/ HTTP/1.1" 200 34051 "-" "Mozilla/5.0 (compatible; SERankingBacklinksBot/1.0; +https://seranking.com/backlinks-crawler)"
91.98.185.79 - - [30/Jul/2026:05:48:16 +0000] "GET /liebherr-side-by-side-8872/ HTTP/1.1" 200 33574 "-" "Mozilla/5.0 (compatible; SERankingBacklinksBot/1.0; +https://seranking.com/backlinks-crawler)"
91.98.185.79 - - [30/Jul/2026:05:48:19 +0000] "GET /miele-dreams-outdoor-kitchen/ HTTP/1.1" 200 37084 "-" "Mozilla/5.0 (compatible; SERankingBacklinksBot/1.0; +https://seranking.com/backlinks-crawler)"
91.98.185.79 - - [30/Jul/2026:05:48:22 +0000] "GET /posudomoechnaya-mashina-miele/ HTTP/1.1" 200 29875 "-" "Mozilla/5.0 (compatible; SERankingBacklinksBot/1.0; +https://seranking.com/backlinks-crawler)"
91.98.185.79 - - [30/Jul/2026:05:48:25 +0000] "GET /siemens-studioline-matt-edition/ HTTP/1.1" 200 31324 "-" "Mozilla/5.0 (compatible; SERankingBacklinksBot/1.0; +https://seranking.com/backlinks-crawler)"
91.98.185.79 - - [30/Jul/2026:05:48:28 +0000] "GET /cveta-duhovogo-shkafa-miele-2026/ HTTP/1.1" 200 31380 "-" "Mozilla/5.0 (compatible; SERankingBacklinksBot/1.0; +https://seranking.com/backlinks-crawler)"
91.98.185.79 - - [30/Jul/2026:05:48:31 +0000] "GET /vstraivaemaya-tehnika-dlya-kuhni/ HTTP/1.1" 200 28936 "-" "Mozilla/5.0 (compatible; SERankingBacklinksBot/1.0; +https://seranking.com/backlinks-crawler)"
91.98.185.79 - - [30/Jul/2026:05:48:34 +0000] "GET /vstroennaya-varochnaya-panel-2026/ HTTP/1.1" 200 22675 "-" "Mozilla/5.0 (compatible; SERankingBacklinksBot/1.0; +https://seranking.com/backlinks-crawler)"
91.98.185.79 - - [30/Jul/2026:05:48:37 +0000] "GET /dizayn-kuhni-2026-matovaya-tehnika/ HTTP/1.1" 200 26720 "-" "Mozilla/5.0 (compatible; SERankingBacklinksBot/1.0; +https://seranking.com/backlinks-crawler)"
91.98.185.79 - - [30/Jul/2026:05:48:41 +0000] "GET /miele-dreams-fire-pro-gazovyy-gril/ HTTP/1.1" 200 24270 "-" "Mozilla/5.0 (compatible; SERankingBacklinksBot/1.0; +https://seranking.com/backlinks-crawler)"
20.38.14.70 - - [30/Jul/2026:05:54:18 +0000] "GET / HTTP/1.1" 200 25855 "-" "Mozilla/5.0 (Macintosh; Intel Mac OS X 10_15_7) AppleWebKit/605.1.15 (KHTML, like Gecko) Version/17.4 Safari/605.1.15"
52.167.144.168 - - [30/Jul/2026:05:55:03 +0000] "GET /wp-sitemap-posts-post-1.xml HTTP/1.1" 200 2688 "-" "Mozilla/5.0 AppleWebKit/537.36 (KHTML, like Gecko; compatible; bingbot/2.0; +http://www.bing.com/bingbot.htm) Chrome/116.0.1938.76 Safari/537.36"
185.12.124.78 - - [30/Jul/2026:06:09:02 +0000] "GET / HTTP/1.1" 200 25855 "PROIMPORT-SHOP.RU" "Mozilla/5.0 (compatible; BackupLand/1.0; https://go.backupland.com/; Domain check for viruses;)"
103.154.49.91 - - [30/Jul/2026:06:17:07 +0000] "GET /worksec.php HTTP/1.1" 404 146 "-" "Mozilla/5.0 (X11; Fedora; Linux x86_64; rv:79.0) Gecko/20100101 Firefox/79.0"
103.154.49.91 - - [30/Jul/2026:06:17:07 +0000] "GET /worksec.php HTTP/1.1" 404 146 "-" "Mozilla/5.0 (Linux x86_64; rv:79.0) Gecko/20100101 Firefox/79.0"
103.154.49.91 - - [30/Jul/2026:06:17:07 +0000] "GET /worksec.php HTTP/1.1" 404 548 "-" "Mozilla/5.0 (Windows NT 6.1; Win64; x64) AppleWebKit/537.36 (KHTML, like Gecko) Chrome/80.0.3987.149 Safari/537.36"
103.154.49.91 - - [30/Jul/2026:06:17:07 +0000] "GET /worksec.php HTTP/1.1" 404 146 "-" "Mozilla/5.0 (Windows NT 10.0; Win64; x64; rv:77.0) Gecko/20100101 Firefox/77.0"
103.154.49.91 - - [30/Jul/2026:06:17:07 +0000] "GET /worksec.php HTTP/1.1" 404 548 "-" "Mozilla/5.0 (Windows NT 10.0; Win64; x64) AppleWebKit/537.36 (KHTML, like Gecko) Chrome/75.0.3770.100 Safari/537.36"
103.154.49.91 - - [30/Jul/2026:06:17:09 +0000] "GET /worksec.php HTTP/1.1" 404 548 "-" "Mozilla/5.0 (Windows NT 10.0; Win64; x64) AppleWebKit/537.36 (KHTML, like Gecko) Chrome/83.0.4103.97 Safari/537.36"
103.154.49.91 - - [30/Jul/2026:06:17:09 +0000] "GET /worksec.php HTTP/1.1" 404 146 "-" "Mozilla/5.0 (Windows NT 10.0; Win64; x64; rv:72.0) Gecko/20100101 Firefox/72.0"
103.154.49.91 - - [30/Jul/2026:06:17:09 +0000] "GET /worksec.php HTTP/1.1" 404 146 "-" "Mozilla/5.0 (X11; Fedora; Linux x86_64; rv:79.0) Gecko/20100101 Firefox/79.0"
103.154.49.91 - - [30/Jul/2026:06:17:09 +0000] "GET /worksec.php HTTP/1.1" 404 146 "-" "Mozilla/5.0 (Windows NT 10.0; Win64; x64; rv:74.0) Gecko/20100101 Firefox/74.0"
103.154.49.91 - - [30/Jul/2026:06:17:10 +0000] "GET /worksec.php HTTP/1.1" 404 146 "-" "Mozilla/5.0 (Windows NT 10.0; Win64; x64; rv:77.0) Gecko/20100101 Firefox/77.0"
103.154.49.91 - - [30/Jul/2026:06:17:12 +0000] "GET /worksec.php HTTP/1.1" 404 548 "-" "Mozilla/5.0 (Windows NT 10.0; Win64; x64) AppleWebKit/537.36 (KHTML, like Gecko) Chrome/79.0.3945.130 Safari/537.36"
103.154.49.91 - - [30/Jul/2026:06:17:12 +0000] "GET /worksec.php HTTP/1.1" 404 548 "-" "Mozilla/5.0 (Windows NT 10.0; Win64; x64) AppleWebKit/537.36 (KHTML, like Gecko) Chrome/74.0.3729.157 Safari/537.36"
103.154.49.91 - - [30/Jul/2026:06:17:12 +0000] "GET /worksec.php HTTP/1.1" 404 548 "-" "Mozilla/5.0 (Macintosh; Intel Mac OS X 10_15_6) AppleWebKit/537.36 (KHTML, like Gecko) Chrome/84.0.4147.125 Safari/537.36"
103.154.49.91 - - [30/Jul/2026:06:17:12 +0000] "GET /worksec.php HTTP/1.1" 404 548 "-" "Mozilla/5.0 (Windows NT 6.1; Win64; x64) AppleWebKit/537.36 (KHTML, like Gecko) Chrome/74.0.3729.169 Safari/537.36"
103.154.49.91 - - [30/Jul/2026:06:17:13 +0000] "GET /worksec.php HTTP/1.1" 404 146 "-" "Mozilla/5.0 (X11; Fedora; Linux x86_64; rv:79.0) Gecko/20100101 Firefox/79.0"
185.191.171.18 - - [30/Jul/2026:06:28:32 +0000] "GET /robots.txt HTTP/1.1" 200 507 "-" "Mozilla/5.0 (compatible; SemrushBot/7~bl; +http://www.semrush.com/bot.html)"
185.191.171.15 - - [30/Jul/2026:06:28:33 +0000] "GET /dizayn-kuhni-2026-matovaya-tehnika/ HTTP/1.1" 200 26720 "-" "Mozilla/5.0 (compatible; SemrushBot/7~bl; +http://www.semrush.com/bot.html)"
85.155.190.233 - - [30/Jul/2026:07:01:55 +0000] "POST /wp-cron.php?doing_wp_cron=1785394915.0486218929290771484375 HTTP/1.1" 200 31 "-" "WordPress/7.0.2; https://proimport-shop.ru"
40.77.167.47 - - [30/Jul/2026:07:01:55 +0000] "GET /dizayn-kuhni-2026-trendy/ HTTP/1.1" 200 24912 "-" "Mozilla/5.0 AppleWebKit/537.36 (KHTML, like Gecko; compatible; bingbot/2.0; +http://www.bing.com/bingbot.htm) Chrome/116.0.1938.76 Safari/537.36"
85.155.190.233 - - [30/Jul/2026:07:10:47 +0000] "POST /wp-cron.php?doing_wp_cron=1785395447.2015318870544433593750 HTTP/1.1" 200 31 "-" "WordPress/7.0.2; https://proimport-shop.ru"
85.155.190.233 - - [30/Jul/2026:07:10:48 +0000] "HEAD /blog/ HTTP/1.1" 200 0 "-" "WordPress/7.0.2; https://proimport-shop.ru"
85.155.190.233 - - [30/Jul/2026:07:10:48 +0000] "GET /blog/ HTTP/1.1" 200 19686 "-" "WordPress/7.0.2; https://proimport-shop.ru"
85.155.190.233 - - [30/Jul/2026:07:10:50 +0000] "HEAD /posudomoechnaya-mashina-miele/ HTTP/1.1" 200 0 "-" "WordPress/7.0.2; https://proimport-shop.ru"
85.155.190.233 - - [30/Jul/2026:07:10:50 +0000] "HEAD /posudomoechnaya-mashina-miele/ HTTP/1.1" 200 0 "-" "WordPress/7.0.2; https://proimport-shop.ru"
85.155.190.233 - - [30/Jul/2026:07:10:50 +0000] "HEAD /wp-content/uploads/2026/06/foto1-dishwasher-1.webp HTTP/1.1" 200 0 "-" "WordPress/7.0.2; https://proimport-shop.ru"
85.155.190.233 - - [30/Jul/2026:07:10:51 +0000] "HEAD /wp-content/uploads/2026/04/logo.png HTTP/1.1" 404 0 "-" "WordPress/7.0.2; https://proimport-shop.ru"
85.155.190.233 - - [30/Jul/2026:07:10:51 +0000] "HEAD /wp-content/uploads/2026/06/logo-nav.png HTTP/1.1" 200 0 "-" "WordPress/7.0.2; https://proimport-shop.ru"
85.155.190.233 - - [30/Jul/2026:07:10:51 +0000] "HEAD /blog/ HTTP/1.1" 200 0 "-" "WordPress/7.0.2; https://proimport-shop.ru"
85.155.190.233 - - [30/Jul/2026:07:10:51 +0000] "HEAD /posudomoechnaya-mashina-miele/ HTTP/1.1" 200 0 "-" "WordPress/7.0.2; https://proimport-shop.ru"
85.155.190.233 - - [30/Jul/2026:07:10:51 +0000] "HEAD /wp-content/uploads/2026/06/foto2-powerdisk.webp HTTP/1.1" 200 0 "-" "WordPress/7.0.2; https://proimport-shop.ru"
85.155.190.233 - - [30/Jul/2026:07:10:51 +0000] "HEAD /wp-content/uploads/2026/06/20000211343.webp HTTP/1.1" 200 0 "-" "WordPress/7.0.2; https://proimport-shop.ru"
85.155.190.233 - - [30/Jul/2026:07:10:51 +0000] "HEAD /wp-content/uploads/2026/06/welche-spuelmaschine-bild9-1024x496-1.webp HTTP/1.1" 200 0 "-" "WordPress/7.0.2; https://proimport-shop.ru"
85.155.190.233 - - [30/Jul/2026:07:10:51 +0000] "HEAD /wp-content/uploads/2026/06/20000204456.webp HTTP/1.1" 200 0 "-" "WordPress/7.0.2; https://proimport-shop.ru"
85.155.190.233 - - [30/Jul/2026:07:10:52 +0000] "HEAD /wp-content/uploads/2026/06/foto-servis.webp HTTP/1.1" 200 0 "-" "WordPress/7.0.2; https://proimport-shop.ru"
85.155.190.233 - - [30/Jul/2026:07:10:52 +0000] "HEAD /wp-content/uploads/2026/04/logo.png HTTP/1.1" 404 0 "-" "WordPress/7.0.2; https://proimport-shop.ru"
85.155.190.233 - - [30/Jul/2026:07:10:52 +0000] "HEAD /dizayn-kuhni-2026-trendy/ HTTP/1.1" 200 0 "-" "WordPress/7.0.2; https://proimport-shop.ru"
85.155.190.233 - - [30/Jul/2026:07:10:53 +0000] "HEAD /blog/ HTTP/1.1" 200 0 "-" "WordPress/7.0.2; https://proimport-shop.ru"
85.155.190.233 - - [30/Jul/2026:07:10:53 +0000] "HEAD /wp-content/uploads/2026/06/logo-nav.png HTTP/1.1" 200 0 "-" "WordPress/7.0.2; https://proimport-shop.ru"
85.155.190.233 - - [30/Jul/2026:07:10:53 +0000] "HEAD /wp-content/uploads/2026/06/bosch-matt-design-1.webp HTTP/1.1" 200 0 "-" "WordPress/7.0.2; https://proimport-shop.ru"
85.155.190.233 - - [30/Jul/2026:07:10:53 +0000] "HEAD /wp-content/uploads/2026/06/bosch-matt-design-3.webp HTTP/1.1" 200 0 "-" "WordPress/7.0.2; https://proimport-shop.ru"
85.155.190.233 - - [30/Jul/2026:07:10:53 +0000] "HEAD /wp-content/uploads/2026/06/bosch-matt-design-2.webp HTTP/1.1" 200 0 "-" "WordPress/7.0.2; https://proimport-shop.ru"
85.155.190.233 - - [30/Jul/2026:07:10:54 +0000] "HEAD /wp-content/uploads/2026/06/foto-servis.webp HTTP/1.1" 200 0 "-" "WordPress/7.0.2; https://proimport-shop.ru"
85.155.190.233 - - [30/Jul/2026:07:10:58 +0000] "POST /wp-cron.php?doing_wp_cron=1785395458.9333579540252685546875 HTTP/1.1" 200 31 "-" "WordPress/7.0.2; https://proimport-shop.ru"
5.255.253.32 - - [30/Jul/2026:07:10:58 +0000] "GET /f80ef7f72d8d219e.txt HTTP/1.1" 404 16336 "-" "Mozilla/5.0 (compatible; YandexBot/3.0; +http://yandex.com/bots)"
85.155.190.233 - - [30/Jul/2026:07:11:01 +0000] "HEAD /blog/ HTTP/1.1" 200 0 "-" "WordPress/7.0.2; https://proimport-shop.ru"
85.155.190.233 - - [30/Jul/2026:07:11:01 +0000] "GET /blog/ HTTP/1.1" 200 19686 "-" "WordPress/7.0.2; https://proimport-shop.ru"
5.255.253.48 - - [30/Jul/2026:07:11:02 +0000] "GET /f80ef7f72d8d219e.txt HTTP/1.1" 404 16336 "-" "Mozilla/5.0 (compatible; YandexBot/3.0; +http://yandex.com/bots)"
85.155.190.233 - - [30/Jul/2026:07:11:03 +0000] "HEAD /blog/ HTTP/1.1" 200 0 "-" "WordPress/7.0.2; https://proimport-shop.ru"
85.155.190.233 - - [30/Jul/2026:07:11:03 +0000] "GET /blog/ HTTP/1.1" 200 19686 "-" "WordPress/7.0.2; https://proimport-shop.ru"
85.155.190.233 - - [30/Jul/2026:07:11:04 +0000] "HEAD /posudomoechnaya-mashina-miele/ HTTP/1.1" 200 0 "-" "WordPress/7.0.2; https://proimport-shop.ru"
85.155.190.233 - - [30/Jul/2026:07:11:05 +0000] "HEAD /posudomoechnaya-mashina-miele/ HTTP/1.1" 200 0 "-" "WordPress/7.0.2; https://proimport-shop.ru"
85.155.190.233 - - [30/Jul/2026:07:11:05 +0000] "HEAD /wp-content/uploads/2026/06/foto1-dishwasher-1.webp HTTP/1.1" 200 0 "-" "WordPress/7.0.2; https://proimport-shop.ru"
85.155.190.233 - - [30/Jul/2026:07:11:05 +0000] "HEAD /wp-content/uploads/2026/04/logo.png HTTP/1.1" 404 0 "-" "WordPress/7.0.2; https://proimport-shop.ru"
85.155.190.233 - - [30/Jul/2026:07:11:05 +0000] "HEAD /wp-content/uploads/2026/06/logo-nav.png HTTP/1.1" 200 0 "-" "WordPress/7.0.2; https://proimport-shop.ru"
85.155.190.233 - - [30/Jul/2026:07:11:05 +0000] "HEAD /blog/ HTTP/1.1" 200 0 "-" "WordPress/7.0.2; https://proimport-shop.ru"
5.255.253.46 - - [30/Jul/2026:07:11:05 +0000] "GET /f80ef7f72d8d219e.txt HTTP/1.1" 404 16336 "-" "Mozilla/5.0 (compatible; YandexBot/3.0; +http://yandex.com/bots)"
85.155.190.233 - - [30/Jul/2026:07:11:05 +0000] "HEAD /posudomoechnaya-mashina-miele/ HTTP/1.1" 200 0 "-" "WordPress/7.0.2; https://proimport-shop.ru"
85.155.190.233 - - [30/Jul/2026:07:11:06 +0000] "HEAD /wp-content/uploads/2026/06/foto2-powerdisk.webp HTTP/1.1" 200 0 "-" "WordPress/7.0.2; https://proimport-shop.ru"
85.155.190.233 - - [30/Jul/2026:07:11:06 +0000] "HEAD /wp-content/uploads/2026/06/20000211343.webp HTTP/1.1" 200 0 "-" "WordPress/7.0.2; https://proimport-shop.ru"
85.155.190.233 - - [30/Jul/2026:07:11:06 +0000] "HEAD /wp-content/uploads/2026/06/welche-spuelmaschine-bild9-1024x496-1.webp HTTP/1.1" 200 0 "-" "WordPress/7.0.2; https://proimport-shop.ru"
85.155.190.233 - - [30/Jul/2026:07:11:06 +0000] "HEAD /wp-content/uploads/2026/06/20000204456.webp HTTP/1.1" 200 0 "-" "WordPress/7.0.2; https://proimport-shop.ru"
85.155.190.233 - - [30/Jul/2026:07:11:06 +0000] "HEAD /wp-content/uploads/2026/06/foto-servis.webp HTTP/1.1" 200 0 "-" "WordPress/7.0.2; https://proimport-shop.ru"
5.255.253.32 - - [30/Jul/2026:07:11:09 +0000] "GET /f80ef7f72d8d219e.txt HTTP/1.1" 404 16336 "-" "Mozilla/5.0 (compatible; YandexBot/3.0; +http://yandex.com/bots)"
5.255.231.128 - - [30/Jul/2026:07:11:19 +0000] "GET /robots.txt HTTP/1.1" 200 507 "-" "Mozilla/5.0 (compatible; YandexBot/3.0; +http://yandex.com/bots)"
87.250.224.128 - - [30/Jul/2026:07:11:20 +0000] "GET /dizayn-kuhni-2026-trendy/ HTTP/1.1" 200 26418 "-" "Mozilla/5.0 (compatible; YandexBot/3.0; +http://yandex.com/bots)"
85.155.190.233 - - [30/Jul/2026:07:12:31 +0000] "POST /wp-cron.php?doing_wp_cron=1785395551.3269550800323486328125 HTTP/1.1" 200 31 "-" "WordPress/7.0.2; https://proimport-shop.ru"
85.155.190.233 - - [30/Jul/2026:07:12:33 +0000] "HEAD /blog/ HTTP/1.1" 200 0 "-" "WordPress/7.0.2; https://proimport-shop.ru"
85.155.190.233 - - [30/Jul/2026:07:12:33 +0000] "GET /blog/ HTTP/1.1" 200 19686 "-" "WordPress/7.0.2; https://proimport-shop.ru"
172.70.243.61 - - [30/Jul/2026:07:12:33 +0000] "GET /wp-admin/install.php?step=1 HTTP/1.1" 200 658 "-" "http://proimport-shop.ru/wp-admin/install.php?step=1"
85.155.190.233 - - [30/Jul/2026:07:12:35 +0000] "HEAD /posudomoechnaya-mashina-miele/ HTTP/1.1" 200 0 "-" "WordPress/7.0.2; https://proimport-shop.ru"
85.155.190.233 - - [30/Jul/2026:07:12:35 +0000] "HEAD /posudomoechnaya-mashina-miele/ HTTP/1.1" 200 0 "-" "WordPress/7.0.2; https://proimport-shop.ru"
85.155.190.233 - - [30/Jul/2026:07:12:35 +0000] "HEAD /wp-content/uploads/2026/06/foto1-dishwasher-1.webp HTTP/1.1" 200 0 "-" "WordPress/7.0.2; https://proimport-shop.ru"
85.155.190.233 - - [30/Jul/2026:07:12:36 +0000] "HEAD /wp-content/uploads/2026/04/logo.png HTTP/1.1" 404 0 "-" "WordPress/7.0.2; https://proimport-shop.ru"
85.155.190.233 - - [30/Jul/2026:07:12:36 +0000] "HEAD /wp-content/uploads/2026/06/logo-nav.png HTTP/1.1" 200 0 "-" "WordPress/7.0.2; https://proimport-shop.ru"
85.155.190.233 - - [30/Jul/2026:07:12:36 +0000] "HEAD /blog/ HTTP/1.1" 200 0 "-" "WordPress/7.0.2; https://proimport-shop.ru"
85.155.190.233 - - [30/Jul/2026:07:12:36 +0000] "HEAD /posudomoechnaya-mashina-miele/ HTTP/1.1" 200 0 "-" "WordPress/7.0.2; https://proimport-shop.ru"
85.155.190.233 - - [30/Jul/2026:07:12:36 +0000] "HEAD /wp-content/uploads/2026/06/foto2-powerdisk.webp HTTP/1.1" 200 0 "-" "WordPress/7.0.2; https://proimport-shop.ru"
85.155.190.233 - - [30/Jul/2026:07:12:36 +0000] "HEAD /wp-content/uploads/2026/06/20000211343.webp HTTP/1.1" 200 0 "-" "WordPress/7.0.2; https://proimport-shop.ru"
85.155.190.233 - - [30/Jul/2026:07:12:36 +0000] "HEAD /wp-content/uploads/2026/06/welche-spuelmaschine-bild9-1024x496-1.webp HTTP/1.1" 200 0 "-" "WordPress/7.0.2; https://proimport-shop.ru"
85.155.190.233 - - [30/Jul/2026:07:12:36 +0000] "HEAD /wp-content/uploads/2026/06/20000204456.webp HTTP/1.1" 200 0 "-" "WordPress/7.0.2; https://proimport-shop.ru"
85.155.190.233 - - [30/Jul/2026:07:12:37 +0000] "HEAD /wp-content/uploads/2026/06/foto-servis.webp HTTP/1.1" 200 0 "-" "WordPress/7.0.2; https://proimport-shop.ru"
85.155.190.233 - - [30/Jul/2026:07:12:41 +0000] "POST /wp-cron.php?doing_wp_cron=1785395561.4193470478057861328125 HTTP/1.1" 200 31 "-" "WordPress/7.0.2; https://proimport-shop.ru"
5.255.253.40 - - [30/Jul/2026:07:12:41 +0000] "GET /f80ef7f72d8d219e.txt HTTP/1.1" 404 16336 "-" "Mozilla/5.0 (compatible; YandexBot/3.0; +http://yandex.com/bots)"
85.155.190.233 - - [30/Jul/2026:07:12:43 +0000] "HEAD /blog/ HTTP/1.1" 200 0 "-" "WordPress/7.0.2; https://proimport-shop.ru"
85.155.190.233 - - [30/Jul/2026:07:12:43 +0000] "GET /blog/ HTTP/1.1" 200 19686 "-" "WordPress/7.0.2; https://proimport-shop.ru"
5.255.253.37 - - [30/Jul/2026:07:12:44 +0000] "GET /f80ef7f72d8d219e.txt HTTP/1.1" 404 16336 "-" "Mozilla/5.0 (compatible; YandexBot/3.0; +http://yandex.com/bots)"
85.155.190.233 - - [30/Jul/2026:07:12:45 +0000] "HEAD /posudomoechnaya-mashina-miele/ HTTP/1.1" 200 0 "-" "WordPress/7.0.2; https://proimport-shop.ru"
85.155.190.233 - - [30/Jul/2026:07:12:45 +0000] "HEAD /posudomoechnaya-mashina-miele/ HTTP/1.1" 200 0 "-" "WordPress/7.0.2; https://proimport-shop.ru"
85.155.190.233 - - [30/Jul/2026:07:12:45 +0000] "HEAD /wp-content/uploads/2026/06/foto1-dishwasher-1.webp HTTP/1.1" 200 0 "-" "WordPress/7.0.2; https://proimport-shop.ru"
85.155.190.233 - - [30/Jul/2026:07:12:45 +0000] "HEAD /wp-content/uploads/2026/04/logo.png HTTP/1.1" 404 0 "-" "WordPress/7.0.2; https://proimport-shop.ru"
85.155.190.233 - - [30/Jul/2026:07:12:45 +0000] "HEAD /wp-content/uploads/2026/06/logo-nav.png HTTP/1.1" 200 0 "-" "WordPress/7.0.2; https://proimport-shop.ru"
85.155.190.233 - - [30/Jul/2026:07:12:45 +0000] "HEAD /blog/ HTTP/1.1" 200 0 "-" "WordPress/7.0.2; https://proimport-shop.ru"
85.155.190.233 - - [30/Jul/2026:07:12:46 +0000] "HEAD /posudomoechnaya-mashina-miele/ HTTP/1.1" 200 0 "-" "WordPress/7.0.2; https://proimport-shop.ru"
85.155.190.233 - - [30/Jul/2026:07:12:46 +0000] "HEAD /wp-content/uploads/2026/06/foto2-powerdisk.webp HTTP/1.1" 200 0 "-" "WordPress/7.0.2; https://proimport-shop.ru"
85.155.190.233 - - [30/Jul/2026:07:12:46 +0000] "HEAD /wp-content/uploads/2026/06/20000211343.webp HTTP/1.1" 200 0 "-" "WordPress/7.0.2; https://proimport-shop.ru"
85.155.190.233 - - [30/Jul/2026:07:12:46 +0000] "HEAD /wp-content/uploads/2026/06/welche-spuelmaschine-bild9-1024x496-1.webp HTTP/1.1" 200 0 "-" "WordPress/7.0.2; https://proimport-shop.ru"
85.155.190.233 - - [30/Jul/2026:07:12:46 +0000] "HEAD /wp-content/uploads/2026/06/20000204456.webp HTTP/1.1" 200 0 "-" "WordPress/7.0.2; https://proimport-shop.ru"
85.155.190.233 - - [30/Jul/2026:07:12:47 +0000] "HEAD /wp-content/uploads/2026/06/foto-servis.webp HTTP/1.1" 200 0 "-" "WordPress/7.0.2; https://proimport-shop.ru"
5.255.253.44 - - [30/Jul/2026:07:12:48 +0000] "GET /f80ef7f72d8d219e.txt HTTP/1.1" 404 16336 "-" "Mozilla/5.0 (compatible; YandexBot/3.0; +http://yandex.com/bots)"
5.255.253.37 - - [30/Jul/2026:07:12:51 +0000] "GET /f80ef7f72d8d219e.txt HTTP/1.1" 404 16336 "-" "Mozilla/5.0 (compatible; YandexBot/3.0; +http://yandex.com/bots)"
95.108.213.90 - - [30/Jul/2026:07:13:14 +0000] "GET /posudomoechnaya-mashina-miele/ HTTP/1.1" 200 30486 "-" "Mozilla/5.0 (compatible; YandexBot/3.0; +http://yandex.com/bots)"
91.35.9.222 - - [30/Jul/2026:07:14:14 +0000] "GET / HTTP/1.1" 200 89353 "-" "curl/8.18.0"
91.35.9.222 - - [30/Jul/2026:07:14:14 +0000] "GET /blog/ HTTP/1.1" 200 68074 "-" "curl/8.18.0"
91.35.9.222 - - [30/Jul/2026:07:15:39 +0000] "GET / HTTP/1.1" 200 89338 "-" "curl/8.18.0"
91.35.9.222 - - [30/Jul/2026:07:15:39 +0000] "HEAD / HTTP/1.1" 200 0 "-" "curl/8.18.0"
91.35.9.222 - - [30/Jul/2026:07:15:39 +0000] "HEAD /blog/ HTTP/1.1" 200 0 "-" "curl/8.18.0"
91.35.9.222 - - [30/Jul/2026:07:15:51 +0000] "GET /wp-json/wp/v2/pages/70 HTTP/1.1" 200 61500 "-" "curl/8.18.0"
91.35.9.222 - - [30/Jul/2026:07:15:51 +0000] "GET /wp-json/wp/v2/pages/16 HTTP/1.1" 200 82139 "-" "curl/8.18.0"
95.108.213.244 - - [30/Jul/2026:07:16:06 +0000] "GET /posudomoechnaya-mashina-miele/ HTTP/1.1" 200 30486 "-" "Mozilla/5.0 (compatible; YandexBot/3.0; +http://yandex.com/bots)"
91.35.9.222 - - [30/Jul/2026:07:18:26 +0000] "GET / HTTP/1.1" 200 89353 "-" "curl/8.18.0"
91.35.9.222 - - [30/Jul/2026:07:18:26 +0000] "GET /blog/ HTTP/1.1" 200 68074 "-" "curl/8.18.0"
95.108.213.244 - - [30/Jul/2026:07:20:01 +0000] "GET /posudomoechnaya-mashina-miele/ HTTP/1.1" 200 30486 "-" "Mozilla/5.0 (compatible; YandexBot/3.0; +http://yandex.com/bots)"
87.250.224.244 - - [30/Jul/2026:07:24:13 +0000] "GET /posudomoechnaya-mashina-miele/ HTTP/1.1" 200 30486 "-" "Mozilla/5.0 (compatible; YandexBot/3.0; +http://yandex.com/bots)"
91.35.9.222 - - [30/Jul/2026:07:26:21 +0000] "GET / HTTP/1.1" 200 89388 "-" "curl/8.18.0"
91.35.9.222 - - [30/Jul/2026:07:26:21 +0000] "GET /blog/ HTTP/1.1" 200 68277 "-" "curl/8.18.0"
91.35.9.222 - - [30/Jul/2026:07:27:37 +0000] "GET / HTTP/1.1" 200 89388 "-" "curl/8.18.0"
91.35.9.222 - - [30/Jul/2026:07:27:38 +0000] "GET /blog/ HTTP/1.1" 200 68277 "-" "curl/8.18.0"
91.35.9.222 - - [30/Jul/2026:07:27:38 +0000] "GET / HTTP/1.1" 200 89403 "-" "curl/8.18.0"
91.35.9.222 - - [30/Jul/2026:07:27:38 +0000] "GET /blog/ HTTP/1.1" 200 68277 "-" "curl/8.18.0"
95.108.213.242 - - [30/Jul/2026:07:28:16 +0000] "GET /posudomoechnaya-mashina-miele/ HTTP/1.1" 200 30486 "-" "Mozilla/5.0 (compatible; YandexBot/3.0; +http://yandex.com/bots)"
216.73.216.51 - - [30/Jul/2026:07:30:32 +0000] "GET /robots.txt HTTP/1.1" 200 507 "-" "Mozilla/5.0 AppleWebKit/537.36 (KHTML, like Gecko; compatible; ClaudeBot/1.0; +claudebot@anthropic.com)"
216.73.216.51 - - [30/Jul/2026:07:30:33 +0000] "GET /wp-sitemap.xml HTTP/1.1" 200 481 "-" "Mozilla/5.0 AppleWebKit/537.36 (KHTML, like Gecko; compatible; ClaudeBot/1.0; +claudebot@anthropic.com)"
213.180.203.133 - - [30/Jul/2026:07:32:39 +0000] "GET /posudomoechnaya-mashina-miele/ HTTP/1.1" 200 30486 "-" "Mozilla/5.0 (compatible; YandexBot/3.0; +http://yandex.com/bots)"
180.153.236.100 - - [30/Jul/2026:07:36:29 +0000] "GET / HTTP/1.1" 200 25789 "https://proimport-shop.ru/" "Mozilla/5.0 (Windows NT 10.0; Win64; x64) AppleWebKit/537.36 (KHTML, like Gecko) Chrome/140.0.0.0 Safari/537.36 Edg/140.0.0.0; 360Spider"
180.153.236.25 - - [30/Jul/2026:07:37:13 +0000] "GET / HTTP/1.1" 200 25789 "https://proimport-shop.ru/" "User-Agent:Mozilla/5.0 (Windows NT 10.0; Win64; x64) AppleWebKit/537.36 (KHTML, like Gecko) Chrome/140.0.0.0 Safari/537.36 Edg/140.0.0.0; 360Spider"
40.77.167.132 - - [30/Jul/2026:07:41:36 +0000] "GET /wp-content/uploads/2026/06/bosch-matt-design-2.webp HTTP/1.1" 200 239368 "-" "Mozilla/5.0 AppleWebKit/537.36 (KHTML, like Gecko; compatible; bingbot/2.0; +http://www.bing.com/bingbot.htm) Chrome/116.0.1938.76 Safari/537.36"
85.155.190.233 - - [30/Jul/2026:07:48:21 +0000] "POST /wp-cron.php?doing_wp_cron=1785397701.2819008827209472656250 HTTP/1.1" 200 31 "-" "WordPress/7.0.2; https://proimport-shop.ru"
85.155.190.233 - - [30/Jul/2026:07:48:22 +0000] "POST /wp-cron.php?doing_wp_cron=1785397701.9805788993835449218750 HTTP/1.1" 200 31 "-" "WordPress/7.0.2; https://proimport-shop.ru"
85.155.190.233 - - [30/Jul/2026:07:48:22 +0000] "HEAD /blog/ HTTP/1.1" 200 0 "-" "WordPress/7.0.2; https://proimport-shop.ru"
85.155.190.233 - - [30/Jul/2026:07:48:22 +0000] "GET /blog/ HTTP/1.1" 200 19705 "-" "WordPress/7.0.2; https://proimport-shop.ru"
85.155.190.233 - - [30/Jul/2026:07:48:23 +0000] "HEAD /dizayn-kuhni-2026-trendy/ HTTP/1.1" 200 0 "-" "WordPress/7.0.2; https://proimport-shop.ru"
85.155.190.233 - - [30/Jul/2026:07:48:23 +0000] "POST /xmlrpc.php HTTP/1.1" 403 118 "-" "The Incutio XML-RPC PHP Library -- WordPress/7.0.2"
85.155.190.233 - - [30/Jul/2026:07:48:23 +0000] "HEAD /miele-km-8000/ HTTP/1.1" 200 0 "-" "WordPress/7.0.2; https://proimport-shop.ru"
85.155.190.233 - - [30/Jul/2026:07:48:23 +0000] "POST /xmlrpc.php HTTP/1.1" 403 118 "-" "The Incutio XML-RPC PHP Library -- WordPress/7.0.2"
85.155.190.233 - - [30/Jul/2026:07:48:25 +0000] "HEAD /vytjazhki-miele-2026/ HTTP/1.1" 200 0 "-" "WordPress/7.0.2; https://proimport-shop.ru"
85.155.190.233 - - [30/Jul/2026:07:48:26 +0000] "HEAD /wp-content/uploads/2026/06/vytjazhki-miele-2026.webp HTTP/1.1" 200 0 "-" "WordPress/7.0.2; https://proimport-shop.ru"
85.155.190.233 - - [30/Jul/2026:07:48:26 +0000] "HEAD /wp-content/uploads/2026/06/logo-nav.png HTTP/1.1" 200 0 "-" "WordPress/7.0.2; https://proimport-shop.ru"
85.155.190.233 - - [30/Jul/2026:07:48:26 +0000] "HEAD /blog/ HTTP/1.1" 200 0 "-" "WordPress/7.0.2; https://proimport-shop.ru"
85.155.190.233 - - [30/Jul/2026:07:48:26 +0000] "HEAD /wp-content/uploads/2026/06/vytjazhki-miele-2026-downdraft.webp HTTP/1.1" 200 0 "-" "WordPress/7.0.2; https://proimport-shop.ru"
85.155.190.233 - - [30/Jul/2026:07:48:26 +0000] "HEAD /wp-content/uploads/2026/06/vytjazhki-miele-2026-ceiling.webp HTTP/1.1" 200 0 "-" "WordPress/7.0.2; https://proimport-shop.ru"
85.155.190.233 - - [30/Jul/2026:07:48:26 +0000] "HEAD /wp-content/uploads/2026/06/vytjazhki-miele-2026-incabinet.webp HTTP/1.1" 200 0 "-" "WordPress/7.0.2; https://proimport-shop.ru"
85.155.190.233 - - [30/Jul/2026:07:48:26 +0000] "HEAD /wp-content/uploads/2026/06/vytjazhki-miele-2026-wall-island.webp HTTP/1.1" 200 0 "-" "WordPress/7.0.2; https://proimport-shop.ru"
85.155.190.233 - - [30/Jul/2026:07:48:26 +0000] "HEAD /wp-content/uploads/2026/06/vytjazhki-miele-2026-wall-island-2.webp HTTP/1.1" 200 0 "-" "WordPress/7.0.2; https://proimport-shop.ru"
85.155.190.233 - - [30/Jul/2026:07:48:26 +0000] "HEAD /wp-content/uploads/2026/06/vytjazhki-miele-2026-slimline.webp HTTP/1.1" 200 0 "-" "WordPress/7.0.2; https://proimport-shop.ru"
85.155.190.233 - - [30/Jul/2026:07:48:26 +0000] "HEAD /dizayn-kuhni-2026-trendy/ HTTP/1.1" 200 0 "-" "WordPress/7.0.2; https://proimport-shop.ru"
85.155.190.233 - - [30/Jul/2026:07:48:27 +0000] "HEAD /miele-km-8000/ HTTP/1.1" 200 0 "-" "WordPress/7.0.2; https://proimport-shop.ru"
85.155.190.233 - - [30/Jul/2026:07:48:27 +0000] "HEAD /wp-content/uploads/2026/06/vytjazhki-miele-2026-twoinone.webp HTTP/1.1" 200 0 "-" "WordPress/7.0.2; https://proimport-shop.ru"
85.155.190.233 - - [30/Jul/2026:07:48:27 +0000] "HEAD /wp-content/uploads/2026/06/foto-servis.webp HTTP/1.1" 200 0 "-" "WordPress/7.0.2; https://proimport-shop.ru"
85.155.190.233 - - [30/Jul/2026:07:48:29 +0000] "POST /wp-cron.php?doing_wp_cron=1785397709.0058169364929199218750 HTTP/1.1" 200 31 "-" "WordPress/7.0.2; https://proimport-shop.ru"
85.155.190.233 - - [30/Jul/2026:07:48:29 +0000] "HEAD /blog/ HTTP/1.1" 200 0 "-" "WordPress/7.0.2; https://proimport-shop.ru"
85.155.190.233 - - [30/Jul/2026:07:48:29 +0000] "GET /blog/ HTTP/1.1" 200 19705 "-" "WordPress/7.0.2; https://proimport-shop.ru"
85.155.190.233 - - [30/Jul/2026:07:48:30 +0000] "HEAD /dizayn-kuhni-2026-trendy/ HTTP/1.1" 200 0 "-" "WordPress/7.0.2; https://proimport-shop.ru"
85.155.190.233 - - [30/Jul/2026:07:48:30 +0000] "POST /xmlrpc.php HTTP/1.1" 403 118 "-" "The Incutio XML-RPC PHP Library -- WordPress/7.0.2"
85.155.190.233 - - [30/Jul/2026:07:48:30 +0000] "HEAD /miele-km-8000/ HTTP/1.1" 200 0 "-" "WordPress/7.0.2; https://proimport-shop.ru"
85.155.190.233 - - [30/Jul/2026:07:48:30 +0000] "POST /xmlrpc.php HTTP/1.1" 403 118 "-" "The Incutio XML-RPC PHP Library -- WordPress/7.0.2"
85.155.190.233 - - [30/Jul/2026:07:48:32 +0000] "HEAD /vytjazhki-miele-2026/ HTTP/1.1" 200 0 "-" "WordPress/7.0.2; https://proimport-shop.ru"
85.155.190.233 - - [30/Jul/2026:07:48:32 +0000] "HEAD /wp-content/uploads/2026/06/vytjazhki-miele-2026.webp HTTP/1.1" 200 0 "-" "WordPress/7.0.2; https://proimport-shop.ru"
85.155.190.233 - - [30/Jul/2026:07:48:32 +0000] "HEAD /wp-content/uploads/2026/06/logo-nav.png HTTP/1.1" 200 0 "-" "WordPress/7.0.2; https://proimport-shop.ru"
85.155.190.233 - - [30/Jul/2026:07:48:32 +0000] "HEAD /blog/ HTTP/1.1" 200 0 "-" "WordPress/7.0.2; https://proimport-shop.ru"
85.155.190.233 - - [30/Jul/2026:07:48:32 +0000] "HEAD /wp-content/uploads/2026/06/vytjazhki-miele-2026-downdraft.webp HTTP/1.1" 200 0 "-" "WordPress/7.0.2; https://proimport-shop.ru"
85.155.190.233 - - [30/Jul/2026:07:48:33 +0000] "HEAD /wp-content/uploads/2026/06/vytjazhki-miele-2026-ceiling.webp HTTP/1.1" 200 0 "-" "WordPress/7.0.2; https://proimport-shop.ru"
85.155.190.233 - - [30/Jul/2026:07:48:33 +0000] "HEAD /wp-content/uploads/2026/06/vytjazhki-miele-2026-incabinet.webp HTTP/1.1" 200 0 "-" "WordPress/7.0.2; https://proimport-shop.ru"
85.155.190.233 - - [30/Jul/2026:07:48:33 +0000] "HEAD /wp-content/uploads/2026/06/vytjazhki-miele-2026-wall-island.webp HTTP/1.1" 200 0 "-" "WordPress/7.0.2; https://proimport-shop.ru"
85.155.190.233 - - [30/Jul/2026:07:48:33 +0000] "HEAD /wp-content/uploads/2026/06/vytjazhki-miele-2026-wall-island-2.webp HTTP/1.1" 200 0 "-" "WordPress/7.0.2; https://proimport-shop.ru"
85.155.190.233 - - [30/Jul/2026:07:48:33 +0000] "HEAD /wp-content/uploads/2026/06/vytjazhki-miele-2026-slimline.webp HTTP/1.1" 200 0 "-" "WordPress/7.0.2; https://proimport-shop.ru"
85.155.190.233 - - [30/Jul/2026:07:48:33 +0000] "HEAD /dizayn-kuhni-2026-trendy/ HTTP/1.1" 200 0 "-" "WordPress/7.0.2; https://proimport-shop.ru"
85.155.190.233 - - [30/Jul/2026:07:48:33 +0000] "HEAD /miele-km-8000/ HTTP/1.1" 200 0 "-" "WordPress/7.0.2; https://proimport-shop.ru"
85.155.190.233 - - [30/Jul/2026:07:48:33 +0000] "HEAD /wp-content/uploads/2026/06/vytjazhki-miele-2026-twoinone.webp HTTP/1.1" 200 0 "-" "WordPress/7.0.2; https://proimport-shop.ru"
85.155.190.233 - - [30/Jul/2026:07:48:33 +0000] "HEAD /wp-content/uploads/2026/06/foto-servis.webp HTTP/1.1" 200 0 "-" "WordPress/7.0.2; https://proimport-shop.ru"
141.8.142.34 - - [30/Jul/2026:07:48:37 +0000] "GET /f80ef7f72d8d219e.txt HTTP/1.1" 404 16330 "-" "Mozilla/5.0 (compatible; YandexBot/3.0; +http://yandex.com/bots)"
5.45.207.40 - - [30/Jul/2026:07:48:40 +0000] "GET /f80ef7f72d8d219e.txt HTTP/1.1" 404 16330 "-" "Mozilla/5.0 (compatible; YandexBot/3.0; +http://yandex.com/bots)"
5.45.207.48 - - [30/Jul/2026:07:48:44 +0000] "GET /f80ef7f72d8d219e.txt HTTP/1.1" 404 16330 "-" "Mozilla/5.0 (compatible; YandexBot/3.0; +http://yandex.com/bots)"
5.45.207.42 - - [30/Jul/2026:07:48:47 +0000] "GET /f80ef7f72d8d219e.txt HTTP/1.1" 404 16330 "-" "Mozilla/5.0 (compatible; YandexBot/3.0; +http://yandex.com/bots)"
95.108.213.248 - - [30/Jul/2026:07:49:01 +0000] "GET /vytjazhki-miele-2026/ HTTP/1.1" 200 28396 "-" "Mozilla/5.0 (compatible; YandexBot/3.0; +http://yandex.com/bots)"
5.255.253.38 - - [30/Jul/2026:07:51:01 +0000] "GET /f80ef7f72d8d219e.txt HTTP/1.1" 404 16352 "-" "Mozilla/5.0 (compatible; YandexBot/3.0; +http://yandex.com/bots)"
141.8.142.39 - - [30/Jul/2026:07:51:03 +0000] "GET /f80ef7f72d8d219e.txt HTTP/1.1" 404 16352 "-" "Mozilla/5.0 (compatible; YandexBot/3.0; +http://yandex.com/bots)"
5.45.207.33 - - [30/Jul/2026:07:51:05 +0000] "GET /f80ef7f72d8d219e.txt HTTP/1.1" 404 16352 "-" "Mozilla/5.0 (compatible; YandexBot/3.0; +http://yandex.com/bots)"
141.8.142.37 - - [30/Jul/2026:07:51:07 +0000] "GET /f80ef7f72d8d219e.txt HTTP/1.1" 404 16352 "-" "Mozilla/5.0 (compatible; YandexBot/3.0; +http://yandex.com/bots)"
5.45.207.33 - - [30/Jul/2026:07:51:08 +0000] "GET /f80ef7f72d8d219e.txt HTTP/1.1" 404 16352 "-" "Mozilla/5.0 (compatible; YandexBot/3.0; +http://yandex.com/bots)"
5.255.253.33 - - [30/Jul/2026:07:51:11 +0000] "GET /f80ef7f72d8d219e.txt HTTP/1.1" 404 16352 "-" "Mozilla/5.0 (compatible; YandexBot/3.0; +http://yandex.com/bots)"
141.8.142.32 - - [30/Jul/2026:07:51:11 +0000] "GET /f80ef7f72d8d219e.txt HTTP/1.1" 404 16352 "-" "Mozilla/5.0 (compatible; YandexBot/3.0; +http://yandex.com/bots)"
141.8.142.37 - - [30/Jul/2026:07:51:15 +0000] "GET /f80ef7f72d8d219e.txt HTTP/1.1" 404 16352 "-" "Mozilla/5.0 (compatible; YandexBot/3.0; +http://yandex.com/bots)"
45.138.0.35 - - [30/Jul/2026:07:51:27 +0000] "GET / HTTP/1.1" 200 25796 "-" "Mozilla/5.0 (compatible; YandexBot/3.0; +http://yandex.com/bots)"
5.255.231.119 - - [30/Jul/2026:07:51:28 +0000] "GET / HTTP/1.1" 200 25796 "-" "Mozilla/5.0 (compatible; YandexBot/3.0; +http://yandex.com/bots) AppleWebKit/537.36 (KHTML, like Gecko) Chrome/108.0.0.0"
95.108.213.101 - - [30/Jul/2026:07:51:30 +0000] "GET /blog/ HTTP/1.1" 200 19728 "-" "Mozilla/5.0 (compatible; YandexBot/3.0; +http://yandex.com/bots)"
91.35.9.222 - - [30/Jul/2026:07:51:38 +0000] "GET / HTTP/1.1" 200 89415 "-" "curl/8.18.0"
91.35.9.222 - - [30/Jul/2026:07:51:39 +0000] "GET /blog/ HTTP/1.1" 200 68290 "-" "curl/8.18.0"
87.250.224.244 - - [30/Jul/2026:07:52:23 +0000] "GET /vytjazhki-miele-2026/ HTTP/1.1" 200 28396 "-" "Mozilla/5.0 (compatible; YandexBot/3.0; +http://yandex.com/bots)"
213.180.203.228 - - [30/Jul/2026:07:54:59 +0000] "GET /blog/ HTTP/1.1" 200 19728 "-" "Mozilla/5.0 (compatible; YandexBot/3.0; +http://yandex.com/bots)"
213.180.203.126 - - [30/Jul/2026:07:56:20 +0000] "GET /vytjazhki-miele-2026/ HTTP/1.1" 200 28396 "-" "Mozilla/5.0 (compatible; YandexBot/3.0; +http://yandex.com/bots)"
95.108.213.120 - - [30/Jul/2026:07:58:56 +0000] "GET /wp-content/uploads/2026/06/vytjazhki-miele-2026.webp HTTP/1.1" 200 98726 "-" "Mozilla/5.0 (compatible; YandexMarket/2.0; +http://yandex.com/bots)"
95.108.213.239 - - [30/Jul/2026:07:59:13 +0000] "GET /blog/ HTTP/1.1" 200 19728 "-" "Mozilla/5.0 (compatible; YandexBot/3.0; +http://yandex.com/bots)"
85.155.190.233 - - [30/Jul/2026:08:03:07 +0000] "POST /wp-cron.php?doing_wp_cron=1785398587.8758270740509033203125 HTTP/1.1" 200 31 "-" "WordPress/7.0.2; https://proimport-shop.ru"
5.255.231.113 - - [30/Jul/2026:08:03:07 +0000] "GET /blog/ HTTP/1.1" 200 19728 "-" "Mozilla/5.0 (compatible; YandexBot/3.0; +http://yandex.com/bots)"
5.255.231.119 - - [30/Jul/2026:08:04:21 +0000] "GET /wp-content/uploads/2026/06/vytjazhki-miele-2026.webp HTTP/1.1" 200 98726 "-" "Mozilla/5.0 (compatible; YandexImages/3.0; +http://yandex.com/bots)"
213.180.203.126 - - [30/Jul/2026:08:05:18 +0000] "GET /blog/ HTTP/1.1" 200 19728 "-" "Mozilla/5.0 (compatible; YandexBot/3.0; +http://yandex.com/bots)"
213.180.203.14 - - [30/Jul/2026:08:09:06 +0000] "GET /blog/ HTTP/1.1" 200 19728 "-" "Mozilla/5.0 (compatible; YandexBot/3.0; +http://yandex.com/bots)"
40.77.167.219 - - [30/Jul/2026:08:22:55 +0000] "GET /robots.txt HTTP/1.1" 200 507 "-" "Mozilla/5.0 AppleWebKit/537.36 (KHTML, like Gecko; compatible; bingbot/2.0; +http://www.bing.com/bingbot.htm) Chrome/116.0.1938.76 Safari/537.36"
52.167.144.147 - - [30/Jul/2026:08:23:03 +0000] "GET /sitemap.xml HTTP/1.1" 301 5 "-" "Mozilla/5.0 AppleWebKit/537.36 (KHTML, like Gecko; compatible; bingbot/2.0; +http://www.bing.com/bingbot.htm) Chrome/116.0.1938.76 Safari/537.36"
52.167.144.147 - - [30/Jul/2026:08:23:03 +0000] "GET /wp-sitemap.xml HTTP/1.1" 200 481 "-" "Mozilla/5.0 AppleWebKit/537.36 (KHTML, like Gecko; compatible; bingbot/2.0; +http://www.bing.com/bingbot.htm) Chrome/116.0.1938.76 Safari/537.36"
14.191.77.171 - - [30/Jul/2026:08:24:33 +0000] "GET /vytjazhki-miele-2026/ HTTP/1.1" 200 28396 "-" "Mozilla/5.0 (Macintosh; Intel Mac OS X 10_15_7) AppleWebKit/537.36 (KHTML, like Gecko) Chrome/120.0.0.0 Safari/537.36"
77.125.46.90 - - [30/Jul/2026:08:26:00 +0000] "GET /miele-dreams-fire-pro-gazovyy-gril/ HTTP/1.1" 200 24270 "-" "Mozilla/5.0 (Macintosh; Intel Mac OS X 10_15_7) AppleWebKit/537.36 (KHTML, like Gecko) Chrome/119.0.0.0 Safari/537.36"
27.64.12.79 - - [30/Jul/2026:08:27:01 +0000] "GET /privacy-policy-2/ HTTP/1.1" 200 18201 "-" "Mozilla/5.0 (Windows NT 10.0; Win64; x64) AppleWebKit/537.36 (KHTML, like Gecko) Chrome/107.0.0.0 Safari/537.36"
20.106.77.98 - - [30/Jul/2026:08:42:54 +0000] "GET / HTTP/1.1" 200 25796 "-" "Mozilla/5.0 (Windows NT 10.0; Win64; x64; rv:126.0) Gecko/20100101 Firefox/126.0"
85.155.190.233 - - [30/Jul/2026:08:50:06 +0000] "POST /wp-cron.php?doing_wp_cron=1785401406.4994089603424072265625 HTTP/1.1" 200 31 "-" "WordPress/7.0.2; https://proimport-shop.ru"
103.54.109.229 - - [30/Jul/2026:08:50:06 +0000] "GET /category/%D0%B1%D0%B5%D0%B7-%D1%80%D1%83%D0%B1%D1%80%D0%B8%D0%BA%D0%B8/ HTTP/1.1" 200 234163 "-" "Mozilla/5.0 (Windows NT 10.0; Win64; x64) AppleWebKit/537.36 (KHTML, like Gecko) Chrome/107.0.0.0 Safari/537.36"
45.148.65.21 - - [30/Jul/2026:08:51:44 +0000] "GET / HTTP/1.1" 200 25796 "-" "Mozilla/5.0 (compatible; YandexBot/3.0; +http://yandex.com/bots)"
40.77.167.18 - - [30/Jul/2026:08:55:20 +0000] "GET /wp-sitemap.xml HTTP/1.1" 200 481 "-" "Mozilla/5.0 AppleWebKit/537.36 (KHTML, like Gecko; compatible; bingbot/2.0; +http://www.bing.com/bingbot.htm) Chrome/116.0.1938.76 Safari/537.36"
14.232.190.141 - - [30/Jul/2026:08:55:45 +0000] "GET /miele-wq-1000-wps/ HTTP/1.1" 200 26604 "-" "Mozilla/5.0 (Macintosh; Intel Mac OS X 10_15_7) AppleWebKit/537.36 (KHTML, like Gecko) Chrome/119.0.0.0 Safari/537.36"
190.48.157.221 - - [30/Jul/2026:08:57:08 +0000] "GET /stiralnye-mashiny-miele/ HTTP/1.1" 200 33520 "-" "Mozilla/5.0 (Windows NT 10.0; Win64; x64) AppleWebKit/537.36 (KHTML, like Gecko) Chrome/107.0.0.0 Safari/537.36"
172.71.102.141 - - [30/Jul/2026:09:02:30 +0000] "GET /wp-admin/install.php?step=1 HTTP/1.1" 200 658 "-" "http://proimport-shop.ru/wp-admin/install.php?step=1"
85.155.190.233 - - [30/Jul/2026:09:04:49 +0000] "POST /wp-cron.php?doing_wp_cron=1785402289.7015221118927001953125 HTTP/1.1" 200 31 "-" "WordPress/7.0.2; https://proimport-shop.ru"
45.160.89.89 - - [30/Jul/2026:09:04:49 +0000] "GET /vstroennaya-varochnaya-panel-sravnenie/ HTTP/1.1" 200 22326 "-" "Mozilla/5.0 (Macintosh; Intel Mac OS X 10_15_7) AppleWebKit/537.36 (KHTML, like Gecko) Chrome/119.0.0.0 Safari/537.36"
213.180.203.228 - - [30/Jul/2026:09:11:19 +0000] "GET /robots.txt HTTP/1.1" 200 507 "-" "Mozilla/5.0 (compatible; YandexBot/3.0; +http://yandex.com/bots)"
168.144.130.47 - - [30/Jul/2026:09:11:47 +0000] "GET /wp-admin/install.php HTTP/1.1" 200 658 "-" "Mozilla/5.0 (Macintosh; Intel Mac OS X 10_10_1) AppleWebKit/537.36 (KHTML, like Gecko) Chrome/39.0.2171.95 Safari/537.36"
103.138.164.115 - - [30/Jul/2026:09:27:53 +0000] "GET /vstroennaya-varochnaya-panel-2026/ HTTP/1.1" 200 22675 "-" "Mozilla/5.0 (Macintosh; Intel Mac OS X 10_15_7) AppleWebKit/537.36 (KHTML, like Gecko) Chrome/120.0.0.0 Safari/537.36"
109.252.105.173 - - [30/Jul/2026:09:29:35 +0000] "GET / HTTP/1.1" 200 25796 "https://yandex.ru/maps/org/pro_import/9819608315/?ll=37.502687%2C55.741186&z=16" "Mozilla/5.0 (Macintosh; Intel Mac OS X 10_15_7) AppleWebKit/537.36 (KHTML, like Gecko) Chrome/150.0.0.0 Safari/537.36"
109.252.105.173 - - [30/Jul/2026:09:29:35 +0000] "GET /wp-content/uploads/2026/06/logo-nav.png HTTP/1.1" 200 3316 "https://proimport-shop.ru/" "Mozilla/5.0 (Macintosh; Intel Mac OS X 10_15_7) AppleWebKit/537.36 (KHTML, like Gecko) Chrome/150.0.0.0 Safari/537.36"
109.252.105.173 - - [30/Jul/2026:09:29:35 +0000] "GET /wp-content/uploads/2026/06/hero-kitchen-opt.webp HTTP/1.1" 200 53554 "https://proimport-shop.ru/" "Mozilla/5.0 (Macintosh; Intel Mac OS X 10_15_7) AppleWebKit/537.36 (KHTML, like Gecko) Chrome/150.0.0.0 Safari/537.36"
109.252.105.173 - - [30/Jul/2026:09:29:35 +0000] "GET /wp-content/themes/twentytwentyfive/assets/fonts/manrope/Manrope-VariableFont_wght.woff2 HTTP/1.1" 200 53600 "https://proimport-shop.ru/" "Mozilla/5.0 (Macintosh; Intel Mac OS X 10_15_7) AppleWebKit/537.36 (KHTML, like Gecko) Chrome/150.0.0.0 Safari/537.36"
